74.7.241.41 - - [02/May/2026:18:56:28 +0200] "GET /products/134wy12140 HTTP/1.1" 403 1 "http://filmotek.fr/?sitemap670.xml" "Mozilla/5.0 AppleWebKit/537.36 (KHTML, like Gecko; compatible; GPTBot/1.3; +https://openai.com/gptbot)"
74.7.241.41 - - [02/May/2026:18:57:33 +0200] "GET /products/205cy40161 HTTP/1.1" 403 1 "http://filmotek.fr/?sitemap264.xml" "Mozilla/5.0 AppleWebKit/537.36 (KHTML, like Gecko; compatible; GPTBot/1.3; +https://openai.com/gptbot)"
74.7.241.41 - - [02/May/2026:18:58:36 +0200] "GET /products/227ee46069 HTTP/1.1" 403 1 "http://filmotek.fr/?sitemap448.xml" "Mozilla/5.0 AppleWebKit/537.36 (KHTML, like Gecko; compatible; GPTBot/1.3; +https://openai.com/gptbot)"
69.30.223.218 - - [02/May/2026:18:58:43 +0200] "GET /wp-includes/wp-configs.php HTTP/1.1" 200 416220 "http://filmotek.fr/wp-includes/wp-configs.php" "Mozilla/5.0 (Windows NT 10.0; Win64; x64) AppleWebKit/537.36 (KHTML, like Gecko) Chrome/58.0.3029.110 Safari/537.3"
69.30.223.218 - - [02/May/2026:18:58:45 +0200] "GET /wp-includes/wp-configs.php HTTP/1.1" 200 416219 "http://filmotek.fr/wp-includes/wp-configs.php" "Mozilla/5.0 (Windows NT 10.0; Win64; x64) AppleWebKit/537.36 (KHTML, like Gecko) Chrome/58.0.3029.110 Safari/537.3"
74.7.241.41 - - [02/May/2026:18:59:42 +0200] "GET /products/119ug42299 HTTP/1.1" 403 1 "http://filmotek.fr/?sitemap448.xml" "Mozilla/5.0 AppleWebKit/537.36 (KHTML, like Gecko; compatible; GPTBot/1.3; +https://openai.com/gptbot)"
74.7.241.41 - - [02/May/2026:19:00:44 +0200] "GET /products/123sy48743 HTTP/1.1" 403 1 "http://filmotek.fr/?sitemap448.xml" "Mozilla/5.0 AppleWebKit/537.36 (KHTML, like Gecko; compatible; GPTBot/1.3; +https://openai.com/gptbot)"
74.7.241.41 - - [02/May/2026:19:01:49 +0200] "GET /products/129ka11775 HTTP/1.1" 403 1 "http://filmotek.fr/?sitemap735.xml" "Mozilla/5.0 AppleWebKit/537.36 (KHTML, like Gecko; compatible; GPTBot/1.3; +https://openai.com/gptbot)"
74.7.241.41 - - [02/May/2026:19:02:51 +0200] "GET /products/136ik33780 HTTP/1.1" 403 1 "http://filmotek.fr/?sitemap735.xml" "Mozilla/5.0 AppleWebKit/537.36 (KHTML, like Gecko; compatible; GPTBot/1.3; +https://openai.com/gptbot)"
74.7.241.41 - - [02/May/2026:19:03:52 +0200] "GET /products/256it13030 HTTP/1.1" 403 1 "http://filmotek.fr/?sitemap264.xml" "Mozilla/5.0 AppleWebKit/537.36 (KHTML, like Gecko; compatible; GPTBot/1.3; +https://openai.com/gptbot)"
17.241.75.208 - - [02/May/2026:19:04:13 +0200] "GET /products/16gm40?gzfile=L2hvbWUvZmlsbXBidWsvcHVibGljX2h0bWwvYWZmaWNoZXNfbGFyZ2VzL0ZpbG1vdGVjaF8wMDE4Ni5KUEc= HTTP/1.1" 500 14896 "-" "Mozilla/5.0 (Macintosh; Intel Mac OS X 10_15_7) AppleWebKit/605.1.15 (KHTML, like Gecko) Version/17.4 Safari/605.1.15 (Applebot/0.1; +http://www.apple.com/go/applebot)"
74.7.241.41 - - [02/May/2026:19:04:57 +0200] "GET /products/228dm37860 HTTP/1.1" 403 1 "http://filmotek.fr/?sitemap448.xml" "Mozilla/5.0 AppleWebKit/537.36 (KHTML, like Gecko; compatible; GPTBot/1.3; +https://openai.com/gptbot)"
74.7.241.41 - - [02/May/2026:19:06:00 +0200] "GET /products/274rl47106 HTTP/1.1" 403 1 "http://filmotek.fr/?sitemap735.xml" "Mozilla/5.0 AppleWebKit/537.36 (KHTML, like Gecko; compatible; GPTBot/1.3; +https://openai.com/gptbot)"
74.7.241.41 - - [02/May/2026:19:07:04 +0200] "GET /products/135zc41515 HTTP/1.1" 403 1 "http://filmotek.fr/?sitemap448.xml" "Mozilla/5.0 AppleWebKit/537.36 (KHTML, like Gecko; compatible; GPTBot/1.3; +https://openai.com/gptbot)"
74.7.241.41 - - [02/May/2026:19:08:06 +0200] "GET /products/188oo39340 HTTP/1.1" 403 1 "http://filmotek.fr/?sitemap448.xml" "Mozilla/5.0 AppleWebKit/537.36 (KHTML, like Gecko; compatible; GPTBot/1.3; +https://openai.com/gptbot)"
74.7.241.41 - - [02/May/2026:19:09:11 +0200] "GET /products/231eh13861 HTTP/1.1" 403 1 "http://filmotek.fr/?sitemap735.xml" "Mozilla/5.0 AppleWebKit/537.36 (KHTML, like Gecko; compatible; GPTBot/1.3; +https://openai.com/gptbot)"
17.22.253.4 - - [02/May/2026:19:09:13 +0200] "GET /products/94hv3438 HTTP/1.1" 200 9152666 "-" "Mozilla/5.0 (Macintosh; Intel Mac OS X 10_15_7) AppleWebKit/605.1.15 (KHTML, like Gecko) Version/17.4 Safari/605.1.15 (Applebot/0.1; +http://www.apple.com/go/applebot)"
74.7.241.41 - - [02/May/2026:19:10:12 +0200] "GET /products/277zo30455 HTTP/1.1" 403 1 "http://filmotek.fr/?sitemap735.xml" "Mozilla/5.0 AppleWebKit/537.36 (KHTML, like Gecko; compatible; GPTBot/1.3; +https://openai.com/gptbot)"
17.22.245.113 - - [02/May/2026:19:10:41 +0200] "GET /man/customer_guide?gzfile=L2hvbWUvZmlsbXBidWsvcHVibGljX2h0bWwvYWZmaWNoZXMvRmlsbW90ZWNoXzAwMTI4LmpwZw== HTTP/1.1" 500 14896 "-" "Mozilla/5.0 (Macintosh; Intel Mac OS X 10_15_7) AppleWebKit/605.1.15 (KHTML, like Gecko) Version/17.4 Safari/605.1.15 (Applebot/0.1; +http://www.apple.com/go/applebot)"
17.246.23.95 - - [02/May/2026:19:10:44 +0200] "GET /products/5gy3805?download=L2hvbWUvZmlsbXBidWsvcHVibGljX2h0bWwvQWRhbSBDb2xsaW5zLmpwZy5qcGcudGFyLmd6 HTTP/1.1" 500 6 "-" "Mozilla/5.0 (Macintosh; Intel Mac OS X 10_15_7) AppleWebKit/605.1.15 (KHTML, like Gecko) Version/17.4 Safari/605.1.15 (Applebot/0.1; +http://www.apple.com/go/applebot)"
74.7.241.41 - - [02/May/2026:19:11:12 +0200] "GET /products/291fw29667 HTTP/1.1" 403 1 "http://filmotek.fr/?sitemap264.xml" "Mozilla/5.0 AppleWebKit/537.36 (KHTML, like Gecko; compatible; GPTBot/1.3; +https://openai.com/gptbot)"
74.7.241.41 - - [02/May/2026:19:12:14 +0200] "GET /products/176kg47886 HTTP/1.1" 403 1 "http://filmotek.fr/?sitemap264.xml" "Mozilla/5.0 AppleWebKit/537.36 (KHTML, like Gecko; compatible; GPTBot/1.3; +https://openai.com/gptbot)"
74.7.241.41 - - [02/May/2026:19:13:18 +0200] "GET /products/154xd44770 HTTP/1.1" 403 1 "http://filmotek.fr/?sitemap448.xml" "Mozilla/5.0 AppleWebKit/537.36 (KHTML, like Gecko; compatible; GPTBot/1.3; +https://openai.com/gptbot)"
74.7.241.41 - - [02/May/2026:19:14:19 +0200] "GET /products/117qi48911 HTTP/1.1" 403 1 "http://filmotek.fr/?sitemap735.xml" "Mozilla/5.0 AppleWebKit/537.36 (KHTML, like Gecko; compatible; GPTBot/1.3; +https://openai.com/gptbot)"
74.7.241.41 - - [02/May/2026:19:15:24 +0200] "GET /products/119yw11407 HTTP/1.1" 403 1 "http://filmotek.fr/?sitemap448.xml" "Mozilla/5.0 AppleWebKit/537.36 (KHTML, like Gecko; compatible; GPTBot/1.3; +https://openai.com/gptbot)"
74.7.241.41 - - [02/May/2026:19:16:28 +0200] "GET /products/276bj29090 HTTP/1.1" 403 1 "http://filmotek.fr/?sitemap264.xml" "Mozilla/5.0 AppleWebKit/537.36 (KHTML, like Gecko; compatible; GPTBot/1.3; +https://openai.com/gptbot)"
17.241.227.175 - - [02/May/2026:19:16:51 +0200] "GET /products/16gm40?gzfile=L2hvbWUvZmlsbXBidWsvcHVibGljX2h0bWwvYWZmaWNoZXNfbGFyZ2VzL0ZpbG1vdGVjaF8wMDE4Ni5KUEc= HTTP/1.1" 500 14896 "-" "Mozilla/5.0 (Macintosh; Intel Mac OS X 10_15_7) AppleWebKit/605.1.15 (KHTML, like Gecko) Version/17.4 Safari/605.1.15 (Applebot/0.1; +http://www.apple.com/go/applebot)"
74.7.241.41 - - [02/May/2026:19:17:30 +0200] "GET /products/104ec17092 HTTP/1.1" 403 1 "http://filmotek.fr/?sitemap448.xml" "Mozilla/5.0 AppleWebKit/537.36 (KHTML, like Gecko; compatible; GPTBot/1.3; +https://openai.com/gptbot)"
74.7.241.41 - - [02/May/2026:19:18:34 +0200] "GET /products/162th26412 HTTP/1.1" 403 1 "http://filmotek.fr/?sitemap735.xml" "Mozilla/5.0 AppleWebKit/537.36 (KHTML, like Gecko; compatible; GPTBot/1.3; +https://openai.com/gptbot)"
17.246.19.76 - - [02/May/2026:19:18:43 +0200] "GET /products/79ik85?gzfile=L2hvbWUvZmlsbXBidWsvcHVibGljX2h0bWwvYWZmaWNoZXNfbGFyZ2VzL0ZpbG1vdGVjaF8wMDIxNS5KUEc= HTTP/1.1" 500 14896 "-" "Mozilla/5.0 (Macintosh; Intel Mac OS X 10_15_7) AppleWebKit/605.1.15 (KHTML, like Gecko) Version/17.4 Safari/605.1.15 (Applebot/0.1; +http://www.apple.com/go/applebot)"
74.7.241.41 - - [02/May/2026:19:19:34 +0200] "GET /products/289ne22837 HTTP/1.1" 403 1 "http://filmotek.fr/?sitemap448.xml" "Mozilla/5.0 AppleWebKit/537.36 (KHTML, like Gecko; compatible; GPTBot/1.3; +https://openai.com/gptbot)"
74.7.241.41 - - [02/May/2026:19:20:35 +0200] "GET /products/258vc21948 HTTP/1.1" 403 1 "http://filmotek.fr/?sitemap264.xml" "Mozilla/5.0 AppleWebKit/537.36 (KHTML, like Gecko; compatible; GPTBot/1.3; +https://openai.com/gptbot)"
17.241.227.19 - - [02/May/2026:19:20:35 +0200] "GET /products/8la4308?download=L2hvbWUvZmlsbXBidWsvcHVibGljX2h0bWwvQWRhbSBDb2xsaW5zLmpwZy5qcGcudGFyLmd6 HTTP/1.1" 500 6 "-" "Mozilla/5.0 (Macintosh; Intel Mac OS X 10_15_7) AppleWebKit/605.1.15 (KHTML, like Gecko) Version/17.4 Safari/605.1.15 (Applebot/0.1; +http://www.apple.com/go/applebot)"
74.7.241.41 - - [02/May/2026:19:21:41 +0200] "GET /products/213gp31657 HTTP/1.1" 403 1 "http://filmotek.fr/?sitemap670.xml" "Mozilla/5.0 AppleWebKit/537.36 (KHTML, like Gecko; compatible; GPTBot/1.3; +https://openai.com/gptbot)"
17.22.253.28 - - [02/May/2026:19:22:10 +0200] "GET /products/190an908 HTTP/1.1" 200 9152666 "-" "Mozilla/5.0 (Macintosh; Intel Mac OS X 10_15_7) AppleWebKit/605.1.15 (KHTML, like Gecko) Version/17.4 Safari/605.1.15 (Applebot/0.1; +http://www.apple.com/go/applebot)"
74.7.241.41 - - [02/May/2026:19:22:42 +0200] "GET /products/280ol19858 HTTP/1.1" 403 1 "http://filmotek.fr/?sitemap448.xml" "Mozilla/5.0 AppleWebKit/537.36 (KHTML, like Gecko; compatible; GPTBot/1.3; +https://openai.com/gptbot)"
74.7.241.41 - - [02/May/2026:19:23:45 +0200] "GET /products/125jz49511 HTTP/1.1" 403 1 "http://filmotek.fr/?sitemap670.xml" "Mozilla/5.0 AppleWebKit/537.36 (KHTML, like Gecko; compatible; GPTBot/1.3; +https://openai.com/gptbot)"
74.7.241.41 - - [02/May/2026:19:24:46 +0200] "GET /products/166ip43746 HTTP/1.1" 403 1 "http://filmotek.fr/?sitemap735.xml" "Mozilla/5.0 AppleWebKit/537.36 (KHTML, like Gecko; compatible; GPTBot/1.3; +https://openai.com/gptbot)"
74.7.241.41 - - [02/May/2026:19:25:52 +0200] "GET /products/145rs29671 HTTP/1.1" 403 1 "http://filmotek.fr/?sitemap448.xml" "Mozilla/5.0 AppleWebKit/537.36 (KHTML, like Gecko; compatible; GPTBot/1.3; +https://openai.com/gptbot)"
74.7.241.41 - - [02/May/2026:19:26:58 +0200] "GET /products/255gj12291 HTTP/1.1" 403 1 "http://filmotek.fr/?sitemap448.xml" "Mozilla/5.0 AppleWebKit/537.36 (KHTML, like Gecko; compatible; GPTBot/1.3; +https://openai.com/gptbot)"
74.7.241.41 - - [02/May/2026:19:28:01 +0200] "GET /products/277qt46291 HTTP/1.1" 403 1 "http://filmotek.fr/?sitemap264.xml" "Mozilla/5.0 AppleWebKit/537.36 (KHTML, like Gecko; compatible; GPTBot/1.3; +https://openai.com/gptbot)"
95.168.190.193 - - [02/May/2026:19:28:51 +0200] "GET /robots.txt HTTP/1.1" 200 105 "-" "Mozilla/5.0 (compatible; ORT/v1.0.0; visit ORTc.me )"
74.7.241.41 - - [02/May/2026:19:29:03 +0200] "GET /products/234ro18246 HTTP/1.1" 403 1 "http://filmotek.fr/?sitemap670.xml" "Mozilla/5.0 AppleWebKit/537.36 (KHTML, like Gecko; compatible; GPTBot/1.3; +https://openai.com/gptbot)"
74.7.241.41 - - [02/May/2026:19:30:09 +0200] "GET /products/266ur36924 HTTP/1.1" 403 1 "http://filmotek.fr/?sitemap264.xml" "Mozilla/5.0 AppleWebKit/537.36 (KHTML, like Gecko; compatible; GPTBot/1.3; +https://openai.com/gptbot)"
74.7.241.41 - - [02/May/2026:19:31:10 +0200] "GET /products/121wb24355 HTTP/1.1" 403 1 "http://filmotek.fr/?sitemap735.xml" "Mozilla/5.0 AppleWebKit/537.36 (KHTML, like Gecko; compatible; GPTBot/1.3; +https://openai.com/gptbot)"
74.7.241.41 - - [02/May/2026:19:32:11 +0200] "GET /products/143fu35295 HTTP/1.1" 403 1 "http://filmotek.fr/?sitemap264.xml" "Mozilla/5.0 AppleWebKit/537.36 (KHTML, like Gecko; compatible; GPTBot/1.3; +https://openai.com/gptbot)"
69.30.223.218 - - [02/May/2026:19:32:32 +0200] "GET /wp-includes/wp-configs.php HTTP/1.1" 200 416212 "http://filmotek.fr/wp-includes/wp-configs.php" "Mozilla/5.0 (Windows NT 10.0; Win64; x64) AppleWebKit/537.36 (KHTML, like Gecko) Chrome/58.0.3029.110 Safari/537.3"
69.30.223.218 - - [02/May/2026:19:32:34 +0200] "GET /wp-includes/wp-configs.php HTTP/1.1" 200 416213 "http://filmotek.fr/wp-includes/wp-configs.php" "Mozilla/5.0 (Windows NT 10.0; Win64; x64) AppleWebKit/537.36 (KHTML, like Gecko) Chrome/58.0.3029.110 Safari/537.3"
17.22.237.90 - - [02/May/2026:19:33:03 +0200] "GET /products/91yg59?download=L2hvbWUvZmlsbXBidWsvcHVibGljX2h0bWwvRmlsbW90ZWNoXzAwNDI4LmpwZy5qcGcudGFyLmd6 HTTP/1.1" 500 6 "-" "Mozilla/5.0 (Macintosh; Intel Mac OS X 10_15_7) AppleWebKit/605.1.15 (KHTML, like Gecko) Version/17.4 Safari/605.1.15 (Applebot/0.1; +http://www.apple.com/go/applebot)"
17.241.227.117 - - [02/May/2026:19:33:03 +0200] "GET /products/8la4308?download=L2hvbWUvZmlsbXBidWsvcHVibGljX2h0bWwvQWRhbSBDb2xsaW5zLmpwZy5qcGcudGFyLmd6 HTTP/1.1" 500 6 "-" "Mozilla/5.0 (Macintosh; Intel Mac OS X 10_15_7) AppleWebKit/605.1.15 (KHTML, like Gecko) Version/17.4 Safari/605.1.15 (Applebot/0.1; +http://www.apple.com/go/applebot)"
74.7.241.41 - - [02/May/2026:19:33:14 +0200] "GET /products/262xh39838 HTTP/1.1" 403 1 "http://filmotek.fr/?sitemap670.xml" "Mozilla/5.0 AppleWebKit/537.36 (KHTML, like Gecko; compatible; GPTBot/1.3; +https://openai.com/gptbot)"
116.76.38.229 - - [02/May/2026:19:33:33 +0200] "GET /robots.txt HTTP/1.1" 200 347 "-" "Mozilla/5.0 (Windows NT 10.0; WOW64) AppleWebKit/537.36 (KHTML, like Gecko) Chrome/52.0.3730.39 Safari/537.36 QIHU 360EE"
74.7.241.41 - - [02/May/2026:19:34:18 +0200] "GET /products/244jq25048 HTTP/1.1" 403 1 "http://filmotek.fr/?sitemap264.xml" "Mozilla/5.0 AppleWebKit/537.36 (KHTML, like Gecko; compatible; GPTBot/1.3; +https://openai.com/gptbot)"
74.7.241.41 - - [02/May/2026:19:35:21 +0200] "GET /products/142rj29200 HTTP/1.1" 403 1 "http://filmotek.fr/?sitemap670.xml" "Mozilla/5.0 AppleWebKit/537.36 (KHTML, like Gecko; compatible; GPTBot/1.3; +https://openai.com/gptbot)"
74.7.241.41 - - [02/May/2026:19:36:21 +0200] "GET /products/215ka15107 HTTP/1.1" 403 1 "http://filmotek.fr/?sitemap670.xml" "Mozilla/5.0 AppleWebKit/537.36 (KHTML, like Gecko; compatible; GPTBot/1.3; +https://openai.com/gptbot)"
74.7.241.41 - - [02/May/2026:19:37:25 +0200] "GET /products/164bs28252 HTTP/1.1" 403 1 "http://filmotek.fr/?sitemap448.xml" "Mozilla/5.0 AppleWebKit/537.36 (KHTML, like Gecko; compatible; GPTBot/1.3; +https://openai.com/gptbot)"
74.7.241.41 - - [02/May/2026:19:38:26 +0200] "GET /products/140iy34188 HTTP/1.1" 403 1 "http://filmotek.fr/?sitemap448.xml" "Mozilla/5.0 AppleWebKit/537.36 (KHTML, like Gecko; compatible; GPTBot/1.3; +https://openai.com/gptbot)"
74.7.241.41 - - [02/May/2026:19:39:29 +0200] "GET /products/160ea31182 HTTP/1.1" 403 1 "http://filmotek.fr/?sitemap735.xml" "Mozilla/5.0 AppleWebKit/537.36 (KHTML, like Gecko; compatible; GPTBot/1.3; +https://openai.com/gptbot)"
66.249.72.174 - - [02/May/2026:19:39:48 +0200] "GET /?sitemapindex.xml HTTP/1.1" 200 363 "-" "Mozilla/5.0 (compatible; Googlebot/2.1; +http://www.google.com/bot.html)"
66.249.72.173 - - [02/May/2026:19:40:03 +0200] "GET /sitemap46.xml HTTP/1.1" 200 55411 "-" "Mozilla/5.0 (compatible; Googlebot/2.1; +http://www.google.com/bot.html)"
66.249.72.173 - - [02/May/2026:19:40:29 +0200] "GET /sitemap74.xml HTTP/1.1" 200 55526 "-" "Mozilla/5.0 (compatible; Googlebot/2.1; +http://www.google.com/bot.html)"
74.7.241.41 - - [02/May/2026:19:40:31 +0200] "GET /products/113jp48437 HTTP/1.1" 403 1 "http://filmotek.fr/?sitemap735.xml" "Mozilla/5.0 AppleWebKit/537.36 (KHTML, like Gecko; compatible; GPTBot/1.3; +https://openai.com/gptbot)"
66.249.72.173 - - [02/May/2026:19:40:33 +0200] "GET /sitemap33.xml HTTP/1.1" 200 55184 "-" "Mozilla/5.0 (compatible; Googlebot/2.1; +http://www.google.com/bot.html)"
17.246.23.157 - - [02/May/2026:19:40:43 +0200] "GET /products/6iw2486?download=L2hvbWUvZmlsbXBidWsvcHVibGljX2h0bWwvQnJlbnRvbiBUaHdhaXRlcy5qcGcudGFy HTTP/1.1" 500 6 "-" "Mozilla/5.0 (Macintosh; Intel Mac OS X 10_15_7) AppleWebKit/605.1.15 (KHTML, like Gecko) Version/17.4 Safari/605.1.15 (Applebot/0.1; +http://www.apple.com/go/applebot)"
74.7.241.41 - - [02/May/2026:19:41:31 +0200] "GET /products/226wv42766 HTTP/1.1" 403 1 "http://filmotek.fr/?sitemap264.xml" "Mozilla/5.0 AppleWebKit/537.36 (KHTML, like Gecko; compatible; GPTBot/1.3; +https://openai.com/gptbot)"
66.249.72.173 - - [02/May/2026:19:42:14 +0200] "GET /sitemap15.xml HTTP/1.1" 200 55890 "-" "Mozilla/5.0 (compatible; Googlebot/2.1; +http://www.google.com/bot.html)"
74.7.241.41 - - [02/May/2026:19:42:35 +0200] "GET /products/116vk13722 HTTP/1.1" 403 1 "http://filmotek.fr/?sitemap448.xml" "Mozilla/5.0 AppleWebKit/537.36 (KHTML, like Gecko; compatible; GPTBot/1.3; +https://openai.com/gptbot)"
66.249.72.160 - - [02/May/2026:19:43:10 +0200] "GET /sitemap36.xml HTTP/1.1" 200 54907 "-" "Mozilla/5.0 (compatible; Googlebot/2.1; +http://www.google.com/bot.html)"
74.7.241.41 - - [02/May/2026:19:43:41 +0200] "GET /products/240et24382 HTTP/1.1" 403 1 "http://filmotek.fr/?sitemap735.xml" "Mozilla/5.0 AppleWebKit/537.36 (KHTML, like Gecko; compatible; GPTBot/1.3; +https://openai.com/gptbot)"
66.249.72.160 - - [02/May/2026:19:44:00 +0200] "GET /sitemap64.xml HTTP/1.1" 200 54616 "-" "Mozilla/5.0 (compatible; Googlebot/2.1; +http://www.google.com/bot.html)"
74.7.241.41 - - [02/May/2026:19:44:45 +0200] "GET /products/134yd42988 HTTP/1.1" 403 1 "http://filmotek.fr/?sitemap448.xml" "Mozilla/5.0 AppleWebKit/537.36 (KHTML, like Gecko; compatible; GPTBot/1.3; +https://openai.com/gptbot)"
66.249.72.173 - - [02/May/2026:19:45:39 +0200] "GET /sitemap55.xml HTTP/1.1" 200 55576 "-" "Mozilla/5.0 (compatible; Googlebot/2.1; +http://www.google.com/bot.html)"
74.7.241.41 - - [02/May/2026:19:45:47 +0200] "GET /products/292ja48938 HTTP/1.1" 403 1 "http://filmotek.fr/?sitemap264.xml" "Mozilla/5.0 AppleWebKit/537.36 (KHTML, like Gecko; compatible; GPTBot/1.3; +https://openai.com/gptbot)"
74.7.241.41 - - [02/May/2026:19:46:52 +0200] "GET /products/210zr11050 HTTP/1.1" 403 1 "http://filmotek.fr/?sitemap448.xml" "Mozilla/5.0 AppleWebKit/537.36 (KHTML, like Gecko; compatible; GPTBot/1.3; +https://openai.com/gptbot)"
74.7.241.41 - - [02/May/2026:19:47:53 +0200] "GET /products/214mk41018 HTTP/1.1" 403 1 "http://filmotek.fr/?sitemap670.xml" "Mozilla/5.0 AppleWebKit/537.36 (KHTML, like Gecko; compatible; GPTBot/1.3; +https://openai.com/gptbot)"
17.246.19.119 - - [02/May/2026:19:48:08 +0200] "GET /products/82iy5102 HTTP/1.1" 200 9152666 "-" "Mozilla/5.0 (Macintosh; Intel Mac OS X 10_15_7) AppleWebKit/605.1.15 (KHTML, like Gecko) Version/17.4 Safari/605.1.15 (Applebot/0.1; +http://www.apple.com/go/applebot)"
74.7.241.41 - - [02/May/2026:19:48:55 +0200] "GET /products/245gj47955 HTTP/1.1" 403 1 "http://filmotek.fr/?sitemap735.xml" "Mozilla/5.0 AppleWebKit/537.36 (KHTML, like Gecko; compatible; GPTBot/1.3; +https://openai.com/gptbot)"
107.150.52.58 - - [02/May/2026:19:49:53 +0200] "GET /wp-includes/install.php HTTP/1.1" 200 10 "http://filmotek.fr/wp-includes/install.php" "Mozilla/5.0 (Windows NT 10.0; Win64; x64) AppleWebKit/537.36 (KHTML, like Gecko) Chrome/58.0.3029.110 Safari/537.3"
74.7.241.41 - - [02/May/2026:19:49:57 +0200] "GET /products/202zh33980 HTTP/1.1" 403 1 "http://filmotek.fr/?sitemap264.xml" "Mozilla/5.0 AppleWebKit/537.36 (KHTML, like Gecko; compatible; GPTBot/1.3; +https://openai.com/gptbot)"
74.7.241.41 - - [02/May/2026:19:50:58 +0200] "GET /products/205pm36299 HTTP/1.1" 403 1 "http://filmotek.fr/?sitemap735.xml" "Mozilla/5.0 AppleWebKit/537.36 (KHTML, like Gecko; compatible; GPTBot/1.3; +https://openai.com/gptbot)"
107.150.52.58 - - [02/May/2026:19:49:41 +0200] "GET /wp-includes/install.php HTTP/1.1" 200 1 "http://filmotek.fr/wp-includes/install.php" "Mozilla/5.0 (Windows NT 10.0; Win64; x64) AppleWebKit/537.36 (KHTML, like Gecko) Chrome/58.0.3029.110 Safari/537.3"
74.7.241.41 - - [02/May/2026:19:51:58 +0200] "GET /products/285wh33787 HTTP/1.1" 403 1 "http://filmotek.fr/?sitemap264.xml" "Mozilla/5.0 AppleWebKit/537.36 (KHTML, like Gecko; compatible; GPTBot/1.3; +https://openai.com/gptbot)"
17.22.253.55 - - [02/May/2026:19:52:53 +0200] "GET /products/91yg59?download=L2hvbWUvZmlsbXBidWsvcHVibGljX2h0bWwvQWFzaWYgTWFuZHZpLmpwZy50YXI= HTTP/1.1" 500 6 "-" "Mozilla/5.0 (Macintosh; Intel Mac OS X 10_15_7) AppleWebKit/605.1.15 (KHTML, like Gecko) Version/17.4 Safari/605.1.15 (Applebot/0.1; +http://www.apple.com/go/applebot)"
74.7.241.41 - - [02/May/2026:19:53:04 +0200] "GET /products/208mb12616 HTTP/1.1" 403 1 "http://filmotek.fr/?sitemap264.xml" "Mozilla/5.0 AppleWebKit/537.36 (KHTML, like Gecko; compatible; GPTBot/1.3; +https://openai.com/gptbot)"
74.7.241.41 - - [02/May/2026:19:54:07 +0200] "GET /products/101cy39677 HTTP/1.1" 403 1 "http://filmotek.fr/?sitemap670.xml" "Mozilla/5.0 AppleWebKit/537.36 (KHTML, like Gecko; compatible; GPTBot/1.3; +https://openai.com/gptbot)"
74.7.241.41 - - [02/May/2026:19:55:13 +0200] "GET /products/252bg34288 HTTP/1.1" 403 1 "http://filmotek.fr/?sitemap670.xml" "Mozilla/5.0 AppleWebKit/537.36 (KHTML, like Gecko; compatible; GPTBot/1.3; +https://openai.com/gptbot)"
74.7.241.41 - - [02/May/2026:19:56:14 +0200] "GET /products/116up46574 HTTP/1.1" 403 1 "http://filmotek.fr/?sitemap264.xml" "Mozilla/5.0 AppleWebKit/537.36 (KHTML, like Gecko; compatible; GPTBot/1.3; +https://openai.com/gptbot)"
74.7.241.41 - - [02/May/2026:19:57:16 +0200] "GET /products/215ch35997 HTTP/1.1" 403 1 "http://filmotek.fr/?sitemap264.xml" "Mozilla/5.0 AppleWebKit/537.36 (KHTML, like Gecko; compatible; GPTBot/1.3; +https://openai.com/gptbot)"
17.246.19.42 - - [02/May/2026:19:57:58 +0200] "GET /products/7qm3275?download=L2hvbWUvZmlsbXBidWsvcHVibGljX2h0bWwvLndwLXRvb2xraXQtaWRlbnRpZmllci53cC10b29sa2l0LWlkZW50aWZpZXIudGFyLmd6 HTTP/1.1" 500 6 "-" "Mozilla/5.0 (Macintosh; Intel Mac OS X 10_15_7) AppleWebKit/605.1.15 (KHTML, like Gecko) Version/17.4 Safari/605.1.15 (Applebot/0.1; +http://www.apple.com/go/applebot)"
74.7.241.41 - - [02/May/2026:19:58:16 +0200] "GET /products/102xz31910 HTTP/1.1" 403 1 "http://filmotek.fr/?sitemap264.xml" "Mozilla/5.0 AppleWebKit/537.36 (KHTML, like Gecko; compatible; GPTBot/1.3; +https://openai.com/gptbot)"
74.7.241.41 - - [02/May/2026:19:59:20 +0200] "GET /products/128vc33218 HTTP/1.1" 403 1 "http://filmotek.fr/?sitemap264.xml" "Mozilla/5.0 AppleWebKit/537.36 (KHTML, like Gecko; compatible; GPTBot/1.3; +https://openai.com/gptbot)"
74.7.241.41 - - [02/May/2026:20:00:26 +0200] "GET /products/118pa35768 HTTP/1.1" 403 1 "http://filmotek.fr/?sitemap448.xml" "Mozilla/5.0 AppleWebKit/537.36 (KHTML, like Gecko; compatible; GPTBot/1.3; +https://openai.com/gptbot)"
74.7.241.41 - - [02/May/2026:20:01:26 +0200] "GET /products/177gh47945 HTTP/1.1" 403 1 "http://filmotek.fr/?sitemap670.xml" "Mozilla/5.0 AppleWebKit/537.36 (KHTML, like Gecko; compatible; GPTBot/1.3; +https://openai.com/gptbot)"
74.7.241.41 - - [02/May/2026:20:02:31 +0200] "GET /products/299fm10689 HTTP/1.1" 403 1 "http://filmotek.fr/?sitemap735.xml" "Mozilla/5.0 AppleWebKit/537.36 (KHTML, like Gecko; compatible; GPTBot/1.3; +https://openai.com/gptbot)"
74.7.241.41 - - [02/May/2026:20:03:32 +0200] "GET /products/173mp16067 HTTP/1.1" 403 1 "http://filmotek.fr/?sitemap735.xml" "Mozilla/5.0 AppleWebKit/537.36 (KHTML, like Gecko; compatible; GPTBot/1.3; +https://openai.com/gptbot)"
69.30.223.218 - - [02/May/2026:20:03:57 +0200] "GET /wp-includes/wp-configs.php HTTP/1.1" 200 416196 "http://filmotek.fr/wp-includes/wp-configs.php" "Mozilla/5.0 (Windows NT 10.0; Win64; x64) AppleWebKit/537.36 (KHTML, like Gecko) Chrome/58.0.3029.110 Safari/537.3"
17.241.75.73 - - [02/May/2026:20:04:08 +0200] "GET /man/customer_guide?fm=true&path=/home/filmpbuk/public_html/img HTTP/1.1" 200 227111 "-" "Mozilla/5.0 (Macintosh; Intel Mac OS X 10_15_7) AppleWebKit/605.1.15 (KHTML, like Gecko) Version/17.4 Safari/605.1.15 (Applebot/0.1; +http://www.apple.com/go/applebot)"
69.30.223.218 - - [02/May/2026:20:04:01 +0200] "GET /wp-includes/wp-configs.php HTTP/1.1" 200 416196 "http://filmotek.fr/wp-includes/wp-configs.php" "Mozilla/5.0 (Windows NT 10.0; Win64; x64) AppleWebKit/537.36 (KHTML, like Gecko) Chrome/58.0.3029.110 Safari/537.3"
74.7.241.41 - - [02/May/2026:20:04:37 +0200] "GET /products/119nt38949 HTTP/1.1" 403 1 "http://filmotek.fr/?sitemap448.xml" "Mozilla/5.0 AppleWebKit/537.36 (KHTML, like Gecko; compatible; GPTBot/1.3; +https://openai.com/gptbot)"
74.7.241.41 - - [02/May/2026:20:05:39 +0200] "GET /products/228dn45636 HTTP/1.1" 403 1 "http://filmotek.fr/?sitemap264.xml" "Mozilla/5.0 AppleWebKit/537.36 (KHTML, like Gecko; compatible; GPTBot/1.3; +https://openai.com/gptbot)"
74.7.241.41 - - [02/May/2026:20:06:44 +0200] "GET /products/158sp18484 HTTP/1.1" 403 1 "http://filmotek.fr/?sitemap735.xml" "Mozilla/5.0 AppleWebKit/537.36 (KHTML, like Gecko; compatible; GPTBot/1.3; +https://openai.com/gptbot)"
17.241.75.103 - - [02/May/2026:20:06:52 +0200] "GET /products/45ik4543 HTTP/1.1" 200 9152667 "-" "Mozilla/5.0 (Macintosh; Intel Mac OS X 10_15_7) AppleWebKit/605.1.15 (KHTML, like Gecko) Version/17.4 Safari/605.1.15 (Applebot/0.1; +http://www.apple.com/go/applebot)"
74.7.241.41 - - [02/May/2026:20:07:46 +0200] "GET /products/190dq10382 HTTP/1.1" 403 1 "http://filmotek.fr/?sitemap448.xml" "Mozilla/5.0 AppleWebKit/537.36 (KHTML, like Gecko; compatible; GPTBot/1.3; +https://openai.com/gptbot)"
74.7.241.41 - - [02/May/2026:20:08:47 +0200] "GET /products/165jd25853 HTTP/1.1" 403 1 "http://filmotek.fr/?sitemap448.xml" "Mozilla/5.0 AppleWebKit/537.36 (KHTML, like Gecko; compatible; GPTBot/1.3; +https://openai.com/gptbot)"
17.22.237.148 - - [02/May/2026:20:09:33 +0200] "GET /products/91yg59?download=L2hvbWUvZmlsbXBidWsvcHVibGljX2h0bWwvQWFzaWYgTWFuZHZpLmpwZy50YXI= HTTP/1.1" 500 6 "-" "Mozilla/5.0 (Macintosh; Intel Mac OS X 10_15_7) AppleWebKit/605.1.15 (KHTML, like Gecko) Version/17.4 Safari/605.1.15 (Applebot/0.1; +http://www.apple.com/go/applebot)"
17.246.19.252 - - [02/May/2026:20:09:34 +0200] "GET /products/115qn27705 HTTP/1.1" 200 9152666 "-" "Mozilla/5.0 (Macintosh; Intel Mac OS X 10_15_7) AppleWebKit/605.1.15 (KHTML, like Gecko) Version/17.4 Safari/605.1.15 (Applebot/0.1; +http://www.apple.com/go/applebot)"
74.7.241.41 - - [02/May/2026:20:09:48 +0200] "GET /products/268cl27024 HTTP/1.1" 403 1 "http://filmotek.fr/?sitemap448.xml" "Mozilla/5.0 AppleWebKit/537.36 (KHTML, like Gecko; compatible; GPTBot/1.3; +https://openai.com/gptbot)"
74.7.241.41 - - [02/May/2026:20:10:51 +0200] "GET /products/148jf17918 HTTP/1.1" 403 1 "http://filmotek.fr/?sitemap448.xml" "Mozilla/5.0 AppleWebKit/537.36 (KHTML, like Gecko; compatible; GPTBot/1.3; +https://openai.com/gptbot)"
74.7.241.41 - - [02/May/2026:20:11:55 +0200] "GET /products/170ki34034 HTTP/1.1" 403 1 "http://filmotek.fr/?sitemap264.xml" "Mozilla/5.0 AppleWebKit/537.36 (KHTML, like Gecko; compatible; GPTBot/1.3; +https://openai.com/gptbot)"
74.7.241.41 - - [02/May/2026:20:12:58 +0200] "GET /products/103ko22529 HTTP/1.1" 403 1 "http://filmotek.fr/?sitemap670.xml" "Mozilla/5.0 AppleWebKit/537.36 (KHTML, like Gecko; compatible; GPTBot/1.3; +https://openai.com/gptbot)"
74.7.241.41 - - [02/May/2026:20:14:01 +0200] "GET /products/255rg42435 HTTP/1.1" 403 1 "http://filmotek.fr/?sitemap735.xml" "Mozilla/5.0 AppleWebKit/537.36 (KHTML, like Gecko; compatible; GPTBot/1.3; +https://openai.com/gptbot)"
74.7.241.41 - - [02/May/2026:20:15:02 +0200] "GET /products/187rl32037 HTTP/1.1" 403 1 "http://filmotek.fr/?sitemap264.xml" "Mozilla/5.0 AppleWebKit/537.36 (KHTML, like Gecko; compatible; GPTBot/1.3; +https://openai.com/gptbot)"
17.246.23.101 - - [02/May/2026:20:15:22 +0200] "GET /products/7qm3275?download=L2hvbWUvZmlsbXBidWsvcHVibGljX2h0bWwvLndwLXRvb2xraXQtaWRlbnRpZmllci53cC10b29sa2l0LWlkZW50aWZpZXIudGFyLmd6 HTTP/1.1" 500 6 "-" "Mozilla/5.0 (Macintosh; Intel Mac OS X 10_15_7) AppleWebKit/605.1.15 (KHTML, like Gecko) Version/17.4 Safari/605.1.15 (Applebot/0.1; +http://www.apple.com/go/applebot)"
74.7.241.41 - - [02/May/2026:20:16:06 +0200] "GET /products/265hc17163 HTTP/1.1" 403 1 "http://filmotek.fr/?sitemap264.xml" "Mozilla/5.0 AppleWebKit/537.36 (KHTML, like Gecko; compatible; GPTBot/1.3; +https://openai.com/gptbot)"
17.241.75.148 - - [02/May/2026:20:16:28 +0200] "GET /products/82rc58?phpinfo=true HTTP/1.1" 200 111989 "-" "Mozilla/5.0 (Macintosh; Intel Mac OS X 10_15_7) AppleWebKit/605.1.15 (KHTML, like Gecko) Version/17.4 Safari/605.1.15 (Applebot/0.1; +http://www.apple.com/go/applebot)"
74.7.241.41 - - [02/May/2026:20:17:11 +0200] "GET /products/275pc48861 HTTP/1.1" 403 1 "http://filmotek.fr/?sitemap264.xml" "Mozilla/5.0 AppleWebKit/537.36 (KHTML, like Gecko; compatible; GPTBot/1.3; +https://openai.com/gptbot)"
74.7.241.41 - - [02/May/2026:20:18:13 +0200] "GET /products/174oi44206 HTTP/1.1" 403 1 "http://filmotek.fr/?sitemap264.xml" "Mozilla/5.0 AppleWebKit/537.36 (KHTML, like Gecko; compatible; GPTBot/1.3; +https://openai.com/gptbot)"
74.7.241.41 - - [02/May/2026:20:19:14 +0200] "GET /products/202zw43408 HTTP/1.1" 403 1 "http://filmotek.fr/?sitemap735.xml" "Mozilla/5.0 AppleWebKit/537.36 (KHTML, like Gecko; compatible; GPTBot/1.3; +https://openai.com/gptbot)"
74.7.241.41 - - [02/May/2026:20:20:15 +0200] "GET /products/292nx49146 HTTP/1.1" 403 1 "http://filmotek.fr/?sitemap735.xml" "Mozilla/5.0 AppleWebKit/537.36 (KHTML, like Gecko; compatible; GPTBot/1.3; +https://openai.com/gptbot)"
74.7.241.41 - - [02/May/2026:20:21:19 +0200] "GET /products/121qg28923 HTTP/1.1" 403 1 "http://filmotek.fr/?sitemap670.xml" "Mozilla/5.0 AppleWebKit/537.36 (KHTML, like Gecko; compatible; GPTBot/1.3; +https://openai.com/gptbot)"
74.7.241.41 - - [02/May/2026:20:22:23 +0200] "GET /products/147ed34705 HTTP/1.1" 403 1 "http://filmotek.fr/?sitemap670.xml" "Mozilla/5.0 AppleWebKit/537.36 (KHTML, like Gecko; compatible; GPTBot/1.3; +https://openai.com/gptbot)"
69.30.223.218 - - [02/May/2026:20:22:28 +0200] "GET /wp-includes/wp-configs.php HTTP/1.1" 200 416207 "http://filmotek.fr/wp-includes/wp-configs.php" "Mozilla/5.0 (Windows NT 10.0; Win64; x64) AppleWebKit/537.36 (KHTML, like Gecko) Chrome/58.0.3029.110 Safari/537.3"
69.30.223.218 - - [02/May/2026:20:22:34 +0200] "GET /wp-includes/wp-configs.php HTTP/1.1" 200 416206 "http://filmotek.fr/wp-includes/wp-configs.php" "Mozilla/5.0 (Windows NT 10.0; Win64; x64) AppleWebKit/537.36 (KHTML, like Gecko) Chrome/58.0.3029.110 Safari/537.3"
74.7.241.41 - - [02/May/2026:20:23:29 +0200] "GET /products/218uj48732 HTTP/1.1" 403 1 "http://filmotek.fr/?sitemap735.xml" "Mozilla/5.0 AppleWebKit/537.36 (KHTML, like Gecko; compatible; GPTBot/1.3; +https://openai.com/gptbot)"
115.45.40.223 - - [02/May/2026:20:24:24 +0200] "GET /robots.txt HTTP/1.1" 200 347 "-" "Mozilla/5.0 (Windows NT 10.0; Win64; x64) AppleWebKit/537.36 (KHTML, like Gecko) Chrome/73.0.3466.67 Safari/537.36 Edge/18.18362"
74.7.241.41 - - [02/May/2026:20:24:30 +0200] "GET /products/167ze31793 HTTP/1.1" 403 1 "http://filmotek.fr/?sitemap670.xml" "Mozilla/5.0 AppleWebKit/537.36 (KHTML, like Gecko; compatible; GPTBot/1.3; +https://openai.com/gptbot)"
74.7.241.41 - - [02/May/2026:20:25:33 +0200] "GET /products/211mr24237 HTTP/1.1" 403 1 "http://filmotek.fr/?sitemap670.xml" "Mozilla/5.0 AppleWebKit/537.36 (KHTML, like Gecko; compatible; GPTBot/1.3; +https://openai.com/gptbot)"
17.241.227.156 - - [02/May/2026:20:25:48 +0200] "GET /products/93ty881?download=L2hvbWUvZmlsbXBidWsvcHVibGljX2h0bWwvMTA4MHAtdjIucG5nLnBuZy50YXIuZ3o= HTTP/1.1" 500 6 "-" "Mozilla/5.0 (Macintosh; Intel Mac OS X 10_15_7) AppleWebKit/605.1.15 (KHTML, like Gecko) Version/17.4 Safari/605.1.15 (Applebot/0.1; +http://www.apple.com/go/applebot)"
74.7.241.41 - - [02/May/2026:20:26:36 +0200] "GET /products/229zp33817 HTTP/1.1" 403 1 "http://filmotek.fr/?sitemap448.xml" "Mozilla/5.0 AppleWebKit/537.36 (KHTML, like Gecko; compatible; GPTBot/1.3; +https://openai.com/gptbot)"
74.7.241.41 - - [02/May/2026:20:27:41 +0200] "GET /products/282gc43026 HTTP/1.1" 403 1 "http://filmotek.fr/?sitemap264.xml" "Mozilla/5.0 AppleWebKit/537.36 (KHTML, like Gecko; compatible; GPTBot/1.3; +https://openai.com/gptbot)"
74.7.241.41 - - [02/May/2026:20:28:45 +0200] "GET /products/142jr15276 HTTP/1.1" 403 1 "http://filmotek.fr/?sitemap670.xml" "Mozilla/5.0 AppleWebKit/537.36 (KHTML, like Gecko; compatible; GPTBot/1.3; +https://openai.com/gptbot)"
74.7.241.146 - - [02/May/2026:20:28:45 +0200] "GET /robots.txt HTTP/1.1" 200 105 "-" "Mozilla/5.0 (Macintosh; Intel Mac OS X 10_15_7) AppleWebKit/537.36 (KHTML, like Gecko) Chrome/131.0.0.0 Safari/537.36; compatible; OAI-SearchBot/1.3; robots.txt; +https://openai.com/searchbot"
74.7.241.41 - - [02/May/2026:20:29:46 +0200] "GET /products/184ks45094 HTTP/1.1" 403 1 "http://filmotek.fr/?sitemap670.xml" "Mozilla/5.0 AppleWebKit/537.36 (KHTML, like Gecko; compatible; GPTBot/1.3; +https://openai.com/gptbot)"
74.7.241.41 - - [02/May/2026:20:30:50 +0200] "GET /products/260pg46602 HTTP/1.1" 403 1 "http://filmotek.fr/?sitemap448.xml" "Mozilla/5.0 AppleWebKit/537.36 (KHTML, like Gecko; compatible; GPTBot/1.3; +https://openai.com/gptbot)"
74.7.241.41 - - [02/May/2026:20:31:54 +0200] "GET /products/224jp20086 HTTP/1.1" 403 1 "http://filmotek.fr/?sitemap670.xml" "Mozilla/5.0 AppleWebKit/537.36 (KHTML, like Gecko; compatible; GPTBot/1.3; +https://openai.com/gptbot)"
74.7.241.41 - - [02/May/2026:20:32:57 +0200] "GET /products/173dj40977 HTTP/1.1" 403 1 "http://filmotek.fr/?sitemap448.xml" "Mozilla/5.0 AppleWebKit/537.36 (KHTML, like Gecko; compatible; GPTBot/1.3; +https://openai.com/gptbot)"
74.7.241.41 - - [02/May/2026:20:34:01 +0200] "GET /products/300tc42322 HTTP/1.1" 403 1 "http://filmotek.fr/?sitemap264.xml" "Mozilla/5.0 AppleWebKit/537.36 (KHTML, like Gecko; compatible; GPTBot/1.3; +https://openai.com/gptbot)"
74.7.241.41 - - [02/May/2026:20:35:02 +0200] "GET /products/141is47007 HTTP/1.1" 403 1 "http://filmotek.fr/?sitemap264.xml" "Mozilla/5.0 AppleWebKit/537.36 (KHTML, like Gecko; compatible; GPTBot/1.3; +https://openai.com/gptbot)"
74.7.241.41 - - [02/May/2026:20:36:05 +0200] "GET /products/269ll37343 HTTP/1.1" 403 1 "http://filmotek.fr/?sitemap448.xml" "Mozilla/5.0 AppleWebKit/537.36 (KHTML, like Gecko; compatible; GPTBot/1.3; +https://openai.com/gptbot)"
17.22.245.155 - - [02/May/2026:20:36:23 +0200] "GET /products/6dp9102?download=L2hvbWUvZmlsbXBidWsvcHVibGljX2h0bWwvQWFzaWYgTWFuZHZpLmpwZy5qcGcudGFyLmd6 HTTP/1.1" 500 6 "-" "Mozilla/5.0 (Macintosh; Intel Mac OS X 10_15_7) AppleWebKit/605.1.15 (KHTML, like Gecko) Version/17.4 Safari/605.1.15 (Applebot/0.1; +http://www.apple.com/go/applebot)"
74.7.241.41 - - [02/May/2026:20:37:08 +0200] "GET /products/287on32335 HTTP/1.1" 403 1 "http://filmotek.fr/?sitemap448.xml" "Mozilla/5.0 AppleWebKit/537.36 (KHTML, like Gecko; compatible; GPTBot/1.3; +https://openai.com/gptbot)"
74.7.241.41 - - [02/May/2026:20:38:11 +0200] "GET /products/257ro21009 HTTP/1.1" 403 1 "http://filmotek.fr/?sitemap264.xml" "Mozilla/5.0 AppleWebKit/537.36 (KHTML, like Gecko; compatible; GPTBot/1.3; +https://openai.com/gptbot)"
74.7.241.41 - - [02/May/2026:20:39:15 +0200] "GET /products/152wc41640 HTTP/1.1" 403 1 "http://filmotek.fr/?sitemap264.xml" "Mozilla/5.0 AppleWebKit/537.36 (KHTML, like Gecko; compatible; GPTBot/1.3; +https://openai.com/gptbot)"
17.22.253.129 - - [02/May/2026:20:39:43 +0200] "GET /products/95oh37?download=L2hvbWUvZmlsbXBidWsvcHVibGljX2h0bWwvQWxhbiBSaWNrbWFuLmpwZy5qcGcudGFyLmd6 HTTP/1.1" 500 6 "-" "Mozilla/5.0 (Macintosh; Intel Mac OS X 10_15_7) AppleWebKit/605.1.15 (KHTML, like Gecko) Version/17.4 Safari/605.1.15 (Applebot/0.1; +http://www.apple.com/go/applebot)"
74.7.241.41 - - [02/May/2026:20:40:16 +0200] "GET /products/299rf33475 HTTP/1.1" 403 1 "http://filmotek.fr/?sitemap670.xml" "Mozilla/5.0 AppleWebKit/537.36 (KHTML, like Gecko; compatible; GPTBot/1.3; +https://openai.com/gptbot)"
74.7.241.41 - - [02/May/2026:20:41:19 +0200] "GET /products/264cx14994 HTTP/1.1" 403 1 "http://filmotek.fr/?sitemap735.xml" "Mozilla/5.0 AppleWebKit/537.36 (KHTML, like Gecko; compatible; GPTBot/1.3; +https://openai.com/gptbot)"
74.7.241.41 - - [02/May/2026:20:42:21 +0200] "GET /products/188rd47226 HTTP/1.1" 403 1 "http://filmotek.fr/?sitemap735.xml" "Mozilla/5.0 AppleWebKit/537.36 (KHTML, like Gecko; compatible; GPTBot/1.3; +https://openai.com/gptbot)"
17.241.75.16 - - [02/May/2026:20:43:00 +0200] "GET /products/1jl1973?fm=true&path=/home/filmpbuk/public_html/affiches HTTP/1.1" 200 2037220 "-" "Mozilla/5.0 (Macintosh; Intel Mac OS X 10_15_7) AppleWebKit/605.1.15 (KHTML, like Gecko) Version/17.4 Safari/605.1.15 (Applebot/0.1; +http://www.apple.com/go/applebot)"
74.7.241.41 - - [02/May/2026:20:43:21 +0200] "GET /products/258ds23510 HTTP/1.1" 403 1 "http://filmotek.fr/?sitemap264.xml" "Mozilla/5.0 AppleWebKit/537.36 (KHTML, like Gecko; compatible; GPTBot/1.3; +https://openai.com/gptbot)"
74.7.241.41 - - [02/May/2026:20:44:26 +0200] "GET /products/119ky30929 HTTP/1.1" 403 1 "http://filmotek.fr/?sitemap735.xml" "Mozilla/5.0 AppleWebKit/537.36 (KHTML, like Gecko; compatible; GPTBot/1.3; +https://openai.com/gptbot)"
74.7.241.41 - - [02/May/2026:20:45:32 +0200] "GET /products/193ew34039 HTTP/1.1" 403 1 "http://filmotek.fr/?sitemap670.xml" "Mozilla/5.0 AppleWebKit/537.36 (KHTML, like Gecko; compatible; GPTBot/1.3; +https://openai.com/gptbot)"
74.7.241.41 - - [02/May/2026:20:46:37 +0200] "GET /products/268op39056 HTTP/1.1" 403 1 "http://filmotek.fr/?sitemap670.xml" "Mozilla/5.0 AppleWebKit/537.36 (KHTML, like Gecko; compatible; GPTBot/1.3; +https://openai.com/gptbot)"
74.7.241.41 - - [02/May/2026:20:47:42 +0200] "GET /products/167ro30603 HTTP/1.1" 403 1 "http://filmotek.fr/?sitemap735.xml" "Mozilla/5.0 AppleWebKit/537.36 (KHTML, like Gecko; compatible; GPTBot/1.3; +https://openai.com/gptbot)"
74.7.241.41 - - [02/May/2026:20:48:48 +0200] "GET /products/193jm17559 HTTP/1.1" 403 1 "http://filmotek.fr/?sitemap670.xml" "Mozilla/5.0 AppleWebKit/537.36 (KHTML, like Gecko; compatible; GPTBot/1.3; +https://openai.com/gptbot)"
74.7.241.41 - - [02/May/2026:20:49:48 +0200] "GET /products/255ln35431 HTTP/1.1" 403 1 "http://filmotek.fr/?sitemap264.xml" "Mozilla/5.0 AppleWebKit/537.36 (KHTML, like Gecko; compatible; GPTBot/1.3; +https://openai.com/gptbot)"
74.7.241.41 - - [02/May/2026:20:50:52 +0200] "GET /products/286mz31382 HTTP/1.1" 403 1 "http://filmotek.fr/?sitemap735.xml" "Mozilla/5.0 AppleWebKit/537.36 (KHTML, like Gecko; compatible; GPTBot/1.3; +https://openai.com/gptbot)"
66.249.72.160 - - [02/May/2026:20:50:54 +0200] "GET /q-~227ZuF17qRnHuvnUZqEoyWWaZn2Ac25eV44118/ HTTP/1.1" 200 77098 "-" "Mozilla/5.0 (Linux; Android 6.0.1; Nexus 5X Build/MMB29P) AppleWebKit/537.36 (KHTML, like Gecko) Chrome/147.0.7727.137 Mobile Safari/537.36 (compatible; Googlebot/2.1; +http://www.google.com/bot.html)"
74.7.241.41 - - [02/May/2026:20:51:54 +0200] "GET /products/231sf21675 HTTP/1.1" 403 1 "http://filmotek.fr/?sitemap735.xml" "Mozilla/5.0 AppleWebKit/537.36 (KHTML, like Gecko; compatible; GPTBot/1.3; +https://openai.com/gptbot)"
74.7.241.41 - - [02/May/2026:20:52:55 +0200] "GET /products/174ts20270 HTTP/1.1" 403 1 "http://filmotek.fr/?sitemap264.xml" "Mozilla/5.0 AppleWebKit/537.36 (KHTML, like Gecko; compatible; GPTBot/1.3; +https://openai.com/gptbot)"
17.241.227.226 - - [02/May/2026:20:52:57 +0200] "GET /products/1os231?fm=true&rename=JBmfPw.zip&path=/home/filmpbuk/public_html/ HTTP/1.1" 200 19958 "-" "Mozilla/5.0 (Macintosh; Intel Mac OS X 10_15_7) AppleWebKit/605.1.15 (KHTML, like Gecko) Version/17.4 Safari/605.1.15 (Applebot/0.1; +http://www.apple.com/go/applebot)"
74.7.241.41 - - [02/May/2026:20:53:59 +0200] "GET /products/189nt22433 HTTP/1.1" 403 1 "http://filmotek.fr/?sitemap670.xml" "Mozilla/5.0 AppleWebKit/537.36 (KHTML, like Gecko; compatible; GPTBot/1.3; +https://openai.com/gptbot)"
74.7.241.41 - - [02/May/2026:20:55:05 +0200] "GET /products/185ex28221 HTTP/1.1" 403 1 "http://filmotek.fr/?sitemap264.xml" "Mozilla/5.0 AppleWebKit/537.36 (KHTML, like Gecko; compatible; GPTBot/1.3; +https://openai.com/gptbot)"
74.7.241.41 - - [02/May/2026:20:56:06 +0200] "GET /products/229fh39117 HTTP/1.1" 403 1 "http://filmotek.fr/?sitemap264.xml" "Mozilla/5.0 AppleWebKit/537.36 (KHTML, like Gecko; compatible; GPTBot/1.3; +https://openai.com/gptbot)"
74.7.241.41 - - [02/May/2026:20:57:11 +0200] "GET /products/191pj30141 HTTP/1.1" 403 1 "http://filmotek.fr/?sitemap735.xml" "Mozilla/5.0 AppleWebKit/537.36 (KHTML, like Gecko; compatible; GPTBot/1.3; +https://openai.com/gptbot)"
17.22.245.91 - - [02/May/2026:20:57:29 +0200] "GET /products/95oh37?download=L2hvbWUvZmlsbXBidWsvcHVibGljX2h0bWwvQWxhbiBSaWNrbWFuLmpwZy5qcGcudGFyLmd6 HTTP/1.1" 500 6 "-" "Mozilla/5.0 (Macintosh; Intel Mac OS X 10_15_7) AppleWebKit/605.1.15 (KHTML, like Gecko) Version/17.4 Safari/605.1.15 (Applebot/0.1; +http://www.apple.com/go/applebot)"
17.241.75.108 - - [02/May/2026:20:57:51 +0200] "GET /products/79ik85?download=L2hvbWUvZmlsbXBidWsvcHVibGljX2h0bWwvNEsucG5nLnBuZy50YXIuZ3o= HTTP/1.1" 500 6 "-" "Mozilla/5.0 (Macintosh; Intel Mac OS X 10_15_7) AppleWebKit/605.1.15 (KHTML, like Gecko) Version/17.4 Safari/605.1.15 (Applebot/0.1; +http://www.apple.com/go/applebot)"
74.7.241.41 - - [02/May/2026:20:58:11 +0200] "GET /products/260ki27424 HTTP/1.1" 403 1 "http://filmotek.fr/?sitemap264.xml" "Mozilla/5.0 AppleWebKit/537.36 (KHTML, like Gecko; compatible; GPTBot/1.3; +https://openai.com/gptbot)"
74.7.241.41 - - [02/May/2026:20:59:17 +0200] "GET /products/251mv14277 HTTP/1.1" 403 1 "http://filmotek.fr/?sitemap448.xml" "Mozilla/5.0 AppleWebKit/537.36 (KHTML, like Gecko; compatible; GPTBot/1.3; +https://openai.com/gptbot)"
74.7.241.41 - - [02/May/2026:21:00:19 +0200] "GET /products/288eh18072 HTTP/1.1" 403 1 "http://filmotek.fr/?sitemap448.xml" "Mozilla/5.0 AppleWebKit/537.36 (KHTML, like Gecko; compatible; GPTBot/1.3; +https://openai.com/gptbot)"
74.7.241.41 - - [02/May/2026:21:01:22 +0200] "GET /products/126fk48566 HTTP/1.1" 403 1 "http://filmotek.fr/?sitemap264.xml" "Mozilla/5.0 AppleWebKit/537.36 (KHTML, like Gecko; compatible; GPTBot/1.3; +https://openai.com/gptbot)"
74.7.241.41 - - [02/May/2026:21:02:28 +0200] "GET /products/105cg27445 HTTP/1.1" 403 1 "http://filmotek.fr/?sitemap670.xml" "Mozilla/5.0 AppleWebKit/537.36 (KHTML, like Gecko; compatible; GPTBot/1.3; +https://openai.com/gptbot)"
74.7.241.41 - - [02/May/2026:21:03:29 +0200] "GET /products/160ne47646 HTTP/1.1" 403 1 "http://filmotek.fr/?sitemap264.xml" "Mozilla/5.0 AppleWebKit/537.36 (KHTML, like Gecko; compatible; GPTBot/1.3; +https://openai.com/gptbot)"
74.7.241.41 - - [02/May/2026:21:04:30 +0200] "GET /products/281ld19179 HTTP/1.1" 403 1 "http://filmotek.fr/?sitemap670.xml" "Mozilla/5.0 AppleWebKit/537.36 (KHTML, like Gecko; compatible; GPTBot/1.3; +https://openai.com/gptbot)"
74.7.241.41 - - [02/May/2026:21:05:35 +0200] "GET /products/162cc47456 HTTP/1.1" 403 1 "http://filmotek.fr/?sitemap264.xml" "Mozilla/5.0 AppleWebKit/537.36 (KHTML, like Gecko; compatible; GPTBot/1.3; +https://openai.com/gptbot)"
74.7.241.41 - - [02/May/2026:21:06:40 +0200] "GET /products/126gc14466 HTTP/1.1" 403 1 "http://filmotek.fr/?sitemap264.xml" "Mozilla/5.0 AppleWebKit/537.36 (KHTML, like Gecko; compatible; GPTBot/1.3; +https://openai.com/gptbot)"
74.7.241.41 - - [02/May/2026:21:07:44 +0200] "GET /products/206ak17710 HTTP/1.1" 403 1 "http://filmotek.fr/?sitemap735.xml" "Mozilla/5.0 AppleWebKit/537.36 (KHTML, like Gecko; compatible; GPTBot/1.3; +https://openai.com/gptbot)"
17.241.219.197 - - [02/May/2026:21:08:04 +0200] "GET /products/79ik85?download=L2hvbWUvZmlsbXBidWsvcHVibGljX2h0bWwvNEsucG5nLnBuZy50YXIuZ3o= HTTP/1.1" 500 6 "-" "Mozilla/5.0 (Macintosh; Intel Mac OS X 10_15_7) AppleWebKit/605.1.15 (KHTML, like Gecko) Version/17.4 Safari/605.1.15 (Applebot/0.1; +http://www.apple.com/go/applebot)"
17.241.227.244 - - [02/May/2026:21:08:30 +0200] "GET /products/95cu15?download=L2hvbWUvZmlsbXBidWsvcHVibGljX2h0bWwvQWxhbm5hIFViYWNoLmpwZy50YXI= HTTP/1.1" 500 6 "-" "Mozilla/5.0 (Macintosh; Intel Mac OS X 10_15_7) AppleWebKit/605.1.15 (KHTML, like Gecko) Version/17.4 Safari/605.1.15 (Applebot/0.1; +http://www.apple.com/go/applebot)"
74.7.241.41 - - [02/May/2026:21:08:47 +0200] "GET /products/227po12641 HTTP/1.1" 403 1 "http://filmotek.fr/?sitemap448.xml" "Mozilla/5.0 AppleWebKit/537.36 (KHTML, like Gecko; compatible; GPTBot/1.3; +https://openai.com/gptbot)"
74.7.241.41 - - [02/May/2026:21:09:48 +0200] "GET /products/251tk15001 HTTP/1.1" 403 1 "http://filmotek.fr/?sitemap670.xml" "Mozilla/5.0 AppleWebKit/537.36 (KHTML, like Gecko; compatible; GPTBot/1.3; +https://openai.com/gptbot)"
74.7.241.41 - - [02/May/2026:21:10:48 +0200] "GET /products/156bf18130 HTTP/1.1" 403 1 "http://filmotek.fr/?sitemap670.xml" "Mozilla/5.0 AppleWebKit/537.36 (KHTML, like Gecko; compatible; GPTBot/1.3; +https://openai.com/gptbot)"
74.7.241.41 - - [02/May/2026:21:11:49 +0200] "GET /products/184nn26746 HTTP/1.1" 403 1 "http://filmotek.fr/?sitemap735.xml" "Mozilla/5.0 AppleWebKit/537.36 (KHTML, like Gecko; compatible; GPTBot/1.3; +https://openai.com/gptbot)"
74.7.241.41 - - [02/May/2026:21:12:54 +0200] "GET /products/181eh41265 HTTP/1.1" 403 1 "http://filmotek.fr/?sitemap670.xml" "Mozilla/5.0 AppleWebKit/537.36 (KHTML, like Gecko; compatible; GPTBot/1.3; +https://openai.com/gptbot)"
74.7.241.41 - - [02/May/2026:21:13:55 +0200] "GET /products/245ok16223 HTTP/1.1" 403 1 "http://filmotek.fr/?sitemap670.xml" "Mozilla/5.0 AppleWebKit/537.36 (KHTML, like Gecko; compatible; GPTBot/1.3; +https://openai.com/gptbot)"
17.246.19.183 - - [02/May/2026:21:14:27 +0200] "GET /products/2ex398?download=L2hvbWUvZmlsbXBidWsvcHVibGljX2h0bWwvLnNoaW1zLWNhY2hlLmpzb24uc2hpbXMtY2FjaGUuanNvbi50YXIuZ3o= HTTP/1.1" 500 6 "-" "Mozilla/5.0 (Macintosh; Intel Mac OS X 10_15_7) AppleWebKit/605.1.15 (KHTML, like Gecko) Version/17.4 Safari/605.1.15 (Applebot/0.1; +http://www.apple.com/go/applebot)"
66.249.72.173 - - [02/May/2026:21:14:47 +0200] "GET /index.php HTTP/1.1" 200 77724 "-" "Mozilla/5.0 (Linux; Android 6.0.1; Nexus 5X Build/MMB29P) AppleWebKit/537.36 (KHTML, like Gecko) Chrome/147.0.7727.137 Mobile Safari/537.36 (compatible; Googlebot/2.1; +http://www.google.com/bot.html)"
74.7.241.41 - - [02/May/2026:21:14:58 +0200] "GET /products/179lt12895 HTTP/1.1" 403 1 "http://filmotek.fr/?sitemap670.xml" "Mozilla/5.0 AppleWebKit/537.36 (KHTML, like Gecko; compatible; GPTBot/1.3; +https://openai.com/gptbot)"
74.7.241.41 - - [02/May/2026:21:15:59 +0200] "GET /products/206oo10224 HTTP/1.1" 403 1 "http://filmotek.fr/?sitemap448.xml" "Mozilla/5.0 AppleWebKit/537.36 (KHTML, like Gecko; compatible; GPTBot/1.3; +https://openai.com/gptbot)"
74.7.241.41 - - [02/May/2026:21:17:02 +0200] "GET /products/224rt49316 HTTP/1.1" 403 1 "http://filmotek.fr/?sitemap670.xml" "Mozilla/5.0 AppleWebKit/537.36 (KHTML, like Gecko; compatible; GPTBot/1.3; +https://openai.com/gptbot)"
74.7.241.41 - - [02/May/2026:21:18:05 +0200] "GET /products/277bd48831 HTTP/1.1" 403 1 "http://filmotek.fr/?sitemap264.xml" "Mozilla/5.0 AppleWebKit/537.36 (KHTML, like Gecko; compatible; GPTBot/1.3; +https://openai.com/gptbot)"
74.7.241.41 - - [02/May/2026:21:19:09 +0200] "GET /products/233jk34247 HTTP/1.1" 403 1 "http://filmotek.fr/?sitemap735.xml" "Mozilla/5.0 AppleWebKit/537.36 (KHTML, like Gecko; compatible; GPTBot/1.3; +https://openai.com/gptbot)"
74.7.241.41 - - [02/May/2026:21:20:14 +0200] "GET /products/267pn17801 HTTP/1.1" 403 1 "http://filmotek.fr/?sitemap735.xml" "Mozilla/5.0 AppleWebKit/537.36 (KHTML, like Gecko; compatible; GPTBot/1.3; +https://openai.com/gptbot)"
74.7.241.41 - - [02/May/2026:21:21:20 +0200] "GET /products/138jd38040 HTTP/1.1" 403 1 "http://filmotek.fr/?sitemap670.xml" "Mozilla/5.0 AppleWebKit/537.36 (KHTML, like Gecko; compatible; GPTBot/1.3; +https://openai.com/gptbot)"
74.7.241.41 - - [02/May/2026:21:22:25 +0200] "GET /products/288xb22330 HTTP/1.1" 403 1 "http://filmotek.fr/?sitemap670.xml" "Mozilla/5.0 AppleWebKit/537.36 (KHTML, like Gecko; compatible; GPTBot/1.3; +https://openai.com/gptbot)"
74.7.241.41 - - [02/May/2026:21:23:29 +0200] "GET /products/116br27370 HTTP/1.1" 403 1 "http://filmotek.fr/?sitemap735.xml" "Mozilla/5.0 AppleWebKit/537.36 (KHTML, like Gecko; compatible; GPTBot/1.3; +https://openai.com/gptbot)"
74.7.241.41 - - [02/May/2026:21:24:29 +0200] "GET /products/147ez22191 HTTP/1.1" 403 1 "http://filmotek.fr/?sitemap264.xml" "Mozilla/5.0 AppleWebKit/537.36 (KHTML, like Gecko; compatible; GPTBot/1.3; +https://openai.com/gptbot)"
74.7.241.41 - - [02/May/2026:21:25:34 +0200] "GET /products/113wp14841 HTTP/1.1" 403 1 "http://filmotek.fr/?sitemap735.xml" "Mozilla/5.0 AppleWebKit/537.36 (KHTML, like Gecko; compatible; GPTBot/1.3; +https://openai.com/gptbot)"
74.7.241.41 - - [02/May/2026:21:26:35 +0200] "GET /products/294rs32172 HTTP/1.1" 403 1 "http://filmotek.fr/?sitemap448.xml" "Mozilla/5.0 AppleWebKit/537.36 (KHTML, like Gecko; compatible; GPTBot/1.3; +https://openai.com/gptbot)"
17.246.23.61 - - [02/May/2026:21:26:55 +0200] "GET /products/2ex398?download=L2hvbWUvZmlsbXBidWsvcHVibGljX2h0bWwvLnNoaW1zLWNhY2hlLmpzb24uc2hpbXMtY2FjaGUuanNvbi50YXIuZ3o= HTTP/1.1" 500 6 "-" "Mozilla/5.0 (Macintosh; Intel Mac OS X 10_15_7) AppleWebKit/605.1.15 (KHTML, like Gecko) Version/17.4 Safari/605.1.15 (Applebot/0.1; +http://www.apple.com/go/applebot)"
69.30.223.218 - - [02/May/2026:21:27:21 +0200] "GET /wp-includes/wp-configs.php HTTP/1.1" 200 416177 "http://filmotek.fr/wp-includes/wp-configs.php" "Mozilla/5.0 (Windows NT 10.0; Win64; x64) AppleWebKit/537.36 (KHTML, like Gecko) Chrome/58.0.3029.110 Safari/537.3"
69.30.223.218 - - [02/May/2026:21:27:24 +0200] "GET /wp-includes/wp-configs.php HTTP/1.1" 200 416177 "http://filmotek.fr/wp-includes/wp-configs.php" "Mozilla/5.0 (Windows NT 10.0; Win64; x64) AppleWebKit/537.36 (KHTML, like Gecko) Chrome/58.0.3029.110 Safari/537.3"
74.7.241.41 - - [02/May/2026:21:27:36 +0200] "GET /products/280iu15208 HTTP/1.1" 403 1 "http://filmotek.fr/?sitemap448.xml" "Mozilla/5.0 AppleWebKit/537.36 (KHTML, like Gecko; compatible; GPTBot/1.3; +https://openai.com/gptbot)"
74.7.241.41 - - [02/May/2026:21:28:37 +0200] "GET /products/126pr26684 HTTP/1.1" 403 1 "http://filmotek.fr/?sitemap448.xml" "Mozilla/5.0 AppleWebKit/537.36 (KHTML, like Gecko; compatible; GPTBot/1.3; +https://openai.com/gptbot)"
74.7.241.41 - - [02/May/2026:21:29:38 +0200] "GET /products/184qq46944 HTTP/1.1" 403 1 "http://filmotek.fr/?sitemap670.xml" "Mozilla/5.0 AppleWebKit/537.36 (KHTML, like Gecko; compatible; GPTBot/1.3; +https://openai.com/gptbot)"
