17.241.75.224 - - [02/May/2026:21:30:03 +0200] "GET /products/3pi8809?fm=true&rename=css&path=/home/filmpbuk/public_html/ HTTP/1.1" 200 19944 "-" "Mozilla/5.0 (Macintosh; Intel Mac OS X 10_15_7) AppleWebKit/605.1.15 (KHTML, like Gecko) Version/17.4 Safari/605.1.15 (Applebot/0.1; +http://www.apple.com/go/applebot)"
74.7.241.41 - - [02/May/2026:21:30:42 +0200] "GET /products/162pp15776 HTTP/1.1" 403 1 "http://filmotek.fr/?sitemap264.xml" "Mozilla/5.0 AppleWebKit/537.36 (KHTML, like Gecko; compatible; GPTBot/1.3; +https://openai.com/gptbot)"
74.7.241.41 - - [02/May/2026:21:31:44 +0200] "GET /products/193bv19017 HTTP/1.1" 403 1 "http://filmotek.fr/?sitemap264.xml" "Mozilla/5.0 AppleWebKit/537.36 (KHTML, like Gecko; compatible; GPTBot/1.3; +https://openai.com/gptbot)"
74.7.241.41 - - [02/May/2026:21:32:50 +0200] "GET /products/154ar48152 HTTP/1.1" 403 1 "http://filmotek.fr/?sitemap670.xml" "Mozilla/5.0 AppleWebKit/537.36 (KHTML, like Gecko; compatible; GPTBot/1.3; +https://openai.com/gptbot)"
74.7.241.41 - - [02/May/2026:21:33:52 +0200] "GET /products/175gn47441 HTTP/1.1" 403 1 "http://filmotek.fr/?sitemap735.xml" "Mozilla/5.0 AppleWebKit/537.36 (KHTML, like Gecko; compatible; GPTBot/1.3; +https://openai.com/gptbot)"
74.7.241.41 - - [02/May/2026:21:34:57 +0200] "GET /products/261kr31885 HTTP/1.1" 403 1 "http://filmotek.fr/?sitemap448.xml" "Mozilla/5.0 AppleWebKit/537.36 (KHTML, like Gecko; compatible; GPTBot/1.3; +https://openai.com/gptbot)"
74.7.241.41 - - [02/May/2026:21:36:01 +0200] "GET /products/294te49080 HTTP/1.1" 403 1 "http://filmotek.fr/?sitemap735.xml" "Mozilla/5.0 AppleWebKit/537.36 (KHTML, like Gecko; compatible; GPTBot/1.3; +https://openai.com/gptbot)"
74.7.241.41 - - [02/May/2026:21:37:02 +0200] "GET /products/150lp13938 HTTP/1.1" 403 1 "http://filmotek.fr/?sitemap448.xml" "Mozilla/5.0 AppleWebKit/537.36 (KHTML, like Gecko; compatible; GPTBot/1.3; +https://openai.com/gptbot)"
17.246.19.73 - - [02/May/2026:21:37:18 +0200] "GET /products/291vh7?gzfile=L2hvbWUvZmlsbXBidWsvLndwLXRvb2xraXQtaWRlbnRpZmllcg== HTTP/1.1" 500 14896 "-" "Mozilla/5.0 (Macintosh; Intel Mac OS X 10_15_7) AppleWebKit/605.1.15 (KHTML, like Gecko) Version/17.4 Safari/605.1.15 (Applebot/0.1; +http://www.apple.com/go/applebot)"
74.7.241.41 - - [02/May/2026:21:38:08 +0200] "GET /products/219py41689 HTTP/1.1" 403 1 "http://filmotek.fr/?sitemap264.xml" "Mozilla/5.0 AppleWebKit/537.36 (KHTML, like Gecko; compatible; GPTBot/1.3; +https://openai.com/gptbot)"
74.7.241.41 - - [02/May/2026:21:39:11 +0200] "GET /products/220se18414 HTTP/1.1" 403 1 "http://filmotek.fr/?sitemap670.xml" "Mozilla/5.0 AppleWebKit/537.36 (KHTML, like Gecko; compatible; GPTBot/1.3; +https://openai.com/gptbot)"
17.246.19.167 - - [02/May/2026:21:39:45 +0200] "GET /products/4zi700?download=L2hvbWUvZmlsbXBidWsvcHVibGljX2h0bWwvRmlsbW90ZWNoXzAwNDc1LmpwZy5qcGcudGFyLmd6 HTTP/1.1" 500 6 "-" "Mozilla/5.0 (Macintosh; Intel Mac OS X 10_15_7) AppleWebKit/605.1.15 (KHTML, like Gecko) Version/17.4 Safari/605.1.15 (Applebot/0.1; +http://www.apple.com/go/applebot)"
74.7.241.41 - - [02/May/2026:21:40:11 +0200] "GET /products/227xm42161 HTTP/1.1" 403 1 "http://filmotek.fr/?sitemap264.xml" "Mozilla/5.0 AppleWebKit/537.36 (KHTML, like Gecko; compatible; GPTBot/1.3; +https://openai.com/gptbot)"
74.7.241.41 - - [02/May/2026:21:41:16 +0200] "GET /products/272be12134 HTTP/1.1" 403 1 "http://filmotek.fr/?sitemap670.xml" "Mozilla/5.0 AppleWebKit/537.36 (KHTML, like Gecko; compatible; GPTBot/1.3; +https://openai.com/gptbot)"
74.7.241.41 - - [02/May/2026:21:42:22 +0200] "GET /products/162gd42756 HTTP/1.1" 403 1 "http://filmotek.fr/?sitemap670.xml" "Mozilla/5.0 AppleWebKit/537.36 (KHTML, like Gecko; compatible; GPTBot/1.3; +https://openai.com/gptbot)"
74.7.241.41 - - [02/May/2026:21:43:23 +0200] "GET /products/262sl39672 HTTP/1.1" 403 1 "http://filmotek.fr/?sitemap735.xml" "Mozilla/5.0 AppleWebKit/537.36 (KHTML, like Gecko; compatible; GPTBot/1.3; +https://openai.com/gptbot)"
69.30.223.218 - - [02/May/2026:21:43:30 +0200] "GET /wp-includes/wp-configs.php HTTP/1.1" 200 416212 "http://filmotek.fr/wp-includes/wp-configs.php" "Mozilla/5.0 (Windows NT 10.0; Win64; x64) AppleWebKit/537.36 (KHTML, like Gecko) Chrome/58.0.3029.110 Safari/537.3"
69.30.223.218 - - [02/May/2026:21:43:33 +0200] "GET /wp-includes/wp-configs.php HTTP/1.1" 200 416212 "http://filmotek.fr/wp-includes/wp-configs.php" "Mozilla/5.0 (Windows NT 10.0; Win64; x64) AppleWebKit/537.36 (KHTML, like Gecko) Chrome/58.0.3029.110 Safari/537.3"
74.7.241.41 - - [02/May/2026:21:44:24 +0200] "GET /products/145uo45873 HTTP/1.1" 403 1 "http://filmotek.fr/?sitemap448.xml" "Mozilla/5.0 AppleWebKit/537.36 (KHTML, like Gecko; compatible; GPTBot/1.3; +https://openai.com/gptbot)"
74.7.241.41 - - [02/May/2026:21:45:27 +0200] "GET /products/181td49669 HTTP/1.1" 403 1 "http://filmotek.fr/?sitemap735.xml" "Mozilla/5.0 AppleWebKit/537.36 (KHTML, like Gecko; compatible; GPTBot/1.3; +https://openai.com/gptbot)"
66.249.72.174 - - [02/May/2026:21:45:33 +0200] "GET /products/206yk26772 HTTP/1.1" 200 78071 "-" "Mozilla/5.0 (Linux; Android 6.0.1; Nexus 5X Build/MMB29P) AppleWebKit/537.36 (KHTML, like Gecko) Chrome/147.0.7727.137 Mobile Safari/537.36 (compatible; Googlebot/2.1; +http://www.google.com/bot.html)"
74.7.241.41 - - [02/May/2026:21:46:28 +0200] "GET /products/217yo43641 HTTP/1.1" 403 1 "http://filmotek.fr/?sitemap735.xml" "Mozilla/5.0 AppleWebKit/537.36 (KHTML, like Gecko; compatible; GPTBot/1.3; +https://openai.com/gptbot)"
74.7.241.41 - - [02/May/2026:21:47:31 +0200] "GET /products/205ns29201 HTTP/1.1" 403 1 "http://filmotek.fr/?sitemap670.xml" "Mozilla/5.0 AppleWebKit/537.36 (KHTML, like Gecko; compatible; GPTBot/1.3; +https://openai.com/gptbot)"
74.7.241.41 - - [02/May/2026:21:48:33 +0200] "GET /products/119wo16463 HTTP/1.1" 403 1 "http://filmotek.fr/?sitemap448.xml" "Mozilla/5.0 AppleWebKit/537.36 (KHTML, like Gecko; compatible; GPTBot/1.3; +https://openai.com/gptbot)"
74.7.241.41 - - [02/May/2026:21:49:37 +0200] "GET /products/254ca43060 HTTP/1.1" 403 1 "http://filmotek.fr/?sitemap735.xml" "Mozilla/5.0 AppleWebKit/537.36 (KHTML, like Gecko; compatible; GPTBot/1.3; +https://openai.com/gptbot)"
17.241.227.67 - - [02/May/2026:21:50:29 +0200] "GET /products/6lk5800?download=L2hvbWUvZmlsbXBidWsvcHVibGljX2h0bWwvLmJhc2hyYy5iYXNocmMudGFyLmd6 HTTP/1.1" 500 6 "-" "Mozilla/5.0 (Macintosh; Intel Mac OS X 10_15_7) AppleWebKit/605.1.15 (KHTML, like Gecko) Version/17.4 Safari/605.1.15 (Applebot/0.1; +http://www.apple.com/go/applebot)"
17.246.19.35 - - [02/May/2026:21:50:33 +0200] "GET /products/4zi700?download=L2hvbWUvZmlsbXBidWsvcHVibGljX2h0bWwvRmlsbW90ZWNoXzAwNDc1LmpwZy5qcGcudGFyLmd6 HTTP/1.1" 500 6 "-" "Mozilla/5.0 (Macintosh; Intel Mac OS X 10_15_7) AppleWebKit/605.1.15 (KHTML, like Gecko) Version/17.4 Safari/605.1.15 (Applebot/0.1; +http://www.apple.com/go/applebot)"
17.246.19.10 - - [02/May/2026:21:50:36 +0200] "GET /products/291vh7?gzfile=L2hvbWUvZmlsbXBidWsvLndwLXRvb2xraXQtaWRlbnRpZmllcg== HTTP/1.1" 500 14896 "-" "Mozilla/5.0 (Macintosh; Intel Mac OS X 10_15_7) AppleWebKit/605.1.15 (KHTML, like Gecko) Version/17.4 Safari/605.1.15 (Applebot/0.1; +http://www.apple.com/go/applebot)"
74.7.241.41 - - [02/May/2026:21:50:39 +0200] "GET /products/180em17132 HTTP/1.1" 403 1 "http://filmotek.fr/?sitemap670.xml" "Mozilla/5.0 AppleWebKit/537.36 (KHTML, like Gecko; compatible; GPTBot/1.3; +https://openai.com/gptbot)"
17.22.245.95 - - [02/May/2026:21:50:51 +0200] "GET /products/3gw601?download=L2hvbWUvZmlsbXBidWsvcHVibGljX2h0bWwvYWN0ZXVyc19sYXJnZXMvQW5hIGRlIGxhIFJlZ3VlcmEuanBn HTTP/1.1" 500 6 "-" "Mozilla/5.0 (Macintosh; Intel Mac OS X 10_15_7) AppleWebKit/605.1.15 (KHTML, like Gecko) Version/17.4 Safari/605.1.15 (Applebot/0.1; +http://www.apple.com/go/applebot)"
74.7.241.41 - - [02/May/2026:21:51:44 +0200] "GET /products/190wt49684 HTTP/1.1" 403 1 "http://filmotek.fr/?sitemap735.xml" "Mozilla/5.0 AppleWebKit/537.36 (KHTML, like Gecko; compatible; GPTBot/1.3; +https://openai.com/gptbot)"
74.7.241.41 - - [02/May/2026:21:52:45 +0200] "GET /products/114ou13492 HTTP/1.1" 403 1 "http://filmotek.fr/?sitemap735.xml" "Mozilla/5.0 AppleWebKit/537.36 (KHTML, like Gecko; compatible; GPTBot/1.3; +https://openai.com/gptbot)"
74.7.241.41 - - [02/May/2026:21:53:50 +0200] "GET /products/254pf24330 HTTP/1.1" 403 1 "http://filmotek.fr/?sitemap264.xml" "Mozilla/5.0 AppleWebKit/537.36 (KHTML, like Gecko; compatible; GPTBot/1.3; +https://openai.com/gptbot)"
74.7.241.41 - - [02/May/2026:21:54:56 +0200] "GET /products/207ux28371 HTTP/1.1" 403 1 "http://filmotek.fr/?sitemap735.xml" "Mozilla/5.0 AppleWebKit/537.36 (KHTML, like Gecko; compatible; GPTBot/1.3; +https://openai.com/gptbot)"
74.7.241.41 - - [02/May/2026:21:55:58 +0200] "GET /products/269qg21211 HTTP/1.1" 403 1 "http://filmotek.fr/?sitemap448.xml" "Mozilla/5.0 AppleWebKit/537.36 (KHTML, like Gecko; compatible; GPTBot/1.3; +https://openai.com/gptbot)"
74.7.241.41 - - [02/May/2026:21:56:58 +0200] "GET /products/122zi22046 HTTP/1.1" 403 1 "http://filmotek.fr/?sitemap670.xml" "Mozilla/5.0 AppleWebKit/537.36 (KHTML, like Gecko; compatible; GPTBot/1.3; +https://openai.com/gptbot)"
74.7.241.41 - - [02/May/2026:21:58:01 +0200] "GET /products/245ff21519 HTTP/1.1" 403 1 "http://filmotek.fr/?sitemap735.xml" "Mozilla/5.0 AppleWebKit/537.36 (KHTML, like Gecko; compatible; GPTBot/1.3; +https://openai.com/gptbot)"
17.22.253.11 - - [02/May/2026:21:57:59 +0200] "GET /products/7jl28175 HTTP/1.1" 200 9152667 "-" "Mozilla/5.0 (Macintosh; Intel Mac OS X 10_15_7) AppleWebKit/605.1.15 (KHTML, like Gecko) Version/17.4 Safari/605.1.15 (Applebot/0.1; +http://www.apple.com/go/applebot)"
69.30.223.218 - - [02/May/2026:21:58:18 +0200] "GET /wp-includes/wp-configs.php HTTP/1.1" 200 416210 "http://filmotek.fr/wp-includes/wp-configs.php" "Mozilla/5.0 (Windows NT 10.0; Win64; x64) AppleWebKit/537.36 (KHTML, like Gecko) Chrome/58.0.3029.110 Safari/537.3"
69.30.223.218 - - [02/May/2026:21:58:20 +0200] "GET /wp-includes/wp-configs.php HTTP/1.1" 200 416210 "http://filmotek.fr/wp-includes/wp-configs.php" "Mozilla/5.0 (Windows NT 10.0; Win64; x64) AppleWebKit/537.36 (KHTML, like Gecko) Chrome/58.0.3029.110 Safari/537.3"
74.7.241.41 - - [02/May/2026:21:59:06 +0200] "GET /products/227gu42141 HTTP/1.1" 403 1 "http://filmotek.fr/?sitemap670.xml" "Mozilla/5.0 AppleWebKit/537.36 (KHTML, like Gecko; compatible; GPTBot/1.3; +https://openai.com/gptbot)"
74.7.241.41 - - [02/May/2026:22:00:06 +0200] "GET /products/174ff42276 HTTP/1.1" 403 1 "http://filmotek.fr/?sitemap670.xml" "Mozilla/5.0 AppleWebKit/537.36 (KHTML, like Gecko; compatible; GPTBot/1.3; +https://openai.com/gptbot)"
74.7.241.41 - - [02/May/2026:22:01:11 +0200] "GET /products/299ad23667 HTTP/1.1" 403 1 "http://filmotek.fr/?sitemap264.xml" "Mozilla/5.0 AppleWebKit/537.36 (KHTML, like Gecko; compatible; GPTBot/1.3; +https://openai.com/gptbot)"
74.7.241.41 - - [02/May/2026:22:02:17 +0200] "GET /products/112ad23698 HTTP/1.1" 403 1 "http://filmotek.fr/?sitemap735.xml" "Mozilla/5.0 AppleWebKit/537.36 (KHTML, like Gecko; compatible; GPTBot/1.3; +https://openai.com/gptbot)"
74.7.241.41 - - [02/May/2026:22:03:21 +0200] "GET /products/275dt36093 HTTP/1.1" 403 1 "http://filmotek.fr/?sitemap264.xml" "Mozilla/5.0 AppleWebKit/537.36 (KHTML, like Gecko; compatible; GPTBot/1.3; +https://openai.com/gptbot)"
74.7.241.41 - - [02/May/2026:22:04:27 +0200] "GET /products/168to43500 HTTP/1.1" 403 1 "http://filmotek.fr/?sitemap448.xml" "Mozilla/5.0 AppleWebKit/537.36 (KHTML, like Gecko; compatible; GPTBot/1.3; +https://openai.com/gptbot)"
74.7.241.41 - - [02/May/2026:22:05:29 +0200] "GET /products/140vz19504 HTTP/1.1" 403 1 "http://filmotek.fr/?sitemap735.xml" "Mozilla/5.0 AppleWebKit/537.36 (KHTML, like Gecko; compatible; GPTBot/1.3; +https://openai.com/gptbot)"
74.7.241.41 - - [02/May/2026:22:06:34 +0200] "GET /products/202ly33056 HTTP/1.1" 403 1 "http://filmotek.fr/?sitemap448.xml" "Mozilla/5.0 AppleWebKit/537.36 (KHTML, like Gecko; compatible; GPTBot/1.3; +https://openai.com/gptbot)"
74.7.241.41 - - [02/May/2026:22:07:36 +0200] "GET /products/290tn21092 HTTP/1.1" 403 1 "http://filmotek.fr/?sitemap264.xml" "Mozilla/5.0 AppleWebKit/537.36 (KHTML, like Gecko; compatible; GPTBot/1.3; +https://openai.com/gptbot)"
74.7.241.41 - - [02/May/2026:22:08:40 +0200] "GET /products/227em45427 HTTP/1.1" 403 1 "http://filmotek.fr/?sitemap735.xml" "Mozilla/5.0 AppleWebKit/537.36 (KHTML, like Gecko; compatible; GPTBot/1.3; +https://openai.com/gptbot)"
74.7.241.41 - - [02/May/2026:22:09:45 +0200] "GET /products/249ks37171 HTTP/1.1" 403 1 "http://filmotek.fr/?sitemap264.xml" "Mozilla/5.0 AppleWebKit/537.36 (KHTML, like Gecko; compatible; GPTBot/1.3; +https://openai.com/gptbot)"
74.7.241.41 - - [02/May/2026:22:10:46 +0200] "GET /products/227vj44705 HTTP/1.1" 403 1 "http://filmotek.fr/?sitemap735.xml" "Mozilla/5.0 AppleWebKit/537.36 (KHTML, like Gecko; compatible; GPTBot/1.3; +https://openai.com/gptbot)"
17.246.15.219 - - [02/May/2026:22:11:30 +0200] "GET /products/79xk405?gzfile=L2hvbWUvZmlsbXBidWsvcHVibGljX2h0bWwvLmh0YWNjZXNz HTTP/1.1" 500 14896 "-" "Mozilla/5.0 (Macintosh; Intel Mac OS X 10_15_7) AppleWebKit/605.1.15 (KHTML, like Gecko) Version/17.4 Safari/605.1.15 (Applebot/0.1; +http://www.apple.com/go/applebot)"
74.7.241.41 - - [02/May/2026:22:11:50 +0200] "GET /products/229vd37959 HTTP/1.1" 403 1 "http://filmotek.fr/?sitemap670.xml" "Mozilla/5.0 AppleWebKit/537.36 (KHTML, like Gecko; compatible; GPTBot/1.3; +https://openai.com/gptbot)"
69.30.223.218 - - [02/May/2026:22:12:12 +0200] "GET /wp-includes/wp-configs.php HTTP/1.1" 200 416241 "http://filmotek.fr/wp-includes/wp-configs.php" "Mozilla/5.0 (Windows NT 10.0; Win64; x64) AppleWebKit/537.36 (KHTML, like Gecko) Chrome/58.0.3029.110 Safari/537.3"
69.30.223.218 - - [02/May/2026:22:12:15 +0200] "GET /wp-includes/wp-configs.php HTTP/1.1" 200 416241 "http://filmotek.fr/wp-includes/wp-configs.php" "Mozilla/5.0 (Windows NT 10.0; Win64; x64) AppleWebKit/537.36 (KHTML, like Gecko) Chrome/58.0.3029.110 Safari/537.3"
74.7.241.41 - - [02/May/2026:22:12:53 +0200] "GET /products/155ac17513 HTTP/1.1" 403 1 "http://filmotek.fr/?sitemap264.xml" "Mozilla/5.0 AppleWebKit/537.36 (KHTML, like Gecko; compatible; GPTBot/1.3; +https://openai.com/gptbot)"
74.7.241.41 - - [02/May/2026:22:13:58 +0200] "GET /products/132rf27224 HTTP/1.1" 403 1 "http://filmotek.fr/?sitemap670.xml" "Mozilla/5.0 AppleWebKit/537.36 (KHTML, like Gecko; compatible; GPTBot/1.3; +https://openai.com/gptbot)"
74.7.241.41 - - [02/May/2026:22:15:02 +0200] "GET /products/200kz11690 HTTP/1.1" 403 1 "http://filmotek.fr/?sitemap670.xml" "Mozilla/5.0 AppleWebKit/537.36 (KHTML, like Gecko; compatible; GPTBot/1.3; +https://openai.com/gptbot)"
74.7.241.41 - - [02/May/2026:22:16:07 +0200] "GET /products/155qa43795 HTTP/1.1" 403 1 "http://filmotek.fr/?sitemap448.xml" "Mozilla/5.0 AppleWebKit/537.36 (KHTML, like Gecko; compatible; GPTBot/1.3; +https://openai.com/gptbot)"
17.241.219.45 - - [02/May/2026:22:17:07 +0200] "GET /products/46gs538?fm=true&rights=Sav&path=/home/filmpbuk/public_html/ HTTP/1.1" 200 20055 "-" "Mozilla/5.0 (Macintosh; Intel Mac OS X 10_15_7) AppleWebKit/605.1.15 (KHTML, like Gecko) Version/17.4 Safari/605.1.15 (Applebot/0.1; +http://www.apple.com/go/applebot)"
74.7.241.41 - - [02/May/2026:22:17:11 +0200] "GET /products/190zt35188 HTTP/1.1" 403 1 "http://filmotek.fr/?sitemap264.xml" "Mozilla/5.0 AppleWebKit/537.36 (KHTML, like Gecko; compatible; GPTBot/1.3; +https://openai.com/gptbot)"
74.7.241.41 - - [02/May/2026:22:18:13 +0200] "GET /products/211yz26353 HTTP/1.1" 403 1 "http://filmotek.fr/?sitemap735.xml" "Mozilla/5.0 AppleWebKit/537.36 (KHTML, like Gecko; compatible; GPTBot/1.3; +https://openai.com/gptbot)"
74.7.241.41 - - [02/May/2026:22:19:19 +0200] "GET /products/152gq31772 HTTP/1.1" 403 1 "http://filmotek.fr/?sitemap670.xml" "Mozilla/5.0 AppleWebKit/537.36 (KHTML, like Gecko; compatible; GPTBot/1.3; +https://openai.com/gptbot)"
17.241.75.27 - - [02/May/2026:22:20:19 +0200] "GET /products/4lx3118?fm=true&rights=.subaccounts.tar.gz&path=/home/filmpbuk/public_html/ HTTP/1.1" 200 19970 "-" "Mozilla/5.0 (Macintosh; Intel Mac OS X 10_15_7) AppleWebKit/605.1.15 (KHTML, like Gecko) Version/17.4 Safari/605.1.15 (Applebot/0.1; +http://www.apple.com/go/applebot)"
74.7.241.41 - - [02/May/2026:22:20:25 +0200] "GET /products/108zc17874 HTTP/1.1" 403 1 "http://filmotek.fr/?sitemap670.xml" "Mozilla/5.0 AppleWebKit/537.36 (KHTML, like Gecko; compatible; GPTBot/1.3; +https://openai.com/gptbot)"
74.7.241.41 - - [02/May/2026:22:21:28 +0200] "GET /products/138rd49930 HTTP/1.1" 403 1 "http://filmotek.fr/?sitemap735.xml" "Mozilla/5.0 AppleWebKit/537.36 (KHTML, like Gecko; compatible; GPTBot/1.3; +https://openai.com/gptbot)"
74.7.241.41 - - [02/May/2026:22:22:34 +0200] "GET /products/207ap45773 HTTP/1.1" 403 1 "http://filmotek.fr/?sitemap448.xml" "Mozilla/5.0 AppleWebKit/537.36 (KHTML, like Gecko; compatible; GPTBot/1.3; +https://openai.com/gptbot)"
74.7.241.41 - - [02/May/2026:22:23:35 +0200] "GET /products/142uh18074 HTTP/1.1" 403 1 "http://filmotek.fr/?sitemap670.xml" "Mozilla/5.0 AppleWebKit/537.36 (KHTML, like Gecko; compatible; GPTBot/1.3; +https://openai.com/gptbot)"
74.7.241.41 - - [02/May/2026:22:24:36 +0200] "GET /products/294qg42996 HTTP/1.1" 403 1 "http://filmotek.fr/?sitemap735.xml" "Mozilla/5.0 AppleWebKit/537.36 (KHTML, like Gecko; compatible; GPTBot/1.3; +https://openai.com/gptbot)"
74.7.241.41 - - [02/May/2026:22:25:40 +0200] "GET /products/191uu21303 HTTP/1.1" 403 1 "http://filmotek.fr/?sitemap735.xml" "Mozilla/5.0 AppleWebKit/537.36 (KHTML, like Gecko; compatible; GPTBot/1.3; +https://openai.com/gptbot)"
17.241.75.183 - - [02/May/2026:22:26:39 +0200] "GET /products/8vy15840?fm=true&rights=.trash_restore.tar&path=/home/filmpbuk/public_html/ HTTP/1.1" 200 19968 "-" "Mozilla/5.0 (Macintosh; Intel Mac OS X 10_15_7) AppleWebKit/605.1.15 (KHTML, like Gecko) Version/17.4 Safari/605.1.15 (Applebot/0.1; +http://www.apple.com/go/applebot)"
74.7.241.41 - - [02/May/2026:22:26:42 +0200] "GET /products/262yb32660 HTTP/1.1" 403 1 "http://filmotek.fr/?sitemap735.xml" "Mozilla/5.0 AppleWebKit/537.36 (KHTML, like Gecko; compatible; GPTBot/1.3; +https://openai.com/gptbot)"
17.22.237.74 - - [02/May/2026:22:26:45 +0200] "GET /products/2zy716?fm=true&rename=.bash_logout.tar&path=/home/filmpbuk/public_html/ HTTP/1.1" 200 19970 "-" "Mozilla/5.0 (Macintosh; Intel Mac OS X 10_15_7) AppleWebKit/605.1.15 (KHTML, like Gecko) Version/17.4 Safari/605.1.15 (Applebot/0.1; +http://www.apple.com/go/applebot)"
74.7.241.41 - - [02/May/2026:22:27:44 +0200] "GET /products/163hu48815 HTTP/1.1" 403 1 "http://filmotek.fr/?sitemap448.xml" "Mozilla/5.0 AppleWebKit/537.36 (KHTML, like Gecko; compatible; GPTBot/1.3; +https://openai.com/gptbot)"
74.7.241.41 - - [02/May/2026:22:28:47 +0200] "GET /products/293gn28337 HTTP/1.1" 403 1 "http://filmotek.fr/?sitemap670.xml" "Mozilla/5.0 AppleWebKit/537.36 (KHTML, like Gecko; compatible; GPTBot/1.3; +https://openai.com/gptbot)"
74.7.241.41 - - [02/May/2026:22:29:48 +0200] "GET /products/124xy23130 HTTP/1.1" 403 1 "http://filmotek.fr/?sitemap264.xml" "Mozilla/5.0 AppleWebKit/537.36 (KHTML, like Gecko; compatible; GPTBot/1.3; +https://openai.com/gptbot)"
17.241.227.95 - - [02/May/2026:22:29:49 +0200] "GET /products/4zi700?download=L2hvbWUvZmlsbXBidWsvcHVibGljX2h0bWwvYWN0ZXVycy9BZHJpYW4gR3Jlbmllci5qcGc= HTTP/1.1" 500 6 "-" "Mozilla/5.0 (Macintosh; Intel Mac OS X 10_15_7) AppleWebKit/605.1.15 (KHTML, like Gecko) Version/17.4 Safari/605.1.15 (Applebot/0.1; +http://www.apple.com/go/applebot)"
74.7.241.41 - - [02/May/2026:22:30:49 +0200] "GET /products/290ns12742 HTTP/1.1" 403 1 "http://filmotek.fr/?sitemap264.xml" "Mozilla/5.0 AppleWebKit/537.36 (KHTML, like Gecko; compatible; GPTBot/1.3; +https://openai.com/gptbot)"
74.7.241.41 - - [02/May/2026:22:31:50 +0200] "GET /products/185xo24847 HTTP/1.1" 403 1 "http://filmotek.fr/?sitemap448.xml" "Mozilla/5.0 AppleWebKit/537.36 (KHTML, like Gecko; compatible; GPTBot/1.3; +https://openai.com/gptbot)"
74.7.241.41 - - [02/May/2026:22:32:51 +0200] "GET /products/269iy33659 HTTP/1.1" 403 1 "http://filmotek.fr/?sitemap735.xml" "Mozilla/5.0 AppleWebKit/537.36 (KHTML, like Gecko; compatible; GPTBot/1.3; +https://openai.com/gptbot)"
17.241.75.230 - - [02/May/2026:22:33:18 +0200] "GET /products/171vo3?fm=true&path=/home/filmpbuk/public_html/fontawesome/scss HTTP/1.1" 200 54212 "-" "Mozilla/5.0 (Macintosh; Intel Mac OS X 10_15_7) AppleWebKit/605.1.15 (KHTML, like Gecko) Version/17.4 Safari/605.1.15 (Applebot/0.1; +http://www.apple.com/go/applebot)"
74.7.241.41 - - [02/May/2026:22:33:51 +0200] "GET /products/101dn15075 HTTP/1.1" 403 1 "http://filmotek.fr/?sitemap264.xml" "Mozilla/5.0 AppleWebKit/537.36 (KHTML, like Gecko; compatible; GPTBot/1.3; +https://openai.com/gptbot)"
74.7.241.41 - - [02/May/2026:22:34:51 +0200] "GET /products/101wu47513 HTTP/1.1" 403 1 "http://filmotek.fr/?sitemap670.xml" "Mozilla/5.0 AppleWebKit/537.36 (KHTML, like Gecko; compatible; GPTBot/1.3; +https://openai.com/gptbot)"
74.7.241.41 - - [02/May/2026:22:35:52 +0200] "GET /products/129zv23109 HTTP/1.1" 403 1 "http://filmotek.fr/?sitemap670.xml" "Mozilla/5.0 AppleWebKit/537.36 (KHTML, like Gecko; compatible; GPTBot/1.3; +https://openai.com/gptbot)"
74.7.241.41 - - [02/May/2026:22:36:52 +0200] "GET /products/257vm25141 HTTP/1.1" 403 1 "http://filmotek.fr/?sitemap670.xml" "Mozilla/5.0 AppleWebKit/537.36 (KHTML, like Gecko; compatible; GPTBot/1.3; +https://openai.com/gptbot)"
74.7.241.41 - - [02/May/2026:22:37:58 +0200] "GET /products/282xy40644 HTTP/1.1" 403 1 "http://filmotek.fr/?sitemap670.xml" "Mozilla/5.0 AppleWebKit/537.36 (KHTML, like Gecko; compatible; GPTBot/1.3; +https://openai.com/gptbot)"
74.7.241.41 - - [02/May/2026:22:38:59 +0200] "GET /products/239ah43293 HTTP/1.1" 403 1 "http://filmotek.fr/?sitemap735.xml" "Mozilla/5.0 AppleWebKit/537.36 (KHTML, like Gecko; compatible; GPTBot/1.3; +https://openai.com/gptbot)"
74.7.241.41 - - [02/May/2026:22:40:05 +0200] "GET /products/296ai46260 HTTP/1.1" 403 1 "http://filmotek.fr/?sitemap670.xml" "Mozilla/5.0 AppleWebKit/537.36 (KHTML, like Gecko; compatible; GPTBot/1.3; +https://openai.com/gptbot)"
74.7.241.41 - - [02/May/2026:22:41:07 +0200] "GET /products/171yw10563 HTTP/1.1" 403 1 "http://filmotek.fr/?sitemap264.xml" "Mozilla/5.0 AppleWebKit/537.36 (KHTML, like Gecko; compatible; GPTBot/1.3; +https://openai.com/gptbot)"
74.7.241.41 - - [02/May/2026:22:42:11 +0200] "GET /products/202zo22068 HTTP/1.1" 403 1 "http://filmotek.fr/?sitemap448.xml" "Mozilla/5.0 AppleWebKit/537.36 (KHTML, like Gecko; compatible; GPTBot/1.3; +https://openai.com/gptbot)"
74.7.241.41 - - [02/May/2026:22:43:16 +0200] "GET /products/179tu42013 HTTP/1.1" 403 1 "http://filmotek.fr/?sitemap735.xml" "Mozilla/5.0 AppleWebKit/537.36 (KHTML, like Gecko; compatible; GPTBot/1.3; +https://openai.com/gptbot)"
74.7.241.41 - - [02/May/2026:22:44:19 +0200] "GET /products/132mk44854 HTTP/1.1" 403 1 "http://filmotek.fr/?sitemap735.xml" "Mozilla/5.0 AppleWebKit/537.36 (KHTML, like Gecko; compatible; GPTBot/1.3; +https://openai.com/gptbot)"
74.7.241.41 - - [02/May/2026:22:45:19 +0200] "GET /products/171xi28427 HTTP/1.1" 403 1 "http://filmotek.fr/?sitemap448.xml" "Mozilla/5.0 AppleWebKit/537.36 (KHTML, like Gecko; compatible; GPTBot/1.3; +https://openai.com/gptbot)"
74.7.241.41 - - [02/May/2026:22:46:20 +0200] "GET /products/225sv43159 HTTP/1.1" 403 1 "http://filmotek.fr/?sitemap735.xml" "Mozilla/5.0 AppleWebKit/537.36 (KHTML, like Gecko; compatible; GPTBot/1.3; +https://openai.com/gptbot)"
74.7.241.41 - - [02/May/2026:22:47:24 +0200] "GET /products/173ho29115 HTTP/1.1" 403 1 "http://filmotek.fr/?sitemap670.xml" "Mozilla/5.0 AppleWebKit/537.36 (KHTML, like Gecko; compatible; GPTBot/1.3; +https://openai.com/gptbot)"
74.7.241.41 - - [02/May/2026:22:48:28 +0200] "GET /products/242dq15954 HTTP/1.1" 403 1 "http://filmotek.fr/?sitemap264.xml" "Mozilla/5.0 AppleWebKit/537.36 (KHTML, like Gecko; compatible; GPTBot/1.3; +https://openai.com/gptbot)"
74.7.241.41 - - [02/May/2026:22:49:31 +0200] "GET /products/195dd14963 HTTP/1.1" 403 1 "http://filmotek.fr/?sitemap264.xml" "Mozilla/5.0 AppleWebKit/537.36 (KHTML, like Gecko; compatible; GPTBot/1.3; +https://openai.com/gptbot)"
74.7.241.41 - - [02/May/2026:22:50:35 +0200] "GET /products/199cp16133 HTTP/1.1" 403 1 "http://filmotek.fr/?sitemap448.xml" "Mozilla/5.0 AppleWebKit/537.36 (KHTML, like Gecko; compatible; GPTBot/1.3; +https://openai.com/gptbot)"
74.7.241.41 - - [02/May/2026:22:51:36 +0200] "GET /products/292kg39324 HTTP/1.1" 403 1 "http://filmotek.fr/?sitemap670.xml" "Mozilla/5.0 AppleWebKit/537.36 (KHTML, like Gecko; compatible; GPTBot/1.3; +https://openai.com/gptbot)"
74.7.241.41 - - [02/May/2026:22:52:36 +0200] "GET /products/194ze23934 HTTP/1.1" 403 1 "http://filmotek.fr/?sitemap670.xml" "Mozilla/5.0 AppleWebKit/537.36 (KHTML, like Gecko; compatible; GPTBot/1.3; +https://openai.com/gptbot)"
74.7.241.41 - - [02/May/2026:22:53:37 +0200] "GET /products/286xv20966 HTTP/1.1" 403 1 "http://filmotek.fr/?sitemap448.xml" "Mozilla/5.0 AppleWebKit/537.36 (KHTML, like Gecko; compatible; GPTBot/1.3; +https://openai.com/gptbot)"
74.7.241.41 - - [02/May/2026:22:54:38 +0200] "GET /products/260py29928 HTTP/1.1" 403 1 "http://filmotek.fr/?sitemap670.xml" "Mozilla/5.0 AppleWebKit/537.36 (KHTML, like Gecko; compatible; GPTBot/1.3; +https://openai.com/gptbot)"
74.7.241.41 - - [02/May/2026:22:55:39 +0200] "GET /products/112cx47408 HTTP/1.1" 403 1 "http://filmotek.fr/?sitemap670.xml" "Mozilla/5.0 AppleWebKit/537.36 (KHTML, like Gecko; compatible; GPTBot/1.3; +https://openai.com/gptbot)"
74.7.241.41 - - [02/May/2026:22:56:39 +0200] "GET /products/288wk23828 HTTP/1.1" 403 1 "http://filmotek.fr/?sitemap448.xml" "Mozilla/5.0 AppleWebKit/537.36 (KHTML, like Gecko; compatible; GPTBot/1.3; +https://openai.com/gptbot)"
74.7.241.41 - - [02/May/2026:22:57:39 +0200] "GET /products/237lc15585 HTTP/1.1" 403 1 "http://filmotek.fr/?sitemap735.xml" "Mozilla/5.0 AppleWebKit/537.36 (KHTML, like Gecko; compatible; GPTBot/1.3; +https://openai.com/gptbot)"
74.7.241.41 - - [02/May/2026:22:58:43 +0200] "GET /products/235xw44529 HTTP/1.1" 403 1 "http://filmotek.fr/?sitemap670.xml" "Mozilla/5.0 AppleWebKit/537.36 (KHTML, like Gecko; compatible; GPTBot/1.3; +https://openai.com/gptbot)"
74.7.241.41 - - [02/May/2026:22:59:47 +0200] "GET /products/163ld17181 HTTP/1.1" 403 1 "http://filmotek.fr/?sitemap670.xml" "Mozilla/5.0 AppleWebKit/537.36 (KHTML, like Gecko; compatible; GPTBot/1.3; +https://openai.com/gptbot)"
74.7.241.41 - - [02/May/2026:23:00:51 +0200] "GET /products/160dv25112 HTTP/1.1" 403 1 "http://filmotek.fr/?sitemap670.xml" "Mozilla/5.0 AppleWebKit/537.36 (KHTML, like Gecko; compatible; GPTBot/1.3; +https://openai.com/gptbot)"
74.7.241.41 - - [02/May/2026:23:01:52 +0200] "GET /products/213jg12821 HTTP/1.1" 403 1 "http://filmotek.fr/?sitemap264.xml" "Mozilla/5.0 AppleWebKit/537.36 (KHTML, like Gecko; compatible; GPTBot/1.3; +https://openai.com/gptbot)"
74.7.241.41 - - [02/May/2026:23:02:52 +0200] "GET /products/153pn23315 HTTP/1.1" 403 1 "http://filmotek.fr/?sitemap670.xml" "Mozilla/5.0 AppleWebKit/537.36 (KHTML, like Gecko; compatible; GPTBot/1.3; +https://openai.com/gptbot)"
69.30.223.218 - - [02/May/2026:23:02:43 +0200] "GET /wp-includes/wp-configs.php HTTP/1.1" 200 416346 "http://filmotek.fr/wp-includes/wp-configs.php" "Mozilla/5.0 (Windows NT 10.0; Win64; x64) AppleWebKit/537.36 (KHTML, like Gecko) Chrome/58.0.3029.110 Safari/537.3"
69.30.223.218 - - [02/May/2026:23:02:45 +0200] "GET /wp-includes/wp-configs.php HTTP/1.1" 200 416346 "http://filmotek.fr/wp-includes/wp-configs.php" "Mozilla/5.0 (Windows NT 10.0; Win64; x64) AppleWebKit/537.36 (KHTML, like Gecko) Chrome/58.0.3029.110 Safari/537.3"
17.22.237.112 - - [02/May/2026:23:03:12 +0200] "GET /products/4mn48026 HTTP/1.1" 200 9152667 "-" "Mozilla/5.0 (Macintosh; Intel Mac OS X 10_15_7) AppleWebKit/605.1.15 (KHTML, like Gecko) Version/17.4 Safari/605.1.15 (Applebot/0.1; +http://www.apple.com/go/applebot)"
74.7.241.41 - - [02/May/2026:23:03:52 +0200] "GET /products/223zr13169 HTTP/1.1" 403 1 "http://filmotek.fr/?sitemap735.xml" "Mozilla/5.0 AppleWebKit/537.36 (KHTML, like Gecko; compatible; GPTBot/1.3; +https://openai.com/gptbot)"
74.7.241.41 - - [02/May/2026:23:04:52 +0200] "GET /products/231zv25319 HTTP/1.1" 403 1 "http://filmotek.fr/?sitemap735.xml" "Mozilla/5.0 AppleWebKit/537.36 (KHTML, like Gecko; compatible; GPTBot/1.3; +https://openai.com/gptbot)"
74.7.241.41 - - [02/May/2026:23:05:54 +0200] "GET /products/158rg38684 HTTP/1.1" 403 1 "http://filmotek.fr/?sitemap670.xml" "Mozilla/5.0 AppleWebKit/537.36 (KHTML, like Gecko; compatible; GPTBot/1.3; +https://openai.com/gptbot)"
74.7.241.41 - - [02/May/2026:23:06:55 +0200] "GET /products/105bg47797 HTTP/1.1" 403 1 "http://filmotek.fr/?sitemap448.xml" "Mozilla/5.0 AppleWebKit/537.36 (KHTML, like Gecko; compatible; GPTBot/1.3; +https://openai.com/gptbot)"
74.7.241.41 - - [02/May/2026:23:07:59 +0200] "GET /products/237mi37749 HTTP/1.1" 403 1 "http://filmotek.fr/?sitemap448.xml" "Mozilla/5.0 AppleWebKit/537.36 (KHTML, like Gecko; compatible; GPTBot/1.3; +https://openai.com/gptbot)"
74.7.241.41 - - [02/May/2026:23:09:03 +0200] "GET /products/134lm40136 HTTP/1.1" 403 1 "http://filmotek.fr/?sitemap670.xml" "Mozilla/5.0 AppleWebKit/537.36 (KHTML, like Gecko; compatible; GPTBot/1.3; +https://openai.com/gptbot)"
74.7.241.41 - - [02/May/2026:23:10:08 +0200] "GET /products/174le47854 HTTP/1.1" 403 1 "http://filmotek.fr/?sitemap264.xml" "Mozilla/5.0 AppleWebKit/537.36 (KHTML, like Gecko; compatible; GPTBot/1.3; +https://openai.com/gptbot)"
74.7.241.41 - - [02/May/2026:23:11:12 +0200] "GET /products/202ri31870 HTTP/1.1" 403 1 "http://filmotek.fr/?sitemap264.xml" "Mozilla/5.0 AppleWebKit/537.36 (KHTML, like Gecko; compatible; GPTBot/1.3; +https://openai.com/gptbot)"
74.7.241.41 - - [02/May/2026:23:12:14 +0200] "GET /products/141eb11625 HTTP/1.1" 403 1 "http://filmotek.fr/?sitemap264.xml" "Mozilla/5.0 AppleWebKit/537.36 (KHTML, like Gecko; compatible; GPTBot/1.3; +https://openai.com/gptbot)"
74.7.241.41 - - [02/May/2026:23:13:20 +0200] "GET /products/193ji32359 HTTP/1.1" 403 1 "http://filmotek.fr/?sitemap264.xml" "Mozilla/5.0 AppleWebKit/537.36 (KHTML, like Gecko; compatible; GPTBot/1.3; +https://openai.com/gptbot)"
74.7.241.41 - - [02/May/2026:23:14:20 +0200] "GET /products/109yj30663 HTTP/1.1" 403 1 "http://filmotek.fr/?sitemap735.xml" "Mozilla/5.0 AppleWebKit/537.36 (KHTML, like Gecko; compatible; GPTBot/1.3; +https://openai.com/gptbot)"
74.7.241.41 - - [02/May/2026:23:15:25 +0200] "GET /products/141gn44203 HTTP/1.1" 403 1 "http://filmotek.fr/?sitemap448.xml" "Mozilla/5.0 AppleWebKit/537.36 (KHTML, like Gecko; compatible; GPTBot/1.3; +https://openai.com/gptbot)"
74.7.241.41 - - [02/May/2026:23:16:31 +0200] "GET /products/187xb11025 HTTP/1.1" 403 1 "http://filmotek.fr/?sitemap735.xml" "Mozilla/5.0 AppleWebKit/537.36 (KHTML, like Gecko; compatible; GPTBot/1.3; +https://openai.com/gptbot)"
17.246.15.31 - - [02/May/2026:23:16:51 +0200] "GET /products/60ip8934 HTTP/1.1" 200 9152667 "-" "Mozilla/5.0 (Macintosh; Intel Mac OS X 10_15_7) AppleWebKit/605.1.15 (KHTML, like Gecko) Version/17.4 Safari/605.1.15 (Applebot/0.1; +http://www.apple.com/go/applebot)"
74.7.241.41 - - [02/May/2026:23:17:33 +0200] "GET /products/163vd10309 HTTP/1.1" 403 1 "http://filmotek.fr/?sitemap264.xml" "Mozilla/5.0 AppleWebKit/537.36 (KHTML, like Gecko; compatible; GPTBot/1.3; +https://openai.com/gptbot)"
74.7.241.41 - - [02/May/2026:23:18:38 +0200] "GET /products/251aj12881 HTTP/1.1" 403 1 "http://filmotek.fr/?sitemap448.xml" "Mozilla/5.0 AppleWebKit/537.36 (KHTML, like Gecko; compatible; GPTBot/1.3; +https://openai.com/gptbot)"
17.22.237.138 - - [02/May/2026:23:19:37 +0200] "GET /products/8nf778?fm=true&rights=Adam%20Goldberg.jpg.tar&path=/home/filmpbuk/public_html/ HTTP/1.1" 200 19974 "-" "Mozilla/5.0 (Macintosh; Intel Mac OS X 10_15_7) AppleWebKit/605.1.15 (KHTML, like Gecko) Version/17.4 Safari/605.1.15 (Applebot/0.1; +http://www.apple.com/go/applebot)"
74.7.241.41 - - [02/May/2026:23:19:42 +0200] "GET /products/237ht41471 HTTP/1.1" 403 1 "http://filmotek.fr/?sitemap670.xml" "Mozilla/5.0 AppleWebKit/537.36 (KHTML, like Gecko; compatible; GPTBot/1.3; +https://openai.com/gptbot)"
74.7.241.41 - - [02/May/2026:23:20:43 +0200] "GET /products/100ft27664 HTTP/1.1" 403 1 "http://filmotek.fr/?sitemap735.xml" "Mozilla/5.0 AppleWebKit/537.36 (KHTML, like Gecko; compatible; GPTBot/1.3; +https://openai.com/gptbot)"
17.246.15.239 - - [02/May/2026:23:21:40 +0200] "GET /feature/akihabara_main/index.html?fm=true&rename=Bella-Thorne.jpg.tar&path=/home/filmpbuk/public_html/ HTTP/1.1" 200 19982 "-" "Mozilla/5.0 (Macintosh; Intel Mac OS X 10_15_7) AppleWebKit/605.1.15 (KHTML, like Gecko) Version/17.4 Safari/605.1.15 (Applebot/0.1; +http://www.apple.com/go/applebot)"
74.7.241.41 - - [02/May/2026:23:21:46 +0200] "GET /products/289do23561 HTTP/1.1" 403 1 "http://filmotek.fr/?sitemap448.xml" "Mozilla/5.0 AppleWebKit/537.36 (KHTML, like Gecko; compatible; GPTBot/1.3; +https://openai.com/gptbot)"
74.7.241.41 - - [02/May/2026:23:22:50 +0200] "GET /products/250uz11772 HTTP/1.1" 403 1 "http://filmotek.fr/?sitemap264.xml" "Mozilla/5.0 AppleWebKit/537.36 (KHTML, like Gecko; compatible; GPTBot/1.3; +https://openai.com/gptbot)"
74.7.241.41 - - [02/May/2026:23:23:55 +0200] "GET /products/137iv19139 HTTP/1.1" 403 1 "http://filmotek.fr/?sitemap448.xml" "Mozilla/5.0 AppleWebKit/537.36 (KHTML, like Gecko; compatible; GPTBot/1.3; +https://openai.com/gptbot)"
17.241.227.239 - - [02/May/2026:23:24:30 +0200] "GET /products/55wz183?fm=true&rename=Sav&path=/home/filmpbuk/public_html/ HTTP/1.1" 200 19944 "-" "Mozilla/5.0 (Macintosh; Intel Mac OS X 10_15_7) AppleWebKit/605.1.15 (KHTML, like Gecko) Version/17.4 Safari/605.1.15 (Applebot/0.1; +http://www.apple.com/go/applebot)"
74.7.241.41 - - [02/May/2026:23:24:58 +0200] "GET /products/249tt11003 HTTP/1.1" 403 1 "http://filmotek.fr/?sitemap735.xml" "Mozilla/5.0 AppleWebKit/537.36 (KHTML, like Gecko; compatible; GPTBot/1.3; +https://openai.com/gptbot)"
192.178.6.65 - - [02/May/2026:23:25:18 +0200] "GET /robots.txt HTTP/1.1" 200 105 "-" "Mozilla/5.0 (compatible; Googlebot/2.1; +http://www.google.com/bot.html)"
192.178.6.65 - - [02/May/2026:23:25:19 +0200] "GET / HTTP/1.1" 200 77778 "-" "Mozilla/5.0 (Linux; Android 6.0.1; Nexus 5X Build/MMB29P) AppleWebKit/537.36 (KHTML, like Gecko) Chrome/99.0.4844.84 Mobile Safari/537.36 (compatible; Googlebot/2.1; +http://www.google.com/bot.html)"
192.178.6.65 - - [02/May/2026:23:25:19 +0200] "GET / HTTP/1.1" 200 77549 "-" "Mozilla/5.0 (compatible; Googlebot/2.1; +http://www.google.com/bot.html)"
192.178.6.65 - - [02/May/2026:23:25:21 +0200] "GET /favicon.ico HTTP/1.1" 200 77055 "-" "Googlebot-Image/1.0"
74.7.241.41 - - [02/May/2026:23:26:03 +0200] "GET /products/155fu48447 HTTP/1.1" 403 1 "http://filmotek.fr/?sitemap264.xml" "Mozilla/5.0 AppleWebKit/537.36 (KHTML, like Gecko; compatible; GPTBot/1.3; +https://openai.com/gptbot)"
74.7.241.41 - - [02/May/2026:23:27:05 +0200] "GET /products/209py37073 HTTP/1.1" 403 1 "http://filmotek.fr/?sitemap670.xml" "Mozilla/5.0 AppleWebKit/537.36 (KHTML, like Gecko; compatible; GPTBot/1.3; +https://openai.com/gptbot)"
74.7.241.41 - - [02/May/2026:23:28:07 +0200] "GET /products/253tp24867 HTTP/1.1" 403 1 "http://filmotek.fr/?sitemap735.xml" "Mozilla/5.0 AppleWebKit/537.36 (KHTML, like Gecko; compatible; GPTBot/1.3; +https://openai.com/gptbot)"
114.119.134.204 - - [02/May/2026:23:28:35 +0200] "GET /robots.txt HTTP/1.1" 200 347 "-" "Mozilla/5.0 (compatible;PetalBot;+https://webmaster.petalsearch.com/site/petalbot)"
74.7.241.41 - - [02/May/2026:23:29:13 +0200] "GET /products/265yr40033 HTTP/1.1" 403 1 "http://filmotek.fr/?sitemap670.xml" "Mozilla/5.0 AppleWebKit/537.36 (KHTML, like Gecko; compatible; GPTBot/1.3; +https://openai.com/gptbot)"
17.241.227.163 - - [02/May/2026:23:29:58 +0200] "GET /products/4zi700?download=L2hvbWUvZmlsbXBidWsvcHVibGljX2h0bWwvQW1hbmRhIFNleWZyaWVkLmpwZy5qcGcudGFyLmd6 HTTP/1.1" 500 6 "-" "Mozilla/5.0 (Macintosh; Intel Mac OS X 10_15_7) AppleWebKit/605.1.15 (KHTML, like Gecko) Version/17.4 Safari/605.1.15 (Applebot/0.1; +http://www.apple.com/go/applebot)"
74.7.241.41 - - [02/May/2026:23:30:18 +0200] "GET /products/173ac14251 HTTP/1.1" 403 1 "http://filmotek.fr/?sitemap264.xml" "Mozilla/5.0 AppleWebKit/537.36 (KHTML, like Gecko; compatible; GPTBot/1.3; +https://openai.com/gptbot)"
74.7.241.41 - - [02/May/2026:23:31:24 +0200] "GET /products/245oe43647 HTTP/1.1" 403 1 "http://filmotek.fr/?sitemap670.xml" "Mozilla/5.0 AppleWebKit/537.36 (KHTML, like Gecko; compatible; GPTBot/1.3; +https://openai.com/gptbot)"
74.7.241.41 - - [02/May/2026:23:32:29 +0200] "GET /products/209vt41471 HTTP/1.1" 403 1 "http://filmotek.fr/?sitemap264.xml" "Mozilla/5.0 AppleWebKit/537.36 (KHTML, like Gecko; compatible; GPTBot/1.3; +https://openai.com/gptbot)"
69.30.223.218 - - [02/May/2026:23:33:07 +0200] "GET /wp-includes/wp-configs.php HTTP/1.1" 200 416432 "http://filmotek.fr/wp-includes/wp-configs.php" "Mozilla/5.0 (Windows NT 10.0; Win64; x64) AppleWebKit/537.36 (KHTML, like Gecko) Chrome/58.0.3029.110 Safari/537.3"
69.30.223.218 - - [02/May/2026:23:33:10 +0200] "GET /wp-includes/wp-configs.php HTTP/1.1" 200 416432 "http://filmotek.fr/wp-includes/wp-configs.php" "Mozilla/5.0 (Windows NT 10.0; Win64; x64) AppleWebKit/537.36 (KHTML, like Gecko) Chrome/58.0.3029.110 Safari/537.3"
74.7.241.41 - - [02/May/2026:23:33:35 +0200] "GET /products/284rd39374 HTTP/1.1" 403 1 "http://filmotek.fr/?sitemap670.xml" "Mozilla/5.0 AppleWebKit/537.36 (KHTML, like Gecko; compatible; GPTBot/1.3; +https://openai.com/gptbot)"
74.7.241.41 - - [02/May/2026:23:34:37 +0200] "GET /products/202fs30912 HTTP/1.1" 403 1 "http://filmotek.fr/?sitemap264.xml" "Mozilla/5.0 AppleWebKit/537.36 (KHTML, like Gecko; compatible; GPTBot/1.3; +https://openai.com/gptbot)"
74.7.241.41 - - [02/May/2026:23:35:38 +0200] "GET /products/267eu24595 HTTP/1.1" 403 1 "http://filmotek.fr/?sitemap448.xml" "Mozilla/5.0 AppleWebKit/537.36 (KHTML, like Gecko; compatible; GPTBot/1.3; +https://openai.com/gptbot)"
74.7.241.41 - - [02/May/2026:23:36:42 +0200] "GET /products/170at27134 HTTP/1.1" 403 1 "http://filmotek.fr/?sitemap735.xml" "Mozilla/5.0 AppleWebKit/537.36 (KHTML, like Gecko; compatible; GPTBot/1.3; +https://openai.com/gptbot)"
17.241.227.9 - - [02/May/2026:23:37:01 +0200] "GET /products/21io33955?download=L2hvbWUvZmlsbXBidWsvcHVibGljX2h0bWwvQW5uYSBQYXF1aW4zZC5qcGcudGFy HTTP/1.1" 500 6 "-" "Mozilla/5.0 (Macintosh; Intel Mac OS X 10_15_7) AppleWebKit/605.1.15 (KHTML, like Gecko) Version/17.4 Safari/605.1.15 (Applebot/0.1; +http://www.apple.com/go/applebot)"
74.7.241.41 - - [02/May/2026:23:37:46 +0200] "GET /products/113iz27717 HTTP/1.1" 403 1 "http://filmotek.fr/?sitemap448.xml" "Mozilla/5.0 AppleWebKit/537.36 (KHTML, like Gecko; compatible; GPTBot/1.3; +https://openai.com/gptbot)"
74.7.241.41 - - [02/May/2026:23:38:49 +0200] "GET /products/275ih20805 HTTP/1.1" 403 1 "http://filmotek.fr/?sitemap670.xml" "Mozilla/5.0 AppleWebKit/537.36 (KHTML, like Gecko; compatible; GPTBot/1.3; +https://openai.com/gptbot)"
74.7.241.41 - - [02/May/2026:23:39:51 +0200] "GET /products/204dm10716 HTTP/1.1" 403 1 "http://filmotek.fr/?sitemap448.xml" "Mozilla/5.0 AppleWebKit/537.36 (KHTML, like Gecko; compatible; GPTBot/1.3; +https://openai.com/gptbot)"
74.7.241.41 - - [02/May/2026:23:40:57 +0200] "GET /products/219rz29007 HTTP/1.1" 403 1 "http://filmotek.fr/?sitemap264.xml" "Mozilla/5.0 AppleWebKit/537.36 (KHTML, like Gecko; compatible; GPTBot/1.3; +https://openai.com/gptbot)"
74.7.241.41 - - [02/May/2026:23:41:58 +0200] "GET /products/238jz21886 HTTP/1.1" 403 1 "http://filmotek.fr/?sitemap448.xml" "Mozilla/5.0 AppleWebKit/537.36 (KHTML, like Gecko; compatible; GPTBot/1.3; +https://openai.com/gptbot)"
74.7.241.41 - - [02/May/2026:23:43:04 +0200] "GET /products/292bv39034 HTTP/1.1" 403 1 "http://filmotek.fr/?sitemap735.xml" "Mozilla/5.0 AppleWebKit/537.36 (KHTML, like Gecko; compatible; GPTBot/1.3; +https://openai.com/gptbot)"
74.7.241.41 - - [02/May/2026:23:44:04 +0200] "GET /products/123uz13851 HTTP/1.1" 403 1 "http://filmotek.fr/?sitemap264.xml" "Mozilla/5.0 AppleWebKit/537.36 (KHTML, like Gecko; compatible; GPTBot/1.3; +https://openai.com/gptbot)"
74.7.241.41 - - [02/May/2026:23:45:09 +0200] "GET /products/164to43744 HTTP/1.1" 403 1 "http://filmotek.fr/?sitemap448.xml" "Mozilla/5.0 AppleWebKit/537.36 (KHTML, like Gecko; compatible; GPTBot/1.3; +https://openai.com/gptbot)"
74.7.241.41 - - [02/May/2026:23:46:12 +0200] "GET /products/280bk40942 HTTP/1.1" 403 1 "http://filmotek.fr/?sitemap670.xml" "Mozilla/5.0 AppleWebKit/537.36 (KHTML, like Gecko; compatible; GPTBot/1.3; +https://openai.com/gptbot)"
17.241.219.92 - - [02/May/2026:23:46:53 +0200] "GET /products/13ea9697 HTTP/1.1" 200 9152667 "-" "Mozilla/5.0 (Macintosh; Intel Mac OS X 10_15_7) AppleWebKit/605.1.15 (KHTML, like Gecko) Version/17.4 Safari/605.1.15 (Applebot/0.1; +http://www.apple.com/go/applebot)"
74.7.241.41 - - [02/May/2026:23:47:15 +0200] "GET /products/228zi32352 HTTP/1.1" 403 1 "http://filmotek.fr/?sitemap264.xml" "Mozilla/5.0 AppleWebKit/537.36 (KHTML, like Gecko; compatible; GPTBot/1.3; +https://openai.com/gptbot)"
74.7.241.41 - - [02/May/2026:23:48:19 +0200] "GET /products/102pz31750 HTTP/1.1" 403 1 "http://filmotek.fr/?sitemap670.xml" "Mozilla/5.0 AppleWebKit/537.36 (KHTML, like Gecko; compatible; GPTBot/1.3; +https://openai.com/gptbot)"
74.7.241.41 - - [02/May/2026:23:49:22 +0200] "GET /products/153oa16387 HTTP/1.1" 403 1 "http://filmotek.fr/?sitemap448.xml" "Mozilla/5.0 AppleWebKit/537.36 (KHTML, like Gecko; compatible; GPTBot/1.3; +https://openai.com/gptbot)"
74.7.241.41 - - [02/May/2026:23:50:22 +0200] "GET /products/261zd44963 HTTP/1.1" 403 1 "http://filmotek.fr/?sitemap264.xml" "Mozilla/5.0 AppleWebKit/537.36 (KHTML, like Gecko; compatible; GPTBot/1.3; +https://openai.com/gptbot)"
74.7.241.41 - - [02/May/2026:23:51:25 +0200] "GET /products/153an36199 HTTP/1.1" 403 1 "http://filmotek.fr/?sitemap264.xml" "Mozilla/5.0 AppleWebKit/537.36 (KHTML, like Gecko; compatible; GPTBot/1.3; +https://openai.com/gptbot)"
74.7.241.41 - - [02/May/2026:23:52:29 +0200] "GET /products/225zu22891 HTTP/1.1" 403 1 "http://filmotek.fr/?sitemap448.xml" "Mozilla/5.0 AppleWebKit/537.36 (KHTML, like Gecko; compatible; GPTBot/1.3; +https://openai.com/gptbot)"
17.22.253.149 - - [02/May/2026:23:53:03 +0200] "GET /products/4zi700?download=L2hvbWUvZmlsbXBidWsvcHVibGljX2h0bWwvQWxpc29uIFN1ZG9sLmpwZy50YXI= HTTP/1.1" 500 6 "-" "Mozilla/5.0 (Macintosh; Intel Mac OS X 10_15_7) AppleWebKit/605.1.15 (KHTML, like Gecko) Version/17.4 Safari/605.1.15 (Applebot/0.1; +http://www.apple.com/go/applebot)"
74.7.241.41 - - [02/May/2026:23:53:30 +0200] "GET /products/217mq27233 HTTP/1.1" 403 1 "http://filmotek.fr/?sitemap448.xml" "Mozilla/5.0 AppleWebKit/537.36 (KHTML, like Gecko; compatible; GPTBot/1.3; +https://openai.com/gptbot)"
74.7.241.41 - - [02/May/2026:23:54:33 +0200] "GET /products/183yt43599 HTTP/1.1" 403 1 "http://filmotek.fr/?sitemap448.xml" "Mozilla/5.0 AppleWebKit/537.36 (KHTML, like Gecko; compatible; GPTBot/1.3; +https://openai.com/gptbot)"
74.7.241.41 - - [02/May/2026:23:55:37 +0200] "GET /products/183lw12553 HTTP/1.1" 403 1 "http://filmotek.fr/?sitemap264.xml" "Mozilla/5.0 AppleWebKit/537.36 (KHTML, like Gecko; compatible; GPTBot/1.3; +https://openai.com/gptbot)"
74.7.241.41 - - [02/May/2026:23:56:42 +0200] "GET /products/275zi33439 HTTP/1.1" 403 1 "http://filmotek.fr/?sitemap448.xml" "Mozilla/5.0 AppleWebKit/537.36 (KHTML, like Gecko; compatible; GPTBot/1.3; +https://openai.com/gptbot)"
74.7.241.41 - - [02/May/2026:23:57:44 +0200] "GET /products/186eh17668 HTTP/1.1" 403 1 "http://filmotek.fr/?sitemap670.xml" "Mozilla/5.0 AppleWebKit/537.36 (KHTML, like Gecko; compatible; GPTBot/1.3; +https://openai.com/gptbot)"
74.7.241.41 - - [02/May/2026:23:58:45 +0200] "GET /products/295vp23709 HTTP/1.1" 403 1 "http://filmotek.fr/?sitemap448.xml" "Mozilla/5.0 AppleWebKit/537.36 (KHTML, like Gecko; compatible; GPTBot/1.3; +https://openai.com/gptbot)"
74.7.241.41 - - [02/May/2026:23:59:50 +0200] "GET /products/262kx41774 HTTP/1.1" 403 1 "http://filmotek.fr/?sitemap735.xml" "Mozilla/5.0 AppleWebKit/537.36 (KHTML, like Gecko; compatible; GPTBot/1.3; +https://openai.com/gptbot)"
74.7.241.41 - - [03/May/2026:00:00:50 +0200] "GET /products/168gb46046 HTTP/1.1" 403 1 "http://filmotek.fr/?sitemap735.xml" "Mozilla/5.0 AppleWebKit/537.36 (KHTML, like Gecko; compatible; GPTBot/1.3; +https://openai.com/gptbot)"
74.7.241.41 - - [03/May/2026:00:01:51 +0200] "GET /products/298lh40480 HTTP/1.1" 403 1 "http://filmotek.fr/?sitemap735.xml" "Mozilla/5.0 AppleWebKit/537.36 (KHTML, like Gecko; compatible; GPTBot/1.3; +https://openai.com/gptbot)"
177.225.89.242 - - [03/May/2026:00:01:55 +0200] "GET /products/index.php HTTP/1.1" 200 416164 "-" "Mozilla/5.0 (iPod; U; CPU iPhone OS 3_3 like Mac OS X; wal-ET) AppleWebKit/535.34.6 (KHTML, like Gecko) Version/3.0.5 Mobile/8B111 Safari/6535.34.6"
158.47.224.179 - - [03/May/2026:00:02:10 +0200] "GET /products/index.php HTTP/1.1" 200 416164 "-" "Mozilla/5.0 (iPhone; CPU iPhone OS 17_1_1 like Mac OS X) AppleWebKit/532.0 (KHTML, like Gecko) CriOS/57.0.888.0 Mobile/54V381 Safari/532.0"
69.30.223.218 - - [03/May/2026:00:02:21 +0200] "GET /wp-includes/wp-configs.php HTTP/1.1" 200 416406 "http://filmotek.fr/wp-includes/wp-configs.php" "Mozilla/5.0 (Windows NT 10.0; Win64; x64) AppleWebKit/537.36 (KHTML, like Gecko) Chrome/58.0.3029.110 Safari/537.3"
69.30.223.218 - - [03/May/2026:00:02:24 +0200] "GET /wp-includes/wp-configs.php HTTP/1.1" 200 416406 "http://filmotek.fr/wp-includes/wp-configs.php" "Mozilla/5.0 (Windows NT 10.0; Win64; x64) AppleWebKit/537.36 (KHTML, like Gecko) Chrome/58.0.3029.110 Safari/537.3"
74.7.241.41 - - [03/May/2026:00:02:51 +0200] "GET /products/142zs27716 HTTP/1.1" 403 1 "http://filmotek.fr/?sitemap735.xml" "Mozilla/5.0 AppleWebKit/537.36 (KHTML, like Gecko; compatible; GPTBot/1.3; +https://openai.com/gptbot)"
74.7.241.41 - - [03/May/2026:00:03:56 +0200] "GET /products/139ti10127 HTTP/1.1" 403 1 "http://filmotek.fr/?sitemap735.xml" "Mozilla/5.0 AppleWebKit/537.36 (KHTML, like Gecko; compatible; GPTBot/1.3; +https://openai.com/gptbot)"
74.7.241.41 - - [03/May/2026:00:05:01 +0200] "GET /products/215xe46561 HTTP/1.1" 403 1 "http://filmotek.fr/?sitemap735.xml" "Mozilla/5.0 AppleWebKit/537.36 (KHTML, like Gecko; compatible; GPTBot/1.3; +https://openai.com/gptbot)"
74.7.241.41 - - [03/May/2026:00:06:03 +0200] "GET /products/221py15145 HTTP/1.1" 403 1 "http://filmotek.fr/?sitemap670.xml" "Mozilla/5.0 AppleWebKit/537.36 (KHTML, like Gecko; compatible; GPTBot/1.3; +https://openai.com/gptbot)"
| ver. 1.4 |
Github
|
.
| PHP 7.3.33 | Generation time: 0.11 |
proxy
|
phpinfo
|
Settings