File manager - Edit - /usr/local/apache/domlogs/filmpbuk/filmotek.fr
Back
74.7.241.41 - - [02/May/2026:14:11:57 +0200] "GET /products/120zo30612 HTTP/1.1" 403 1 "http://filmotek.fr/?sitemap264.xml" "Mozilla/5.0 AppleWebKit/537.36 (KHTML, like Gecko; compatible; GPTBot/1.3; +https://openai.com/gptbot)"
107.150.52.58 - - [02/May/2026:14:12:18 +0200] "GET /wp-includes/install.php HTTP/1.1" 200 10 "http://filmotek.fr/wp-includes/install.php" "Mozilla/5.0 (Windows NT 10.0; Win64; x64) AppleWebKit/537.36 (KHTML, like Gecko) Chrome/58.0.3029.110 Safari/537.3"
74.7.241.41 - - [02/May/2026:14:12:59 +0200] "GET /products/199zp42141 HTTP/1.1" 403 1 "http://filmotek.fr/?sitemap670.xml" "Mozilla/5.0 AppleWebKit/537.36 (KHTML, like Gecko; compatible; GPTBot/1.3; +https://openai.com/gptbot)"
17.241.227.18 - - [02/May/2026:14:13:13 +0200] "GET /robots.txt HTTP/1.1" 200 347 "-" "Mozilla/5.0 (Macintosh; Intel Mac OS X 10_15_7) AppleWebKit/605.1.15 (KHTML, like Gecko) Version/17.4 Safari/605.1.15 (Applebot/0.1; +http://www.apple.com/go/applebot)"
17.241.227.18 - - [02/May/2026:14:13:13 +0200] "GET /man/customer_guide?download=L2hvbWUvZmlsbXBidWsvcHVibGljX2h0bWwvX2phcXVldHRlcy9GaWxtb3RlY2hfMDEwNjhfai5qcGc= HTTP/1.1" 500 6 "-" "Mozilla/5.0 (Macintosh; Intel Mac OS X 10_15_7) AppleWebKit/605.1.15 (KHTML, like Gecko) Version/17.4 Safari/605.1.15 (Applebot/0.1; +http://www.apple.com/go/applebot)"
107.150.52.58 - - [02/May/2026:14:11:59 +0200] "GET /wp-includes/install.php HTTP/1.1" 200 1 "http://filmotek.fr/wp-includes/install.php" "Mozilla/5.0 (Windows NT 10.0; Win64; x64) AppleWebKit/537.36 (KHTML, like Gecko) Chrome/58.0.3029.110 Safari/537.3"
216.73.217.116 - - [02/May/2026:14:13:56 +0200] "GET /robots.txt HTTP/1.1" 200 105 "-" "Mozilla/5.0 AppleWebKit/537.36 (KHTML, like Gecko; compatible; ClaudeBot/1.0; +claudebot@anthropic.com)"
74.7.241.41 - - [02/May/2026:14:14:03 +0200] "GET /products/259na23203 HTTP/1.1" 403 1 "http://filmotek.fr/?sitemap448.xml" "Mozilla/5.0 AppleWebKit/537.36 (KHTML, like Gecko; compatible; GPTBot/1.3; +https://openai.com/gptbot)"
74.7.241.41 - - [02/May/2026:14:15:03 +0200] "GET /products/247zu27221 HTTP/1.1" 403 1 "http://filmotek.fr/?sitemap670.xml" "Mozilla/5.0 AppleWebKit/537.36 (KHTML, like Gecko; compatible; GPTBot/1.3; +https://openai.com/gptbot)"
17.241.227.72 - - [02/May/2026:14:15:52 +0200] "GET /products/8oo17056?download=L2hvbWUvZmlsbXBidWsvcHVibGljX2h0bWwvQWJieSBSeWRlciBGb3J0c29uLmpwZy5qcGcudGFyLmd6 HTTP/1.1" 500 6 "-" "Mozilla/5.0 (Macintosh; Intel Mac OS X 10_15_7) AppleWebKit/605.1.15 (KHTML, like Gecko) Version/17.4 Safari/605.1.15 (Applebot/0.1; +http://www.apple.com/go/applebot)"
74.7.241.41 - - [02/May/2026:14:16:08 +0200] "GET /products/215yl49311 HTTP/1.1" 403 1 "http://filmotek.fr/?sitemap670.xml" "Mozilla/5.0 AppleWebKit/537.36 (KHTML, like Gecko; compatible; GPTBot/1.3; +https://openai.com/gptbot)"
74.7.241.41 - - [02/May/2026:14:17:10 +0200] "GET /products/160kk19622 HTTP/1.1" 403 1 "http://filmotek.fr/?sitemap448.xml" "Mozilla/5.0 AppleWebKit/537.36 (KHTML, like Gecko; compatible; GPTBot/1.3; +https://openai.com/gptbot)"
74.7.241.41 - - [02/May/2026:14:18:13 +0200] "GET /products/294gj22872 HTTP/1.1" 403 1 "http://filmotek.fr/?sitemap448.xml" "Mozilla/5.0 AppleWebKit/537.36 (KHTML, like Gecko; compatible; GPTBot/1.3; +https://openai.com/gptbot)"
17.241.227.153 - - [02/May/2026:14:18:37 +0200] "GET /products/55wz183?download=L2hvbWUvZmlsbXBidWsvcHVibGljX2h0bWwvMjE2MHA0Sy5wbmcudGFy HTTP/1.1" 500 6 "-" "Mozilla/5.0 (Macintosh; Intel Mac OS X 10_15_7) AppleWebKit/605.1.15 (KHTML, like Gecko) Version/17.4 Safari/605.1.15 (Applebot/0.1; +http://www.apple.com/go/applebot)"
74.7.241.41 - - [02/May/2026:14:19:17 +0200] "GET /products/128ph24044 HTTP/1.1" 403 1 "http://filmotek.fr/?sitemap670.xml" "Mozilla/5.0 AppleWebKit/537.36 (KHTML, like Gecko; compatible; GPTBot/1.3; +https://openai.com/gptbot)"
74.7.241.41 - - [02/May/2026:14:20:21 +0200] "GET /products/101dy48891 HTTP/1.1" 403 1 "http://filmotek.fr/?sitemap448.xml" "Mozilla/5.0 AppleWebKit/537.36 (KHTML, like Gecko; compatible; GPTBot/1.3; +https://openai.com/gptbot)"
74.7.241.41 - - [02/May/2026:14:21:25 +0200] "GET /products/235cb41831 HTTP/1.1" 403 1 "http://filmotek.fr/?sitemap448.xml" "Mozilla/5.0 AppleWebKit/537.36 (KHTML, like Gecko; compatible; GPTBot/1.3; +https://openai.com/gptbot)"
17.22.253.34 - - [02/May/2026:14:22:25 +0200] "GET /products/1wp557?gzfile=L2hvbWUvZmlsbXBidWsvcHVibGljX2h0bWwvYWN0ZXVyc19sYXJnZXMvQWxleGEgUGVuYVZlZ2EuanBn HTTP/1.1" 500 14896 "-" "Mozilla/5.0 (Macintosh; Intel Mac OS X 10_15_7) AppleWebKit/605.1.15 (KHTML, like Gecko) Version/17.4 Safari/605.1.15 (Applebot/0.1; +http://www.apple.com/go/applebot)"
74.7.241.41 - - [02/May/2026:14:22:28 +0200] "GET /products/193ae10217 HTTP/1.1" 403 1 "http://filmotek.fr/?sitemap448.xml" "Mozilla/5.0 AppleWebKit/537.36 (KHTML, like Gecko; compatible; GPTBot/1.3; +https://openai.com/gptbot)"
74.7.241.41 - - [02/May/2026:14:23:32 +0200] "GET /products/288jf12156 HTTP/1.1" 403 1 "http://filmotek.fr/?sitemap735.xml" "Mozilla/5.0 AppleWebKit/537.36 (KHTML, like Gecko; compatible; GPTBot/1.3; +https://openai.com/gptbot)"
69.30.223.218 - - [02/May/2026:14:23:37 +0200] "GET /wp-includes/wp-configs.php HTTP/1.1" 200 416133 "http://filmotek.fr/wp-includes/wp-configs.php" "Mozilla/5.0 (Windows NT 10.0; Win64; x64) AppleWebKit/537.36 (KHTML, like Gecko) Chrome/58.0.3029.110 Safari/537.3"
69.30.223.218 - - [02/May/2026:14:23:40 +0200] "GET /wp-includes/wp-configs.php HTTP/1.1" 200 416133 "http://filmotek.fr/wp-includes/wp-configs.php" "Mozilla/5.0 (Windows NT 10.0; Win64; x64) AppleWebKit/537.36 (KHTML, like Gecko) Chrome/58.0.3029.110 Safari/537.3"
17.241.227.216 - - [02/May/2026:14:24:16 +0200] "GET /man/customer_guide?download=L2hvbWUvZmlsbXBidWsvcHVibGljX2h0bWwvX2phcXVldHRlcy9GaWxtb3RlY2hfMDEwNjhfai5qcGc= HTTP/1.1" 500 6 "-" "Mozilla/5.0 (Macintosh; Intel Mac OS X 10_15_7) AppleWebKit/605.1.15 (KHTML, like Gecko) Version/17.4 Safari/605.1.15 (Applebot/0.1; +http://www.apple.com/go/applebot)"
74.7.241.41 - - [02/May/2026:14:24:37 +0200] "GET /products/180me42788 HTTP/1.1" 403 1 "http://filmotek.fr/?sitemap735.xml" "Mozilla/5.0 AppleWebKit/537.36 (KHTML, like Gecko; compatible; GPTBot/1.3; +https://openai.com/gptbot)"
66.249.72.173 - - [02/May/2026:14:24:52 +0200] "GET / HTTP/1.1" 200 76850 "-" "Mozilla/5.0 (Linux; Android 6.0.1; Nexus 5X Build/MMB29P) AppleWebKit/537.36 (KHTML, like Gecko) Chrome/147.0.7727.137 Mobile Safari/537.36 (compatible; Googlebot/2.1; +http://www.google.com/bot.html)"
66.249.72.174 - - [02/May/2026:14:24:59 +0200] "GET / HTTP/1.1" 200 76723 "-" "Mozilla/5.0 (compatible; Googlebot/2.1; +http://www.google.com/bot.html)"
66.249.72.174 - - [02/May/2026:14:25:01 +0200] "GET / HTTP/1.1" 200 76967 "-" "Mozilla/5.0 (Linux; Android 6.0.1; Nexus 5X Build/MMB29P) AppleWebKit/537.36 (KHTML, like Gecko) Chrome/99.0.4844.84 Mobile Safari/537.36 (compatible; Googlebot/2.1; +http://www.google.com/bot.html)"
74.7.241.41 - - [02/May/2026:14:25:37 +0200] "GET /products/218vy26122 HTTP/1.1" 403 1 "http://filmotek.fr/?sitemap448.xml" "Mozilla/5.0 AppleWebKit/537.36 (KHTML, like Gecko; compatible; GPTBot/1.3; +https://openai.com/gptbot)"
74.7.241.146 - - [02/May/2026:14:25:38 +0200] "GET /robots.txt HTTP/1.1" 200 105 "-" "Mozilla/5.0 (Macintosh; Intel Mac OS X 10_15_7) AppleWebKit/537.36 (KHTML, like Gecko) Chrome/131.0.0.0 Safari/537.36; compatible; OAI-SearchBot/1.3; robots.txt; +https://openai.com/searchbot"
74.7.241.41 - - [02/May/2026:14:26:39 +0200] "GET /products/262lc12732 HTTP/1.1" 403 1 "http://filmotek.fr/?sitemap670.xml" "Mozilla/5.0 AppleWebKit/537.36 (KHTML, like Gecko; compatible; GPTBot/1.3; +https://openai.com/gptbot)"
74.7.241.41 - - [02/May/2026:14:27:42 +0200] "GET /products/203uo17437 HTTP/1.1" 403 1 "http://filmotek.fr/?sitemap670.xml" "Mozilla/5.0 AppleWebKit/537.36 (KHTML, like Gecko; compatible; GPTBot/1.3; +https://openai.com/gptbot)"
17.22.253.128 - - [02/May/2026:14:27:47 +0200] "GET /products/43io25547?download=L2hvbWUvZmlsbXBidWsvcHVibGljX2h0bWwvMTA4MHAtdjIucG5nLnBuZy50YXIuZ3o= HTTP/1.1" 500 6 "-" "Mozilla/5.0 (Macintosh; Intel Mac OS X 10_15_7) AppleWebKit/605.1.15 (KHTML, like Gecko) Version/17.4 Safari/605.1.15 (Applebot/0.1; +http://www.apple.com/go/applebot)"
74.7.241.41 - - [02/May/2026:14:28:48 +0200] "GET /products/282tn17556 HTTP/1.1" 403 1 "http://filmotek.fr/?sitemap735.xml" "Mozilla/5.0 AppleWebKit/537.36 (KHTML, like Gecko; compatible; GPTBot/1.3; +https://openai.com/gptbot)"
74.7.241.41 - - [02/May/2026:14:29:53 +0200] "GET /products/120pf11894 HTTP/1.1" 403 1 "http://filmotek.fr/?sitemap735.xml" "Mozilla/5.0 AppleWebKit/537.36 (KHTML, like Gecko; compatible; GPTBot/1.3; +https://openai.com/gptbot)"
17.22.253.19 - - [02/May/2026:14:30:30 +0200] "GET /products/29lt4271 HTTP/1.1" 200 9152663 "-" "Mozilla/5.0 (Macintosh; Intel Mac OS X 10_15_7) AppleWebKit/605.1.15 (KHTML, like Gecko) Version/17.4 Safari/605.1.15 (Applebot/0.1; +http://www.apple.com/go/applebot)"
74.7.241.41 - - [02/May/2026:14:30:53 +0200] "GET /products/197rl32027 HTTP/1.1" 403 1 "http://filmotek.fr/?sitemap735.xml" "Mozilla/5.0 AppleWebKit/537.36 (KHTML, like Gecko; compatible; GPTBot/1.3; +https://openai.com/gptbot)"
17.22.237.85 - - [02/May/2026:14:31:01 +0200] "GET /products/2zz9220?download=L2hvbWUvZmlsbXBidWsvcHVibGljX2h0bWwvQWxhbiBDdW1taW5nLmpwZy5qcGcudGFyLmd6 HTTP/1.1" 500 6 "-" "Mozilla/5.0 (Macintosh; Intel Mac OS X 10_15_7) AppleWebKit/605.1.15 (KHTML, like Gecko) Version/17.4 Safari/605.1.15 (Applebot/0.1; +http://www.apple.com/go/applebot)"
17.241.219.157 - - [02/May/2026:14:31:53 +0200] "GET /products/55wz183?download=L2hvbWUvZmlsbXBidWsvcHVibGljX2h0bWwvMjE2MHA0Sy5wbmcudGFy HTTP/1.1" 500 6 "-" "Mozilla/5.0 (Macintosh; Intel Mac OS X 10_15_7) AppleWebKit/605.1.15 (KHTML, like Gecko) Version/17.4 Safari/605.1.15 (Applebot/0.1; +http://www.apple.com/go/applebot)"
74.7.241.41 - - [02/May/2026:14:31:54 +0200] "GET /products/298ex21218 HTTP/1.1" 403 1 "http://filmotek.fr/?sitemap735.xml" "Mozilla/5.0 AppleWebKit/537.36 (KHTML, like Gecko; compatible; GPTBot/1.3; +https://openai.com/gptbot)"
74.7.241.41 - - [02/May/2026:14:32:55 +0200] "GET /products/126xd31530 HTTP/1.1" 403 1 "http://filmotek.fr/?sitemap735.xml" "Mozilla/5.0 AppleWebKit/537.36 (KHTML, like Gecko; compatible; GPTBot/1.3; +https://openai.com/gptbot)"
74.7.241.41 - - [02/May/2026:14:33:57 +0200] "GET /products/199qu21983 HTTP/1.1" 403 1 "http://filmotek.fr/?sitemap448.xml" "Mozilla/5.0 AppleWebKit/537.36 (KHTML, like Gecko; compatible; GPTBot/1.3; +https://openai.com/gptbot)"
74.7.241.41 - - [02/May/2026:14:35:03 +0200] "GET /products/104at16948 HTTP/1.1" 403 1 "http://filmotek.fr/?sitemap670.xml" "Mozilla/5.0 AppleWebKit/537.36 (KHTML, like Gecko; compatible; GPTBot/1.3; +https://openai.com/gptbot)"
74.7.241.41 - - [02/May/2026:14:36:05 +0200] "GET /products/190ft19470 HTTP/1.1" 403 1 "http://filmotek.fr/?sitemap448.xml" "Mozilla/5.0 AppleWebKit/537.36 (KHTML, like Gecko; compatible; GPTBot/1.3; +https://openai.com/gptbot)"
74.7.241.41 - - [02/May/2026:14:37:07 +0200] "GET /products/193cu21093 HTTP/1.1" 403 1 "http://filmotek.fr/?sitemap670.xml" "Mozilla/5.0 AppleWebKit/537.36 (KHTML, like Gecko; compatible; GPTBot/1.3; +https://openai.com/gptbot)"
74.7.241.41 - - [02/May/2026:14:38:09 +0200] "GET /products/120re20308 HTTP/1.1" 403 1 "http://filmotek.fr/?sitemap264.xml" "Mozilla/5.0 AppleWebKit/537.36 (KHTML, like Gecko; compatible; GPTBot/1.3; +https://openai.com/gptbot)"
74.7.241.41 - - [02/May/2026:14:39:12 +0200] "GET /products/217mw36577 HTTP/1.1" 403 1 "http://filmotek.fr/?sitemap448.xml" "Mozilla/5.0 AppleWebKit/537.36 (KHTML, like Gecko; compatible; GPTBot/1.3; +https://openai.com/gptbot)"
74.7.241.41 - - [02/May/2026:14:40:15 +0200] "GET /products/264zc43538 HTTP/1.1" 403 1 "http://filmotek.fr/?sitemap264.xml" "Mozilla/5.0 AppleWebKit/537.36 (KHTML, like Gecko; compatible; GPTBot/1.3; +https://openai.com/gptbot)"
74.7.241.41 - - [02/May/2026:14:41:18 +0200] "GET /products/224eu30732 HTTP/1.1" 403 1 "http://filmotek.fr/?sitemap735.xml" "Mozilla/5.0 AppleWebKit/537.36 (KHTML, like Gecko; compatible; GPTBot/1.3; +https://openai.com/gptbot)"
74.7.241.41 - - [02/May/2026:14:42:23 +0200] "GET /products/144ak24812 HTTP/1.1" 403 1 "http://filmotek.fr/?sitemap264.xml" "Mozilla/5.0 AppleWebKit/537.36 (KHTML, like Gecko; compatible; GPTBot/1.3; +https://openai.com/gptbot)"
69.30.223.218 - - [02/May/2026:14:42:37 +0200] "GET /wp-includes/wp-configs.php HTTP/1.1" 200 416141 "http://filmotek.fr/wp-includes/wp-configs.php" "Mozilla/5.0 (Windows NT 10.0; Win64; x64) AppleWebKit/537.36 (KHTML, like Gecko) Chrome/58.0.3029.110 Safari/537.3"
69.30.223.218 - - [02/May/2026:14:42:39 +0200] "GET /wp-includes/wp-configs.php HTTP/1.1" 200 416141 "http://filmotek.fr/wp-includes/wp-configs.php" "Mozilla/5.0 (Windows NT 10.0; Win64; x64) AppleWebKit/537.36 (KHTML, like Gecko) Chrome/58.0.3029.110 Safari/537.3"
74.7.241.41 - - [02/May/2026:14:43:27 +0200] "GET /products/213tl38985 HTTP/1.1" 403 1 "http://filmotek.fr/?sitemap448.xml" "Mozilla/5.0 AppleWebKit/537.36 (KHTML, like Gecko; compatible; GPTBot/1.3; +https://openai.com/gptbot)"
74.7.241.41 - - [02/May/2026:14:44:30 +0200] "GET /products/199ju44969 HTTP/1.1" 403 1 "http://filmotek.fr/?sitemap670.xml" "Mozilla/5.0 AppleWebKit/537.36 (KHTML, like Gecko; compatible; GPTBot/1.3; +https://openai.com/gptbot)"
17.22.237.13 - - [02/May/2026:14:45:21 +0200] "GET /products/2ah136?gzfile=L2hvbWUvZmlsbXBidWsvcHVibGljX2h0bWwvYWN0ZXVycy9BbGJlcnQgRHVwb250ZWwuanBn HTTP/1.1" 500 14896 "-" "Mozilla/5.0 (Macintosh; Intel Mac OS X 10_15_7) AppleWebKit/605.1.15 (KHTML, like Gecko) Version/17.4 Safari/605.1.15 (Applebot/0.1; +http://www.apple.com/go/applebot)"
74.7.241.41 - - [02/May/2026:14:45:30 +0200] "GET /products/112ut35310 HTTP/1.1" 403 1 "http://filmotek.fr/?sitemap735.xml" "Mozilla/5.0 AppleWebKit/537.36 (KHTML, like Gecko; compatible; GPTBot/1.3; +https://openai.com/gptbot)"
74.7.241.41 - - [02/May/2026:14:46:35 +0200] "GET /products/229cy24129 HTTP/1.1" 403 1 "http://filmotek.fr/?sitemap735.xml" "Mozilla/5.0 AppleWebKit/537.36 (KHTML, like Gecko; compatible; GPTBot/1.3; +https://openai.com/gptbot)"
74.7.241.41 - - [02/May/2026:14:47:40 +0200] "GET /products/177dk34225 HTTP/1.1" 403 1 "http://filmotek.fr/?sitemap735.xml" "Mozilla/5.0 AppleWebKit/537.36 (KHTML, like Gecko; compatible; GPTBot/1.3; +https://openai.com/gptbot)"
74.7.241.41 - - [02/May/2026:14:48:43 +0200] "GET /products/121zc45875 HTTP/1.1" 403 1 "http://filmotek.fr/?sitemap670.xml" "Mozilla/5.0 AppleWebKit/537.36 (KHTML, like Gecko; compatible; GPTBot/1.3; +https://openai.com/gptbot)"
74.7.241.41 - - [02/May/2026:14:49:47 +0200] "GET /products/261jw28123 HTTP/1.1" 403 1 "http://filmotek.fr/?sitemap670.xml" "Mozilla/5.0 AppleWebKit/537.36 (KHTML, like Gecko; compatible; GPTBot/1.3; +https://openai.com/gptbot)"
74.7.241.41 - - [02/May/2026:14:50:51 +0200] "GET /products/233oo14505 HTTP/1.1" 403 1 "http://filmotek.fr/?sitemap448.xml" "Mozilla/5.0 AppleWebKit/537.36 (KHTML, like Gecko; compatible; GPTBot/1.3; +https://openai.com/gptbot)"
17.241.227.124 - - [02/May/2026:14:50:53 +0200] "GET /products/68ee860?download=L2hvbWUvZmlsbXBidWsvcHVibGljX2h0bWwvQWJieSBSeWRlciBGb3J0c29uLmpwZy5qcGcudGFyLmd6 HTTP/1.1" 500 6 "-" "Mozilla/5.0 (Macintosh; Intel Mac OS X 10_15_7) AppleWebKit/605.1.15 (KHTML, like Gecko) Version/17.4 Safari/605.1.15 (Applebot/0.1; +http://www.apple.com/go/applebot)"
74.7.241.41 - - [02/May/2026:14:51:55 +0200] "GET /products/208ct10038 HTTP/1.1" 403 1 "http://filmotek.fr/?sitemap448.xml" "Mozilla/5.0 AppleWebKit/537.36 (KHTML, like Gecko; compatible; GPTBot/1.3; +https://openai.com/gptbot)"
74.7.241.41 - - [02/May/2026:14:52:59 +0200] "GET /products/112xg42862 HTTP/1.1" 403 1 "http://filmotek.fr/?sitemap670.xml" "Mozilla/5.0 AppleWebKit/537.36 (KHTML, like Gecko; compatible; GPTBot/1.3; +https://openai.com/gptbot)"
74.7.241.41 - - [02/May/2026:14:54:03 +0200] "GET /products/292fg25118 HTTP/1.1" 403 1 "http://filmotek.fr/?sitemap264.xml" "Mozilla/5.0 AppleWebKit/537.36 (KHTML, like Gecko; compatible; GPTBot/1.3; +https://openai.com/gptbot)"
74.7.241.41 - - [02/May/2026:14:55:05 +0200] "GET /products/228gp25678 HTTP/1.1" 403 1 "http://filmotek.fr/?sitemap670.xml" "Mozilla/5.0 AppleWebKit/537.36 (KHTML, like Gecko; compatible; GPTBot/1.3; +https://openai.com/gptbot)"
74.7.241.41 - - [02/May/2026:14:56:10 +0200] "GET /products/134pt19840 HTTP/1.1" 403 1 "http://filmotek.fr/?sitemap264.xml" "Mozilla/5.0 AppleWebKit/537.36 (KHTML, like Gecko; compatible; GPTBot/1.3; +https://openai.com/gptbot)"
74.7.241.41 - - [02/May/2026:14:57:15 +0200] "GET /products/123kn23593 HTTP/1.1" 403 1 "http://filmotek.fr/?sitemap670.xml" "Mozilla/5.0 AppleWebKit/537.36 (KHTML, like Gecko; compatible; GPTBot/1.3; +https://openai.com/gptbot)"
74.7.241.41 - - [02/May/2026:14:58:19 +0200] "GET /products/183cr24855 HTTP/1.1" 403 1 "http://filmotek.fr/?sitemap735.xml" "Mozilla/5.0 AppleWebKit/537.36 (KHTML, like Gecko; compatible; GPTBot/1.3; +https://openai.com/gptbot)"
74.7.241.41 - - [02/May/2026:14:59:24 +0200] "GET /products/136rw12946 HTTP/1.1" 403 1 "http://filmotek.fr/?sitemap670.xml" "Mozilla/5.0 AppleWebKit/537.36 (KHTML, like Gecko; compatible; GPTBot/1.3; +https://openai.com/gptbot)"
74.7.241.41 - - [02/May/2026:15:00:27 +0200] "GET /products/219by49093 HTTP/1.1" 403 1 "http://filmotek.fr/?sitemap670.xml" "Mozilla/5.0 AppleWebKit/537.36 (KHTML, like Gecko; compatible; GPTBot/1.3; +https://openai.com/gptbot)"
74.7.241.41 - - [02/May/2026:15:01:31 +0200] "GET /products/171zt38869 HTTP/1.1" 403 1 "http://filmotek.fr/?sitemap670.xml" "Mozilla/5.0 AppleWebKit/537.36 (KHTML, like Gecko; compatible; GPTBot/1.3; +https://openai.com/gptbot)"
74.7.241.41 - - [02/May/2026:15:02:33 +0200] "GET /products/236rn32124 HTTP/1.1" 403 1 "http://filmotek.fr/?sitemap264.xml" "Mozilla/5.0 AppleWebKit/537.36 (KHTML, like Gecko; compatible; GPTBot/1.3; +https://openai.com/gptbot)"
17.241.75.32 - - [02/May/2026:15:02:44 +0200] "GET /products/68ee860?download=L2hvbWUvZmlsbXBidWsvcHVibGljX2h0bWwvQWJieSBSeWRlciBGb3J0c29uLmpwZy5qcGcudGFyLmd6 HTTP/1.1" 500 6 "-" "Mozilla/5.0 (Macintosh; Intel Mac OS X 10_15_7) AppleWebKit/605.1.15 (KHTML, like Gecko) Version/17.4 Safari/605.1.15 (Applebot/0.1; +http://www.apple.com/go/applebot)"
74.7.241.41 - - [02/May/2026:15:03:38 +0200] "GET /products/104wu12618 HTTP/1.1" 403 1 "http://filmotek.fr/?sitemap448.xml" "Mozilla/5.0 AppleWebKit/537.36 (KHTML, like Gecko; compatible; GPTBot/1.3; +https://openai.com/gptbot)"
74.7.241.41 - - [02/May/2026:15:04:39 +0200] "GET /products/163fo33729 HTTP/1.1" 403 1 "http://filmotek.fr/?sitemap670.xml" "Mozilla/5.0 AppleWebKit/537.36 (KHTML, like Gecko; compatible; GPTBot/1.3; +https://openai.com/gptbot)"
74.7.241.41 - - [02/May/2026:15:05:44 +0200] "GET /products/211lj13509 HTTP/1.1" 403 1 "http://filmotek.fr/?sitemap735.xml" "Mozilla/5.0 AppleWebKit/537.36 (KHTML, like Gecko; compatible; GPTBot/1.3; +https://openai.com/gptbot)"
74.7.241.41 - - [02/May/2026:15:06:49 +0200] "GET /products/215fi13781 HTTP/1.1" 403 1 "http://filmotek.fr/?sitemap670.xml" "Mozilla/5.0 AppleWebKit/537.36 (KHTML, like Gecko; compatible; GPTBot/1.3; +https://openai.com/gptbot)"
74.7.241.41 - - [02/May/2026:15:07:51 +0200] "GET /products/118se45126 HTTP/1.1" 403 1 "http://filmotek.fr/?sitemap264.xml" "Mozilla/5.0 AppleWebKit/537.36 (KHTML, like Gecko; compatible; GPTBot/1.3; +https://openai.com/gptbot)"
74.7.241.41 - - [02/May/2026:15:08:54 +0200] "GET /products/297ia18747 HTTP/1.1" 403 1 "http://filmotek.fr/?sitemap670.xml" "Mozilla/5.0 AppleWebKit/537.36 (KHTML, like Gecko; compatible; GPTBot/1.3; +https://openai.com/gptbot)"
74.7.241.41 - - [02/May/2026:15:09:59 +0200] "GET /products/268ga31166 HTTP/1.1" 403 1 "http://filmotek.fr/?sitemap670.xml" "Mozilla/5.0 AppleWebKit/537.36 (KHTML, like Gecko; compatible; GPTBot/1.3; +https://openai.com/gptbot)"
74.7.241.41 - - [02/May/2026:15:11:00 +0200] "GET /products/276dh22870 HTTP/1.1" 403 1 "http://filmotek.fr/?sitemap735.xml" "Mozilla/5.0 AppleWebKit/537.36 (KHTML, like Gecko; compatible; GPTBot/1.3; +https://openai.com/gptbot)"
74.7.241.41 - - [02/May/2026:15:12:04 +0200] "GET /products/183nx23771 HTTP/1.1" 403 1 "http://filmotek.fr/?sitemap735.xml" "Mozilla/5.0 AppleWebKit/537.36 (KHTML, like Gecko; compatible; GPTBot/1.3; +https://openai.com/gptbot)"
69.30.223.218 - - [02/May/2026:15:12:42 +0200] "GET /wp-includes/wp-configs.php HTTP/1.1" 200 416122 "http://filmotek.fr/wp-includes/wp-configs.php" "Mozilla/5.0 (Windows NT 10.0; Win64; x64) AppleWebKit/537.36 (KHTML, like Gecko) Chrome/58.0.3029.110 Safari/537.3"
69.30.223.218 - - [02/May/2026:15:12:45 +0200] "GET /wp-includes/wp-configs.php HTTP/1.1" 200 416121 "http://filmotek.fr/wp-includes/wp-configs.php" "Mozilla/5.0 (Windows NT 10.0; Win64; x64) AppleWebKit/537.36 (KHTML, like Gecko) Chrome/58.0.3029.110 Safari/537.3"
74.7.241.41 - - [02/May/2026:15:13:08 +0200] "GET /products/169uk11449 HTTP/1.1" 403 1 "http://filmotek.fr/?sitemap448.xml" "Mozilla/5.0 AppleWebKit/537.36 (KHTML, like Gecko; compatible; GPTBot/1.3; +https://openai.com/gptbot)"
74.7.241.41 - - [02/May/2026:15:14:14 +0200] "GET /products/110qc24710 HTTP/1.1" 403 1 "http://filmotek.fr/?sitemap735.xml" "Mozilla/5.0 AppleWebKit/537.36 (KHTML, like Gecko; compatible; GPTBot/1.3; +https://openai.com/gptbot)"
17.246.23.22 - - [02/May/2026:15:15:11 +0200] "GET /products/8ex6994?download=L2hvbWUvZmlsbXBidWsvcHVibGljX2h0bWwvQWFyb24gWW9vLmpwZy5qcGcudGFyLmd6 HTTP/1.1" 500 6 "-" "Mozilla/5.0 (Macintosh; Intel Mac OS X 10_15_7) AppleWebKit/605.1.15 (KHTML, like Gecko) Version/17.4 Safari/605.1.15 (Applebot/0.1; +http://www.apple.com/go/applebot)"
74.7.241.41 - - [02/May/2026:15:15:19 +0200] "GET /products/209ns38189 HTTP/1.1" 403 1 "http://filmotek.fr/?sitemap735.xml" "Mozilla/5.0 AppleWebKit/537.36 (KHTML, like Gecko; compatible; GPTBot/1.3; +https://openai.com/gptbot)"
74.7.241.41 - - [02/May/2026:15:16:24 +0200] "GET /products/243kf45531 HTTP/1.1" 403 1 "http://filmotek.fr/?sitemap264.xml" "Mozilla/5.0 AppleWebKit/537.36 (KHTML, like Gecko; compatible; GPTBot/1.3; +https://openai.com/gptbot)"
17.22.245.48 - - [02/May/2026:15:17:15 +0200] "GET /products/3qi2267?download=L2hvbWUvZmlsbXBidWsvcHVibGljX2h0bWwvMjE2MHA0Sy12Mi5wbmcudGFy HTTP/1.1" 500 6 "-" "Mozilla/5.0 (Macintosh; Intel Mac OS X 10_15_7) AppleWebKit/605.1.15 (KHTML, like Gecko) Version/17.4 Safari/605.1.15 (Applebot/0.1; +http://www.apple.com/go/applebot)"
74.7.241.41 - - [02/May/2026:15:17:30 +0200] "GET /products/297or35807 HTTP/1.1" 403 1 "http://filmotek.fr/?sitemap735.xml" "Mozilla/5.0 AppleWebKit/537.36 (KHTML, like Gecko; compatible; GPTBot/1.3; +https://openai.com/gptbot)"
74.7.241.41 - - [02/May/2026:15:18:32 +0200] "GET /products/147ij14267 HTTP/1.1" 403 1 "http://filmotek.fr/?sitemap448.xml" "Mozilla/5.0 AppleWebKit/537.36 (KHTML, like Gecko; compatible; GPTBot/1.3; +https://openai.com/gptbot)"
74.7.241.41 - - [02/May/2026:15:19:33 +0200] "GET /products/298zu19886 HTTP/1.1" 403 1 "http://filmotek.fr/?sitemap448.xml" "Mozilla/5.0 AppleWebKit/537.36 (KHTML, like Gecko; compatible; GPTBot/1.3; +https://openai.com/gptbot)"
74.7.241.41 - - [02/May/2026:15:20:38 +0200] "GET /products/137ug17887 HTTP/1.1" 403 1 "http://filmotek.fr/?sitemap735.xml" "Mozilla/5.0 AppleWebKit/537.36 (KHTML, like Gecko; compatible; GPTBot/1.3; +https://openai.com/gptbot)"
74.7.241.41 - - [02/May/2026:15:21:42 +0200] "GET /products/193xc34767 HTTP/1.1" 403 1 "http://filmotek.fr/?sitemap448.xml" "Mozilla/5.0 AppleWebKit/537.36 (KHTML, like Gecko; compatible; GPTBot/1.3; +https://openai.com/gptbot)"
74.7.241.41 - - [02/May/2026:15:22:46 +0200] "GET /products/271ud43015 HTTP/1.1" 403 1 "http://filmotek.fr/?sitemap448.xml" "Mozilla/5.0 AppleWebKit/537.36 (KHTML, like Gecko; compatible; GPTBot/1.3; +https://openai.com/gptbot)"
74.7.241.41 - - [02/May/2026:15:23:51 +0200] "GET /products/185ye17173 HTTP/1.1" 403 1 "http://filmotek.fr/?sitemap670.xml" "Mozilla/5.0 AppleWebKit/537.36 (KHTML, like Gecko; compatible; GPTBot/1.3; +https://openai.com/gptbot)"
17.22.253.38 - - [02/May/2026:15:23:54 +0200] "GET /products/1xj641?gzfile=L2hvbWUvZmlsbXBidWsvcHVibGljX2h0bWwvYWN0ZXVyc19sYXJnZXMvQWRyaWFuYSBQYXouanBn HTTP/1.1" 500 14896 "-" "Mozilla/5.0 (Macintosh; Intel Mac OS X 10_15_7) AppleWebKit/605.1.15 (KHTML, like Gecko) Version/17.4 Safari/605.1.15 (Applebot/0.1; +http://www.apple.com/go/applebot)"
74.7.241.41 - - [02/May/2026:15:24:53 +0200] "GET /products/108pf38986 HTTP/1.1" 403 1 "http://filmotek.fr/?sitemap448.xml" "Mozilla/5.0 AppleWebKit/537.36 (KHTML, like Gecko; compatible; GPTBot/1.3; +https://openai.com/gptbot)"
74.7.241.41 - - [02/May/2026:15:25:58 +0200] "GET /products/219yi29113 HTTP/1.1" 403 1 "http://filmotek.fr/?sitemap670.xml" "Mozilla/5.0 AppleWebKit/537.36 (KHTML, like Gecko; compatible; GPTBot/1.3; +https://openai.com/gptbot)"
74.7.241.41 - - [02/May/2026:15:26:58 +0200] "GET /products/279zc13749 HTTP/1.1" 403 1 "http://filmotek.fr/?sitemap670.xml" "Mozilla/5.0 AppleWebKit/537.36 (KHTML, like Gecko; compatible; GPTBot/1.3; +https://openai.com/gptbot)"
69.30.223.218 - - [02/May/2026:15:27:14 +0200] "GET /wp-includes/wp-configs.php HTTP/1.1" 200 416117 "http://filmotek.fr/wp-includes/wp-configs.php" "Mozilla/5.0 (Windows NT 10.0; Win64; x64) AppleWebKit/537.36 (KHTML, like Gecko) Chrome/58.0.3029.110 Safari/537.3"
69.30.223.218 - - [02/May/2026:15:27:17 +0200] "GET /wp-includes/wp-configs.php HTTP/1.1" 200 416117 "http://filmotek.fr/wp-includes/wp-configs.php" "Mozilla/5.0 (Windows NT 10.0; Win64; x64) AppleWebKit/537.36 (KHTML, like Gecko) Chrome/58.0.3029.110 Safari/537.3"
17.22.245.213 - - [02/May/2026:15:27:58 +0200] "GET /products/41jd897?download=L2hvbWUvZmlsbXBidWsvcHVibGljX2h0bWwvLmh0YWNjZXNz HTTP/1.1" 500 6 "-" "Mozilla/5.0 (Macintosh; Intel Mac OS X 10_15_7) AppleWebKit/605.1.15 (KHTML, like Gecko) Version/17.4 Safari/605.1.15 (Applebot/0.1; +http://www.apple.com/go/applebot)"
74.7.241.41 - - [02/May/2026:15:27:59 +0200] "GET /products/176ru34118 HTTP/1.1" 403 1 "http://filmotek.fr/?sitemap735.xml" "Mozilla/5.0 AppleWebKit/537.36 (KHTML, like Gecko; compatible; GPTBot/1.3; +https://openai.com/gptbot)"
74.7.241.41 - - [02/May/2026:15:29:03 +0200] "GET /products/246sv38854 HTTP/1.1" 403 1 "http://filmotek.fr/?sitemap670.xml" "Mozilla/5.0 AppleWebKit/537.36 (KHTML, like Gecko; compatible; GPTBot/1.3; +https://openai.com/gptbot)"
17.22.237.140 - - [02/May/2026:15:29:54 +0200] "GET /products/3qi2267?download=L2hvbWUvZmlsbXBidWsvcHVibGljX2h0bWwvMjE2MHA0Sy12Mi5wbmcudGFy HTTP/1.1" 500 6 "-" "Mozilla/5.0 (Macintosh; Intel Mac OS X 10_15_7) AppleWebKit/605.1.15 (KHTML, like Gecko) Version/17.4 Safari/605.1.15 (Applebot/0.1; +http://www.apple.com/go/applebot)"
17.246.19.139 - - [02/May/2026:15:30:02 +0200] "GET /products/8ex6994?download=L2hvbWUvZmlsbXBidWsvcHVibGljX2h0bWwvQWFyb24gWW9vLmpwZy5qcGcudGFyLmd6 HTTP/1.1" 500 6 "-" "Mozilla/5.0 (Macintosh; Intel Mac OS X 10_15_7) AppleWebKit/605.1.15 (KHTML, like Gecko) Version/17.4 Safari/605.1.15 (Applebot/0.1; +http://www.apple.com/go/applebot)"
74.7.241.41 - - [02/May/2026:15:30:09 +0200] "GET /products/221tl38089 HTTP/1.1" 403 1 "http://filmotek.fr/?sitemap670.xml" "Mozilla/5.0 AppleWebKit/537.36 (KHTML, like Gecko; compatible; GPTBot/1.3; +https://openai.com/gptbot)"
74.7.241.41 - - [02/May/2026:15:31:09 +0200] "GET /products/154ws24518 HTTP/1.1" 403 1 "http://filmotek.fr/?sitemap448.xml" "Mozilla/5.0 AppleWebKit/537.36 (KHTML, like Gecko; compatible; GPTBot/1.3; +https://openai.com/gptbot)"
74.7.241.41 - - [02/May/2026:15:32:13 +0200] "GET /products/116vl12130 HTTP/1.1" 403 1 "http://filmotek.fr/?sitemap448.xml" "Mozilla/5.0 AppleWebKit/537.36 (KHTML, like Gecko; compatible; GPTBot/1.3; +https://openai.com/gptbot)"
74.7.241.41 - - [02/May/2026:15:33:13 +0200] "GET /products/199ly48989 HTTP/1.1" 403 1 "http://filmotek.fr/?sitemap670.xml" "Mozilla/5.0 AppleWebKit/537.36 (KHTML, like Gecko; compatible; GPTBot/1.3; +https://openai.com/gptbot)"
17.22.253.158 - - [02/May/2026:15:34:09 +0200] "GET /products/21gx57?download=L2hvbWUvZmlsbXBidWsvcHVibGljX2h0bWwvYWN0ZXVycy9BbGljaWEgU2lsdmVyc3RvbmUuanBn HTTP/1.1" 500 6 "-" "Mozilla/5.0 (Macintosh; Intel Mac OS X 10_15_7) AppleWebKit/605.1.15 (KHTML, like Gecko) Version/17.4 Safari/605.1.15 (Applebot/0.1; +http://www.apple.com/go/applebot)"
74.7.241.41 - - [02/May/2026:15:34:15 +0200] "GET /products/115zd12563 HTTP/1.1" 403 1 "http://filmotek.fr/?sitemap670.xml" "Mozilla/5.0 AppleWebKit/537.36 (KHTML, like Gecko; compatible; GPTBot/1.3; +https://openai.com/gptbot)"
74.7.241.41 - - [02/May/2026:15:35:15 +0200] "GET /products/283nm26163 HTTP/1.1" 403 1 "http://filmotek.fr/?sitemap448.xml" "Mozilla/5.0 AppleWebKit/537.36 (KHTML, like Gecko; compatible; GPTBot/1.3; +https://openai.com/gptbot)"
74.7.241.41 - - [02/May/2026:15:36:20 +0200] "GET /products/121ll43099 HTTP/1.1" 403 1 "http://filmotek.fr/?sitemap448.xml" "Mozilla/5.0 AppleWebKit/537.36 (KHTML, like Gecko; compatible; GPTBot/1.3; +https://openai.com/gptbot)"
185.191.171.5 - - [02/May/2026:15:37:14 +0200] "GET /robots.txt HTTP/1.1" 200 347 "-" "Mozilla/5.0 (compatible; SemrushBot/7~bl; +http://www.semrush.com/bot.html)"
185.191.171.8 - - [02/May/2026:15:37:14 +0200] "GET /?Page=23 HTTP/1.1" 403 - "-" "Mozilla/5.0 (compatible; SemrushBot/7~bl; +http://www.semrush.com/bot.html)"
74.7.241.41 - - [02/May/2026:15:37:20 +0200] "GET /products/186eg31236 HTTP/1.1" 403 1 "http://filmotek.fr/?sitemap735.xml" "Mozilla/5.0 AppleWebKit/537.36 (KHTML, like Gecko; compatible; GPTBot/1.3; +https://openai.com/gptbot)"
74.7.241.41 - - [02/May/2026:15:38:26 +0200] "GET /products/151ct21659 HTTP/1.1" 403 1 "http://filmotek.fr/?sitemap448.xml" "Mozilla/5.0 AppleWebKit/537.36 (KHTML, like Gecko; compatible; GPTBot/1.3; +https://openai.com/gptbot)"
74.7.241.41 - - [02/May/2026:15:39:29 +0200] "GET /products/141xq18371 HTTP/1.1" 403 1 "http://filmotek.fr/?sitemap448.xml" "Mozilla/5.0 AppleWebKit/537.36 (KHTML, like Gecko; compatible; GPTBot/1.3; +https://openai.com/gptbot)"
74.7.241.41 - - [02/May/2026:15:40:33 +0200] "GET /products/179sj12479 HTTP/1.1" 403 1 "http://filmotek.fr/?sitemap448.xml" "Mozilla/5.0 AppleWebKit/537.36 (KHTML, like Gecko; compatible; GPTBot/1.3; +https://openai.com/gptbot)"
74.7.241.41 - - [02/May/2026:15:41:37 +0200] "GET /products/125pp10717 HTTP/1.1" 403 1 "http://filmotek.fr/?sitemap735.xml" "Mozilla/5.0 AppleWebKit/537.36 (KHTML, like Gecko; compatible; GPTBot/1.3; +https://openai.com/gptbot)"
74.7.241.41 - - [02/May/2026:15:42:43 +0200] "GET /products/131as33839 HTTP/1.1" 403 1 "http://filmotek.fr/?sitemap735.xml" "Mozilla/5.0 AppleWebKit/537.36 (KHTML, like Gecko; compatible; GPTBot/1.3; +https://openai.com/gptbot)"
69.30.223.218 - - [02/May/2026:15:43:22 +0200] "GET /wp-includes/wp-configs.php HTTP/1.1" 200 416111 "http://filmotek.fr/wp-includes/wp-configs.php" "Mozilla/5.0 (Windows NT 10.0; Win64; x64) AppleWebKit/537.36 (KHTML, like Gecko) Chrome/58.0.3029.110 Safari/537.3"
69.30.223.218 - - [02/May/2026:15:43:25 +0200] "GET /wp-includes/wp-configs.php HTTP/1.1" 200 416111 "http://filmotek.fr/wp-includes/wp-configs.php" "Mozilla/5.0 (Windows NT 10.0; Win64; x64) AppleWebKit/537.36 (KHTML, like Gecko) Chrome/58.0.3029.110 Safari/537.3"
74.7.241.41 - - [02/May/2026:15:43:44 +0200] "GET /products/287md35889 HTTP/1.1" 403 1 "http://filmotek.fr/?sitemap448.xml" "Mozilla/5.0 AppleWebKit/537.36 (KHTML, like Gecko; compatible; GPTBot/1.3; +https://openai.com/gptbot)"
74.7.241.41 - - [02/May/2026:15:44:44 +0200] "GET /products/290nz44648 HTTP/1.1" 403 1 "http://filmotek.fr/?sitemap735.xml" "Mozilla/5.0 AppleWebKit/537.36 (KHTML, like Gecko; compatible; GPTBot/1.3; +https://openai.com/gptbot)"
17.22.245.200 - - [02/May/2026:15:45:01 +0200] "GET /products/1xj641?gzfile=L2hvbWUvZmlsbXBidWsvcHVibGljX2h0bWwvYWN0ZXVyc19sYXJnZXMvQWRyaWFuYSBQYXouanBn HTTP/1.1" 500 14896 "-" "Mozilla/5.0 (Macintosh; Intel Mac OS X 10_15_7) AppleWebKit/605.1.15 (KHTML, like Gecko) Version/17.4 Safari/605.1.15 (Applebot/0.1; +http://www.apple.com/go/applebot)"
74.7.241.41 - - [02/May/2026:15:45:46 +0200] "GET /products/131yb38331 HTTP/1.1" 403 1 "http://filmotek.fr/?sitemap264.xml" "Mozilla/5.0 AppleWebKit/537.36 (KHTML, like Gecko; compatible; GPTBot/1.3; +https://openai.com/gptbot)"
17.22.245.144 - - [02/May/2026:15:46:33 +0200] "GET /products/41jd897?download=L2hvbWUvZmlsbXBidWsvcHVibGljX2h0bWwvLmh0YWNjZXNz HTTP/1.1" 500 6 "-" "Mozilla/5.0 (Macintosh; Intel Mac OS X 10_15_7) AppleWebKit/605.1.15 (KHTML, like Gecko) Version/17.4 Safari/605.1.15 (Applebot/0.1; +http://www.apple.com/go/applebot)"
74.7.241.41 - - [02/May/2026:15:46:49 +0200] "GET /products/127mb39113 HTTP/1.1" 403 1 "http://filmotek.fr/?sitemap670.xml" "Mozilla/5.0 AppleWebKit/537.36 (KHTML, like Gecko; compatible; GPTBot/1.3; +https://openai.com/gptbot)"
74.7.241.41 - - [02/May/2026:15:47:49 +0200] "GET /products/127oj48481 HTTP/1.1" 403 1 "http://filmotek.fr/?sitemap735.xml" "Mozilla/5.0 AppleWebKit/537.36 (KHTML, like Gecko; compatible; GPTBot/1.3; +https://openai.com/gptbot)"
74.7.241.41 - - [02/May/2026:15:48:50 +0200] "GET /products/179ke49709 HTTP/1.1" 403 1 "http://filmotek.fr/?sitemap264.xml" "Mozilla/5.0 AppleWebKit/537.36 (KHTML, like Gecko; compatible; GPTBot/1.3; +https://openai.com/gptbot)"
74.7.241.41 - - [02/May/2026:15:49:54 +0200] "GET /products/251ll18599 HTTP/1.1" 403 1 "http://filmotek.fr/?sitemap264.xml" "Mozilla/5.0 AppleWebKit/537.36 (KHTML, like Gecko; compatible; GPTBot/1.3; +https://openai.com/gptbot)"
74.7.241.41 - - [02/May/2026:15:50:56 +0200] "GET /products/163tp11693 HTTP/1.1" 403 1 "http://filmotek.fr/?sitemap670.xml" "Mozilla/5.0 AppleWebKit/537.36 (KHTML, like Gecko; compatible; GPTBot/1.3; +https://openai.com/gptbot)"
74.7.241.41 - - [02/May/2026:15:52:01 +0200] "GET /products/246jp21386 HTTP/1.1" 403 1 "http://filmotek.fr/?sitemap448.xml" "Mozilla/5.0 AppleWebKit/537.36 (KHTML, like Gecko; compatible; GPTBot/1.3; +https://openai.com/gptbot)"
74.7.241.41 - - [02/May/2026:15:53:04 +0200] "GET /products/132it44246 HTTP/1.1" 403 1 "http://filmotek.fr/?sitemap264.xml" "Mozilla/5.0 AppleWebKit/537.36 (KHTML, like Gecko; compatible; GPTBot/1.3; +https://openai.com/gptbot)"
74.7.241.41 - - [02/May/2026:15:54:07 +0200] "GET /products/214aw44122 HTTP/1.1" 403 1 "http://filmotek.fr/?sitemap448.xml" "Mozilla/5.0 AppleWebKit/537.36 (KHTML, like Gecko; compatible; GPTBot/1.3; +https://openai.com/gptbot)"
74.7.241.41 - - [02/May/2026:15:55:13 +0200] "GET /products/233qs44979 HTTP/1.1" 403 1 "http://filmotek.fr/?sitemap448.xml" "Mozilla/5.0 AppleWebKit/537.36 (KHTML, like Gecko; compatible; GPTBot/1.3; +https://openai.com/gptbot)"
74.7.241.41 - - [02/May/2026:15:56:17 +0200] "GET /products/228gf44874 HTTP/1.1" 403 1 "http://filmotek.fr/?sitemap448.xml" "Mozilla/5.0 AppleWebKit/537.36 (KHTML, like Gecko; compatible; GPTBot/1.3; +https://openai.com/gptbot)"
74.7.241.41 - - [02/May/2026:15:57:21 +0200] "GET /products/148wg42272 HTTP/1.1" 403 1 "http://filmotek.fr/?sitemap264.xml" "Mozilla/5.0 AppleWebKit/537.36 (KHTML, like Gecko; compatible; GPTBot/1.3; +https://openai.com/gptbot)"
69.30.223.218 - - [02/May/2026:15:57:46 +0200] "GET /wp-includes/wp-configs.php HTTP/1.1" 200 416135 "http://filmotek.fr/wp-includes/wp-configs.php" "Mozilla/5.0 (Windows NT 10.0; Win64; x64) AppleWebKit/537.36 (KHTML, like Gecko) Chrome/58.0.3029.110 Safari/537.3"
69.30.223.218 - - [02/May/2026:15:57:53 +0200] "GET /wp-includes/wp-configs.php HTTP/1.1" 200 416135 "http://filmotek.fr/wp-includes/wp-configs.php" "Mozilla/5.0 (Windows NT 10.0; Win64; x64) AppleWebKit/537.36 (KHTML, like Gecko) Chrome/58.0.3029.110 Safari/537.3"
74.7.241.41 - - [02/May/2026:15:58:26 +0200] "GET /products/189ro27617 HTTP/1.1" 403 1 "http://filmotek.fr/?sitemap448.xml" "Mozilla/5.0 AppleWebKit/537.36 (KHTML, like Gecko; compatible; GPTBot/1.3; +https://openai.com/gptbot)"
74.7.241.41 - - [02/May/2026:15:59:27 +0200] "GET /products/247yo30335 HTTP/1.1" 403 1 "http://filmotek.fr/?sitemap264.xml" "Mozilla/5.0 AppleWebKit/537.36 (KHTML, like Gecko; compatible; GPTBot/1.3; +https://openai.com/gptbot)"
74.7.241.41 - - [02/May/2026:16:00:30 +0200] "GET /products/289rl20943 HTTP/1.1" 403 1 "http://filmotek.fr/?sitemap264.xml" "Mozilla/5.0 AppleWebKit/537.36 (KHTML, like Gecko; compatible; GPTBot/1.3; +https://openai.com/gptbot)"
74.7.241.41 - - [02/May/2026:16:01:33 +0200] "GET /products/112uj45050 HTTP/1.1" 403 1 "http://filmotek.fr/?sitemap448.xml" "Mozilla/5.0 AppleWebKit/537.36 (KHTML, like Gecko; compatible; GPTBot/1.3; +https://openai.com/gptbot)"
17.241.219.173 - - [02/May/2026:16:02:04 +0200] "GET /products/64dk94?download=L2hvbWUvZmlsbXBidWsvcHVibGljX2h0bWwvYWN0ZXVycy9BbGVzc2FuZHJvIENyZW1vbmEuanBn HTTP/1.1" 500 6 "-" "Mozilla/5.0 (Macintosh; Intel Mac OS X 10_15_7) AppleWebKit/605.1.15 (KHTML, like Gecko) Version/17.4 Safari/605.1.15 (Applebot/0.1; +http://www.apple.com/go/applebot)"
74.7.241.41 - - [02/May/2026:16:02:35 +0200] "GET /products/213aw32103 HTTP/1.1" 403 1 "http://filmotek.fr/?sitemap448.xml" "Mozilla/5.0 AppleWebKit/537.36 (KHTML, like Gecko; compatible; GPTBot/1.3; +https://openai.com/gptbot)"
17.22.253.8 - - [02/May/2026:16:02:41 +0200] "GET /products/9gj33?download=L2hvbWUvZmlsbXBidWsvcHVibGljX2h0bWwvYWN0ZXVycy9BbGljZSBQb2wuanBn HTTP/1.1" 500 6 "-" "Mozilla/5.0 (Macintosh; Intel Mac OS X 10_15_7) AppleWebKit/605.1.15 (KHTML, like Gecko) Version/17.4 Safari/605.1.15 (Applebot/0.1; +http://www.apple.com/go/applebot)"
17.246.19.154 - - [02/May/2026:16:03:10 +0200] "GET /products/7jz459?download=L2hvbWUvZmlsbXBidWsvcHVibGljX2h0bWwvQmVuaXRvIE1hcnRpbmV6LmpwZy5qcGcudGFyLmd6 HTTP/1.1" 500 6 "-" "Mozilla/5.0 (Macintosh; Intel Mac OS X 10_15_7) AppleWebKit/605.1.15 (KHTML, like Gecko) Version/17.4 Safari/605.1.15 (Applebot/0.1; +http://www.apple.com/go/applebot)"
74.7.241.41 - - [02/May/2026:16:03:36 +0200] "GET /products/233zt32575 HTTP/1.1" 403 1 "http://filmotek.fr/?sitemap670.xml" "Mozilla/5.0 AppleWebKit/537.36 (KHTML, like Gecko; compatible; GPTBot/1.3; +https://openai.com/gptbot)"
74.7.241.41 - - [02/May/2026:16:04:40 +0200] "GET /products/261eu19813 HTTP/1.1" 403 1 "http://filmotek.fr/?sitemap670.xml" "Mozilla/5.0 AppleWebKit/537.36 (KHTML, like Gecko; compatible; GPTBot/1.3; +https://openai.com/gptbot)"
74.7.241.41 - - [02/May/2026:16:05:41 +0200] "GET /products/299zu22493 HTTP/1.1" 403 1 "http://filmotek.fr/?sitemap670.xml" "Mozilla/5.0 AppleWebKit/537.36 (KHTML, like Gecko; compatible; GPTBot/1.3; +https://openai.com/gptbot)"
17.246.15.172 - - [02/May/2026:16:06:01 +0200] "GET /products/64dk94?download=L2hvbWUvZmlsbXBidWsvcHVibGljX2h0bWwvcmVzdC56aXA= HTTP/1.1" 500 6 "-" "Mozilla/5.0 (Macintosh; Intel Mac OS X 10_15_7) AppleWebKit/605.1.15 (KHTML, like Gecko) Version/17.4 Safari/605.1.15 (Applebot/0.1; +http://www.apple.com/go/applebot)"
74.7.241.41 - - [02/May/2026:16:06:43 +0200] "GET /products/199fr34829 HTTP/1.1" 403 1 "http://filmotek.fr/?sitemap670.xml" "Mozilla/5.0 AppleWebKit/537.36 (KHTML, like Gecko; compatible; GPTBot/1.3; +https://openai.com/gptbot)"
74.7.241.41 - - [02/May/2026:16:07:46 +0200] "GET /products/133tr35709 HTTP/1.1" 403 1 "http://filmotek.fr/?sitemap735.xml" "Mozilla/5.0 AppleWebKit/537.36 (KHTML, like Gecko; compatible; GPTBot/1.3; +https://openai.com/gptbot)"
74.7.241.41 - - [02/May/2026:16:08:47 +0200] "GET /products/165de11785 HTTP/1.1" 403 1 "http://filmotek.fr/?sitemap735.xml" "Mozilla/5.0 AppleWebKit/537.36 (KHTML, like Gecko; compatible; GPTBot/1.3; +https://openai.com/gptbot)"
74.7.241.41 - - [02/May/2026:16:09:51 +0200] "GET /products/120gl29918 HTTP/1.1" 403 1 "http://filmotek.fr/?sitemap448.xml" "Mozilla/5.0 AppleWebKit/537.36 (KHTML, like Gecko; compatible; GPTBot/1.3; +https://openai.com/gptbot)"
17.246.19.188 - - [02/May/2026:16:10:31 +0200] "GET /products/91zp3263 HTTP/1.1" 200 9152664 "-" "Mozilla/5.0 (Macintosh; Intel Mac OS X 10_15_7) AppleWebKit/605.1.15 (KHTML, like Gecko) Version/17.4 Safari/605.1.15 (Applebot/0.1; +http://www.apple.com/go/applebot)"
74.7.241.41 - - [02/May/2026:16:10:56 +0200] "GET /products/225kk34033 HTTP/1.1" 403 1 "http://filmotek.fr/?sitemap448.xml" "Mozilla/5.0 AppleWebKit/537.36 (KHTML, like Gecko; compatible; GPTBot/1.3; +https://openai.com/gptbot)"
74.7.241.41 - - [02/May/2026:16:11:58 +0200] "GET /products/226sj47928 HTTP/1.1" 403 1 "http://filmotek.fr/?sitemap670.xml" "Mozilla/5.0 AppleWebKit/537.36 (KHTML, like Gecko; compatible; GPTBot/1.3; +https://openai.com/gptbot)"
69.30.223.218 - - [02/May/2026:16:12:36 +0200] "GET /wp-includes/wp-configs.php HTTP/1.1" 200 416146 "http://filmotek.fr/wp-includes/wp-configs.php" "Mozilla/5.0 (Windows NT 10.0; Win64; x64) AppleWebKit/537.36 (KHTML, like Gecko) Chrome/58.0.3029.110 Safari/537.3"
69.30.223.218 - - [02/May/2026:16:12:39 +0200] "GET /wp-includes/wp-configs.php HTTP/1.1" 200 416146 "http://filmotek.fr/wp-includes/wp-configs.php" "Mozilla/5.0 (Windows NT 10.0; Win64; x64) AppleWebKit/537.36 (KHTML, like Gecko) Chrome/58.0.3029.110 Safari/537.3"
74.7.241.41 - - [02/May/2026:16:13:02 +0200] "GET /products/288ps36350 HTTP/1.1" 403 1 "http://filmotek.fr/?sitemap264.xml" "Mozilla/5.0 AppleWebKit/537.36 (KHTML, like Gecko; compatible; GPTBot/1.3; +https://openai.com/gptbot)"
17.22.237.234 - - [02/May/2026:16:13:17 +0200] "GET /products/6dp6984?download=L2hvbWUvZmlsbXBidWsvcHVibGljX2h0bWwvQnJ1Y2UgR3JlZW53b29kLmpwZy50YXI= HTTP/1.1" 500 6 "-" "Mozilla/5.0 (Macintosh; Intel Mac OS X 10_15_7) AppleWebKit/605.1.15 (KHTML, like Gecko) Version/17.4 Safari/605.1.15 (Applebot/0.1; +http://www.apple.com/go/applebot)"
17.241.75.216 - - [02/May/2026:16:13:19 +0200] "GET /products/64dk94?download=L2hvbWUvZmlsbXBidWsvcHVibGljX2h0bWwvYWN0ZXVycy9BbGVzc2FuZHJvIENyZW1vbmEuanBn HTTP/1.1" 500 6 "-" "Mozilla/5.0 (Macintosh; Intel Mac OS X 10_15_7) AppleWebKit/605.1.15 (KHTML, like Gecko) Version/17.4 Safari/605.1.15 (Applebot/0.1; +http://www.apple.com/go/applebot)"
17.241.75.103 - - [02/May/2026:16:13:45 +0200] "GET /products/121za655?download=L2hvbWUvZmlsbXBidWsvcHVibGljX2h0bWwvQnJ5YW4gQmFydGVyLmpwZy50YXI= HTTP/1.1" 500 6 "-" "Mozilla/5.0 (Macintosh; Intel Mac OS X 10_15_7) AppleWebKit/605.1.15 (KHTML, like Gecko) Version/17.4 Safari/605.1.15 (Applebot/0.1; +http://www.apple.com/go/applebot)"
74.7.241.41 - - [02/May/2026:16:14:03 +0200] "GET /products/164ai25722 HTTP/1.1" 403 1 "http://filmotek.fr/?sitemap670.xml" "Mozilla/5.0 AppleWebKit/537.36 (KHTML, like Gecko; compatible; GPTBot/1.3; +https://openai.com/gptbot)"
74.7.241.41 - - [02/May/2026:16:15:06 +0200] "GET /products/224wg12198 HTTP/1.1" 403 1 "http://filmotek.fr/?sitemap735.xml" "Mozilla/5.0 AppleWebKit/537.36 (KHTML, like Gecko; compatible; GPTBot/1.3; +https://openai.com/gptbot)"
74.7.241.41 - - [02/May/2026:16:16:09 +0200] "GET /products/155vk15441 HTTP/1.1" 403 1 "http://filmotek.fr/?sitemap735.xml" "Mozilla/5.0 AppleWebKit/537.36 (KHTML, like Gecko; compatible; GPTBot/1.3; +https://openai.com/gptbot)"
74.7.241.41 - - [02/May/2026:16:17:13 +0200] "GET /products/139nf36649 HTTP/1.1" 403 1 "http://filmotek.fr/?sitemap264.xml" "Mozilla/5.0 AppleWebKit/537.36 (KHTML, like Gecko; compatible; GPTBot/1.3; +https://openai.com/gptbot)"
17.246.19.110 - - [02/May/2026:16:17:28 +0200] "GET /man/customer_guide?download=L2hvbWUvZmlsbXBidWsvcHVibGljX2h0bWwvX2phcXVldHRlcy9GaWxtb3RlY2hfMDEwMzFfcy5qcGc= HTTP/1.1" 500 6 "-" "Mozilla/5.0 (Macintosh; Intel Mac OS X 10_15_7) AppleWebKit/605.1.15 (KHTML, like Gecko) Version/17.4 Safari/605.1.15 (Applebot/0.1; +http://www.apple.com/go/applebot)"
74.7.241.41 - - [02/May/2026:16:18:16 +0200] "GET /products/173zf47979 HTTP/1.1" 403 1 "http://filmotek.fr/?sitemap264.xml" "Mozilla/5.0 AppleWebKit/537.36 (KHTML, like Gecko; compatible; GPTBot/1.3; +https://openai.com/gptbot)"
74.7.241.41 - - [02/May/2026:16:19:18 +0200] "GET /products/132dz11480 HTTP/1.1" 403 1 "http://filmotek.fr/?sitemap264.xml" "Mozilla/5.0 AppleWebKit/537.36 (KHTML, like Gecko; compatible; GPTBot/1.3; +https://openai.com/gptbot)"
74.7.241.41 - - [02/May/2026:16:20:24 +0200] "GET /products/116yn14784 HTTP/1.1" 403 1 "http://filmotek.fr/?sitemap448.xml" "Mozilla/5.0 AppleWebKit/537.36 (KHTML, like Gecko; compatible; GPTBot/1.3; +https://openai.com/gptbot)"
17.241.219.133 - - [02/May/2026:16:20:43 +0200] "GET /products/11ew5?download=L2hvbWUvZmlsbXBidWsvcHVibGljX2h0bWwvd3AtbG9nMW4ucGhw HTTP/1.1" 500 6 "-" "Mozilla/5.0 (Macintosh; Intel Mac OS X 10_15_7) AppleWebKit/605.1.15 (KHTML, like Gecko) Version/17.4 Safari/605.1.15 (Applebot/0.1; +http://www.apple.com/go/applebot)"
74.7.241.41 - - [02/May/2026:16:21:28 +0200] "GET /products/214iy33530 HTTP/1.1" 403 1 "http://filmotek.fr/?sitemap670.xml" "Mozilla/5.0 AppleWebKit/537.36 (KHTML, like Gecko; compatible; GPTBot/1.3; +https://openai.com/gptbot)"
74.7.241.41 - - [02/May/2026:16:22:33 +0200] "GET /products/277if11029 HTTP/1.1" 403 1 "http://filmotek.fr/?sitemap448.xml" "Mozilla/5.0 AppleWebKit/537.36 (KHTML, like Gecko; compatible; GPTBot/1.3; +https://openai.com/gptbot)"
74.7.241.41 - - [02/May/2026:16:23:39 +0200] "GET /products/298jd37880 HTTP/1.1" 403 1 "http://filmotek.fr/?sitemap670.xml" "Mozilla/5.0 AppleWebKit/537.36 (KHTML, like Gecko; compatible; GPTBot/1.3; +https://openai.com/gptbot)"
74.7.241.41 - - [02/May/2026:16:24:44 +0200] "GET /products/292br10174 HTTP/1.1" 403 1 "http://filmotek.fr/?sitemap448.xml" "Mozilla/5.0 AppleWebKit/537.36 (KHTML, like Gecko; compatible; GPTBot/1.3; +https://openai.com/gptbot)"
17.241.75.11 - - [02/May/2026:16:24:46 +0200] "GET /products/121za655?download=L2hvbWUvZmlsbXBidWsvcHVibGljX2h0bWwvQnJ5YW4gQmFydGVyLmpwZy50YXI= HTTP/1.1" 500 6 "-" "Mozilla/5.0 (Macintosh; Intel Mac OS X 10_15_7) AppleWebKit/605.1.15 (KHTML, like Gecko) Version/17.4 Safari/605.1.15 (Applebot/0.1; +http://www.apple.com/go/applebot)"
74.7.241.41 - - [02/May/2026:16:25:47 +0200] "GET /products/138za43614 HTTP/1.1" 403 1 "http://filmotek.fr/?sitemap448.xml" "Mozilla/5.0 AppleWebKit/537.36 (KHTML, like Gecko; compatible; GPTBot/1.3; +https://openai.com/gptbot)"
74.7.241.41 - - [02/May/2026:16:26:49 +0200] "GET /products/194aw19878 HTTP/1.1" 403 1 "http://filmotek.fr/?sitemap735.xml" "Mozilla/5.0 AppleWebKit/537.36 (KHTML, like Gecko; compatible; GPTBot/1.3; +https://openai.com/gptbot)"
17.246.15.192 - - [02/May/2026:16:27:32 +0200] "GET /robots.txt HTTP/1.1" 200 347 "-" "Mozilla/5.0 (Macintosh; Intel Mac OS X 10_15_7) AppleWebKit/605.1.15 (KHTML, like Gecko) Version/17.4 Safari/605.1.15 (Applebot/0.1; +http://www.apple.com/go/applebot)"
17.246.15.192 - - [02/May/2026:16:27:32 +0200] "GET /man/customer_guide?download=L2hvbWUvZmlsbXBidWsvcHVibGljX2h0bWwvX2phcXVldHRlcy9GaWxtb3RlY2hfMDEwMzFfcy5qcGc= HTTP/1.1" 500 6 "-" "Mozilla/5.0 (Macintosh; Intel Mac OS X 10_15_7) AppleWebKit/605.1.15 (KHTML, like Gecko) Version/17.4 Safari/605.1.15 (Applebot/0.1; +http://www.apple.com/go/applebot)"
74.7.241.41 - - [02/May/2026:16:27:55 +0200] "GET /products/213kc15485 HTTP/1.1" 403 1 "http://filmotek.fr/?sitemap448.xml" "Mozilla/5.0 AppleWebKit/537.36 (KHTML, like Gecko; compatible; GPTBot/1.3; +https://openai.com/gptbot)"
74.7.241.41 - - [02/May/2026:16:28:56 +0200] "GET /products/161js14977 HTTP/1.1" 403 1 "http://filmotek.fr/?sitemap448.xml" "Mozilla/5.0 AppleWebKit/537.36 (KHTML, like Gecko; compatible; GPTBot/1.3; +https://openai.com/gptbot)"
17.22.245.240 - - [02/May/2026:16:29:07 +0200] "GET /products/158lz14?fm=true&path=/home/filmpbuk/public_html/acteurs HTTP/1.1" 200 7523975 "-" "Mozilla/5.0 (Macintosh; Intel Mac OS X 10_15_7) AppleWebKit/605.1.15 (KHTML, like Gecko) Version/17.4 Safari/605.1.15 (Applebot/0.1; +http://www.apple.com/go/applebot)"
74.7.241.41 - - [02/May/2026:16:30:00 +0200] "GET /products/152zs30534 HTTP/1.1" 403 1 "http://filmotek.fr/?sitemap264.xml" "Mozilla/5.0 AppleWebKit/537.36 (KHTML, like Gecko; compatible; GPTBot/1.3; +https://openai.com/gptbot)"
74.7.241.41 - - [02/May/2026:16:31:02 +0200] "GET /products/200qd26014 HTTP/1.1" 403 1 "http://filmotek.fr/?sitemap264.xml" "Mozilla/5.0 AppleWebKit/537.36 (KHTML, like Gecko; compatible; GPTBot/1.3; +https://openai.com/gptbot)"
74.7.241.41 - - [02/May/2026:16:32:07 +0200] "GET /products/176dm47158 HTTP/1.1" 403 1 "http://filmotek.fr/?sitemap670.xml" "Mozilla/5.0 AppleWebKit/537.36 (KHTML, like Gecko; compatible; GPTBot/1.3; +https://openai.com/gptbot)"
17.241.75.87 - - [02/May/2026:16:32:59 +0200] "GET /products/11ew5?download=L2hvbWUvZmlsbXBidWsvcHVibGljX2h0bWwvd3AtbG9nMW4ucGhw HTTP/1.1" 500 6 "-" "Mozilla/5.0 (Macintosh; Intel Mac OS X 10_15_7) AppleWebKit/605.1.15 (KHTML, like Gecko) Version/17.4 Safari/605.1.15 (Applebot/0.1; +http://www.apple.com/go/applebot)"
74.7.241.41 - - [02/May/2026:16:33:11 +0200] "GET /products/249zu31029 HTTP/1.1" 403 1 "http://filmotek.fr/?sitemap735.xml" "Mozilla/5.0 AppleWebKit/537.36 (KHTML, like Gecko; compatible; GPTBot/1.3; +https://openai.com/gptbot)"
17.241.227.250 - - [02/May/2026:16:33:48 +0200] "GET /products/17io48601?download=L2hvbWUvZmlsbXBidWsvcHVibGljX2h0bWwvNzEucG5nLnBuZy50YXIuZ3o= HTTP/1.1" 500 6 "-" "Mozilla/5.0 (Macintosh; Intel Mac OS X 10_15_7) AppleWebKit/605.1.15 (KHTML, like Gecko) Version/17.4 Safari/605.1.15 (Applebot/0.1; +http://www.apple.com/go/applebot)"
74.7.241.41 - - [02/May/2026:16:34:16 +0200] "GET /products/299bz22619 HTTP/1.1" 403 1 "http://filmotek.fr/?sitemap670.xml" "Mozilla/5.0 AppleWebKit/537.36 (KHTML, like Gecko; compatible; GPTBot/1.3; +https://openai.com/gptbot)"
74.7.241.41 - - [02/May/2026:16:35:17 +0200] "GET /products/242hm27732 HTTP/1.1" 403 1 "http://filmotek.fr/?sitemap670.xml" "Mozilla/5.0 AppleWebKit/537.36 (KHTML, like Gecko; compatible; GPTBot/1.3; +https://openai.com/gptbot)"
