216.73.217.116 - - [02/May/2026:14:22:52 +0200] "GET /3433489212.html?edit=Filmotech_01071.jpg.tar&fm=true&path=%2Fhome%2Ffilmpbuk%2Fpublic_html%2F HTTP/2.0" 200 8658 "-" "Mozilla/5.0 AppleWebKit/537.36 (KHTML, like Gecko; compatible; ClaudeBot/1.0; +claudebot@anthropic.com)"
192.178.6.64 - - [02/May/2026:14:22:56 +0200] "GET /?goods/158000904 HTTP/1.1" 200 76824 "-" "Mozilla/5.0 (Linux; Android 6.0.1; Nexus 5X Build/MMB29P) AppleWebKit/537.36 (KHTML, like Gecko) Chrome/147.0.7727.137 Mobile Safari/537.36 (compatible; Googlebot/2.1; +http://www.google.com/bot.html)"
216.73.217.116 - - [02/May/2026:14:22:57 +0200] "GET /1766920719.html?fm=true&path=%2Fhome%2Ffilmpbuk%2Fpublic_html%2Ffontawesome.6.alpha+OK%2Fsvgs%2Fregular%2F&rights=smoke.svg HTTP/2.0" 200 8388 "-" "Mozilla/5.0 AppleWebKit/537.36 (KHTML, like Gecko; compatible; ClaudeBot/1.0; +claudebot@anthropic.com)"
192.178.6.71 - - [02/May/2026:14:22:58 +0200] "GET /?detail/05903445389593 HTTP/1.1" 200 76756 "-" "Mozilla/5.0 (Linux; Android 6.0.1; Nexus 5X Build/MMB29P) AppleWebKit/537.36 (KHTML, like Gecko) Chrome/147.0.7727.137 Mobile Safari/537.36 (compatible; Googlebot/2.1; +http://www.google.com/bot.html)"
192.178.6.67 - - [02/May/2026:14:22:58 +0200] "GET /?goods/274001130 HTTP/1.1" 200 76957 "-" "Mozilla/5.0 (Linux; Android 6.0.1; Nexus 5X Build/MMB29P) AppleWebKit/537.36 (KHTML, like Gecko) Chrome/147.0.7727.137 Mobile Safari/537.36 (compatible; Googlebot/2.1; +http://www.google.com/bot.html)"
192.178.6.65 - - [02/May/2026:14:22:59 +0200] "GET /?detail/055000678003 HTTP/1.1" 200 77271 "-" "Mozilla/5.0 (Linux; Android 6.0.1; Nexus 5X Build/MMB29P) AppleWebKit/537.36 (KHTML, like Gecko) Chrome/147.0.7727.137 Mobile Safari/537.36 (compatible; Googlebot/2.1; +http://www.google.com/bot.html)"
216.73.217.116 - - [02/May/2026:14:23:02 +0200] "GET /3433489212.html?fm=true&path=%2Fhome%2Ffilmpbuk%2Fpublic_html%2Ffontawesome.6.alpha+OK%2Fsvgs%2Fregular%2F&rename=sensor.svg HTTP/2.0" 200 8388 "-" "Mozilla/5.0 AppleWebKit/537.36 (KHTML, like Gecko; compatible; ClaudeBot/1.0; +claudebot@anthropic.com)"
216.73.217.116 - - [02/May/2026:14:23:07 +0200] "GET /27geoni33255.html?edit=calendar-plus.svg&fm=true&path=%2Fhome%2Ffilmpbuk%2Fpublic_html%2Ffontawesome.OK%2Fsvgs%2Flight%2F HTTP/2.0" 200 9037 "-" "Mozilla/5.0 AppleWebKit/537.36 (KHTML, like Gecko; compatible; ClaudeBot/1.0; +claudebot@anthropic.com)"
192.178.6.68 - - [02/May/2026:14:23:07 +0200] "GET /products/86fy210 HTTP/1.1" 200 77573 "-" "Mozilla/5.0 (Linux; Android 6.0.1; Nexus 5X Build/MMB29P) AppleWebKit/537.36 (KHTML, like Gecko) Chrome/147.0.7727.137 Mobile Safari/537.36 (compatible; Googlebot/2.1; +http://www.google.com/bot.html)"
14.226.222.148 - - [02/May/2026:14:22:49 +0200] "GET /pcmypage?callback=product%2Freview%2Fm94064983533 HTTP/1.1" 200 9152664 "-" "Mozilla/5.0 (Macintosh; Intel Mac OS X 10_15_3) AppleWebKit/537.36 (KHTML, like Gecko) Chrome/98.0.4758.80 Safari/537.36"
14.231.154.109 - - [02/May/2026:14:23:09 +0200] "GET /zhHant/product/surugaya/m81717485213?download=L2hvbWUvZmlsbXBidWsvcHVibGljX2h0bWwvQmVybmFyZCBIaWxsLmpwZy5qcGcudGFyLmd6 HTTP/1.1" 500 6 "-" "Mozilla/5.0 (Macintosh; Intel Mac OS X 10_15_4) AppleWebKit/537.36 (KHTML, like Gecko) Brave Chrome/87.0.4280.101 Safari/537.36"
14.191.240.61 - - [02/May/2026:14:23:10 +0200] "GET /pcmypage?gzfile=L2hvbWUvZmlsbXBidWsvcHVibGljX2h0bWwvYWZmaWNoZXNfbGFyZ2VzL0ZpbG1vdGVjaF8wMDcyMy5KUEc%3D HTTP/1.1" 500 14896 "-" "Mozilla/5.0 (Macintosh; Intel Mac OS X 10_15_1) AppleWebKit/537.36 (KHTML, like Gecko) Chrome/80.0.3987.122 Safari/537.36"
192.178.6.73 - - [02/May/2026:14:23:09 +0200] "GET /?jp/231038784.html HTTP/1.1" 200 77420 "-" "Mozilla/5.0 (Linux; Android 6.0.1; Nexus 5X Build/MMB29P) AppleWebKit/537.36 (KHTML, like Gecko) Chrome/147.0.7727.137 Mobile Safari/537.36 (compatible; Googlebot/2.1; +http://www.google.com/bot.html)"
216.73.217.116 - - [02/May/2026:14:23:12 +0200] "GET /screenshot.png?fm=true&path=%2Fhome%2Ffilmpbuk%2Fpublic_html%2F&rename=elevatezoom.tar HTTP/2.0" 200 8361 "-" "Mozilla/5.0 AppleWebKit/537.36 (KHTML, like Gecko; compatible; ClaudeBot/1.0; +claudebot@anthropic.com)"
47.128.37.47 - - [02/May/2026:14:23:12 +0200] "GET /?fm=true&path=%2Fhome%2Ffilmpbuk%2Fpublic_html%2F&rename=689e4 HTTP/2.0" 403 1 "-" "Mozilla/5.0 (Linux; Android 5.0) AppleWebKit/537.36 (KHTML, like Gecko) Mobile Safari/537.36 (compatible; Bytespider; spider-feedback@bytedance.com)"
113.164.177.159 - - [02/May/2026:14:23:12 +0200] "GET /pages.php?items%2Fdmtrv24%2F1286%3Fkey=living HTTP/1.1" 200 1 "-" "Mozilla/5.0 (Windows NT 6.3; WOW64) AppleWebKit/537.36 (KHTML, like Gecko) Chrome/81.0.4044.129 Safari/537.36"
216.73.217.116 - - [02/May/2026:14:23:17 +0200] "GET /3433489212.html?fm=true&path=%2Fhome%2Ffilmpbuk%2Fpublic_html%2Ffontawesome.OK%2Fsvgs%2Fregular%2F&rights=banjo.svg HTTP/2.0" 200 8379 "-" "Mozilla/5.0 AppleWebKit/537.36 (KHTML, like Gecko; compatible; ClaudeBot/1.0; +claudebot@anthropic.com)"
192.178.6.64 - - [02/May/2026:14:23:17 +0200] "GET /?detail/22501057080620 HTTP/1.1" 200 77516 "-" "Mozilla/5.0 (Linux; Android 6.0.1; Nexus 5X Build/MMB29P) AppleWebKit/537.36 (KHTML, like Gecko) Chrome/147.0.7727.137 Mobile Safari/537.36 (compatible; Googlebot/2.1; +http://www.google.com/bot.html)"
123.28.23.243 - - [02/May/2026:14:22:48 +0200] "GET /?jp%2F005004538.html HTTP/1.1" 200 9152664 "-" "Mozilla/5.0 (Macintosh; Intel Mac OS X 10_15_5) AppleWebKit/537.36 (KHTML, like Gecko) Brave Chrome/86.0.4240.75 Safari/537.36"
182.181.42.223 - - [02/May/2026:14:22:50 +0200] "GET /?detail%2F168020241818 HTTP/1.1" 200 9152663 "-" "Mozilla/5.0 (Windows NT 10.0; Win64; x64) AppleWebKit/537.36 (KHTML, like Gecko) Chrome/100.0.4896.60 Safari/537.36"
216.73.217.116 - - [02/May/2026:14:23:22 +0200] "GET /1766920719.html?fm=true&path=%2Fhome%2Ffilmpbuk%2Fpublic_html%2Ffontawesome%2Fsvgs%2Fbrands%2F&rights=yandex.svg HTTP/2.0" 200 8383 "-" "Mozilla/5.0 AppleWebKit/537.36 (KHTML, like Gecko; compatible; ClaudeBot/1.0; +claudebot@anthropic.com)"
216.73.217.116 - - [02/May/2026:14:23:27 +0200] "GET /27geoni33255.html?edit=Filmotech_00364.jpg.tar&fm=true&path=%2Fhome%2Ffilmpbuk%2Fpublic_html%2F HTTP/2.0" 200 8660 "-" "Mozilla/5.0 AppleWebKit/537.36 (KHTML, like Gecko; compatible; ClaudeBot/1.0; +claudebot@anthropic.com)"
192.178.6.65 - - [02/May/2026:14:23:27 +0200] "GET /?jp/115002843.html HTTP/1.1" 200 77039 "-" "Mozilla/5.0 (Linux; Android 6.0.1; Nexus 5X Build/MMB29P) AppleWebKit/537.36 (KHTML, like Gecko) Chrome/147.0.7727.137 Mobile Safari/537.36 (compatible; Googlebot/2.1; +http://www.google.com/bot.html)"
222.254.235.172 - - [02/May/2026:14:23:29 +0200] "GET /zhHant/product/surugaya/m91526755445?download=L2hvbWUvZmlsbXBidWsvcHVibGljX2h0bWwvVGhhbmRpZSBOZXd0b24uanBnLmpwZy50YXIuZ3o%3D HTTP/1.1" 500 6 "-" "Mozilla/5.0 (Macintosh; Intel Mac OS X 10_10_1) AppleWebKit/537.36 (KHTML, like Gecko) Chrome/37.0.2062.124 Safari/537.36"
192.178.6.72 - - [02/May/2026:14:23:30 +0200] "GET /?goods/129016370 HTTP/1.1" 200 76892 "-" "Mozilla/5.0 (Linux; Android 6.0.1; Nexus 5X Build/MMB29P) AppleWebKit/537.36 (KHTML, like Gecko) Chrome/147.0.7727.137 Mobile Safari/537.36 (compatible; Googlebot/2.1; +http://www.google.com/bot.html)"
151.236.189.110 - - [02/May/2026:14:23:02 +0200] "GET /?goods%2F135027782 HTTP/1.1" 200 9152664 "-" "Mozilla/5.0 (Macintosh; Intel Mac OS X 10_15_6) AppleWebKit/537.36 (KHTML, like Gecko) Brave Chrome/78.0.3904.87 Safari/537.36"
216.73.217.116 - - [02/May/2026:14:23:32 +0200] "GET /3433489212.html?edit=circle-ampersand.svg&fm=true&path=%2Fhome%2Ffilmpbuk%2Fpublic_html%2Ffontawesome%2Fsvgs%2Fthin%2F HTTP/2.0" 200 9426 "-" "Mozilla/5.0 AppleWebKit/537.36 (KHTML, like Gecko; compatible; ClaudeBot/1.0; +claudebot@anthropic.com)"
105.103.25.86 - - [02/May/2026:14:23:34 +0200] "GET /pages.php?products%2F189we6340 HTTP/1.1" 200 1 "-" "Mozilla/5.0 (Macintosh; Intel Mac OS X 10_15_7) AppleWebKit/537.36 (KHTML, like Gecko) Chrome/104.0.5112.102 Safari/537.36"
216.73.217.116 - - [02/May/2026:14:23:37 +0200] "GET /1766920719.html?fm=true&path=%2Fhome%2Ffilmpbuk%2Fpublic_html%2Ffontawesome.6.alpha+OK%2Fsvgs%2Fsolid%2F&rights=file-pdf.svg HTTP/2.0" 200 8390 "-" "Mozilla/5.0 AppleWebKit/537.36 (KHTML, like Gecko; compatible; ClaudeBot/1.0; +claudebot@anthropic.com)"
192.178.6.72 - - [02/May/2026:14:23:37 +0200] "GET /?jp/023022665.html HTTP/1.1" 200 77319 "-" "Mozilla/5.0 (Linux; Android 6.0.1; Nexus 5X Build/MMB29P) AppleWebKit/537.36 (KHTML, like Gecko) Chrome/147.0.7727.137 Mobile Safari/537.36 (compatible; Googlebot/2.1; +http://www.google.com/bot.html)"
192.178.6.64 - - [02/May/2026:14:23:38 +0200] "GET /zhHant/product/surugaya/m95200405824?campaign_uid=f64d716db5e979ed2f947dbaf4296895b951ae7f HTTP/1.1" 200 77565 "-" "Mozilla/5.0 (Linux; Android 6.0.1; Nexus 5X Build/MMB29P) AppleWebKit/537.36 (KHTML, like Gecko) Chrome/147.0.7727.137 Mobile Safari/537.36 (compatible; Googlebot/2.1; +http://www.google.com/bot.html)"
14.177.55.83 - - [02/May/2026:14:23:37 +0200] "GET /pages.php?goods%2F076001022 HTTP/1.1" 200 1 "-" "Mozilla/5.0 (Windows NT 10.0; Win64; x64) AppleWebKit/537.36 (KHTML, like Gecko) Chrome/90.0.4430.85 Safari/537.36"
66.249.72.168 - - [02/May/2026:14:23:45 +0200] "GET /q-~94fzcgGG99ve2j18WUyaZokO7OqJH6DY525/ HTTP/1.1" 200 77141 "-" "Mozilla/5.0 (Linux; Android 6.0.1; Nexus 5X Build/MMB29P) AppleWebKit/537.36 (KHTML, like Gecko) Chrome/147.0.7727.137 Mobile Safari/537.36 (compatible; Googlebot/2.1; +http://www.google.com/bot.html)"
216.73.217.116 - - [02/May/2026:14:23:46 +0200] "GET /index.php?edit=pan-food.svg&fm=true&path=%2Fhome%2Ffilmpbuk%2Fpublic_html%2Ffontawesome%2Fsvgs%2Fduotone%2F HTTP/2.0" 200 10321 "-" "Mozilla/5.0 AppleWebKit/537.36 (KHTML, like Gecko; compatible; ClaudeBot/1.0; +claudebot@anthropic.com)"
66.249.72.167 - - [02/May/2026:14:23:46 +0200] "GET /q-~17UR43VKGP5pwlFV9QRQtJSRnL4yoPNP98/ HTTP/1.1" 200 77265 "-" "Mozilla/5.0 (Linux; Android 6.0.1; Nexus 5X Build/MMB29P) AppleWebKit/537.36 (KHTML, like Gecko) Chrome/147.0.7727.137 Mobile Safari/537.36 (compatible; Googlebot/2.1; +http://www.google.com/bot.html)"
216.73.217.116 - - [02/May/2026:14:23:48 +0200] "GET /products/75fv15557?edit=metadata.zip&fm=true&path=%2Fhome%2Ffilmpbuk%2Fpublic_html%2F HTTP/2.0" 200 8656 "-" "Mozilla/5.0 AppleWebKit/537.36 (KHTML, like Gecko; compatible; ClaudeBot/1.0; +claudebot@anthropic.com)"
14.191.222.103 - - [02/May/2026:14:23:51 +0200] "GET /zhHant/product/surugaya/m45299107761?download=L2hvbWUvZmlsbXBidWsvcHVibGljX2h0bWwvRmlsbW90ZWNoXzAwNzkwLkpQRy5KUEcudGFyLmd6 HTTP/1.1" 500 6 "-" "Mozilla/5.0 (Macintosh; Intel Mac OS X 11_0_0) AppleWebKit/537.36 (KHTML, like Gecko) Chrome/87.0.4280.88 Safari/537.36"
216.73.217.116 - - [02/May/2026:14:23:52 +0200] "GET /1766920719.html?edit=microphone-slash.svg&fm=true&path=%2Fhome%2Ffilmpbuk%2Fpublic_html%2Ffontawesome.6.alpha+OK%2Fsvgs%2Fsolid%2F HTTP/2.0" 200 9410 "-" "Mozilla/5.0 AppleWebKit/537.36 (KHTML, like Gecko; compatible; ClaudeBot/1.0; +claudebot@anthropic.com)"
113.163.79.13 - - [02/May/2026:14:23:53 +0200] "GET /zhHant/product/surugaya/m75499402198?download=L2hvbWUvZmlsbXBidWsvcHVibGljX2h0bWwvR3JhbGVuIEJyeWFudCBCYW5rcy5qcGcudGFy HTTP/1.1" 500 6 "-" "Mozilla/5.0 (Macintosh; Intel Mac OS X 10_14_6) AppleWebKit/537.36 (KHTML, like Gecko) Brave Chrome/77.0.3865.90 Safari/537.36"
14.242.202.145 - - [02/May/2026:14:23:54 +0200] "GET /category/20_21/1/listing?download=L2hvbWUvZmlsbXBidWsvcHVibGljX2h0bWwvRmlsbW90ZWNoXzAxMzE4LmpwZy50YXI%3D HTTP/1.1" 500 6 "-" "Mozilla/5.0 (Macintosh; Intel Mac OS X 10_11_6) AppleWebKit/537.36 (KHTML, like Gecko) Brave Chrome/81.0.4044.113 Safari/537.36"
212.241.29.1 - - [02/May/2026:14:23:54 +0200] "GET /zhHant/product/surugaya/m74165155114?download=L2hvbWUvZmlsbXBidWsvcHVibGljX2h0bWwvTWFyZ2FyZXQgQ29saW4uanBnLnRhcg%3D%3D HTTP/1.1" 500 6 "-" "Mozilla/5.0 (Windows NT 10.0) AppleWebKit/537.36 (KHTML, like Gecko) Chrome/80.0.3987.132 Safari/537.36"
192.178.6.64 - - [02/May/2026:14:23:54 +0200] "GET /zhHant/product/surugaya/m71616596790?campaign_uid=f64d716db5e979ed2f947dbaf4296895b951ae7f HTTP/1.1" 200 76964 "-" "Mozilla/5.0 (Linux; Android 6.0.1; Nexus 5X Build/MMB29P) AppleWebKit/537.36 (KHTML, like Gecko) Chrome/147.0.7727.137 Mobile Safari/537.36 (compatible; Googlebot/2.1; +http://www.google.com/bot.html)"
216.73.217.116 - - [02/May/2026:14:23:57 +0200] "GET /27geoni33255.html?edit=microphone-stand.svg&fm=true&path=%2Fhome%2Ffilmpbuk%2Fpublic_html%2Ffontawesome.OK%2Fsvgs%2Fsolid%2F HTTP/2.0" 200 9033 "-" "Mozilla/5.0 AppleWebKit/537.36 (KHTML, like Gecko; compatible; ClaudeBot/1.0; +claudebot@anthropic.com)"
196.189.255.45 - - [02/May/2026:14:23:30 +0200] "GET /pcmypage?callback=product%2Freview%2Fm50261191307 HTTP/1.1" 200 9152664 "-" "Mozilla/5.0 (Macintosh; Intel Mac OS X 10_13_6) AppleWebKit/537.36 (KHTML, like Gecko) Brave Chrome/86.0.4240.198 Safari/537.36"
192.178.6.71 - - [02/May/2026:14:23:59 +0200] "GET /products/56kg680 HTTP/1.1" 200 77339 "-" "Mozilla/5.0 (Linux; Android 6.0.1; Nexus 5X Build/MMB29P) AppleWebKit/537.36 (KHTML, like Gecko) Chrome/147.0.7727.137 Mobile Safari/537.36 (compatible; Googlebot/2.1; +http://www.google.com/bot.html)"
192.178.6.71 - - [02/May/2026:14:24:01 +0200] "GET /q-~98ACdnTuoWplR1PduTMtaDjs3CS9dgZk303/ HTTP/1.1" 200 77396 "-" "Mozilla/5.0 (Linux; Android 6.0.1; Nexus 5X Build/MMB29P) AppleWebKit/537.36 (KHTML, like Gecko) Chrome/147.0.7727.137 Mobile Safari/537.36 (compatible; Googlebot/2.1; +http://www.google.com/bot.html)"
216.73.217.116 - - [02/May/2026:14:24:02 +0200] "GET /3433489212.html?gzfile=L2xpYi9saWJCcm9rZW5Mb2NhbGUuc28uMQ%3D%3D HTTP/2.0" 500 6483 "-" "Mozilla/5.0 AppleWebKit/537.36 (KHTML, like Gecko; compatible; ClaudeBot/1.0; +claudebot@anthropic.com)"
216.73.217.116 - - [02/May/2026:14:24:07 +0200] "GET /%3Chttp:/x.com/index.php?edit=James+Naughton.jpg.jpg.tar.gz&fm=true&path=%2Fhome%2Ffilmpbuk%2Fpublic_html%2F HTTP/2.0" 200 8665 "-" "Mozilla/5.0 AppleWebKit/537.36 (KHTML, like Gecko; compatible; ClaudeBot/1.0; +claudebot@anthropic.com)"
192.178.6.73 - - [02/May/2026:14:24:06 +0200] "GET /?jp/004031935.html HTTP/1.1" 200 77006 "-" "Mozilla/5.0 (Linux; Android 6.0.1; Nexus 5X Build/MMB29P) AppleWebKit/537.36 (KHTML, like Gecko) Chrome/147.0.7727.137 Mobile Safari/537.36 (compatible; Googlebot/2.1; +http://www.google.com/bot.html)"
14.177.1.239 - - [02/May/2026:14:24:10 +0200] "GET /category/538/1/listing?download=L2hvbWUvZmlsbXBidWsvcHVibGljX2h0bWwvS2ltIEthcmRhc2hpYW4uanBnLmpwZy50YXIuZ3o%3D HTTP/1.1" 500 6 "-" "Mozilla/5.0 (Macintosh; Intel Mac OS X 11_2) AppleWebKit/537.36 (KHTML, like Gecko) Chrome/96.0.4702.147 Safari/537.36"
216.73.217.116 - - [02/May/2026:14:24:12 +0200] "GET /products/64fu192?edit=pl08297c.tar&fm=true&path=%2Fhome%2Ffilmpbuk%2Fpublic_html%2F HTTP/2.0" 200 62257 "-" "Mozilla/5.0 AppleWebKit/537.36 (KHTML, like Gecko; compatible; ClaudeBot/1.0; +claudebot@anthropic.com)"
66.249.72.169 - - [02/May/2026:14:24:12 +0200] "GET /q-~64YlkJSTxUC4A8RJ544mvFmklWqtS8tx809/ HTTP/1.1" 200 77410 "-" "Mozilla/5.0 (Linux; Android 6.0.1; Nexus 5X Build/MMB29P) AppleWebKit/537.36 (KHTML, like Gecko) Chrome/147.0.7727.137 Mobile Safari/537.36 (compatible; Googlebot/2.1; +http://www.google.com/bot.html)"
123.22.219.52 - - [02/May/2026:14:23:45 +0200] "GET /?jp%2F051017137.html HTTP/1.1" 200 9152664 "-" "Mozilla/5.0 (Windows NT 10.0; WOW64) AppleWebKit/537.36 (KHTML, like Gecko) Chrome/86.0.4240.198 Safari/537.36"
192.178.6.72 - - [02/May/2026:14:24:14 +0200] "GET /?goods/071006011 HTTP/1.1" 200 77457 "-" "Mozilla/5.0 (Linux; Android 6.0.1; Nexus 5X Build/MMB29P) AppleWebKit/537.36 (KHTML, like Gecko) Chrome/147.0.7727.137 Mobile Safari/537.36 (compatible; Googlebot/2.1; +http://www.google.com/bot.html)"
192.178.6.72 - - [02/May/2026:14:24:15 +0200] "GET /?goods/141016383 HTTP/1.1" 200 76477 "-" "Mozilla/5.0 (Linux; Android 6.0.1; Nexus 5X Build/MMB29P) AppleWebKit/537.36 (KHTML, like Gecko) Chrome/147.0.7727.137 Mobile Safari/537.36 (compatible; Googlebot/2.1; +http://www.google.com/bot.html)"
216.73.217.116 - - [02/May/2026:14:24:17 +0200] "GET /3853901227.html?fm=true&path=%2Fhome%2Ffilmpbuk%2Fpublic_html%2F&rights=Alexandre+Willaume.jpg.tar HTTP/2.0" 200 8381 "-" "Mozilla/5.0 AppleWebKit/537.36 (KHTML, like Gecko; compatible; ClaudeBot/1.0; +claudebot@anthropic.com)"
192.178.6.72 - - [02/May/2026:14:24:16 +0200] "GET /?detail/1370494937554 HTTP/1.1" 200 76663 "-" "Mozilla/5.0 (Linux; Android 6.0.1; Nexus 5X Build/MMB29P) AppleWebKit/537.36 (KHTML, like Gecko) Chrome/147.0.7727.137 Mobile Safari/537.36 (compatible; Googlebot/2.1; +http://www.google.com/bot.html)"
66.249.72.168 - - [02/May/2026:14:24:16 +0200] "GET /?goods/103004583 HTTP/1.1" 200 77119 "-" "Mozilla/5.0 (Linux; Android 6.0.1; Nexus 5X Build/MMB29P) AppleWebKit/537.36 (KHTML, like Gecko) Chrome/147.0.7727.137 Mobile Safari/537.36 (compatible; Googlebot/2.1; +http://www.google.com/bot.html)"
216.73.217.116 - - [02/May/2026:14:24:22 +0200] "GET /doc_img/index.php?fm=true&path=%2Fhome%2Ffilmpbuk%2Fpublic_html%2F&rights=Filmotech_00704.JPG.JPG.tar.gz HTTP/2.0" 200 8384 "-" "Mozilla/5.0 AppleWebKit/537.36 (KHTML, like Gecko; compatible; ClaudeBot/1.0; +claudebot@anthropic.com)"
14.232.135.226 - - [02/May/2026:14:24:25 +0200] "GET /category/125_754/1/listing?download=L2hvbWUvZmlsbXBidWsvcHVibGljX2h0bWwvTXlsw6huZSBGYXJtZXIuanBnLnRhcg%3D%3D HTTP/1.1" 500 6 "-" "Mozilla/5.0 (Windows NT 6.3; WOW64) AppleWebKit/537.36 (KHTML, like Gecko) Chrome/81.0.4044.129 Safari/537.36"
216.73.217.116 - - [02/May/2026:14:24:27 +0200] "GET /3433489212.html?fm=true&path=%2Flib%2Fjvm%2F&rename=java-1.8.0-openjdk-1.8.0.282.b08-1.el7_9.x86_64 HTTP/2.0" 200 8381 "-" "Mozilla/5.0 AppleWebKit/537.36 (KHTML, like Gecko; compatible; ClaudeBot/1.0; +claudebot@anthropic.com)"
102.157.253.79 - - [02/May/2026:14:24:27 +0200] "GET /pcmypage?download=L2hvbWUvZmlsbXBidWsvcHVibGljX2h0bWwvS2F0ZWUgU2Fja2hvZmYuanBnLnRhcg%3D%3D HTTP/1.1" 500 6 "-" "Mozilla/5.0 (Macintosh; Intel Mac OS X 10_13_4) AppleWebKit/537.36 (KHTML, like Gecko) Chrome/80.0.3987.132 Safari/537.36"
216.73.217.116 - - [02/May/2026:14:24:32 +0200] "GET /3433489212.html?edit=om.svg&fm=true&path=%2Fhome%2Ffilmpbuk%2Fpublic_html%2Ffontawesome%2Fsvgs%2Fduotone%2F HTTP/2.0" 200 9627 "-" "Mozilla/5.0 AppleWebKit/537.36 (KHTML, like Gecko; compatible; ClaudeBot/1.0; +claudebot@anthropic.com)"
62.217.147.63 - - [02/May/2026:14:24:32 +0200] "GET /category/75_420/1/listing?download=L2hvbWUvZmlsbXBidWsvcHVibGljX2h0bWwvRmlsbW90ZWNoXzAxMTMyLmpwZy50YXI%3D HTTP/1.1" 500 6 "-" "Mozilla/5.0 (Macintosh; Intel Mac OS X 10_12_6) AppleWebKit/537.36 (KHTML, like Gecko) Chrome/99.0.4844.84 Safari/537.36"
192.178.6.71 - - [02/May/2026:14:24:37 +0200] "GET /q-~81zZE69H1hrH0Y9GbDxEL8ItYLkiaCIk25562/ HTTP/1.1" 200 76932 "-" "Mozilla/5.0 (Linux; Android 6.0.1; Nexus 5X Build/MMB29P) AppleWebKit/537.36 (KHTML, like Gecko) Chrome/147.0.7727.137 Mobile Safari/537.36 (compatible; Googlebot/2.1; +http://www.google.com/bot.html)"
216.73.217.116 - - [02/May/2026:14:24:39 +0200] "GET /index.php?fm=true&path=%2Fhome%2Ffilmpbuk%2Fpublic_html%2Ffontawesome.OK%2Fsvgs%2Fsolid%2F&rename=store-alt.svg HTTP/2.0" 200 8387 "-" "Mozilla/5.0 AppleWebKit/537.36 (KHTML, like Gecko; compatible; ClaudeBot/1.0; +claudebot@anthropic.com)"
216.73.217.116 - - [02/May/2026:14:24:42 +0200] "GET /index.php?fm=true&path=%2Fhome%2Ffilmpbuk%2Fpublic_html%2Facteurs%2F&rename=Maury+Chaykin.jpg HTTP/2.0" 200 8377 "-" "Mozilla/5.0 AppleWebKit/537.36 (KHTML, like Gecko; compatible; ClaudeBot/1.0; +claudebot@anthropic.com)"
212.146.165.240 - - [02/May/2026:14:24:45 +0200] "GET /pages.php?products%2F73jy930 HTTP/1.1" 200 1 "-" "Mozilla/5.0 (Windows NT 10.0; Win64; x64) AppleWebKit/537.36 (KHTML, like Gecko) Chrome/89.0.4389.116 Safari/537.36"
216.73.217.116 - - [02/May/2026:14:24:47 +0200] "GET /index.php?fm=true&path=%2Fhome%2Ffilmpbuk%2Fpublic_html%2Ffontawesome%2Fsvgs%2Fduotone%2F&rights=baseball-bat-ball.svg HTTP/2.0" 200 8396 "-" "Mozilla/5.0 AppleWebKit/537.36 (KHTML, like Gecko; compatible; ClaudeBot/1.0; +claudebot@anthropic.com)"
14.189.226.142 - - [02/May/2026:14:24:47 +0200] "GET /zhHant/product/surugaya/m65953961807?download=L2hvbWUvZmlsbXBidWsvcHVibGljX2h0bWwvRmlsbW90ZWNoXzAwNDQ1LmpwZy5qcGcudGFyLmd6 HTTP/1.1" 500 6 "-" "Mozilla/5.0 (Macintosh; Intel Mac OS X 10_14_6) AppleWebKit/537.36 (KHTML, like Gecko) Brave Chrome/84.0.4147.89 Safari/537.36"
195.225.49.146 - - [02/May/2026:14:24:48 +0200] "GET /zhHant/product/surugaya/m38655066335?download=L2hvbWUvZmlsbXBidWsvcHVibGljX2h0bWwvRmlsbW90ZWNoXzAxNDE5LmpwZy5qcGcudGFyLmd6 HTTP/1.1" 500 6 "-" "Mozilla/5.0 (Macintosh; Intel Mac OS X 10_15_6) AppleWebKit/537.36 (KHTML, like Gecko) Chrome/87.0.4280.88 Safari/537.36"
216.73.217.116 - - [02/May/2026:14:24:53 +0200] "GET /index.php?fm=true&path=%2Fhome%2Ffilmpbuk%2Fpublic_html%2Ffontawesome%2Fsvgs%2Fduotone%2F&rename=hands-praying.svg HTTP/2.0" 200 8390 "-" "Mozilla/5.0 AppleWebKit/537.36 (KHTML, like Gecko; compatible; ClaudeBot/1.0; +claudebot@anthropic.com)"
216.73.217.116 - - [02/May/2026:14:24:58 +0200] "GET /index.php?fm=true&path=%2Fhome%2Ffilmpbuk%2Fpublic_html%2Ffontawesome.OK%2Fsvgs%2Fsolid%2F&rename=arrow-alt-left.svg HTTP/2.0" 200 8392 "-" "Mozilla/5.0 AppleWebKit/537.36 (KHTML, like Gecko; compatible; ClaudeBot/1.0; +claudebot@anthropic.com)"
66.249.72.164 - - [02/May/2026:14:24:57 +0200] "GET /?goods/091030965 HTTP/1.1" 200 77350 "-" "Mozilla/5.0 (Linux; Android 6.0.1; Nexus 5X Build/MMB29P) AppleWebKit/537.36 (KHTML, like Gecko) Chrome/147.0.7727.137 Mobile Safari/537.36 (compatible; Googlebot/2.1; +http://www.google.com/bot.html)"
66.249.72.165 - - [02/May/2026:14:24:58 +0200] "GET /?jp/243006357.html HTTP/1.1" 200 77064 "-" "Mozilla/5.0 (Linux; Android 6.0.1; Nexus 5X Build/MMB29P) AppleWebKit/537.36 (KHTML, like Gecko) Chrome/147.0.7727.137 Mobile Safari/537.36 (compatible; Googlebot/2.1; +http://www.google.com/bot.html)"
66.249.72.166 - - [02/May/2026:14:24:58 +0200] "GET /?detail/010037230402 HTTP/1.1" 200 76908 "-" "Mozilla/5.0 (Linux; Android 6.0.1; Nexus 5X Build/MMB29P) AppleWebKit/537.36 (KHTML, like Gecko) Chrome/147.0.7727.137 Mobile Safari/537.36 (compatible; Googlebot/2.1; +http://www.google.com/bot.html)"
66.249.72.164 - - [02/May/2026:14:24:59 +0200] "GET /?goods/277014676 HTTP/1.1" 200 76789 "-" "Mozilla/5.0 (Linux; Android 6.0.1; Nexus 5X Build/MMB29P) AppleWebKit/537.36 (KHTML, like Gecko) Chrome/147.0.7727.137 Mobile Safari/537.36 (compatible; Googlebot/2.1; +http://www.google.com/bot.html)"
66.249.72.165 - - [02/May/2026:14:25:00 +0200] "GET /products/207wr38483 HTTP/1.1" 200 77301 "-" "Mozilla/5.0 (Linux; Android 6.0.1; Nexus 5X Build/MMB29P) AppleWebKit/537.36 (KHTML, like Gecko) Chrome/147.0.7727.137 Mobile Safari/537.36 (compatible; Googlebot/2.1; +http://www.google.com/bot.html)"
66.249.72.167 - - [02/May/2026:14:25:00 +0200] "GET /?jp/248032969.html HTTP/1.1" 200 77159 "-" "Mozilla/5.0 (Linux; Android 6.0.1; Nexus 5X Build/MMB29P) AppleWebKit/537.36 (KHTML, like Gecko) Chrome/147.0.7727.137 Mobile Safari/537.36 (compatible; Googlebot/2.1; +http://www.google.com/bot.html)"
66.249.72.167 - - [02/May/2026:14:25:01 +0200] "GET /?detail/235036926301 HTTP/1.1" 200 76919 "-" "Mozilla/5.0 (Linux; Android 6.0.1; Nexus 5X Build/MMB29P) AppleWebKit/537.36 (KHTML, like Gecko) Chrome/147.0.7727.137 Mobile Safari/537.36 (compatible; Googlebot/2.1; +http://www.google.com/bot.html)"
66.249.72.165 - - [02/May/2026:14:25:01 +0200] "GET /?goods/291027470 HTTP/1.1" 200 76512 "-" "Mozilla/5.0 (Linux; Android 6.0.1; Nexus 5X Build/MMB29P) AppleWebKit/537.36 (KHTML, like Gecko) Chrome/147.0.7727.137 Mobile Safari/537.36 (compatible; Googlebot/2.1; +http://www.google.com/bot.html)"
216.73.217.116 - - [02/May/2026:14:25:03 +0200] "GET /index.php?fm=true&path=%2Fhome%2Ffilmpbuk%2Fpublic_html%2Ffontawesome%2Fsvgs%2Fsolid%2F&rename=gauge.svg HTTP/2.0" 200 8379 "-" "Mozilla/5.0 AppleWebKit/537.36 (KHTML, like Gecko; compatible; ClaudeBot/1.0; +claudebot@anthropic.com)"
66.249.72.166 - - [02/May/2026:14:25:01 +0200] "GET /?goods/160022587 HTTP/1.1" 200 76710 "-" "Mozilla/5.0 (Linux; Android 6.0.1; Nexus 5X Build/MMB29P) AppleWebKit/537.36 (KHTML, like Gecko) Chrome/147.0.7727.137 Mobile Safari/537.36 (compatible; Googlebot/2.1; +http://www.google.com/bot.html)"
66.249.72.165 - - [02/May/2026:14:25:02 +0200] "GET /?jp/214039234.html HTTP/1.1" 200 76822 "-" "Mozilla/5.0 (Linux; Android 6.0.1; Nexus 5X Build/MMB29P) AppleWebKit/537.36 (KHTML, like Gecko) Chrome/147.0.7727.137 Mobile Safari/537.36 (compatible; Googlebot/2.1; +http://www.google.com/bot.html)"
192.178.6.71 - - [02/May/2026:14:25:04 +0200] "GET /q-~292fvXHbI06pX0ezB3XlePlnAwlRAFheB39271/ HTTP/1.1" 200 77879 "-" "Mozilla/5.0 (Linux; Android 6.0.1; Nexus 5X Build/MMB29P) AppleWebKit/537.36 (KHTML, like Gecko) Chrome/147.0.7727.137 Mobile Safari/537.36 (compatible; Googlebot/2.1; +http://www.google.com/bot.html)"
123.23.143.177 - - [02/May/2026:14:25:04 +0200] "GET /zhHant/product/surugaya/m72606125767?download=L2hvbWUvZmlsbXBidWsvcHVibGljX2h0bWwvRmlsbW90ZWNoXzAwMzQ1LmpwZy50YXI%3D HTTP/1.1" 500 6 "-" "Mozilla/5.0 (Macintosh; Intel Mac OS X 10_13_6) AppleWebKit/537.36 (KHTML, like Gecko) Chrome/72.0.3626.121 Safari/537.36"
66.249.72.165 - - [02/May/2026:14:25:04 +0200] "GET /?goods/009000525 HTTP/1.1" 200 77070 "-" "Mozilla/5.0 (Linux; Android 6.0.1; Nexus 5X Build/MMB29P) AppleWebKit/537.36 (KHTML, like Gecko) Chrome/147.0.7727.137 Mobile Safari/537.36 (compatible; Googlebot/2.1; +http://www.google.com/bot.html)"
66.249.72.165 - - [02/May/2026:14:25:04 +0200] "GET /?detail/247034342030 HTTP/1.1" 200 77120 "-" "Mozilla/5.0 (Linux; Android 6.0.1; Nexus 5X Build/MMB29P) AppleWebKit/537.36 (KHTML, like Gecko) Chrome/147.0.7727.137 Mobile Safari/537.36 (compatible; Googlebot/2.1; +http://www.google.com/bot.html)"
192.178.6.71 - - [02/May/2026:14:25:05 +0200] "GET /?detail/2900058431526 HTTP/1.1" 200 78175 "-" "Mozilla/5.0 (Linux; Android 6.0.1; Nexus 5X Build/MMB29P) AppleWebKit/537.36 (KHTML, like Gecko) Chrome/147.0.7727.137 Mobile Safari/537.36 (compatible; Googlebot/2.1; +http://www.google.com/bot.html)"
192.178.6.73 - - [02/May/2026:14:25:05 +0200] "GET /?detail/0320070392140 HTTP/1.1" 200 77501 "-" "Mozilla/5.0 (Linux; Android 6.0.1; Nexus 5X Build/MMB29P) AppleWebKit/537.36 (KHTML, like Gecko) Chrome/147.0.7727.137 Mobile Safari/537.36 (compatible; Googlebot/2.1; +http://www.google.com/bot.html)"
192.178.6.72 - - [02/May/2026:14:25:05 +0200] "GET /?goods/115014064 HTTP/1.1" 200 77085 "-" "Mozilla/5.0 (Linux; Android 6.0.1; Nexus 5X Build/MMB29P) AppleWebKit/537.36 (KHTML, like Gecko) Chrome/147.0.7727.137 Mobile Safari/537.36 (compatible; Googlebot/2.1; +http://www.google.com/bot.html)"
216.73.217.116 - - [02/May/2026:14:25:08 +0200] "GET /index.php?fm=true&path=%2Fhome%2Ffilmpbuk%2Fpublic_html%2Ffontawesome%2Fsvgs%2Fsolid%2F&rename=gun-squirt.svg HTTP/2.0" 200 8385 "-" "Mozilla/5.0 AppleWebKit/537.36 (KHTML, like Gecko; compatible; ClaudeBot/1.0; +claudebot@anthropic.com)"
216.73.217.116 - - [02/May/2026:14:25:13 +0200] "GET /index.php?edit=wirsindhandwerk.svg&fm=true&path=%2Fhome%2Ffilmpbuk%2Fpublic_html%2Ffontawesome%2Fsvgs%2Fbrands%2F HTTP/2.0" 200 8971 "-" "Mozilla/5.0 AppleWebKit/537.36 (KHTML, like Gecko; compatible; ClaudeBot/1.0; +claudebot@anthropic.com)"
148.222.209.117 - - [02/May/2026:14:25:13 +0200] "GET /category/110_247/1/listing?download=L2hvbWUvZmlsbXBidWsvcHVibGljX2h0bWwvYWQ4YjMwNGIudGFyLmd6 HTTP/1.1" 500 6 "-" "Mozilla/5.0 (Macintosh; Intel Mac OS X 10_15_7) AppleWebKit/537.36 (KHTML, like Gecko) Chrome/93.0.4577.63 Safari/537.36"
66.249.72.164 - - [02/May/2026:14:25:14 +0200] "GET /products/43kt207 HTTP/1.1" 200 76810 "-" "Mozilla/5.0 (Linux; Android 6.0.1; Nexus 5X Build/MMB29P) AppleWebKit/537.36 (KHTML, like Gecko) Chrome/147.0.7727.137 Mobile Safari/537.36 (compatible; Googlebot/2.1; +http://www.google.com/bot.html)"
123.24.255.169 - - [02/May/2026:14:25:14 +0200] "GET /zhHant/product/surugaya/m73517096530?download=L2hvbWUvZmlsbXBidWsvcHVibGljX2h0bWwvcHJvZHVjdC5waHA%3D HTTP/1.1" 200 556183 "-" "Mozilla/5.0 (Macintosh; Intel Mac OS X 10_7_3) AppleWebKit/537.36 (KHTML, like Gecko, Mediapartners-Google) Chrome/77.0.3865.99 Safari/537.36"
216.73.217.116 - - [02/May/2026:14:25:18 +0200] "GET /index.php?fm=true&path=%2Fhome%2Ffilmpbuk%2Fpublic_html%2Ffontawesome.OK%2Fsvgs%2Fsolid%2F&rename=heart-square.svg HTTP/2.0" 200 8389 "-" "Mozilla/5.0 AppleWebKit/537.36 (KHTML, like Gecko; compatible; ClaudeBot/1.0; +claudebot@anthropic.com)"
192.178.6.71 - - [02/May/2026:14:25:17 +0200] "GET /products/43kd949 HTTP/1.1" 200 77623 "-" "Mozilla/5.0 (Linux; Android 6.0.1; Nexus 5X Build/MMB29P) AppleWebKit/537.36 (KHTML, like Gecko) Chrome/147.0.7727.137 Mobile Safari/537.36 (compatible; Googlebot/2.1; +http://www.google.com/bot.html)"
180.148.3.167 - - [02/May/2026:14:25:19 +0200] "GET /zhHant/product/surugaya/m74625814355?download=L2hvbWUvZmlsbXBidWsvcHVibGljX2h0bWwvRmlsbW90ZWNoXzAwMzMyLkpQRy50YXI%3D HTTP/1.1" 500 6 "-" "Mozilla/5.0 (Macintosh; Intel Mac OS X 11_0_1) AppleWebKit/537.36 (KHTML, like Gecko) Chrome/87.0.4280.101 Safari/537.36"
192.178.6.72 - - [02/May/2026:14:25:20 +0200] "GET /q-~98TFAH8LwAFREKlWMvEqvpfvVmylwFfX37295/ HTTP/1.1" 200 77281 "-" "Mozilla/5.0 (Linux; Android 6.0.1; Nexus 5X Build/MMB29P) AppleWebKit/537.36 (KHTML, like Gecko) Chrome/147.0.7727.137 Mobile Safari/537.36 (compatible; Googlebot/2.1; +http://www.google.com/bot.html)"
192.178.6.72 - - [02/May/2026:14:25:21 +0200] "GET /q-~65T2EVPALaPoMkBniPQsv6bJ9MYfc0gR950/ HTTP/1.1" 200 77276 "-" "Mozilla/5.0 (Linux; Android 6.0.1; Nexus 5X Build/MMB29P) AppleWebKit/537.36 (KHTML, like Gecko) Chrome/147.0.7727.137 Mobile Safari/537.36 (compatible; Googlebot/2.1; +http://www.google.com/bot.html)"
66.249.72.167 - - [02/May/2026:14:25:22 +0200] "GET /search?category=1002&search_word= HTTP/1.1" 200 77012 "-" "Mozilla/5.0 (Linux; Android 6.0.1; Nexus 5X Build/MMB29P) AppleWebKit/537.36 (KHTML, like Gecko) Chrome/147.0.7727.137 Mobile Safari/537.36 (compatible; Googlebot/2.1; +http://www.google.com/bot.html)"
216.73.217.116 - - [02/May/2026:14:25:23 +0200] "GET /index.php?fm=true&path=%2Fhome%2Ffilmpbuk%2Fpublic_html%2Ffontawesome.OK%2Fsvgs%2Fregular%2F&rename=birthday-cake.svg HTTP/2.0" 200 8386 "-" "Mozilla/5.0 AppleWebKit/537.36 (KHTML, like Gecko; compatible; ClaudeBot/1.0; +claudebot@anthropic.com)"
66.249.72.167 - - [02/May/2026:14:25:18 +0200] "GET /pages.php?category/278_1547/1/listing HTTP/1.1" 200 5 "-" "Mozilla/5.0 (Linux; Android 6.0.1; Nexus 5X Build/MMB29P) AppleWebKit/537.36 (KHTML, like Gecko) Chrome/147.0.7727.137 Mobile Safari/537.36 (compatible; Googlebot/2.1; +http://www.google.com/bot.html)"
192.178.6.72 - - [02/May/2026:14:25:26 +0200] "GET /?detail/19100284134997 HTTP/1.1" 200 77224 "-" "Mozilla/5.0 (Linux; Android 6.0.1; Nexus 5X Build/MMB29P) AppleWebKit/537.36 (KHTML, like Gecko) Chrome/147.0.7727.137 Mobile Safari/537.36 (compatible; Googlebot/2.1; +http://www.google.com/bot.html)"
216.73.217.116 - - [02/May/2026:14:25:28 +0200] "GET /index.php?edit=helmet-safety.svg&fm=true&path=%2Fhome%2Ffilmpbuk%2Fpublic_html%2Ffontawesome%2Fsvgs%2Fduotone%2F HTTP/2.0" 200 9141 "-" "Mozilla/5.0 AppleWebKit/537.36 (KHTML, like Gecko; compatible; ClaudeBot/1.0; +claudebot@anthropic.com)"
192.178.6.73 - - [02/May/2026:14:25:27 +0200] "GET /?goods/030000472 HTTP/1.1" 200 77058 "-" "Mozilla/5.0 (Linux; Android 6.0.1; Nexus 5X Build/MMB29P) AppleWebKit/537.36 (KHTML, like Gecko) Chrome/147.0.7727.137 Mobile Safari/537.36 (compatible; Googlebot/2.1; +http://www.google.com/bot.html)"
192.178.6.71 - - [02/May/2026:14:25:28 +0200] "GET /?detail/2770000140585 HTTP/1.1" 200 77108 "-" "Mozilla/5.0 (Linux; Android 6.0.1; Nexus 5X Build/MMB29P) AppleWebKit/537.36 (KHTML, like Gecko) Chrome/147.0.7727.137 Mobile Safari/537.36 (compatible; Googlebot/2.1; +http://www.google.com/bot.html)"
192.178.6.73 - - [02/May/2026:14:25:29 +0200] "GET /?jp/191037395.html HTTP/1.1" 200 76636 "-" "Mozilla/5.0 (Linux; Android 6.0.1; Nexus 5X Build/MMB29P) AppleWebKit/537.36 (KHTML, like Gecko) Chrome/147.0.7727.137 Mobile Safari/537.36 (compatible; Googlebot/2.1; +http://www.google.com/bot.html)"
192.178.6.73 - - [02/May/2026:14:25:30 +0200] "GET /?detail/004040264805 HTTP/1.1" 200 76936 "-" "Mozilla/5.0 (Linux; Android 6.0.1; Nexus 5X Build/MMB29P) AppleWebKit/537.36 (KHTML, like Gecko) Chrome/147.0.7727.137 Mobile Safari/537.36 (compatible; Googlebot/2.1; +http://www.google.com/bot.html)"
192.178.6.72 - - [02/May/2026:14:25:30 +0200] "GET /?goods/290016170 HTTP/1.1" 200 77275 "-" "Mozilla/5.0 (Linux; Android 6.0.1; Nexus 5X Build/MMB29P) AppleWebKit/537.36 (KHTML, like Gecko) Chrome/147.0.7727.137 Mobile Safari/537.36 (compatible; Googlebot/2.1; +http://www.google.com/bot.html)"
192.178.6.71 - - [02/May/2026:14:25:30 +0200] "GET /?jp/243001632.html HTTP/1.1" 200 77365 "-" "Mozilla/5.0 (Linux; Android 6.0.1; Nexus 5X Build/MMB29P) AppleWebKit/537.36 (KHTML, like Gecko) Chrome/147.0.7727.137 Mobile Safari/537.36 (compatible; Googlebot/2.1; +http://www.google.com/bot.html)"
192.178.6.72 - - [02/May/2026:14:25:30 +0200] "GET /?detail/28104170130347 HTTP/1.1" 200 77035 "-" "Mozilla/5.0 (Linux; Android 6.0.1; Nexus 5X Build/MMB29P) AppleWebKit/537.36 (KHTML, like Gecko) Chrome/147.0.7727.137 Mobile Safari/537.36 (compatible; Googlebot/2.1; +http://www.google.com/bot.html)"
192.178.6.73 - - [02/May/2026:14:25:31 +0200] "GET /?goods/181032062 HTTP/1.1" 200 77204 "-" "Mozilla/5.0 (Linux; Android 6.0.1; Nexus 5X Build/MMB29P) AppleWebKit/537.36 (KHTML, like Gecko) Chrome/147.0.7727.137 Mobile Safari/537.36 (compatible; Googlebot/2.1; +http://www.google.com/bot.html)"
192.178.6.72 - - [02/May/2026:14:25:31 +0200] "GET /?jp/216000191.html HTTP/1.1" 200 77123 "-" "Mozilla/5.0 (Linux; Android 6.0.1; Nexus 5X Build/MMB29P) AppleWebKit/537.36 (KHTML, like Gecko) Chrome/147.0.7727.137 Mobile Safari/537.36 (compatible; Googlebot/2.1; +http://www.google.com/bot.html)"
216.73.217.116 - - [02/May/2026:14:25:33 +0200] "GET /index.php?edit=buysellads.svg&fm=true&path=%2Fhome%2Ffilmpbuk%2Fpublic_html%2Ffontawesome%2Fsvgs%2Fbrands%2F HTTP/2.0" 200 8951 "-" "Mozilla/5.0 AppleWebKit/537.36 (KHTML, like Gecko; compatible; ClaudeBot/1.0; +claudebot@anthropic.com)"
192.178.6.64 - - [02/May/2026:14:25:32 +0200] "GET /?detail/11702947374488 HTTP/1.1" 200 77713 "-" "Mozilla/5.0 (Linux; Android 6.0.1; Nexus 5X Build/MMB29P) AppleWebKit/537.36 (KHTML, like Gecko) Chrome/147.0.7727.137 Mobile Safari/537.36 (compatible; Googlebot/2.1; +http://www.google.com/bot.html)"
192.178.6.64 - - [02/May/2026:14:25:33 +0200] "GET /?goods/059017771 HTTP/1.1" 200 77015 "-" "Mozilla/5.0 (Linux; Android 6.0.1; Nexus 5X Build/MMB29P) AppleWebKit/537.36 (KHTML, like Gecko) Chrome/147.0.7727.137 Mobile Safari/537.36 (compatible; Googlebot/2.1; +http://www.google.com/bot.html)"
192.178.6.73 - - [02/May/2026:14:25:33 +0200] "GET /?detail/079041992657 HTTP/1.1" 200 77335 "-" "Mozilla/5.0 (Linux; Android 6.0.1; Nexus 5X Build/MMB29P) AppleWebKit/537.36 (KHTML, like Gecko) Chrome/147.0.7727.137 Mobile Safari/537.36 (compatible; Googlebot/2.1; +http://www.google.com/bot.html)"
192.178.6.71 - - [02/May/2026:14:25:33 +0200] "GET /?jp/186041150.html HTTP/1.1" 200 77115 "-" "Mozilla/5.0 (Linux; Android 6.0.1; Nexus 5X Build/MMB29P) AppleWebKit/537.36 (KHTML, like Gecko) Chrome/147.0.7727.137 Mobile Safari/537.36 (compatible; Googlebot/2.1; +http://www.google.com/bot.html)"
192.178.6.73 - - [02/May/2026:14:25:34 +0200] "GET /?goods/244006981 HTTP/1.1" 200 76661 "-" "Mozilla/5.0 (Linux; Android 6.0.1; Nexus 5X Build/MMB29P) AppleWebKit/537.36 (KHTML, like Gecko) Chrome/147.0.7727.137 Mobile Safari/537.36 (compatible; Googlebot/2.1; +http://www.google.com/bot.html)"
192.178.6.71 - - [02/May/2026:14:25:35 +0200] "GET /zhHant/product/surugaya/m26858983555?campaign_uid=f64d716db5e979ed2f947dbaf4296895b951ae7f HTTP/1.1" 200 76866 "-" "Mozilla/5.0 (Linux; Android 6.0.1; Nexus 5X Build/MMB29P) AppleWebKit/537.36 (KHTML, like Gecko) Chrome/147.0.7727.137 Mobile Safari/537.36 (compatible; Googlebot/2.1; +http://www.google.com/bot.html)"
66.249.72.167 - - [02/May/2026:14:25:35 +0200] "GET /1230121524.html HTTP/1.1" 200 77595 "-" "Mozilla/5.0 (Linux; Android 6.0.1; Nexus 5X Build/MMB29P) AppleWebKit/537.36 (KHTML, like Gecko) Chrome/147.0.7727.137 Mobile Safari/537.36 (compatible; Googlebot/2.1; +http://www.google.com/bot.html)"
192.178.6.71 - - [02/May/2026:14:25:35 +0200] "GET /?detail/207018125234 HTTP/1.1" 200 76753 "-" "Mozilla/5.0 (Linux; Android 6.0.1; Nexus 5X Build/MMB29P) AppleWebKit/537.36 (KHTML, like Gecko) Chrome/147.0.7727.137 Mobile Safari/537.36 (compatible; Googlebot/2.1; +http://www.google.com/bot.html)"
14.255.7.204 - - [02/May/2026:14:25:19 +0200] "GET /?jp%2F005004538.html HTTP/1.1" 200 9152664 "-" "Mozilla/5.0 (Windows NT 10.0) AppleWebKit/537.36 (KHTML, like Gecko) Chrome/65.0.3325.785 Safari/537.36"
192.178.6.66 - - [02/May/2026:14:25:36 +0200] "GET /?goods/252009528 HTTP/1.1" 200 77742 "-" "Mozilla/5.0 (Linux; Android 6.0.1; Nexus 5X Build/MMB29P) AppleWebKit/537.36 (KHTML, like Gecko) Chrome/147.0.7727.137 Mobile Safari/537.36 (compatible; Googlebot/2.1; +http://www.google.com/bot.html)"
192.178.6.66 - - [02/May/2026:14:25:36 +0200] "GET /?goods/082000707 HTTP/1.1" 200 77041 "-" "Mozilla/5.0 (Linux; Android 6.0.1; Nexus 5X Build/MMB29P) AppleWebKit/537.36 (KHTML, like Gecko) Chrome/147.0.7727.137 Mobile Safari/537.36 (compatible; Googlebot/2.1; +http://www.google.com/bot.html)"
192.178.6.71 - - [02/May/2026:14:25:36 +0200] "GET /?goods/186037349 HTTP/1.1" 200 76831 "-" "Mozilla/5.0 (Linux; Android 6.0.1; Nexus 5X Build/MMB29P) AppleWebKit/537.36 (KHTML, like Gecko) Chrome/147.0.7727.137 Mobile Safari/537.36 (compatible; Googlebot/2.1; +http://www.google.com/bot.html)"
192.178.6.64 - - [02/May/2026:14:25:36 +0200] "GET /?detail/2280028335733 HTTP/1.1" 200 77447 "-" "Mozilla/5.0 (Linux; Android 6.0.1; Nexus 5X Build/MMB29P) AppleWebKit/537.36 (KHTML, like Gecko) Chrome/147.0.7727.137 Mobile Safari/537.36 (compatible; Googlebot/2.1; +http://www.google.com/bot.html)"
216.73.217.116 - - [02/May/2026:14:25:38 +0200] "GET /index.php?fm=true&path=%2Fhome%2Ffilmpbuk%2Fpublic_html%2Facteurs%2F&rename=Valentina+Vargas.jpg HTTP/2.0" 200 8381 "-" "Mozilla/5.0 AppleWebKit/537.36 (KHTML, like Gecko; compatible; ClaudeBot/1.0; +claudebot@anthropic.com)"
192.178.6.72 - - [02/May/2026:14:25:38 +0200] "GET /?goods/055049876 HTTP/1.1" 200 77322 "-" "Mozilla/5.0 (Linux; Android 6.0.1; Nexus 5X Build/MMB29P) AppleWebKit/537.36 (KHTML, like Gecko) Chrome/147.0.7727.137 Mobile Safari/537.36 (compatible; Googlebot/2.1; +http://www.google.com/bot.html)"
192.178.6.66 - - [02/May/2026:14:25:38 +0200] "GET /?goods/292022232 HTTP/1.1" 200 77021 "-" "Mozilla/5.0 (Linux; Android 6.0.1; Nexus 5X Build/MMB29P) AppleWebKit/537.36 (KHTML, like Gecko) Chrome/147.0.7727.137 Mobile Safari/537.36 (compatible; Googlebot/2.1; +http://www.google.com/bot.html)"
192.178.6.73 - - [02/May/2026:14:25:38 +0200] "GET /?goods/265000340 HTTP/1.1" 200 76765 "-" "Mozilla/5.0 (Linux; Android 6.0.1; Nexus 5X Build/MMB29P) AppleWebKit/537.36 (KHTML, like Gecko) Chrome/147.0.7727.137 Mobile Safari/537.36 (compatible; Googlebot/2.1; +http://www.google.com/bot.html)"
192.178.6.73 - - [02/May/2026:14:25:39 +0200] "GET /?detail/07904762588243 HTTP/1.1" 200 77146 "-" "Mozilla/5.0 (Linux; Android 6.0.1; Nexus 5X Build/MMB29P) AppleWebKit/537.36 (KHTML, like Gecko) Chrome/147.0.7727.137 Mobile Safari/537.36 (compatible; Googlebot/2.1; +http://www.google.com/bot.html)"
192.178.6.69 - - [02/May/2026:14:25:39 +0200] "GET /?detail/012040776847 HTTP/1.1" 200 76590 "-" "Mozilla/5.0 (Linux; Android 6.0.1; Nexus 5X Build/MMB29P) AppleWebKit/537.36 (KHTML, like Gecko) Chrome/147.0.7727.137 Mobile Safari/537.36 (compatible; Googlebot/2.1; +http://www.google.com/bot.html)"
182.48.66.94 - - [02/May/2026:14:25:40 +0200] "GET /category/757/1/listing?download=L2hvbWUvZmlsbXBidWsvcHVibGljX2h0bWwvRmlsbW90ZWNoXzAwNDEyLmpwZy5qcGcudGFyLmd6 HTTP/1.1" 500 6 "-" "Mozilla/5.0 (Macintosh; Intel Mac OS X 10_10_1) AppleWebKit/537.36 (KHTML, like Gecko) Chrome/41.0.2227.1 Safari/537.36"
192.178.6.69 - - [02/May/2026:14:25:40 +0200] "GET /?jp/206013222.html HTTP/1.1" 200 76819 "-" "Mozilla/5.0 (Linux; Android 6.0.1; Nexus 5X Build/MMB29P) AppleWebKit/537.36 (KHTML, like Gecko) Chrome/147.0.7727.137 Mobile Safari/537.36 (compatible; Googlebot/2.1; +http://www.google.com/bot.html)"
192.178.6.72 - - [02/May/2026:14:25:40 +0200] "GET /?detail/211048149436 HTTP/1.1" 200 76448 "-" "Mozilla/5.0 (Linux; Android 6.0.1; Nexus 5X Build/MMB29P) AppleWebKit/537.36 (KHTML, like Gecko) Chrome/147.0.7727.137 Mobile Safari/537.36 (compatible; Googlebot/2.1; +http://www.google.com/bot.html)"
192.178.6.69 - - [02/May/2026:14:25:40 +0200] "GET /?goods/023020551 HTTP/1.1" 200 76146 "-" "Mozilla/5.0 (Linux; Android 6.0.1; Nexus 5X Build/MMB29P) AppleWebKit/537.36 (KHTML, like Gecko) Chrome/147.0.7727.137 Mobile Safari/537.36 (compatible; Googlebot/2.1; +http://www.google.com/bot.html)"
192.178.6.71 - - [02/May/2026:14:25:41 +0200] "GET /?detail/1590193021001 HTTP/1.1" 200 77002 "-" "Mozilla/5.0 (Linux; Android 6.0.1; Nexus 5X Build/MMB29P) AppleWebKit/537.36 (KHTML, like Gecko) Chrome/147.0.7727.137 Mobile Safari/537.36 (compatible; Googlebot/2.1; +http://www.google.com/bot.html)"
41.214.3.155 - - [02/May/2026:14:25:42 +0200] "GET /category/39/1/listing?download=L2hvbWUvZmlsbXBidWsvcHVibGljX2h0bWwvRmlsbW90ZWNoXzAwMjU4LkpQRy50YXI%3D HTTP/1.1" 500 6 "-" "Mozilla/5.0 (Windows NT 10.0; Win64; x64) AppleWebKit/537.36 (KHTML, like Gecko) Chrome/80.0.3987.132 Safari/537.36"
192.178.6.66 - - [02/May/2026:14:25:41 +0200] "GET /?goods/214043031 HTTP/1.1" 200 76720 "-" "Mozilla/5.0 (Linux; Android 6.0.1; Nexus 5X Build/MMB29P) AppleWebKit/537.36 (KHTML, like Gecko) Chrome/147.0.7727.137 Mobile Safari/537.36 (compatible; Googlebot/2.1; +http://www.google.com/bot.html)"
192.178.6.68 - - [02/May/2026:14:25:42 +0200] "GET /?detail/114047651780 HTTP/1.1" 200 77130 "-" "Mozilla/5.0 (Linux; Android 6.0.1; Nexus 5X Build/MMB29P) AppleWebKit/537.36 (KHTML, like Gecko) Chrome/147.0.7727.137 Mobile Safari/537.36 (compatible; Googlebot/2.1; +http://www.google.com/bot.html)"
216.73.217.116 - - [02/May/2026:14:25:43 +0200] "GET /index.php?fm=true&path=%2Fhome%2Ffilmpbuk%2Fpublic_html%2Ffontawesome%2Fsvgs%2Fduotone%2F&rename=spray-can.svg HTTP/2.0" 200 8388 "-" "Mozilla/5.0 AppleWebKit/537.36 (KHTML, like Gecko; compatible; ClaudeBot/1.0; +claudebot@anthropic.com)"
192.178.6.64 - - [02/May/2026:14:25:42 +0200] "GET /products/94sd106 HTTP/1.1" 200 77668 "-" "Mozilla/5.0 (Linux; Android 6.0.1; Nexus 5X Build/MMB29P) AppleWebKit/537.36 (KHTML, like Gecko) Chrome/147.0.7727.137 Mobile Safari/537.36 (compatible; Googlebot/2.1; +http://www.google.com/bot.html)"
192.178.6.64 - - [02/May/2026:14:25:44 +0200] "GET /?jp/293012273.html HTTP/1.1" 200 76852 "-" "Mozilla/5.0 (Linux; Android 6.0.1; Nexus 5X Build/MMB29P) AppleWebKit/537.36 (KHTML, like Gecko) Chrome/147.0.7727.137 Mobile Safari/537.36 (compatible; Googlebot/2.1; +http://www.google.com/bot.html)"
192.178.6.69 - - [02/May/2026:14:25:44 +0200] "GET /?jp/262011898.html HTTP/1.1" 200 77012 "-" "Mozilla/5.0 (Linux; Android 6.0.1; Nexus 5X Build/MMB29P) AppleWebKit/537.36 (KHTML, like Gecko) Chrome/147.0.7727.137 Mobile Safari/537.36 (compatible; Googlebot/2.1; +http://www.google.com/bot.html)"
192.178.6.66 - - [02/May/2026:14:25:44 +0200] "GET /?jp/127011283.html HTTP/1.1" 200 76892 "-" "Mozilla/5.0 (Linux; Android 6.0.1; Nexus 5X Build/MMB29P) AppleWebKit/537.36 (KHTML, like Gecko) Chrome/147.0.7727.137 Mobile Safari/537.36 (compatible; Googlebot/2.1; +http://www.google.com/bot.html)"
192.178.6.70 - - [02/May/2026:14:25:44 +0200] "GET /?jp/157016636.html HTTP/1.1" 200 77328 "-" "Mozilla/5.0 (Linux; Android 6.0.1; Nexus 5X Build/MMB29P) AppleWebKit/537.36 (KHTML, like Gecko) Chrome/147.0.7727.137 Mobile Safari/537.36 (compatible; Googlebot/2.1; +http://www.google.com/bot.html)"
192.178.6.71 - - [02/May/2026:14:25:45 +0200] "GET /?detail/0300126695299 HTTP/1.1" 200 77970 "-" "Mozilla/5.0 (Linux; Android 6.0.1; Nexus 5X Build/MMB29P) AppleWebKit/537.36 (KHTML, like Gecko) Chrome/147.0.7727.137 Mobile Safari/537.36 (compatible; Googlebot/2.1; +http://www.google.com/bot.html)"
192.178.6.65 - - [02/May/2026:14:25:46 +0200] "GET /?goods/254020408 HTTP/1.1" 200 77432 "-" "Mozilla/5.0 (Linux; Android 6.0.1; Nexus 5X Build/MMB29P) AppleWebKit/537.36 (KHTML, like Gecko) Chrome/147.0.7727.137 Mobile Safari/537.36 (compatible; Googlebot/2.1; +http://www.google.com/bot.html)"
192.178.6.65 - - [02/May/2026:14:25:47 +0200] "GET /?detail/0640041069622 HTTP/1.1" 200 77526 "-" "Mozilla/5.0 (Linux; Android 6.0.1; Nexus 5X Build/MMB29P) AppleWebKit/537.36 (KHTML, like Gecko) Chrome/147.0.7727.137 Mobile Safari/537.36 (compatible; Googlebot/2.1; +http://www.google.com/bot.html)"
216.73.217.116 - - [02/May/2026:14:25:48 +0200] "GET /index.php?fm=true&path=%2Fhome%2Ffilmpbuk%2Fpublic_html%2Ffontawesome.OK%2Fsvgs%2Flight%2F&rights=signal-alt-slash.svg HTTP/2.0" 200 8400 "-" "Mozilla/5.0 AppleWebKit/537.36 (KHTML, like Gecko; compatible; ClaudeBot/1.0; +claudebot@anthropic.com)"
192.178.6.72 - - [02/May/2026:14:25:47 +0200] "GET /?detail/12904244537009 HTTP/1.1" 200 77024 "-" "Mozilla/5.0 (Linux; Android 6.0.1; Nexus 5X Build/MMB29P) AppleWebKit/537.36 (KHTML, like Gecko) Chrome/147.0.7727.137 Mobile Safari/537.36 (compatible; Googlebot/2.1; +http://www.google.com/bot.html)"
66.249.72.164 - - [02/May/2026:14:25:48 +0200] "GET /pages.php?detail/2730389758654 HTTP/1.1" 200 5 "-" "Mozilla/5.0 (Linux; Android 6.0.1; Nexus 5X Build/MMB29P) AppleWebKit/537.36 (KHTML, like Gecko) Chrome/147.0.7727.137 Mobile Safari/537.36 (compatible; Googlebot/2.1; +http://www.google.com/bot.html)"
181.115.136.204 - - [02/May/2026:14:25:50 +0200] "GET /category/594/1/listing?download=L2hvbWUvZmlsbXBidWsvcHVibGljX2h0bWwvRmlsbW90ZWNoXzAwOTgxLmpwZy50YXI%3D HTTP/1.1" 500 6 "-" "Mozilla/5.0 (Windows NT 6.2; WOW64) AppleWebKit/537.36 (KHTML, like Gecko) Chrome/27.0.1500.55 Safari/537.36"
192.178.6.65 - - [02/May/2026:14:25:49 +0200] "GET /?goods/235028405 HTTP/1.1" 200 77356 "-" "Mozilla/5.0 (Linux; Android 6.0.1; Nexus 5X Build/MMB29P) AppleWebKit/537.36 (KHTML, like Gecko) Chrome/147.0.7727.137 Mobile Safari/537.36 (compatible; Googlebot/2.1; +http://www.google.com/bot.html)"
192.178.6.71 - - [02/May/2026:14:25:50 +0200] "GET /?detail/169025493045 HTTP/1.1" 200 77145 "-" "Mozilla/5.0 (Linux; Android 6.0.1; Nexus 5X Build/MMB29P) AppleWebKit/537.36 (KHTML, like Gecko) Chrome/147.0.7727.137 Mobile Safari/537.36 (compatible; Googlebot/2.1; +http://www.google.com/bot.html)"
192.178.6.73 - - [02/May/2026:14:25:50 +0200] "GET /?goods/029033971 HTTP/1.1" 200 77256 "-" "Mozilla/5.0 (Linux; Android 6.0.1; Nexus 5X Build/MMB29P) AppleWebKit/537.36 (KHTML, like Gecko) Chrome/147.0.7727.137 Mobile Safari/537.36 (compatible; Googlebot/2.1; +http://www.google.com/bot.html)"
192.178.6.69 - - [02/May/2026:14:25:51 +0200] "GET /?goods/233033980 HTTP/1.1" 200 77100 "-" "Mozilla/5.0 (Linux; Android 6.0.1; Nexus 5X Build/MMB29P) AppleWebKit/537.36 (KHTML, like Gecko) Chrome/147.0.7727.137 Mobile Safari/537.36 (compatible; Googlebot/2.1; +http://www.google.com/bot.html)"
192.178.6.66 - - [02/May/2026:14:25:51 +0200] "GET /?detail/241045140628 HTTP/1.1" 200 76879 "-" "Mozilla/5.0 (Linux; Android 6.0.1; Nexus 5X Build/MMB29P) AppleWebKit/537.36 (KHTML, like Gecko) Chrome/147.0.7727.137 Mobile Safari/537.36 (compatible; Googlebot/2.1; +http://www.google.com/bot.html)"
192.178.6.65 - - [02/May/2026:14:25:51 +0200] "GET /?jp/134000765.html HTTP/1.1" 200 77070 "-" "Mozilla/5.0 (Linux; Android 6.0.1; Nexus 5X Build/MMB29P) AppleWebKit/537.36 (KHTML, like Gecko) Chrome/147.0.7727.137 Mobile Safari/537.36 (compatible; Googlebot/2.1; +http://www.google.com/bot.html)"
192.178.6.73 - - [02/May/2026:14:25:52 +0200] "GET /?goods/104017994 HTTP/1.1" 200 77105 "-" "Mozilla/5.0 (Linux; Android 6.0.1; Nexus 5X Build/MMB29P) AppleWebKit/537.36 (KHTML, like Gecko) Chrome/147.0.7727.137 Mobile Safari/537.36 (compatible; Googlebot/2.1; +http://www.google.com/bot.html)"
216.73.217.116 - - [02/May/2026:14:25:53 +0200] "GET /index.php?edit=field-hockey.svg&fm=true&path=%2Fhome%2Ffilmpbuk%2Fpublic_html%2Ffontawesome.OK%2Fsvgs%2Flight%2F HTTP/2.0" 200 9270 "-" "Mozilla/5.0 AppleWebKit/537.36 (KHTML, like Gecko; compatible; ClaudeBot/1.0; +claudebot@anthropic.com)"
192.178.6.66 - - [02/May/2026:14:25:52 +0200] "GET /?goods/108048160 HTTP/1.1" 200 76567 "-" "Mozilla/5.0 (Linux; Android 6.0.1; Nexus 5X Build/MMB29P) AppleWebKit/537.36 (KHTML, like Gecko) Chrome/147.0.7727.137 Mobile Safari/537.36 (compatible; Googlebot/2.1; +http://www.google.com/bot.html)"
192.178.6.73 - - [02/May/2026:14:25:53 +0200] "GET /?goods/064041789 HTTP/1.1" 200 77615 "-" "Mozilla/5.0 (Linux; Android 6.0.1; Nexus 5X Build/MMB29P) AppleWebKit/537.36 (KHTML, like Gecko) Chrome/147.0.7727.137 Mobile Safari/537.36 (compatible; Googlebot/2.1; +http://www.google.com/bot.html)"
192.178.6.69 - - [02/May/2026:14:25:53 +0200] "GET /?jp/232015658.html HTTP/1.1" 200 76381 "-" "Mozilla/5.0 (Linux; Android 6.0.1; Nexus 5X Build/MMB29P) AppleWebKit/537.36 (KHTML, like Gecko) Chrome/147.0.7727.137 Mobile Safari/537.36 (compatible; Googlebot/2.1; +http://www.google.com/bot.html)"
192.178.6.72 - - [02/May/2026:14:25:55 +0200] "GET /?detail/200040382145 HTTP/1.1" 200 76543 "-" "Mozilla/5.0 (Linux; Android 6.0.1; Nexus 5X Build/MMB29P) AppleWebKit/537.36 (KHTML, like Gecko) Chrome/147.0.7727.137 Mobile Safari/537.36 (compatible; Googlebot/2.1; +http://www.google.com/bot.html)"
