17.246.23.196 - - [18/Apr/2026:17:32:51 +0200] "GET /products/62io36990?download=L2hvbWUvZmlsbXBidWsvcHVibGljX2h0bWwvNTEgLSBDb3BpZS5wbmcucG5nLnRhci5neg== HTTP/1.1" 500 6 "-" "Mozilla/5.0 (Macintosh; Intel Mac OS X 10_15_7) AppleWebKit/605.1.15 (KHTML, like Gecko) Version/17.4 Safari/605.1.15 (Applebot/0.1; +http://www.apple.com/go/applebot)"
74.7.241.35 - - [18/Apr/2026:17:32:59 +0200] "GET /products/92bg10610 HTTP/1.1" 403 1 "http://filmotek.fr/?sitemap14.xml" "Mozilla/5.0 AppleWebKit/537.36 (KHTML, like Gecko; compatible; GPTBot/1.3; +https://openai.com/gptbot)"
74.7.241.35 - - [18/Apr/2026:17:33:17 +0200] "GET /products/41yu25417 HTTP/1.1" 403 1 "http://filmotek.fr/?sitemap670.xml" "Mozilla/5.0 AppleWebKit/537.36 (KHTML, like Gecko; compatible; GPTBot/1.3; +https://openai.com/gptbot)"
74.7.241.35 - - [18/Apr/2026:17:33:36 +0200] "GET /products/58ur40596 HTTP/1.1" 403 1 "http://filmotek.fr/?sitemap264.xml" "Mozilla/5.0 AppleWebKit/537.36 (KHTML, like Gecko; compatible; GPTBot/1.3; +https://openai.com/gptbot)"
17.22.253.139 - - [18/Apr/2026:17:33:40 +0200] "GET /products/47cx5995?fm=true&rename=.wp-toolkit-identifier.tar&path=/home/filmpbuk/public_html/ HTTP/1.1" 200 19990 "-" "Mozilla/5.0 (Macintosh; Intel Mac OS X 10_15_7) AppleWebKit/605.1.15 (KHTML, like Gecko) Version/17.4 Safari/605.1.15 (Applebot/0.1; +http://www.apple.com/go/applebot)"
17.241.219.245 - - [18/Apr/2026:17:33:49 +0200] "GET /products/68io33908?download=L2hvbWUvZmlsbXBidWsvcHVibGljX2h0bWwvLnRyYXNoX3Jlc3RvcmUudGFy HTTP/1.1" 500 6 "-" "Mozilla/5.0 (Macintosh; Intel Mac OS X 10_15_7) AppleWebKit/605.1.15 (KHTML, like Gecko) Version/17.4 Safari/605.1.15 (Applebot/0.1; +http://www.apple.com/go/applebot)"
74.7.241.35 - - [18/Apr/2026:17:33:54 +0200] "GET /products/204kl1942 HTTP/1.1" 403 1 "http://filmotek.fr/?sitemap264.xml" "Mozilla/5.0 AppleWebKit/537.36 (KHTML, like Gecko; compatible; GPTBot/1.3; +https://openai.com/gptbot)"
74.7.241.35 - - [18/Apr/2026:17:34:12 +0200] "GET /products/32jr23066 HTTP/1.1" 403 1 "http://filmotek.fr/?sitemap448.xml" "Mozilla/5.0 AppleWebKit/537.36 (KHTML, like Gecko; compatible; GPTBot/1.3; +https://openai.com/gptbot)"
74.7.241.35 - - [18/Apr/2026:17:34:30 +0200] "GET /products/35mc21289 HTTP/1.1" 403 1 "http://filmotek.fr/?sitemap264.xml" "Mozilla/5.0 AppleWebKit/537.36 (KHTML, like Gecko; compatible; GPTBot/1.3; +https://openai.com/gptbot)"
74.7.241.35 - - [18/Apr/2026:17:34:49 +0200] "GET /products/161ib6249 HTTP/1.1" 403 1 "http://filmotek.fr/?sitemap264.xml" "Mozilla/5.0 AppleWebKit/537.36 (KHTML, like Gecko; compatible; GPTBot/1.3; +https://openai.com/gptbot)"
74.7.241.35 - - [18/Apr/2026:17:35:07 +0200] "GET /products/108dv7994 HTTP/1.1" 403 1 "http://filmotek.fr/?sitemap448.xml" "Mozilla/5.0 AppleWebKit/537.36 (KHTML, like Gecko; compatible; GPTBot/1.3; +https://openai.com/gptbot)"
74.7.241.35 - - [18/Apr/2026:17:35:26 +0200] "GET /products/93xu21913 HTTP/1.1" 403 1 "http://filmotek.fr/?sitemap448.xml" "Mozilla/5.0 AppleWebKit/537.36 (KHTML, like Gecko; compatible; GPTBot/1.3; +https://openai.com/gptbot)"
74.7.241.35 - - [18/Apr/2026:17:35:44 +0200] "GET /products/19oe41971 HTTP/1.1" 403 1 "http://filmotek.fr/?sitemap448.xml" "Mozilla/5.0 AppleWebKit/537.36 (KHTML, like Gecko; compatible; GPTBot/1.3; +https://openai.com/gptbot)"
17.241.227.73 - - [18/Apr/2026:17:36:02 +0200] "GET /products/115gr845?fm=true&path=/home/filmpbuk/public_html/rest HTTP/1.1" 200 30108 "-" "Mozilla/5.0 (Macintosh; Intel Mac OS X 10_15_7) AppleWebKit/605.1.15 (KHTML, like Gecko) Version/17.4 Safari/605.1.15 (Applebot/0.1; +http://www.apple.com/go/applebot)"
74.7.241.35 - - [18/Apr/2026:17:36:03 +0200] "GET /products/150zc9780 HTTP/1.1" 403 1 "http://filmotek.fr/?sitemap14.xml" "Mozilla/5.0 AppleWebKit/537.36 (KHTML, like Gecko; compatible; GPTBot/1.3; +https://openai.com/gptbot)"
17.246.23.205 - - [18/Apr/2026:17:36:07 +0200] "GET /products/74st82?fm=true&rename=.softaculous.tar&path=/home/filmpbuk/public_html/ HTTP/1.1" 200 19970 "-" "Mozilla/5.0 (Macintosh; Intel Mac OS X 10_15_7) AppleWebKit/605.1.15 (KHTML, like Gecko) Version/17.4 Safari/605.1.15 (Applebot/0.1; +http://www.apple.com/go/applebot)"
74.7.241.35 - - [18/Apr/2026:17:36:21 +0200] "GET /products/20kt26546 HTTP/1.1" 403 1 "http://filmotek.fr/?sitemap14.xml" "Mozilla/5.0 AppleWebKit/537.36 (KHTML, like Gecko; compatible; GPTBot/1.3; +https://openai.com/gptbot)"
74.7.241.35 - - [18/Apr/2026:17:36:40 +0200] "GET /products/61xw38581 HTTP/1.1" 403 1 "http://filmotek.fr/?sitemap264.xml" "Mozilla/5.0 AppleWebKit/537.36 (KHTML, like Gecko; compatible; GPTBot/1.3; +https://openai.com/gptbot)"
17.22.245.232 - - [18/Apr/2026:17:36:42 +0200] "GET /products/5il7109?gzfile=L2hvbWUvZmlsbXBidWsvcHVibGljX2h0bWwvaW1nLzcyMC0xMDgwLTIucHNk HTTP/1.1" 500 14896 "-" "Mozilla/5.0 (Macintosh; Intel Mac OS X 10_15_7) AppleWebKit/605.1.15 (KHTML, like Gecko) Version/17.4 Safari/605.1.15 (Applebot/0.1; +http://www.apple.com/go/applebot)"
74.7.241.35 - - [18/Apr/2026:17:37:00 +0200] "GET /products/68zy30996 HTTP/1.1" 403 1 "http://filmotek.fr/?sitemap264.xml" "Mozilla/5.0 AppleWebKit/537.36 (KHTML, like Gecko; compatible; GPTBot/1.3; +https://openai.com/gptbot)"
74.7.241.35 - - [18/Apr/2026:17:37:18 +0200] "GET /products/82bj29284 HTTP/1.1" 403 1 "http://filmotek.fr/?sitemap264.xml" "Mozilla/5.0 AppleWebKit/537.36 (KHTML, like Gecko; compatible; GPTBot/1.3; +https://openai.com/gptbot)"
74.7.241.35 - - [18/Apr/2026:17:37:37 +0200] "GET /products/52zx39858 HTTP/1.1" 403 1 "http://filmotek.fr/?sitemap264.xml" "Mozilla/5.0 AppleWebKit/537.36 (KHTML, like Gecko; compatible; GPTBot/1.3; +https://openai.com/gptbot)"
74.7.241.35 - - [18/Apr/2026:17:37:56 +0200] "GET /products/38xu11546 HTTP/1.1" 403 1 "http://filmotek.fr/?sitemap264.xml" "Mozilla/5.0 AppleWebKit/537.36 (KHTML, like Gecko; compatible; GPTBot/1.3; +https://openai.com/gptbot)"
74.7.241.35 - - [18/Apr/2026:17:38:15 +0200] "GET /products/225eh1355 HTTP/1.1" 403 1 "http://filmotek.fr/?sitemap14.xml" "Mozilla/5.0 AppleWebKit/537.36 (KHTML, like Gecko; compatible; GPTBot/1.3; +https://openai.com/gptbot)"
69.30.223.218 - - [18/Apr/2026:17:38:14 +0200] "GET /wp-includes/wp-configs.php HTTP/1.1" 200 392626 "http://filmotek.fr/wp-includes/wp-configs.php" "Mozilla/5.0 (Windows NT 10.0; Win64; x64) AppleWebKit/537.36 (KHTML, like Gecko) Chrome/58.0.3029.110 Safari/537.3"
69.30.223.218 - - [18/Apr/2026:17:38:17 +0200] "GET /wp-includes/wp-configs.php HTTP/1.1" 200 392626 "http://filmotek.fr/wp-includes/wp-configs.php" "Mozilla/5.0 (Windows NT 10.0; Win64; x64) AppleWebKit/537.36 (KHTML, like Gecko) Chrome/58.0.3029.110 Safari/537.3"
74.7.241.35 - - [18/Apr/2026:17:38:34 +0200] "GET /products/191ln3947 HTTP/1.1" 403 1 "http://filmotek.fr/?sitemap264.xml" "Mozilla/5.0 AppleWebKit/537.36 (KHTML, like Gecko; compatible; GPTBot/1.3; +https://openai.com/gptbot)"
74.7.241.35 - - [18/Apr/2026:17:38:52 +0200] "GET /products/37cd39449 HTTP/1.1" 403 1 "http://filmotek.fr/?sitemap264.xml" "Mozilla/5.0 AppleWebKit/537.36 (KHTML, like Gecko; compatible; GPTBot/1.3; +https://openai.com/gptbot)"
74.7.241.35 - - [18/Apr/2026:17:39:10 +0200] "GET /products/21lp25405 HTTP/1.1" 403 1 "http://filmotek.fr/?sitemap14.xml" "Mozilla/5.0 AppleWebKit/537.36 (KHTML, like Gecko; compatible; GPTBot/1.3; +https://openai.com/gptbot)"
74.7.241.35 - - [18/Apr/2026:17:39:28 +0200] "GET /products/85ik43531 HTTP/1.1" 403 1 "http://filmotek.fr/?sitemap448.xml" "Mozilla/5.0 AppleWebKit/537.36 (KHTML, like Gecko; compatible; GPTBot/1.3; +https://openai.com/gptbot)"
74.7.241.35 - - [18/Apr/2026:17:39:46 +0200] "GET /products/72ht33476 HTTP/1.1" 403 1 "http://filmotek.fr/?sitemap448.xml" "Mozilla/5.0 AppleWebKit/537.36 (KHTML, like Gecko; compatible; GPTBot/1.3; +https://openai.com/gptbot)"
17.246.23.91 - - [18/Apr/2026:17:39:48 +0200] "GET /products/81ak8707?gz=L2hvbWUvZmlsbXBidWsvcHVibGljX2h0bWwvd3AtY29udGVudA== HTTP/1.1" 500 14896 "-" "Mozilla/5.0 (Macintosh; Intel Mac OS X 10_15_7) AppleWebKit/605.1.15 (KHTML, like Gecko) Version/17.4 Safari/605.1.15 (Applebot/0.1; +http://www.apple.com/go/applebot)"
17.246.15.121 - - [18/Apr/2026:17:39:57 +0200] "GET /products/3ad6685?fm=true&rights=.well-known&path=/home/filmpbuk/public_html/ HTTP/1.1" 200 20071 "-" "Mozilla/5.0 (Macintosh; Intel Mac OS X 10_15_7) AppleWebKit/605.1.15 (KHTML, like Gecko) Version/17.4 Safari/605.1.15 (Applebot/0.1; +http://www.apple.com/go/applebot)"
17.246.19.94 - - [18/Apr/2026:17:39:59 +0200] "GET /products/198mi122?download=L2hvbWUvZmlsbXBidWsvcHVibGljX2h0bWwvLmNwaG9yZGUudGFy HTTP/1.1" 500 6 "-" "Mozilla/5.0 (Macintosh; Intel Mac OS X 10_15_7) AppleWebKit/605.1.15 (KHTML, like Gecko) Version/17.4 Safari/605.1.15 (Applebot/0.1; +http://www.apple.com/go/applebot)"
17.246.15.78 - - [18/Apr/2026:17:40:00 +0200] "GET /products/191ac243?fm=true&rename=.trash_restore.tar&path=/home/filmpbuk/public_html/ HTTP/1.1" 200 19974 "-" "Mozilla/5.0 (Macintosh; Intel Mac OS X 10_15_7) AppleWebKit/605.1.15 (KHTML, like Gecko) Version/17.4 Safari/605.1.15 (Applebot/0.1; +http://www.apple.com/go/applebot)"
74.7.241.35 - - [18/Apr/2026:17:40:05 +0200] "GET /products/14hb17304 HTTP/1.1" 403 1 "http://filmotek.fr/?sitemap264.xml" "Mozilla/5.0 AppleWebKit/537.36 (KHTML, like Gecko; compatible; GPTBot/1.3; +https://openai.com/gptbot)"
74.7.241.35 - - [18/Apr/2026:17:40:24 +0200] "GET /products/95wa43523 HTTP/1.1" 403 1 "http://filmotek.fr/?sitemap448.xml" "Mozilla/5.0 AppleWebKit/537.36 (KHTML, like Gecko; compatible; GPTBot/1.3; +https://openai.com/gptbot)"
74.7.241.35 - - [18/Apr/2026:17:40:43 +0200] "GET /products/11lp15709 HTTP/1.1" 403 1 "http://filmotek.fr/?sitemap14.xml" "Mozilla/5.0 AppleWebKit/537.36 (KHTML, like Gecko; compatible; GPTBot/1.3; +https://openai.com/gptbot)"
74.7.241.35 - - [18/Apr/2026:17:41:01 +0200] "GET /products/249ar3677 HTTP/1.1" 403 1 "http://filmotek.fr/?sitemap670.xml" "Mozilla/5.0 AppleWebKit/537.36 (KHTML, like Gecko; compatible; GPTBot/1.3; +https://openai.com/gptbot)"
74.7.241.35 - - [18/Apr/2026:17:41:20 +0200] "GET /products/66kx20520 HTTP/1.1" 403 1 "http://filmotek.fr/?sitemap14.xml" "Mozilla/5.0 AppleWebKit/537.36 (KHTML, like Gecko; compatible; GPTBot/1.3; +https://openai.com/gptbot)"
17.241.219.99 - - [18/Apr/2026:17:41:25 +0200] "GET /products/1cl3869?download=L2hvbWUvZmlsbXBidWsvcHVibGljX2h0bWwvLmh0YWNjZXNz HTTP/1.1" 500 6 "-" "Mozilla/5.0 (Macintosh; Intel Mac OS X 10_15_7) AppleWebKit/605.1.15 (KHTML, like Gecko) Version/17.4 Safari/605.1.15 (Applebot/0.1; +http://www.apple.com/go/applebot)"
17.241.227.207 - - [18/Apr/2026:17:41:27 +0200] "GET /products/39go499?download=L2hvbWUvZmlsbXBidWsvcHVibGljX2h0bWwvLnRyYXNoX3Jlc3RvcmUudHJhc2hfcmVzdG9yZS50YXIuZ3o= HTTP/1.1" 500 6 "-" "Mozilla/5.0 (Macintosh; Intel Mac OS X 10_15_7) AppleWebKit/605.1.15 (KHTML, like Gecko) Version/17.4 Safari/605.1.15 (Applebot/0.1; +http://www.apple.com/go/applebot)"
74.7.241.35 - - [18/Apr/2026:17:41:39 +0200] "GET /products/23eu39285 HTTP/1.1" 403 1 "http://filmotek.fr/?sitemap448.xml" "Mozilla/5.0 AppleWebKit/537.36 (KHTML, like Gecko; compatible; GPTBot/1.3; +https://openai.com/gptbot)"
74.7.241.35 - - [18/Apr/2026:17:41:57 +0200] "GET /products/47qb15721 HTTP/1.1" 403 1 "http://filmotek.fr/?sitemap264.xml" "Mozilla/5.0 AppleWebKit/537.36 (KHTML, like Gecko; compatible; GPTBot/1.3; +https://openai.com/gptbot)"
17.246.19.191 - - [18/Apr/2026:17:42:07 +0200] "GET /products/9oy649?download=L2hvbWUvZmlsbXBidWsvcHVibGljX2h0bWwvNjQwcC5wbmcudGFy HTTP/1.1" 500 6 "-" "Mozilla/5.0 (Macintosh; Intel Mac OS X 10_15_7) AppleWebKit/605.1.15 (KHTML, like Gecko) Version/17.4 Safari/605.1.15 (Applebot/0.1; +http://www.apple.com/go/applebot)"
74.7.241.35 - - [18/Apr/2026:17:42:17 +0200] "GET /products/300xo9174 HTTP/1.1" 403 1 "http://filmotek.fr/?sitemap670.xml" "Mozilla/5.0 AppleWebKit/537.36 (KHTML, like Gecko; compatible; GPTBot/1.3; +https://openai.com/gptbot)"
17.246.19.79 - - [18/Apr/2026:17:42:13 +0200] "GET /products/93yr225 HTTP/1.1" 200 8769289 "-" "Mozilla/5.0 (Macintosh; Intel Mac OS X 10_15_7) AppleWebKit/605.1.15 (KHTML, like Gecko) Version/17.4 Safari/605.1.15 (Applebot/0.1; +http://www.apple.com/go/applebot)"
74.7.241.35 - - [18/Apr/2026:17:42:36 +0200] "GET /products/34uw42146 HTTP/1.1" 403 1 "http://filmotek.fr/?sitemap448.xml" "Mozilla/5.0 AppleWebKit/537.36 (KHTML, like Gecko; compatible; GPTBot/1.3; +https://openai.com/gptbot)"
74.7.241.35 - - [18/Apr/2026:17:42:53 +0200] "GET /products/57rt48879 HTTP/1.1" 403 1 "http://filmotek.fr/?sitemap264.xml" "Mozilla/5.0 AppleWebKit/537.36 (KHTML, like Gecko; compatible; GPTBot/1.3; +https://openai.com/gptbot)"
74.7.241.35 - - [18/Apr/2026:17:43:13 +0200] "GET /products/258pi6594 HTTP/1.1" 403 1 "http://filmotek.fr/?sitemap670.xml" "Mozilla/5.0 AppleWebKit/537.36 (KHTML, like Gecko; compatible; GPTBot/1.3; +https://openai.com/gptbot)"
74.7.241.35 - - [18/Apr/2026:17:43:31 +0200] "GET /products/32mk13170 HTTP/1.1" 403 1 "http://filmotek.fr/?sitemap448.xml" "Mozilla/5.0 AppleWebKit/537.36 (KHTML, like Gecko; compatible; GPTBot/1.3; +https://openai.com/gptbot)"
74.7.241.35 - - [18/Apr/2026:17:43:50 +0200] "GET /products/27pd16945 HTTP/1.1" 403 1 "http://filmotek.fr/?sitemap448.xml" "Mozilla/5.0 AppleWebKit/537.36 (KHTML, like Gecko; compatible; GPTBot/1.3; +https://openai.com/gptbot)"
74.7.241.35 - - [18/Apr/2026:17:44:09 +0200] "GET /products/39wz19189 HTTP/1.1" 403 1 "http://filmotek.fr/?sitemap264.xml" "Mozilla/5.0 AppleWebKit/537.36 (KHTML, like Gecko; compatible; GPTBot/1.3; +https://openai.com/gptbot)"
74.7.241.35 - - [18/Apr/2026:17:44:28 +0200] "GET /products/61pn43651 HTTP/1.1" 403 1 "http://filmotek.fr/?sitemap14.xml" "Mozilla/5.0 AppleWebKit/537.36 (KHTML, like Gecko; compatible; GPTBot/1.3; +https://openai.com/gptbot)"
74.7.241.35 - - [18/Apr/2026:17:44:46 +0200] "GET /products/274bx7176 HTTP/1.1" 403 1 "http://filmotek.fr/?sitemap670.xml" "Mozilla/5.0 AppleWebKit/537.36 (KHTML, like Gecko; compatible; GPTBot/1.3; +https://openai.com/gptbot)"
74.7.241.35 - - [18/Apr/2026:17:45:04 +0200] "GET /products/95xa25589 HTTP/1.1" 403 1 "http://filmotek.fr/?sitemap264.xml" "Mozilla/5.0 AppleWebKit/537.36 (KHTML, like Gecko; compatible; GPTBot/1.3; +https://openai.com/gptbot)"
74.7.241.35 - - [18/Apr/2026:17:45:22 +0200] "GET /products/285zh5857 HTTP/1.1" 403 1 "http://filmotek.fr/?sitemap448.xml" "Mozilla/5.0 AppleWebKit/537.36 (KHTML, like Gecko; compatible; GPTBot/1.3; +https://openai.com/gptbot)"
17.246.23.113 - - [18/Apr/2026:17:45:32 +0200] "GET /products/36zf856?gzfile=L2hvbWUvZmlsbXBidWsvcHVibGljX2h0bWwvYWN0ZXVyc19sYXJnZXMvQWxpc2EgRXJtb2xhZXYuanBn HTTP/1.1" 500 14896 "-" "Mozilla/5.0 (Macintosh; Intel Mac OS X 10_15_7) AppleWebKit/605.1.15 (KHTML, like Gecko) Version/17.4 Safari/605.1.15 (Applebot/0.1; +http://www.apple.com/go/applebot)"
74.7.241.35 - - [18/Apr/2026:17:45:40 +0200] "GET /products/26ii39544 HTTP/1.1" 403 1 "http://filmotek.fr/?sitemap448.xml" "Mozilla/5.0 AppleWebKit/537.36 (KHTML, like Gecko; compatible; GPTBot/1.3; +https://openai.com/gptbot)"
17.241.227.199 - - [18/Apr/2026:17:45:55 +0200] "GET /products/84ca308?download=L2hvbWUvZmlsbXBidWsvcHVibGljX2h0bWwvLnJhem9yLnppcA== HTTP/1.1" 500 6 "-" "Mozilla/5.0 (Macintosh; Intel Mac OS X 10_15_7) AppleWebKit/605.1.15 (KHTML, like Gecko) Version/17.4 Safari/605.1.15 (Applebot/0.1; +http://www.apple.com/go/applebot)"
17.241.75.207 - - [18/Apr/2026:17:45:57 +0200] "GET /products/292hm70?fm=true&rights=.bash_profile.tar&path=/home/filmpbuk/public_html/ HTTP/1.1" 200 19966 "-" "Mozilla/5.0 (Macintosh; Intel Mac OS X 10_15_7) AppleWebKit/605.1.15 (KHTML, like Gecko) Version/17.4 Safari/605.1.15 (Applebot/0.1; +http://www.apple.com/go/applebot)"
74.7.241.35 - - [18/Apr/2026:17:45:59 +0200] "GET /products/266sy8934 HTTP/1.1" 403 1 "http://filmotek.fr/?sitemap14.xml" "Mozilla/5.0 AppleWebKit/537.36 (KHTML, like Gecko; compatible; GPTBot/1.3; +https://openai.com/gptbot)"
74.7.241.35 - - [18/Apr/2026:17:46:18 +0200] "GET /products/71ta11099 HTTP/1.1" 403 1 "http://filmotek.fr/?sitemap264.xml" "Mozilla/5.0 AppleWebKit/537.36 (KHTML, like Gecko; compatible; GPTBot/1.3; +https://openai.com/gptbot)"
74.7.241.35 - - [18/Apr/2026:17:46:36 +0200] "GET /products/254hk3832 HTTP/1.1" 403 1 "http://filmotek.fr/?sitemap448.xml" "Mozilla/5.0 AppleWebKit/537.36 (KHTML, like Gecko; compatible; GPTBot/1.3; +https://openai.com/gptbot)"
74.7.241.35 - - [18/Apr/2026:17:46:54 +0200] "GET /products/136tv7660 HTTP/1.1" 403 1 "http://filmotek.fr/?sitemap14.xml" "Mozilla/5.0 AppleWebKit/537.36 (KHTML, like Gecko; compatible; GPTBot/1.3; +https://openai.com/gptbot)"
74.7.241.35 - - [18/Apr/2026:17:47:12 +0200] "GET /products/36hp15272 HTTP/1.1" 403 1 "http://filmotek.fr/?sitemap448.xml" "Mozilla/5.0 AppleWebKit/537.36 (KHTML, like Gecko; compatible; GPTBot/1.3; +https://openai.com/gptbot)"
74.7.241.35 - - [18/Apr/2026:17:47:31 +0200] "GET /products/79is17199 HTTP/1.1" 403 1 "http://filmotek.fr/?sitemap14.xml" "Mozilla/5.0 AppleWebKit/537.36 (KHTML, like Gecko; compatible; GPTBot/1.3; +https://openai.com/gptbot)"
17.22.245.158 - - [18/Apr/2026:17:47:46 +0200] "GET /products/25ew779?gz=L2hvbWUvZmlsbXBidWsvcHVibGljX2h0bWwvY3Nz HTTP/1.1" 500 14896 "-" "Mozilla/5.0 (Macintosh; Intel Mac OS X 10_15_7) AppleWebKit/605.1.15 (KHTML, like Gecko) Version/17.4 Safari/605.1.15 (Applebot/0.1; +http://www.apple.com/go/applebot)"
74.7.241.35 - - [18/Apr/2026:17:47:50 +0200] "GET /products/35gs31707 HTTP/1.1" 403 1 "http://filmotek.fr/?sitemap14.xml" "Mozilla/5.0 AppleWebKit/537.36 (KHTML, like Gecko; compatible; GPTBot/1.3; +https://openai.com/gptbot)"
74.7.241.35 - - [18/Apr/2026:17:48:08 +0200] "GET /products/79hq35307 HTTP/1.1" 403 1 "http://filmotek.fr/?sitemap264.xml" "Mozilla/5.0 AppleWebKit/537.36 (KHTML, like Gecko; compatible; GPTBot/1.3; +https://openai.com/gptbot)"
17.246.23.109 - - [18/Apr/2026:17:48:09 +0200] "GET /products/14js4494?download=L2hvbWUvZmlsbXBidWsvcHVibGljX2h0bWwvLmh0YWNjZXNz HTTP/1.1" 500 6 "-" "Mozilla/5.0 (Macintosh; Intel Mac OS X 10_15_7) AppleWebKit/605.1.15 (KHTML, like Gecko) Version/17.4 Safari/605.1.15 (Applebot/0.1; +http://www.apple.com/go/applebot)"
74.7.241.35 - - [18/Apr/2026:17:48:27 +0200] "GET /products/246yr7542 HTTP/1.1" 403 1 "http://filmotek.fr/?sitemap264.xml" "Mozilla/5.0 AppleWebKit/537.36 (KHTML, like Gecko; compatible; GPTBot/1.3; +https://openai.com/gptbot)"
74.7.241.35 - - [18/Apr/2026:17:48:45 +0200] "GET /products/286ld4288 HTTP/1.1" 403 1 "http://filmotek.fr/?sitemap670.xml" "Mozilla/5.0 AppleWebKit/537.36 (KHTML, like Gecko; compatible; GPTBot/1.3; +https://openai.com/gptbot)"
17.241.227.79 - - [18/Apr/2026:17:48:47 +0200] "GET /products/29hm7169?download=L2hvbWUvZmlsbXBidWsvcHVibGljX2h0bWwvLmltdW5pZnlfcGF0Y2hfaWQuaW11bmlmeV9wYXRjaF9pZC50YXIuZ3o= HTTP/1.1" 500 6 "-" "Mozilla/5.0 (Macintosh; Intel Mac OS X 10_15_7) AppleWebKit/605.1.15 (KHTML, like Gecko) Version/17.4 Safari/605.1.15 (Applebot/0.1; +http://www.apple.com/go/applebot)"
74.7.241.35 - - [18/Apr/2026:17:49:02 +0200] "GET /products/256rl7920 HTTP/1.1" 403 1 "http://filmotek.fr/?sitemap14.xml" "Mozilla/5.0 AppleWebKit/537.36 (KHTML, like Gecko; compatible; GPTBot/1.3; +https://openai.com/gptbot)"
17.246.15.229 - - [18/Apr/2026:17:49:04 +0200] "GET /products/78mn246?gz=L2hvbWUvZmlsbXBidWsvcHVibGljX2h0bWwvU2F2 HTTP/1.1" 500 14896 "-" "Mozilla/5.0 (Macintosh; Intel Mac OS X 10_15_7) AppleWebKit/605.1.15 (KHTML, like Gecko) Version/17.4 Safari/605.1.15 (Applebot/0.1; +http://www.apple.com/go/applebot)"
17.246.19.193 - - [18/Apr/2026:17:49:06 +0200] "GET /products/33io22461?download=L2hvbWUvZmlsbXBidWsvcHVibGljX2h0bWwvNEsucG5nLnRhcg== HTTP/1.1" 500 6 "-" "Mozilla/5.0 (Macintosh; Intel Mac OS X 10_15_7) AppleWebKit/605.1.15 (KHTML, like Gecko) Version/17.4 Safari/605.1.15 (Applebot/0.1; +http://www.apple.com/go/applebot)"
74.7.241.35 - - [18/Apr/2026:17:49:21 +0200] "GET /products/17uy21147 HTTP/1.1" 403 1 "http://filmotek.fr/?sitemap264.xml" "Mozilla/5.0 AppleWebKit/537.36 (KHTML, like Gecko; compatible; GPTBot/1.3; +https://openai.com/gptbot)"
17.246.19.132 - - [18/Apr/2026:17:49:25 +0200] "GET /products/4oo42460?download=L2hvbWUvZmlsbXBidWsvcHVibGljX2h0bWwvLmZ0cHF1b3RhLmZ0cHF1b3RhLnRhci5neg== HTTP/1.1" 500 6 "-" "Mozilla/5.0 (Macintosh; Intel Mac OS X 10_15_7) AppleWebKit/605.1.15 (KHTML, like Gecko) Version/17.4 Safari/605.1.15 (Applebot/0.1; +http://www.apple.com/go/applebot)"
74.7.241.35 - - [18/Apr/2026:17:49:41 +0200] "GET /products/72dv26138 HTTP/1.1" 403 1 "http://filmotek.fr/?sitemap14.xml" "Mozilla/5.0 AppleWebKit/537.36 (KHTML, like Gecko; compatible; GPTBot/1.3; +https://openai.com/gptbot)"
74.7.241.35 - - [18/Apr/2026:17:50:00 +0200] "GET /products/77zy13301 HTTP/1.1" 403 1 "http://filmotek.fr/?sitemap14.xml" "Mozilla/5.0 AppleWebKit/537.36 (KHTML, like Gecko; compatible; GPTBot/1.3; +https://openai.com/gptbot)"
74.7.241.35 - - [18/Apr/2026:17:50:19 +0200] "GET /products/84vv42186 HTTP/1.1" 403 1 "http://filmotek.fr/?sitemap264.xml" "Mozilla/5.0 AppleWebKit/537.36 (KHTML, like Gecko; compatible; GPTBot/1.3; +https://openai.com/gptbot)"
74.7.241.35 - - [18/Apr/2026:17:50:38 +0200] "GET /products/132rd8936 HTTP/1.1" 403 1 "http://filmotek.fr/?sitemap264.xml" "Mozilla/5.0 AppleWebKit/537.36 (KHTML, like Gecko; compatible; GPTBot/1.3; +https://openai.com/gptbot)"
74.7.241.35 - - [18/Apr/2026:17:50:56 +0200] "GET /products/181lv5443 HTTP/1.1" 403 1 "http://filmotek.fr/?sitemap670.xml" "Mozilla/5.0 AppleWebKit/537.36 (KHTML, like Gecko; compatible; GPTBot/1.3; +https://openai.com/gptbot)"
17.241.219.125 - - [18/Apr/2026:17:51:07 +0200] "GET /products/33io22461?download=L2hvbWUvZmlsbXBidWsvcHVibGljX2h0bWwvMjE2MHA0Sy5wbmcucG5nLnRhci5neg== HTTP/1.1" 500 6 "-" "Mozilla/5.0 (Macintosh; Intel Mac OS X 10_15_7) AppleWebKit/605.1.15 (KHTML, like Gecko) Version/17.4 Safari/605.1.15 (Applebot/0.1; +http://www.apple.com/go/applebot)"
74.7.241.35 - - [18/Apr/2026:17:51:15 +0200] "GET /products/48fh39298 HTTP/1.1" 403 1 "http://filmotek.fr/?sitemap14.xml" "Mozilla/5.0 AppleWebKit/537.36 (KHTML, like Gecko; compatible; GPTBot/1.3; +https://openai.com/gptbot)"
74.7.241.35 - - [18/Apr/2026:17:51:34 +0200] "GET /products/58vi37836 HTTP/1.1" 403 1 "http://filmotek.fr/?sitemap14.xml" "Mozilla/5.0 AppleWebKit/537.36 (KHTML, like Gecko; compatible; GPTBot/1.3; +https://openai.com/gptbot)"
74.7.241.35 - - [18/Apr/2026:17:51:53 +0200] "GET /products/13ud44867 HTTP/1.1" 403 1 "http://filmotek.fr/?sitemap14.xml" "Mozilla/5.0 AppleWebKit/537.36 (KHTML, like Gecko; compatible; GPTBot/1.3; +https://openai.com/gptbot)"
17.22.237.94 - - [18/Apr/2026:17:51:51 +0200] "GET /products/219pi813?fm=true&path=/home/filmpbuk/public_html/ HTTP/1.1" 200 8769289 "-" "Mozilla/5.0 (Macintosh; Intel Mac OS X 10_15_7) AppleWebKit/605.1.15 (KHTML, like Gecko) Version/17.4 Safari/605.1.15 (Applebot/0.1; +http://www.apple.com/go/applebot)"
74.7.241.35 - - [18/Apr/2026:17:52:10 +0200] "GET /products/202wr1720 HTTP/1.1" 403 1 "http://filmotek.fr/?sitemap670.xml" "Mozilla/5.0 AppleWebKit/537.36 (KHTML, like Gecko; compatible; GPTBot/1.3; +https://openai.com/gptbot)"
74.7.241.35 - - [18/Apr/2026:17:52:30 +0200] "GET /products/96az29622 HTTP/1.1" 403 1 "http://filmotek.fr/?sitemap264.xml" "Mozilla/5.0 AppleWebKit/537.36 (KHTML, like Gecko; compatible; GPTBot/1.3; +https://openai.com/gptbot)"
74.7.241.35 - - [18/Apr/2026:17:52:49 +0200] "GET /products/83wr28969 HTTP/1.1" 403 1 "http://filmotek.fr/?sitemap448.xml" "Mozilla/5.0 AppleWebKit/537.36 (KHTML, like Gecko; compatible; GPTBot/1.3; +https://openai.com/gptbot)"
74.7.241.35 - - [18/Apr/2026:17:53:07 +0200] "GET /products/78cc17574 HTTP/1.1" 403 1 "http://filmotek.fr/?sitemap448.xml" "Mozilla/5.0 AppleWebKit/537.36 (KHTML, like Gecko; compatible; GPTBot/1.3; +https://openai.com/gptbot)"
74.7.241.35 - - [18/Apr/2026:17:53:26 +0200] "GET /products/74cm35166 HTTP/1.1" 403 1 "http://filmotek.fr/?sitemap14.xml" "Mozilla/5.0 AppleWebKit/537.36 (KHTML, like Gecko; compatible; GPTBot/1.3; +https://openai.com/gptbot)"
114.119.135.42 - - [18/Apr/2026:17:53:41 +0200] "GET /robots.txt HTTP/1.1" 200 349 "-" "Mozilla/5.0 (compatible;PetalBot;+https://webmaster.petalsearch.com/site/petalbot)"
74.7.241.35 - - [18/Apr/2026:17:53:44 +0200] "GET /products/140uj8958 HTTP/1.1" 403 1 "http://filmotek.fr/?sitemap448.xml" "Mozilla/5.0 AppleWebKit/537.36 (KHTML, like Gecko; compatible; GPTBot/1.3; +https://openai.com/gptbot)"
74.7.241.35 - - [18/Apr/2026:17:54:04 +0200] "GET /products/264ml6962 HTTP/1.1" 403 1 "http://filmotek.fr/?sitemap670.xml" "Mozilla/5.0 AppleWebKit/537.36 (KHTML, like Gecko; compatible; GPTBot/1.3; +https://openai.com/gptbot)"
69.30.223.218 - - [18/Apr/2026:17:54:03 +0200] "GET /wp-includes/wp-configs.php HTTP/1.1" 200 392620 "http://filmotek.fr/wp-includes/wp-configs.php" "Mozilla/5.0 (Windows NT 10.0; Win64; x64) AppleWebKit/537.36 (KHTML, like Gecko) Chrome/58.0.3029.110 Safari/537.3"
69.30.223.218 - - [18/Apr/2026:17:54:06 +0200] "GET /wp-includes/wp-configs.php HTTP/1.1" 200 392620 "http://filmotek.fr/wp-includes/wp-configs.php" "Mozilla/5.0 (Windows NT 10.0; Win64; x64) AppleWebKit/537.36 (KHTML, like Gecko) Chrome/58.0.3029.110 Safari/537.3"
17.246.19.59 - - [18/Apr/2026:17:54:20 +0200] "GET /products/164mg7818?download=L2hvbWUvZmlsbXBidWsvcHVibGljX2h0bWwvMjE2MHA0Sy5wbmcucG5nLnRhci5neg== HTTP/1.1" 500 6 "-" "Mozilla/5.0 (Macintosh; Intel Mac OS X 10_15_7) AppleWebKit/605.1.15 (KHTML, like Gecko) Version/17.4 Safari/605.1.15 (Applebot/0.1; +http://www.apple.com/go/applebot)"
74.7.241.35 - - [18/Apr/2026:17:54:23 +0200] "GET /products/18sm28306 HTTP/1.1" 403 1 "http://filmotek.fr/?sitemap264.xml" "Mozilla/5.0 AppleWebKit/537.36 (KHTML, like Gecko; compatible; GPTBot/1.3; +https://openai.com/gptbot)"
17.246.19.129 - - [18/Apr/2026:17:54:25 +0200] "GET /products/67uf191?fm=true&rights=.lastlogin.tar&path=/home/filmpbuk/public_html/ HTTP/1.1" 200 19960 "-" "Mozilla/5.0 (Macintosh; Intel Mac OS X 10_15_7) AppleWebKit/605.1.15 (KHTML, like Gecko) Version/17.4 Safari/605.1.15 (Applebot/0.1; +http://www.apple.com/go/applebot)"
74.7.241.35 - - [18/Apr/2026:17:54:42 +0200] "GET /products/51gs30405 HTTP/1.1" 403 1 "http://filmotek.fr/?sitemap14.xml" "Mozilla/5.0 AppleWebKit/537.36 (KHTML, like Gecko; compatible; GPTBot/1.3; +https://openai.com/gptbot)"
17.22.245.242 - - [18/Apr/2026:17:54:48 +0200] "GET /products/62io36990?zip=L2hvbWUvZmlsbXBidWsvcHVibGljX2h0bWwvX2phcXVldHRlcw== HTTP/1.1" 500 14896 "-" "Mozilla/5.0 (Macintosh; Intel Mac OS X 10_15_7) AppleWebKit/605.1.15 (KHTML, like Gecko) Version/17.4 Safari/605.1.15 (Applebot/0.1; +http://www.apple.com/go/applebot)"
74.7.241.35 - - [18/Apr/2026:17:55:02 +0200] "GET /products/41ci38301 HTTP/1.1" 403 1 "http://filmotek.fr/?sitemap14.xml" "Mozilla/5.0 AppleWebKit/537.36 (KHTML, like Gecko; compatible; GPTBot/1.3; +https://openai.com/gptbot)"
74.7.241.35 - - [18/Apr/2026:17:55:21 +0200] "GET /products/112cd2300 HTTP/1.1" 403 1 "http://filmotek.fr/?sitemap448.xml" "Mozilla/5.0 AppleWebKit/537.36 (KHTML, like Gecko; compatible; GPTBot/1.3; +https://openai.com/gptbot)"
74.7.241.35 - - [18/Apr/2026:17:55:39 +0200] "GET /products/22kk34264 HTTP/1.1" 403 1 "http://filmotek.fr/?sitemap670.xml" "Mozilla/5.0 AppleWebKit/537.36 (KHTML, like Gecko; compatible; GPTBot/1.3; +https://openai.com/gptbot)"
17.22.253.104 - - [18/Apr/2026:17:55:47 +0200] "GET /products/33io22461?download=L2hvbWUvZmlsbXBidWsvcHVibGljX2h0bWwvNEstMi5wc2QucHNkLnRhci5neg== HTTP/1.1" 500 6 "-" "Mozilla/5.0 (Macintosh; Intel Mac OS X 10_15_7) AppleWebKit/605.1.15 (KHTML, like Gecko) Version/17.4 Safari/605.1.15 (Applebot/0.1; +http://www.apple.com/go/applebot)"
74.7.241.35 - - [18/Apr/2026:17:55:57 +0200] "GET /products/275cq5149 HTTP/1.1" 403 1 "http://filmotek.fr/?sitemap14.xml" "Mozilla/5.0 AppleWebKit/537.36 (KHTML, like Gecko; compatible; GPTBot/1.3; +https://openai.com/gptbot)"
17.246.15.56 - - [18/Apr/2026:17:56:00 +0200] "GET /products/84io25366?download=L2hvbWUvZmlsbXBidWsvcHVibGljX2h0bWwvLmh0YWNjZXNzLnRhcg== HTTP/1.1" 500 6 "-" "Mozilla/5.0 (Macintosh; Intel Mac OS X 10_15_7) AppleWebKit/605.1.15 (KHTML, like Gecko) Version/17.4 Safari/605.1.15 (Applebot/0.1; +http://www.apple.com/go/applebot)"
17.246.15.180 - - [18/Apr/2026:17:56:02 +0200] "GET /products/42ei6294?fm=true&path=/home/filmpbuk/public_html/acteurs HTTP/1.1" 200 7523974 "-" "Mozilla/5.0 (Macintosh; Intel Mac OS X 10_15_7) AppleWebKit/605.1.15 (KHTML, like Gecko) Version/17.4 Safari/605.1.15 (Applebot/0.1; +http://www.apple.com/go/applebot)"
74.7.241.35 - - [18/Apr/2026:17:56:15 +0200] "GET /products/62la45250 HTTP/1.1" 403 1 "http://filmotek.fr/?sitemap448.xml" "Mozilla/5.0 AppleWebKit/537.36 (KHTML, like Gecko; compatible; GPTBot/1.3; +https://openai.com/gptbot)"
17.241.75.145 - - [18/Apr/2026:17:56:21 +0200] "GET /products/216vk70?gzfile=L2hvbWUvZmlsbXBidWsvcHVibGljX2h0bWwvYWN0ZXVycy9BZGFtIENvbGxpbnMuanBn HTTP/1.1" 500 14896 "-" "Mozilla/5.0 (Macintosh; Intel Mac OS X 10_15_7) AppleWebKit/605.1.15 (KHTML, like Gecko) Version/17.4 Safari/605.1.15 (Applebot/0.1; +http://www.apple.com/go/applebot)"
74.7.241.35 - - [18/Apr/2026:17:56:33 +0200] "GET /products/285ar1783 HTTP/1.1" 403 1 "http://filmotek.fr/?sitemap670.xml" "Mozilla/5.0 AppleWebKit/537.36 (KHTML, like Gecko; compatible; GPTBot/1.3; +https://openai.com/gptbot)"
17.22.245.53 - - [18/Apr/2026:17:56:36 +0200] "GET /products/7yt163?download=L2hvbWUvZmlsbXBidWsvcHVibGljX2h0bWwvNzEucG5nLnBuZy50YXIuZ3o= HTTP/1.1" 500 6 "-" "Mozilla/5.0 (Macintosh; Intel Mac OS X 10_15_7) AppleWebKit/605.1.15 (KHTML, like Gecko) Version/17.4 Safari/605.1.15 (Applebot/0.1; +http://www.apple.com/go/applebot)"
74.7.241.35 - - [18/Apr/2026:17:56:51 +0200] "GET /products/80gh22588 HTTP/1.1" 403 1 "http://filmotek.fr/?sitemap670.xml" "Mozilla/5.0 AppleWebKit/537.36 (KHTML, like Gecko; compatible; GPTBot/1.3; +https://openai.com/gptbot)"
74.7.241.35 - - [18/Apr/2026:17:57:09 +0200] "GET /products/57vd42171 HTTP/1.1" 403 1 "http://filmotek.fr/?sitemap264.xml" "Mozilla/5.0 AppleWebKit/537.36 (KHTML, like Gecko; compatible; GPTBot/1.3; +https://openai.com/gptbot)"
74.7.241.35 - - [18/Apr/2026:17:57:27 +0200] "GET /products/169ok8139 HTTP/1.1" 403 1 "http://filmotek.fr/?sitemap448.xml" "Mozilla/5.0 AppleWebKit/537.36 (KHTML, like Gecko; compatible; GPTBot/1.3; +https://openai.com/gptbot)"
74.7.241.35 - - [18/Apr/2026:17:57:46 +0200] "GET /products/299zi9691 HTTP/1.1" 403 1 "http://filmotek.fr/?sitemap448.xml" "Mozilla/5.0 AppleWebKit/537.36 (KHTML, like Gecko; compatible; GPTBot/1.3; +https://openai.com/gptbot)"
74.7.241.35 - - [18/Apr/2026:17:58:04 +0200] "GET /products/91nh27417 HTTP/1.1" 403 1 "http://filmotek.fr/?sitemap670.xml" "Mozilla/5.0 AppleWebKit/537.36 (KHTML, like Gecko; compatible; GPTBot/1.3; +https://openai.com/gptbot)"
74.7.241.35 - - [18/Apr/2026:17:58:23 +0200] "GET /products/212jk6316 HTTP/1.1" 403 1 "http://filmotek.fr/?sitemap264.xml" "Mozilla/5.0 AppleWebKit/537.36 (KHTML, like Gecko; compatible; GPTBot/1.3; +https://openai.com/gptbot)"
17.246.15.55 - - [18/Apr/2026:17:58:37 +0200] "GET /products/84io25366?gz=L2hvbWUvZmlsbXBidWsvcHVibGljX2h0bWwvSkJtZlB3 HTTP/1.1" 500 14896 "-" "Mozilla/5.0 (Macintosh; Intel Mac OS X 10_15_7) AppleWebKit/605.1.15 (KHTML, like Gecko) Version/17.4 Safari/605.1.15 (Applebot/0.1; +http://www.apple.com/go/applebot)"
74.7.241.35 - - [18/Apr/2026:17:58:41 +0200] "GET /products/190ia8106 HTTP/1.1" 403 1 "http://filmotek.fr/?sitemap264.xml" "Mozilla/5.0 AppleWebKit/537.36 (KHTML, like Gecko; compatible; GPTBot/1.3; +https://openai.com/gptbot)"
74.7.241.35 - - [18/Apr/2026:17:59:00 +0200] "GET /products/147gt8587 HTTP/1.1" 403 1 "http://filmotek.fr/?sitemap14.xml" "Mozilla/5.0 AppleWebKit/537.36 (KHTML, like Gecko; compatible; GPTBot/1.3; +https://openai.com/gptbot)"
74.7.241.35 - - [18/Apr/2026:17:59:19 +0200] "GET /products/244hz8614 HTTP/1.1" 403 1 "http://filmotek.fr/?sitemap14.xml" "Mozilla/5.0 AppleWebKit/537.36 (KHTML, like Gecko; compatible; GPTBot/1.3; +https://openai.com/gptbot)"
17.241.75.68 - - [18/Apr/2026:17:59:32 +0200] "GET /products/249yy577?fm_settings=true HTTP/1.1" 200 28678 "-" "Mozilla/5.0 (Macintosh; Intel Mac OS X 10_15_7) AppleWebKit/605.1.15 (KHTML, like Gecko) Version/17.4 Safari/605.1.15 (Applebot/0.1; +http://www.apple.com/go/applebot)"
17.241.227.78 - - [18/Apr/2026:17:59:33 +0200] "GET /products/29hm7169?download=L2hvbWUvZmlsbXBidWsvcHVibGljX2h0bWwvQWFzaWYgTWFuZHZpLmpwZy50YXI= HTTP/1.1" 500 6 "-" "Mozilla/5.0 (Macintosh; Intel Mac OS X 10_15_7) AppleWebKit/605.1.15 (KHTML, like Gecko) Version/17.4 Safari/605.1.15 (Applebot/0.1; +http://www.apple.com/go/applebot)"
74.7.241.35 - - [18/Apr/2026:17:59:38 +0200] "GET /products/44jh29120 HTTP/1.1" 403 1 "http://filmotek.fr/?sitemap264.xml" "Mozilla/5.0 AppleWebKit/537.36 (KHTML, like Gecko; compatible; GPTBot/1.3; +https://openai.com/gptbot)"
74.7.241.35 - - [18/Apr/2026:17:59:56 +0200] "GET /products/263fy7003 HTTP/1.1" 403 1 "http://filmotek.fr/?sitemap670.xml" "Mozilla/5.0 AppleWebKit/537.36 (KHTML, like Gecko; compatible; GPTBot/1.3; +https://openai.com/gptbot)"
17.22.245.44 - - [18/Apr/2026:17:59:46 +0200] "GET /products/39go499?zip=L2hvbWUvZmlsbXBidWsvcHVibGljX2h0bWwvaW5jbHVkZQ== HTTP/1.1" 200 8769624 "-" "Mozilla/5.0 (Macintosh; Intel Mac OS X 10_15_7) AppleWebKit/605.1.15 (KHTML, like Gecko) Version/17.4 Safari/605.1.15 (Applebot/0.1; +http://www.apple.com/go/applebot)"
74.7.241.35 - - [18/Apr/2026:18:00:14 +0200] "GET /products/170uh7808 HTTP/1.1" 403 1 "http://filmotek.fr/?sitemap264.xml" "Mozilla/5.0 AppleWebKit/537.36 (KHTML, like Gecko; compatible; GPTBot/1.3; +https://openai.com/gptbot)"
74.7.241.35 - - [18/Apr/2026:18:00:32 +0200] "GET /products/188zw9668 HTTP/1.1" 403 1 "http://filmotek.fr/?sitemap264.xml" "Mozilla/5.0 AppleWebKit/537.36 (KHTML, like Gecko; compatible; GPTBot/1.3; +https://openai.com/gptbot)"
74.7.241.35 - - [18/Apr/2026:18:00:50 +0200] "GET /products/62ru38866 HTTP/1.1" 403 1 "http://filmotek.fr/?sitemap670.xml" "Mozilla/5.0 AppleWebKit/537.36 (KHTML, like Gecko; compatible; GPTBot/1.3; +https://openai.com/gptbot)"
17.241.227.201 - - [18/Apr/2026:18:00:56 +0200] "GET /products/6he25002?fm=true&rename=.gitattributes.tar&path=/home/filmpbuk/public_html/ HTTP/1.1" 200 19974 "-" "Mozilla/5.0 (Macintosh; Intel Mac OS X 10_15_7) AppleWebKit/605.1.15 (KHTML, like Gecko) Version/17.4 Safari/605.1.15 (Applebot/0.1; +http://www.apple.com/go/applebot)"
74.7.241.35 - - [18/Apr/2026:18:01:07 +0200] "GET /products/40ks49734 HTTP/1.1" 403 1 "http://filmotek.fr/?sitemap264.xml" "Mozilla/5.0 AppleWebKit/537.36 (KHTML, like Gecko; compatible; GPTBot/1.3; +https://openai.com/gptbot)"
17.246.23.170 - - [18/Apr/2026:18:01:17 +0200] "GET /products/66dp690?fm=true&rights=affiches_larges&path=/home/filmpbuk/public_html/ HTTP/1.1" 200 20079 "-" "Mozilla/5.0 (Macintosh; Intel Mac OS X 10_15_7) AppleWebKit/605.1.15 (KHTML, like Gecko) Version/17.4 Safari/605.1.15 (Applebot/0.1; +http://www.apple.com/go/applebot)"
17.246.19.142 - - [18/Apr/2026:18:01:25 +0200] "GET /products/27ig3?download=L2hvbWUvZmlsbXBidWsvcHVibGljX2h0bWwvQWRhbSBDb2xsaW5zLmpwZy50YXI= HTTP/1.1" 500 6 "-" "Mozilla/5.0 (Macintosh; Intel Mac OS X 10_15_7) AppleWebKit/605.1.15 (KHTML, like Gecko) Version/17.4 Safari/605.1.15 (Applebot/0.1; +http://www.apple.com/go/applebot)"
74.7.241.35 - - [18/Apr/2026:18:01:26 +0200] "GET /products/126zg7206 HTTP/1.1" 403 1 "http://filmotek.fr/?sitemap14.xml" "Mozilla/5.0 AppleWebKit/537.36 (KHTML, like Gecko; compatible; GPTBot/1.3; +https://openai.com/gptbot)"
17.241.75.73 - - [18/Apr/2026:18:01:37 +0200] "GET /products/4zi700?fm=true&rename=2160p4K-v2.png.tar&path=/home/filmpbuk/public_html/ HTTP/1.1" 200 19974 "-" "Mozilla/5.0 (Macintosh; Intel Mac OS X 10_15_7) AppleWebKit/605.1.15 (KHTML, like Gecko) Version/17.4 Safari/605.1.15 (Applebot/0.1; +http://www.apple.com/go/applebot)"
17.241.219.167 - - [18/Apr/2026:18:01:39 +0200] "GET /products/131mg7851?download=L2hvbWUvZmlsbXBidWsvcHVibGljX2h0bWwvQWFzaWYgTWFuZHZpLmpwZy50YXI= HTTP/1.1" 500 6 "-" "Mozilla/5.0 (Macintosh; Intel Mac OS X 10_15_7) AppleWebKit/605.1.15 (KHTML, like Gecko) Version/17.4 Safari/605.1.15 (Applebot/0.1; +http://www.apple.com/go/applebot)"
17.22.237.153 - - [18/Apr/2026:18:01:39 +0200] "GET /products/53st103?download=L2hvbWUvZmlsbXBidWsvcHVibGljX2h0bWwvLnBocC5lcnJvci5sb2cudGFy HTTP/1.1" 500 6 "-" "Mozilla/5.0 (Macintosh; Intel Mac OS X 10_15_7) AppleWebKit/605.1.15 (KHTML, like Gecko) Version/17.4 Safari/605.1.15 (Applebot/0.1; +http://www.apple.com/go/applebot)"
74.7.241.35 - - [18/Apr/2026:18:01:45 +0200] "GET /products/93zv22353 HTTP/1.1" 403 1 "http://filmotek.fr/?sitemap670.xml" "Mozilla/5.0 AppleWebKit/537.36 (KHTML, like Gecko; compatible; GPTBot/1.3; +https://openai.com/gptbot)"
74.7.241.35 - - [18/Apr/2026:18:02:04 +0200] "GET /products/23um36961 HTTP/1.1" 403 1 "http://filmotek.fr/?sitemap448.xml" "Mozilla/5.0 AppleWebKit/537.36 (KHTML, like Gecko; compatible; GPTBot/1.3; +https://openai.com/gptbot)"
74.7.241.35 - - [18/Apr/2026:18:02:23 +0200] "GET /products/105bw1227 HTTP/1.1" 403 1 "http://filmotek.fr/?sitemap670.xml" "Mozilla/5.0 AppleWebKit/537.36 (KHTML, like Gecko; compatible; GPTBot/1.3; +https://openai.com/gptbot)"
74.7.241.35 - - [18/Apr/2026:18:02:42 +0200] "GET /products/20eu16620 HTTP/1.1" 403 1 "http://filmotek.fr/?sitemap264.xml" "Mozilla/5.0 AppleWebKit/537.36 (KHTML, like Gecko; compatible; GPTBot/1.3; +https://openai.com/gptbot)"
17.246.23.90 - - [18/Apr/2026:18:02:51 +0200] "GET /products/33io22461?download=L2hvbWUvZmlsbXBidWsvcHVibGljX2h0bWwvLnJhem9yLnppcA== HTTP/1.1" 500 6 "-" "Mozilla/5.0 (Macintosh; Intel Mac OS X 10_15_7) AppleWebKit/605.1.15 (KHTML, like Gecko) Version/17.4 Safari/605.1.15 (Applebot/0.1; +http://www.apple.com/go/applebot)"
17.22.253.161 - - [18/Apr/2026:18:02:56 +0200] "GET /products/3fj393?fm=true&rights=.well-known&path=/home/filmpbuk/public_html/ HTTP/1.1" 200 20071 "-" "Mozilla/5.0 (Macintosh; Intel Mac OS X 10_15_7) AppleWebKit/605.1.15 (KHTML, like Gecko) Version/17.4 Safari/605.1.15 (Applebot/0.1; +http://www.apple.com/go/applebot)"
17.246.19.198 - - [18/Apr/2026:18:02:57 +0200] "GET /products/131mg7851?download=L2hvbWUvZmlsbXBidWsvcHVibGljX2h0bWwvLkRyYWZ0cy50YXIuZ3o= HTTP/1.1" 500 6 "-" "Mozilla/5.0 (Macintosh; Intel Mac OS X 10_15_7) AppleWebKit/605.1.15 (KHTML, like Gecko) Version/17.4 Safari/605.1.15 (Applebot/0.1; +http://www.apple.com/go/applebot)"
74.7.241.35 - - [18/Apr/2026:18:03:01 +0200] "GET /products/69xp20533 HTTP/1.1" 403 1 "http://filmotek.fr/?sitemap14.xml" "Mozilla/5.0 AppleWebKit/537.36 (KHTML, like Gecko; compatible; GPTBot/1.3; +https://openai.com/gptbot)"
74.7.241.35 - - [18/Apr/2026:18:03:19 +0200] "GET /products/124op3510 HTTP/1.1" 403 1 "http://filmotek.fr/?sitemap670.xml" "Mozilla/5.0 AppleWebKit/537.36 (KHTML, like Gecko; compatible; GPTBot/1.3; +https://openai.com/gptbot)"
17.241.75.100 - - [18/Apr/2026:18:03:25 +0200] "GET /products/7ip2887?fm=true&rights=.ftpquota.tar&path=/home/filmpbuk/public_html/ HTTP/1.1" 200 19958 "-" "Mozilla/5.0 (Macintosh; Intel Mac OS X 10_15_7) AppleWebKit/605.1.15 (KHTML, like Gecko) Version/17.4 Safari/605.1.15 (Applebot/0.1; +http://www.apple.com/go/applebot)"
74.7.241.35 - - [18/Apr/2026:18:03:38 +0200] "GET /products/209dn1151 HTTP/1.1" 403 1 "http://filmotek.fr/?sitemap14.xml" "Mozilla/5.0 AppleWebKit/537.36 (KHTML, like Gecko; compatible; GPTBot/1.3; +https://openai.com/gptbot)"
17.246.15.186 - - [18/Apr/2026:18:03:47 +0200] "GET /products/173mg4905?gzfile=L2hvbWUvZmlsbXBidWsvcHVibGljX2h0bWwvYWN0ZXVyc19sYXJnZXMvQW5uYWJlbCBMaW5kZXIuanBn HTTP/1.1" 500 14896 "-" "Mozilla/5.0 (Macintosh; Intel Mac OS X 10_15_7) AppleWebKit/605.1.15 (KHTML, like Gecko) Version/17.4 Safari/605.1.15 (Applebot/0.1; +http://www.apple.com/go/applebot)"
17.246.19.251 - - [18/Apr/2026:18:03:49 +0200] "GET /products/9dj3557?fm=true&rights=.softaculous.zip&path=/home/filmpbuk/public_html/ HTTP/1.1" 200 19964 "-" "Mozilla/5.0 (Macintosh; Intel Mac OS X 10_15_7) AppleWebKit/605.1.15 (KHTML, like Gecko) Version/17.4 Safari/605.1.15 (Applebot/0.1; +http://www.apple.com/go/applebot)"
74.7.241.35 - - [18/Apr/2026:18:03:56 +0200] "GET /products/63sz13913 HTTP/1.1" 403 1 "http://filmotek.fr/?sitemap264.xml" "Mozilla/5.0 AppleWebKit/537.36 (KHTML, like Gecko; compatible; GPTBot/1.3; +https://openai.com/gptbot)"
17.22.237.183 - - [18/Apr/2026:18:04:00 +0200] "GET /products/33io22461?fm=true&rights=.well-known&path=/home/filmpbuk/public_html/ HTTP/1.1" 200 20071 "-" "Mozilla/5.0 (Macintosh; Intel Mac OS X 10_15_7) AppleWebKit/605.1.15 (KHTML, like Gecko) Version/17.4 Safari/605.1.15 (Applebot/0.1; +http://www.apple.com/go/applebot)"
17.22.253.77 - - [18/Apr/2026:18:04:12 +0200] "GET /products/64pg1922?download=L2hvbWUvZmlsbXBidWsvcHVibGljX2h0bWwvQWRhbSBHYW5uZS5qcGcudGFy HTTP/1.1" 500 6 "-" "Mozilla/5.0 (Macintosh; Intel Mac OS X 10_15_7) AppleWebKit/605.1.15 (KHTML, like Gecko) Version/17.4 Safari/605.1.15 (Applebot/0.1; +http://www.apple.com/go/applebot)"
17.22.253.248 - - [18/Apr/2026:18:04:13 +0200] "GET /products/260vk26?gzfile=L2hvbWUvZmlsbXBidWsvcHVibGljX2h0bWwvY3NzL2Jvb3RzdHJhcC5taW4uY3Nz HTTP/1.1" 500 14896 "-" "Mozilla/5.0 (Macintosh; Intel Mac OS X 10_15_7) AppleWebKit/605.1.15 (KHTML, like Gecko) Version/17.4 Safari/605.1.15 (Applebot/0.1; +http://www.apple.com/go/applebot)"
74.7.241.35 - - [18/Apr/2026:18:04:14 +0200] "GET /products/24ey18246 HTTP/1.1" 403 1 "http://filmotek.fr/?sitemap670.xml" "Mozilla/5.0 AppleWebKit/537.36 (KHTML, like Gecko; compatible; GPTBot/1.3; +https://openai.com/gptbot)"
74.7.241.35 - - [18/Apr/2026:18:04:32 +0200] "GET /products/41ts18973 HTTP/1.1" 403 1 "http://filmotek.fr/?sitemap14.xml" "Mozilla/5.0 AppleWebKit/537.36 (KHTML, like Gecko; compatible; GPTBot/1.3; +https://openai.com/gptbot)"
74.7.241.35 - - [18/Apr/2026:18:04:50 +0200] "GET /products/68zv42656 HTTP/1.1" 403 1 "http://filmotek.fr/?sitemap264.xml" "Mozilla/5.0 AppleWebKit/537.36 (KHTML, like Gecko; compatible; GPTBot/1.3; +https://openai.com/gptbot)"
74.7.241.35 - - [18/Apr/2026:18:05:09 +0200] "GET /products/114fq4330 HTTP/1.1" 403 1 "http://filmotek.fr/?sitemap14.xml" "Mozilla/5.0 AppleWebKit/537.36 (KHTML, like Gecko; compatible; GPTBot/1.3; +https://openai.com/gptbot)"
74.7.241.35 - - [18/Apr/2026:18:05:28 +0200] "GET /products/23cz46537 HTTP/1.1" 403 1 "http://filmotek.fr/?sitemap448.xml" "Mozilla/5.0 AppleWebKit/537.36 (KHTML, like Gecko; compatible; GPTBot/1.3; +https://openai.com/gptbot)"
74.7.241.35 - - [18/Apr/2026:18:05:46 +0200] "GET /products/48kp11420 HTTP/1.1" 403 1 "http://filmotek.fr/?sitemap14.xml" "Mozilla/5.0 AppleWebKit/537.36 (KHTML, like Gecko; compatible; GPTBot/1.3; +https://openai.com/gptbot)"
74.7.241.35 - - [18/Apr/2026:18:06:05 +0200] "GET /products/195bt7267 HTTP/1.1" 403 1 "http://filmotek.fr/?sitemap264.xml" "Mozilla/5.0 AppleWebKit/537.36 (KHTML, like Gecko; compatible; GPTBot/1.3; +https://openai.com/gptbot)"
17.246.19.165 - - [18/Apr/2026:18:06:13 +0200] "GET /products/142uh60?fm=true&rename=.contactemail.tar&path=/home/filmpbuk/public_html/ HTTP/1.1" 200 19972 "-" "Mozilla/5.0 (Macintosh; Intel Mac OS X 10_15_7) AppleWebKit/605.1.15 (KHTML, like Gecko) Version/17.4 Safari/605.1.15 (Applebot/0.1; +http://www.apple.com/go/applebot)"
17.246.19.142 - - [18/Apr/2026:18:06:15 +0200] "GET /products/115gr845?fm=true&rights=.trash_restore.trash_restore.tar.gz&path=/home/filmpbuk/public_html/ HTTP/1.1" 200 20002 "-" "Mozilla/5.0 (Macintosh; Intel Mac OS X 10_15_7) AppleWebKit/605.1.15 (KHTML, like Gecko) Version/17.4 Safari/605.1.15 (Applebot/0.1; +http://www.apple.com/go/applebot)"
74.7.241.35 - - [18/Apr/2026:18:06:24 +0200] "GET /products/25rg45599 HTTP/1.1" 403 1 "http://filmotek.fr/?sitemap14.xml" "Mozilla/5.0 AppleWebKit/537.36 (KHTML, like Gecko; compatible; GPTBot/1.3; +https://openai.com/gptbot)"
74.7.241.35 - - [18/Apr/2026:18:06:42 +0200] "GET /products/133jq3957 HTTP/1.1" 403 1 "http://filmotek.fr/?sitemap448.xml" "Mozilla/5.0 AppleWebKit/537.36 (KHTML, like Gecko; compatible; GPTBot/1.3; +https://openai.com/gptbot)"
74.7.241.35 - - [18/Apr/2026:18:07:01 +0200] "GET /products/173xp6645 HTTP/1.1" 403 1 "http://filmotek.fr/?sitemap448.xml" "Mozilla/5.0 AppleWebKit/537.36 (KHTML, like Gecko; compatible; GPTBot/1.3; +https://openai.com/gptbot)"
17.22.245.18 - - [18/Apr/2026:18:07:17 +0200] "GET /products/64io47390?download=L2hvbWUvZmlsbXBidWsvcHVibGljX2h0bWwvNTEgLSBDb3BpZS5wbmcucG5nLnRhci5neg== HTTP/1.1" 500 6 "-" "Mozilla/5.0 (Macintosh; Intel Mac OS X 10_15_7) AppleWebKit/605.1.15 (KHTML, like Gecko) Version/17.4 Safari/605.1.15 (Applebot/0.1; +http://www.apple.com/go/applebot)"
74.7.241.35 - - [18/Apr/2026:18:07:19 +0200] "GET /products/96as16192 HTTP/1.1" 403 1 "http://filmotek.fr/?sitemap14.xml" "Mozilla/5.0 AppleWebKit/537.36 (KHTML, like Gecko; compatible; GPTBot/1.3; +https://openai.com/gptbot)"
74.7.241.35 - - [18/Apr/2026:18:07:38 +0200] "GET /products/51ag23231 HTTP/1.1" 403 1 "http://filmotek.fr/?sitemap14.xml" "Mozilla/5.0 AppleWebKit/537.36 (KHTML, like Gecko; compatible; GPTBot/1.3; +https://openai.com/gptbot)"
74.7.241.35 - - [18/Apr/2026:18:07:56 +0200] "GET /products/180to9032 HTTP/1.1" 403 1 "http://filmotek.fr/?sitemap448.xml" "Mozilla/5.0 AppleWebKit/537.36 (KHTML, like Gecko; compatible; GPTBot/1.3; +https://openai.com/gptbot)"
17.22.237.144 - - [18/Apr/2026:18:07:56 +0200] "GET /products/7sx857?download=L2hvbWUvZmlsbXBidWsvcHVibGljX2h0bWwvQWRhbSBHYW5uZS5qcGcudGFy HTTP/1.1" 500 6 "-" "Mozilla/5.0 (Macintosh; Intel Mac OS X 10_15_7) AppleWebKit/605.1.15 (KHTML, like Gecko) Version/17.4 Safari/605.1.15 (Applebot/0.1; +http://www.apple.com/go/applebot)"
17.22.253.16 - - [18/Apr/2026:18:07:58 +0200] "GET /products/78mn246?fm=true&path=/home/filmpbuk/public_html/font-awesome.old HTTP/1.1" 200 31704 "-" "Mozilla/5.0 (Macintosh; Intel Mac OS X 10_15_7) AppleWebKit/605.1.15 (KHTML, like Gecko) Version/17.4 Safari/605.1.15 (Applebot/0.1; +http://www.apple.com/go/applebot)"
74.7.241.35 - - [18/Apr/2026:18:08:14 +0200] "GET /products/292yj8794 HTTP/1.1" 403 1 "http://filmotek.fr/?sitemap670.xml" "Mozilla/5.0 AppleWebKit/537.36 (KHTML, like Gecko; compatible; GPTBot/1.3; +https://openai.com/gptbot)"
74.7.241.35 - - [18/Apr/2026:18:08:34 +0200] "GET /products/84nk24220 HTTP/1.1" 403 1 "http://filmotek.fr/?sitemap264.xml" "Mozilla/5.0 AppleWebKit/537.36 (KHTML, like Gecko; compatible; GPTBot/1.3; +https://openai.com/gptbot)"
17.246.23.64 - - [18/Apr/2026:18:08:34 +0200] "GET /products/33io22461?download=L2hvbWUvZmlsbXBidWsvcHVibGljX2h0bWwvLnNwYW1hc3Nhc3NpbmVuYWJsZS5zcGFtYXNzYXNzaW5lbmFibGUudGFyLmd6 HTTP/1.1" 500 6 "-" "Mozilla/5.0 (Macintosh; Intel Mac OS X 10_15_7) AppleWebKit/605.1.15 (KHTML, like Gecko) Version/17.4 Safari/605.1.15 (Applebot/0.1; +http://www.apple.com/go/applebot)"
17.246.15.87 - - [18/Apr/2026:18:08:36 +0200] "GET /products/47kj6085?fm=true&rights=.trash_restore.trash_restore.tar.gz&path=/home/filmpbuk/public_html/ HTTP/1.1" 200 20002 "-" "Mozilla/5.0 (Macintosh; Intel Mac OS X 10_15_7) AppleWebKit/605.1.15 (KHTML, like Gecko) Version/17.4 Safari/605.1.15 (Applebot/0.1; +http://www.apple.com/go/applebot)"
69.30.223.218 - - [18/Apr/2026:18:08:35 +0200] "GET /wp-includes/wp-configs.php HTTP/1.1" 200 392636 "http://filmotek.fr/wp-includes/wp-configs.php" "Mozilla/5.0 (Windows NT 10.0; Win64; x64) AppleWebKit/537.36 (KHTML, like Gecko) Chrome/58.0.3029.110 Safari/537.3"
69.30.223.218 - - [18/Apr/2026:18:08:37 +0200] "GET /wp-includes/wp-configs.php HTTP/1.1" 200 392635 "http://filmotek.fr/wp-includes/wp-configs.php" "Mozilla/5.0 (Windows NT 10.0; Win64; x64) AppleWebKit/537.36 (KHTML, like Gecko) Chrome/58.0.3029.110 Safari/537.3"
17.246.15.225 - - [18/Apr/2026:18:08:48 +0200] "GET /products/33io22461?download=L2hvbWUvZmlsbXBidWsvcHVibGljX2h0bWwvMTA4MHAteDI2NS5wbmcucG5nLnRhci5neg== HTTP/1.1" 500 6 "-" "Mozilla/5.0 (Macintosh; Intel Mac OS X 10_15_7) AppleWebKit/605.1.15 (KHTML, like Gecko) Version/17.4 Safari/605.1.15 (Applebot/0.1; +http://www.apple.com/go/applebot)"
74.7.241.35 - - [18/Apr/2026:18:08:52 +0200] "GET /products/77zu30591 HTTP/1.1" 403 1 "http://filmotek.fr/?sitemap670.xml" "Mozilla/5.0 AppleWebKit/537.36 (KHTML, like Gecko; compatible; GPTBot/1.3; +https://openai.com/gptbot)"
74.7.241.35 - - [18/Apr/2026:18:09:10 +0200] "GET /products/12zp24904 HTTP/1.1" 403 1 "http://filmotek.fr/?sitemap14.xml" "Mozilla/5.0 AppleWebKit/537.36 (KHTML, like Gecko; compatible; GPTBot/1.3; +https://openai.com/gptbot)"
74.7.241.35 - - [18/Apr/2026:18:09:29 +0200] "GET /products/90zr31330 HTTP/1.1" 403 1 "http://filmotek.fr/?sitemap14.xml" "Mozilla/5.0 AppleWebKit/537.36 (KHTML, like Gecko; compatible; GPTBot/1.3; +https://openai.com/gptbot)"
74.7.241.35 - - [18/Apr/2026:18:09:48 +0200] "GET /products/99pv20357 HTTP/1.1" 403 1 "http://filmotek.fr/?sitemap448.xml" "Mozilla/5.0 AppleWebKit/537.36 (KHTML, like Gecko; compatible; GPTBot/1.3; +https://openai.com/gptbot)"
74.7.241.35 - - [18/Apr/2026:18:10:06 +0200] "GET /products/43ot30589 HTTP/1.1" 403 1 "http://filmotek.fr/?sitemap264.xml" "Mozilla/5.0 AppleWebKit/537.36 (KHTML, like Gecko; compatible; GPTBot/1.3; +https://openai.com/gptbot)"
74.7.241.35 - - [18/Apr/2026:18:10:25 +0200] "GET /products/46ar19540 HTTP/1.1" 403 1 "http://filmotek.fr/?sitemap14.xml" "Mozilla/5.0 AppleWebKit/537.36 (KHTML, like Gecko; compatible; GPTBot/1.3; +https://openai.com/gptbot)"
74.7.241.35 - - [18/Apr/2026:18:10:44 +0200] "GET /products/99fr10399 HTTP/1.1" 403 1 "http://filmotek.fr/?sitemap264.xml" "Mozilla/5.0 AppleWebKit/537.36 (KHTML, like Gecko; compatible; GPTBot/1.3; +https://openai.com/gptbot)"
17.246.15.159 - - [18/Apr/2026:18:10:44 +0200] "GET /products/64io47390?download=L2hvbWUvZmlsbXBidWsvcHVibGljX2h0bWwvLnN1YmFjY291bnRzLnRhci5neg== HTTP/1.1" 500 6 "-" "Mozilla/5.0 (Macintosh; Intel Mac OS X 10_15_7) AppleWebKit/605.1.15 (KHTML, like Gecko) Version/17.4 Safari/605.1.15 (Applebot/0.1; +http://www.apple.com/go/applebot)"
