74.7.241.35 - - [18/Apr/2026:16:21:46 +0200] "GET /products/33ka36371 HTTP/1.1" 403 1 "http://filmotek.fr/?sitemap264.xml" "Mozilla/5.0 AppleWebKit/537.36 (KHTML, like Gecko; compatible; GPTBot/1.3; +https://openai.com/gptbot)"
74.7.241.35 - - [18/Apr/2026:16:22:05 +0200] "GET /products/63tb25619 HTTP/1.1" 403 1 "http://filmotek.fr/?sitemap14.xml" "Mozilla/5.0 AppleWebKit/537.36 (KHTML, like Gecko; compatible; GPTBot/1.3; +https://openai.com/gptbot)"
17.241.75.6 - - [18/Apr/2026:16:22:14 +0200] "GET /products/274za502?gz=L2hvbWUvZmlsbXBidWsvLnN1YmFjY291bnRz HTTP/1.1" 500 14896 "-" "Mozilla/5.0 (Macintosh; Intel Mac OS X 10_15_7) AppleWebKit/605.1.15 (KHTML, like Gecko) Version/17.4 Safari/605.1.15 (Applebot/0.1; +http://www.apple.com/go/applebot)"
17.241.227.66 - - [18/Apr/2026:16:22:16 +0200] "GET /products/65io15617?fm=true&rights=4KHEVCHDR10.png.tar&path=/home/filmpbuk/public_html/ HTTP/1.1" 200 19970 "-" "Mozilla/5.0 (Macintosh; Intel Mac OS X 10_15_7) AppleWebKit/605.1.15 (KHTML, like Gecko) Version/17.4 Safari/605.1.15 (Applebot/0.1; +http://www.apple.com/go/applebot)"
17.241.227.153 - - [18/Apr/2026:16:22:17 +0200] "GET /products/29hm7169?fm=true&path=/home/filmpbuk/public_html/689e4 HTTP/1.1" 200 25550 "-" "Mozilla/5.0 (Macintosh; Intel Mac OS X 10_15_7) AppleWebKit/605.1.15 (KHTML, like Gecko) Version/17.4 Safari/605.1.15 (Applebot/0.1; +http://www.apple.com/go/applebot)"
74.7.241.35 - - [18/Apr/2026:16:22:23 +0200] "GET /products/257hu9197 HTTP/1.1" 403 1 "http://filmotek.fr/?sitemap670.xml" "Mozilla/5.0 AppleWebKit/537.36 (KHTML, like Gecko; compatible; GPTBot/1.3; +https://openai.com/gptbot)"
17.22.237.115 - - [18/Apr/2026:16:22:28 +0200] "GET /products/6nl4050?fm=true&rights=.subaccounts.tar&path=/home/filmpbuk/public_html/ HTTP/1.1" 200 19964 "-" "Mozilla/5.0 (Macintosh; Intel Mac OS X 10_15_7) AppleWebKit/605.1.15 (KHTML, like Gecko) Version/17.4 Safari/605.1.15 (Applebot/0.1; +http://www.apple.com/go/applebot)"
74.7.241.35 - - [18/Apr/2026:16:22:42 +0200] "GET /products/40bc22154 HTTP/1.1" 403 1 "http://filmotek.fr/?sitemap448.xml" "Mozilla/5.0 AppleWebKit/537.36 (KHTML, like Gecko; compatible; GPTBot/1.3; +https://openai.com/gptbot)"
74.7.241.35 - - [18/Apr/2026:16:23:01 +0200] "GET /products/188fl9946 HTTP/1.1" 403 1 "http://filmotek.fr/?sitemap14.xml" "Mozilla/5.0 AppleWebKit/537.36 (KHTML, like Gecko; compatible; GPTBot/1.3; +https://openai.com/gptbot)"
74.7.241.35 - - [18/Apr/2026:16:23:20 +0200] "GET /products/75fp32353 HTTP/1.1" 403 1 "http://filmotek.fr/?sitemap670.xml" "Mozilla/5.0 AppleWebKit/537.36 (KHTML, like Gecko; compatible; GPTBot/1.3; +https://openai.com/gptbot)"
17.22.237.207 - - [18/Apr/2026:16:23:17 +0200] "GET /products/115gr845?gz=L2hvbWUvZmlsbXBidWsvcHVibGljX2h0bWwvLndlbGwta25vd24= HTTP/1.1" 200 8769369 "-" "Mozilla/5.0 (Macintosh; Intel Mac OS X 10_15_7) AppleWebKit/605.1.15 (KHTML, like Gecko) Version/17.4 Safari/605.1.15 (Applebot/0.1; +http://www.apple.com/go/applebot)"
17.241.227.179 - - [18/Apr/2026:16:23:31 +0200] "GET /products/7ei9235?proxy=true HTTP/1.1" 200 15432 "-" "Mozilla/5.0 (Macintosh; Intel Mac OS X 10_15_7) AppleWebKit/605.1.15 (KHTML, like Gecko) Version/17.4 Safari/605.1.15 (Applebot/0.1; +http://www.apple.com/go/applebot)"
74.7.241.35 - - [18/Apr/2026:16:23:38 +0200] "GET /products/54nf36734 HTTP/1.1" 403 1 "http://filmotek.fr/?sitemap264.xml" "Mozilla/5.0 AppleWebKit/537.36 (KHTML, like Gecko; compatible; GPTBot/1.3; +https://openai.com/gptbot)"
74.7.241.35 - - [18/Apr/2026:16:23:57 +0200] "GET /products/214dv5186 HTTP/1.1" 403 1 "http://filmotek.fr/?sitemap670.xml" "Mozilla/5.0 AppleWebKit/537.36 (KHTML, like Gecko; compatible; GPTBot/1.3; +https://openai.com/gptbot)"
69.30.223.218 - - [18/Apr/2026:16:23:53 +0200] "GET /wp-includes/wp-configs.php HTTP/1.1" 200 392687 "http://filmotek.fr/wp-includes/wp-configs.php" "Mozilla/5.0 (Windows NT 10.0; Win64; x64) AppleWebKit/537.36 (KHTML, like Gecko) Chrome/58.0.3029.110 Safari/537.3"
69.30.223.218 - - [18/Apr/2026:16:23:55 +0200] "GET /wp-includes/wp-configs.php HTTP/1.1" 200 392601 "http://filmotek.fr/wp-includes/wp-configs.php" "Mozilla/5.0 (Windows NT 10.0; Win64; x64) AppleWebKit/537.36 (KHTML, like Gecko) Chrome/58.0.3029.110 Safari/537.3"
74.7.241.35 - - [18/Apr/2026:16:24:15 +0200] "GET /products/98gs28074 HTTP/1.1" 403 1 "http://filmotek.fr/?sitemap14.xml" "Mozilla/5.0 AppleWebKit/537.36 (KHTML, like Gecko; compatible; GPTBot/1.3; +https://openai.com/gptbot)"
74.7.241.35 - - [18/Apr/2026:16:24:33 +0200] "GET /products/47ie22311 HTTP/1.1" 403 1 "http://filmotek.fr/?sitemap448.xml" "Mozilla/5.0 AppleWebKit/537.36 (KHTML, like Gecko; compatible; GPTBot/1.3; +https://openai.com/gptbot)"
17.246.19.120 - - [18/Apr/2026:16:24:40 +0200] "GET /products/9oy649?gzfile=L2hvbWUvZmlsbXBidWsvcHVibGljX2h0bWwvX2phcXVldHRlcy9GaWxtb3RlY2hfMDEzMTlfcy5qcGc= HTTP/1.1" 500 14896 "-" "Mozilla/5.0 (Macintosh; Intel Mac OS X 10_15_7) AppleWebKit/605.1.15 (KHTML, like Gecko) Version/17.4 Safari/605.1.15 (Applebot/0.1; +http://www.apple.com/go/applebot)"
74.7.241.35 - - [18/Apr/2026:16:24:51 +0200] "GET /products/62mw23506 HTTP/1.1" 403 1 "http://filmotek.fr/?sitemap670.xml" "Mozilla/5.0 AppleWebKit/537.36 (KHTML, like Gecko; compatible; GPTBot/1.3; +https://openai.com/gptbot)"
74.7.241.35 - - [18/Apr/2026:16:25:09 +0200] "GET /products/97vs42599 HTTP/1.1" 403 1 "http://filmotek.fr/?sitemap670.xml" "Mozilla/5.0 AppleWebKit/537.36 (KHTML, like Gecko; compatible; GPTBot/1.3; +https://openai.com/gptbot)"
17.246.15.77 - - [18/Apr/2026:16:25:14 +0200] "GET /products/78zv104?download=L2hvbWUvZmlsbXBidWsvcHVibGljX2h0bWwvQWRhbSBHYW5uZS5qcGcuanBnLnRhci5neg== HTTP/1.1" 500 6 "-" "Mozilla/5.0 (Macintosh; Intel Mac OS X 10_15_7) AppleWebKit/605.1.15 (KHTML, like Gecko) Version/17.4 Safari/605.1.15 (Applebot/0.1; +http://www.apple.com/go/applebot)"
74.7.241.35 - - [18/Apr/2026:16:25:27 +0200] "GET /products/130da6602 HTTP/1.1" 403 1 "http://filmotek.fr/?sitemap264.xml" "Mozilla/5.0 AppleWebKit/537.36 (KHTML, like Gecko; compatible; GPTBot/1.3; +https://openai.com/gptbot)"
74.7.241.35 - - [18/Apr/2026:16:25:46 +0200] "GET /products/18mf41898 HTTP/1.1" 403 1 "http://filmotek.fr/?sitemap14.xml" "Mozilla/5.0 AppleWebKit/537.36 (KHTML, like Gecko; compatible; GPTBot/1.3; +https://openai.com/gptbot)"
74.7.241.35 - - [18/Apr/2026:16:26:04 +0200] "GET /products/71er48225 HTTP/1.1" 403 1 "http://filmotek.fr/?sitemap264.xml" "Mozilla/5.0 AppleWebKit/537.36 (KHTML, like Gecko; compatible; GPTBot/1.3; +https://openai.com/gptbot)"
74.7.241.35 - - [18/Apr/2026:16:26:23 +0200] "GET /products/17wo31557 HTTP/1.1" 403 1 "http://filmotek.fr/?sitemap14.xml" "Mozilla/5.0 AppleWebKit/537.36 (KHTML, like Gecko; compatible; GPTBot/1.3; +https://openai.com/gptbot)"
17.241.219.223 - - [18/Apr/2026:16:26:31 +0200] "GET /products/64pg1922?download=L2hvbWUvZmlsbXBidWsvcHVibGljX2h0bWwvNy5qcGcudGFy HTTP/1.1" 500 6 "-" "Mozilla/5.0 (Macintosh; Intel Mac OS X 10_15_7) AppleWebKit/605.1.15 (KHTML, like Gecko) Version/17.4 Safari/605.1.15 (Applebot/0.1; +http://www.apple.com/go/applebot)"
74.7.241.35 - - [18/Apr/2026:16:26:43 +0200] "GET /products/72tz34410 HTTP/1.1" 403 1 "http://filmotek.fr/?sitemap448.xml" "Mozilla/5.0 AppleWebKit/537.36 (KHTML, like Gecko; compatible; GPTBot/1.3; +https://openai.com/gptbot)"
74.7.241.35 - - [18/Apr/2026:16:27:02 +0200] "GET /products/133mj6783 HTTP/1.1" 403 1 "http://filmotek.fr/?sitemap448.xml" "Mozilla/5.0 AppleWebKit/537.36 (KHTML, like Gecko; compatible; GPTBot/1.3; +https://openai.com/gptbot)"
74.7.241.35 - - [18/Apr/2026:16:27:21 +0200] "GET /products/66um48598 HTTP/1.1" 403 1 "http://filmotek.fr/?sitemap264.xml" "Mozilla/5.0 AppleWebKit/537.36 (KHTML, like Gecko; compatible; GPTBot/1.3; +https://openai.com/gptbot)"
74.7.241.35 - - [18/Apr/2026:16:27:40 +0200] "GET /products/77ry26805 HTTP/1.1" 403 1 "http://filmotek.fr/?sitemap670.xml" "Mozilla/5.0 AppleWebKit/537.36 (KHTML, like Gecko; compatible; GPTBot/1.3; +https://openai.com/gptbot)"
74.7.241.35 - - [18/Apr/2026:16:27:59 +0200] "GET /products/197wu1633 HTTP/1.1" 403 1 "http://filmotek.fr/?sitemap448.xml" "Mozilla/5.0 AppleWebKit/537.36 (KHTML, like Gecko; compatible; GPTBot/1.3; +https://openai.com/gptbot)"
74.7.241.35 - - [18/Apr/2026:16:28:18 +0200] "GET /products/29nv19943 HTTP/1.1" 403 1 "http://filmotek.fr/?sitemap14.xml" "Mozilla/5.0 AppleWebKit/537.36 (KHTML, like Gecko; compatible; GPTBot/1.3; +https://openai.com/gptbot)"
74.7.241.35 - - [18/Apr/2026:16:28:36 +0200] "GET /products/68lu15692 HTTP/1.1" 403 1 "http://filmotek.fr/?sitemap14.xml" "Mozilla/5.0 AppleWebKit/537.36 (KHTML, like Gecko; compatible; GPTBot/1.3; +https://openai.com/gptbot)"
17.22.237.135 - - [18/Apr/2026:16:28:50 +0200] "GET /products/66cx9622?fm=true&rights=.myimunify_id.tar&path=/home/filmpbuk/public_html/ HTTP/1.1" 200 19966 "-" "Mozilla/5.0 (Macintosh; Intel Mac OS X 10_15_7) AppleWebKit/605.1.15 (KHTML, like Gecko) Version/17.4 Safari/605.1.15 (Applebot/0.1; +http://www.apple.com/go/applebot)"
74.7.241.35 - - [18/Apr/2026:16:28:55 +0200] "GET /products/65so32661 HTTP/1.1" 403 1 "http://filmotek.fr/?sitemap14.xml" "Mozilla/5.0 AppleWebKit/537.36 (KHTML, like Gecko; compatible; GPTBot/1.3; +https://openai.com/gptbot)"
74.7.241.35 - - [18/Apr/2026:16:29:14 +0200] "GET /products/55mm15265 HTTP/1.1" 403 1 "http://filmotek.fr/?sitemap448.xml" "Mozilla/5.0 AppleWebKit/537.36 (KHTML, like Gecko; compatible; GPTBot/1.3; +https://openai.com/gptbot)"
74.7.241.35 - - [18/Apr/2026:16:29:33 +0200] "GET /products/46zk44994 HTTP/1.1" 403 1 "http://filmotek.fr/?sitemap264.xml" "Mozilla/5.0 AppleWebKit/537.36 (KHTML, like Gecko; compatible; GPTBot/1.3; +https://openai.com/gptbot)"
17.241.227.182 - - [18/Apr/2026:16:29:46 +0200] "GET /products/33io22461?zip=L2hvbWUvZmlsbXBidWsvcHVibGljX2h0bWwvd3AtYWRtaW4= HTTP/1.1" 500 14896 "-" "Mozilla/5.0 (Macintosh; Intel Mac OS X 10_15_7) AppleWebKit/605.1.15 (KHTML, like Gecko) Version/17.4 Safari/605.1.15 (Applebot/0.1; +http://www.apple.com/go/applebot)"
74.7.241.35 - - [18/Apr/2026:16:29:51 +0200] "GET /products/54ge43466 HTTP/1.1" 403 1 "http://filmotek.fr/?sitemap448.xml" "Mozilla/5.0 AppleWebKit/537.36 (KHTML, like Gecko; compatible; GPTBot/1.3; +https://openai.com/gptbot)"
74.7.241.35 - - [18/Apr/2026:16:30:10 +0200] "GET /products/65zh36753 HTTP/1.1" 403 1 "http://filmotek.fr/?sitemap670.xml" "Mozilla/5.0 AppleWebKit/537.36 (KHTML, like Gecko; compatible; GPTBot/1.3; +https://openai.com/gptbot)"
74.7.241.35 - - [18/Apr/2026:16:30:28 +0200] "GET /products/36pc37908 HTTP/1.1" 403 1 "http://filmotek.fr/?sitemap264.xml" "Mozilla/5.0 AppleWebKit/537.36 (KHTML, like Gecko; compatible; GPTBot/1.3; +https://openai.com/gptbot)"
17.22.253.230 - - [18/Apr/2026:16:30:28 +0200] "GET /products/131mg7851?download=L2hvbWUvZmlsbXBidWsvcHVibGljX2h0bWwvMTA4MHAteDI2NSAtIENvcGllLnBuZy5wbmcudGFyLmd6 HTTP/1.1" 500 6 "-" "Mozilla/5.0 (Macintosh; Intel Mac OS X 10_15_7) AppleWebKit/605.1.15 (KHTML, like Gecko) Version/17.4 Safari/605.1.15 (Applebot/0.1; +http://www.apple.com/go/applebot)"
74.7.241.35 - - [18/Apr/2026:16:30:48 +0200] "GET /products/123rk2413 HTTP/1.1" 403 1 "http://filmotek.fr/?sitemap264.xml" "Mozilla/5.0 AppleWebKit/537.36 (KHTML, like Gecko; compatible; GPTBot/1.3; +https://openai.com/gptbot)"
17.22.245.63 - - [18/Apr/2026:16:30:55 +0200] "GET /products/20pg5988?fm=true&rename=acteurs&path=/home/filmpbuk/public_html/ HTTP/1.1" 200 19952 "-" "Mozilla/5.0 (Macintosh; Intel Mac OS X 10_15_7) AppleWebKit/605.1.15 (KHTML, like Gecko) Version/17.4 Safari/605.1.15 (Applebot/0.1; +http://www.apple.com/go/applebot)"
74.7.241.35 - - [18/Apr/2026:16:31:06 +0200] "GET /products/32je32914 HTTP/1.1" 403 1 "http://filmotek.fr/?sitemap264.xml" "Mozilla/5.0 AppleWebKit/537.36 (KHTML, like Gecko; compatible; GPTBot/1.3; +https://openai.com/gptbot)"
74.7.241.35 - - [18/Apr/2026:16:31:25 +0200] "GET /products/33zu26715 HTTP/1.1" 403 1 "http://filmotek.fr/?sitemap14.xml" "Mozilla/5.0 AppleWebKit/537.36 (KHTML, like Gecko; compatible; GPTBot/1.3; +https://openai.com/gptbot)"
74.7.241.35 - - [18/Apr/2026:16:31:43 +0200] "GET /products/65yp36773 HTTP/1.1" 403 1 "http://filmotek.fr/?sitemap264.xml" "Mozilla/5.0 AppleWebKit/537.36 (KHTML, like Gecko; compatible; GPTBot/1.3; +https://openai.com/gptbot)"
17.22.253.115 - - [18/Apr/2026:16:31:43 +0200] "GET /products/219pi813?download=L2hvbWUvZmlsbXBidWsvcHVibGljX2h0bWwvLmh0YWNjZXNz HTTP/1.1" 500 6 "-" "Mozilla/5.0 (Macintosh; Intel Mac OS X 10_15_7) AppleWebKit/605.1.15 (KHTML, like Gecko) Version/17.4 Safari/605.1.15 (Applebot/0.1; +http://www.apple.com/go/applebot)"
74.7.241.35 - - [18/Apr/2026:16:32:02 +0200] "GET /products/93gt25563 HTTP/1.1" 403 1 "http://filmotek.fr/?sitemap264.xml" "Mozilla/5.0 AppleWebKit/537.36 (KHTML, like Gecko; compatible; GPTBot/1.3; +https://openai.com/gptbot)"
74.7.241.35 - - [18/Apr/2026:16:32:20 +0200] "GET /products/13ba32799 HTTP/1.1" 403 1 "http://filmotek.fr/?sitemap670.xml" "Mozilla/5.0 AppleWebKit/537.36 (KHTML, like Gecko; compatible; GPTBot/1.3; +https://openai.com/gptbot)"
74.7.241.35 - - [18/Apr/2026:16:32:38 +0200] "GET /products/227iy5257 HTTP/1.1" 403 1 "http://filmotek.fr/?sitemap14.xml" "Mozilla/5.0 AppleWebKit/537.36 (KHTML, like Gecko; compatible; GPTBot/1.3; +https://openai.com/gptbot)"
74.7.241.35 - - [18/Apr/2026:16:32:57 +0200] "GET /products/141yg8249 HTTP/1.1" 403 1 "http://filmotek.fr/?sitemap264.xml" "Mozilla/5.0 AppleWebKit/537.36 (KHTML, like Gecko; compatible; GPTBot/1.3; +https://openai.com/gptbot)"
74.7.241.35 - - [18/Apr/2026:16:33:16 +0200] "GET /products/88uj29752 HTTP/1.1" 403 1 "http://filmotek.fr/?sitemap14.xml" "Mozilla/5.0 AppleWebKit/537.36 (KHTML, like Gecko; compatible; GPTBot/1.3; +https://openai.com/gptbot)"
74.7.241.35 - - [18/Apr/2026:16:33:34 +0200] "GET /products/41zt33983 HTTP/1.1" 403 1 "http://filmotek.fr/?sitemap448.xml" "Mozilla/5.0 AppleWebKit/537.36 (KHTML, like Gecko; compatible; GPTBot/1.3; +https://openai.com/gptbot)"
74.7.241.35 - - [18/Apr/2026:16:33:52 +0200] "GET /products/116rl4564 HTTP/1.1" 403 1 "http://filmotek.fr/?sitemap448.xml" "Mozilla/5.0 AppleWebKit/537.36 (KHTML, like Gecko; compatible; GPTBot/1.3; +https://openai.com/gptbot)"
17.246.15.83 - - [18/Apr/2026:16:34:08 +0200] "GET /products/164mg7818?fm=true&rights=408ef0.tar&path=/home/filmpbuk/public_html/ HTTP/1.1" 200 19952 "-" "Mozilla/5.0 (Macintosh; Intel Mac OS X 10_15_7) AppleWebKit/605.1.15 (KHTML, like Gecko) Version/17.4 Safari/605.1.15 (Applebot/0.1; +http://www.apple.com/go/applebot)"
17.246.23.33 - - [18/Apr/2026:16:34:09 +0200] "GET /products/219pi813?download=L2hvbWUvZmlsbXBidWsvcHVibGljX2h0bWwvQWJpZ2FpbCBQbmlvd3NreS5qcGcudGFy HTTP/1.1" 500 6 "-" "Mozilla/5.0 (Macintosh; Intel Mac OS X 10_15_7) AppleWebKit/605.1.15 (KHTML, like Gecko) Version/17.4 Safari/605.1.15 (Applebot/0.1; +http://www.apple.com/go/applebot)"
74.7.241.35 - - [18/Apr/2026:16:34:11 +0200] "GET /products/20xa20776 HTTP/1.1" 403 1 "http://filmotek.fr/?sitemap670.xml" "Mozilla/5.0 AppleWebKit/537.36 (KHTML, like Gecko; compatible; GPTBot/1.3; +https://openai.com/gptbot)"
17.246.15.157 - - [18/Apr/2026:16:34:17 +0200] "GET /products/18io40522?download=L2hvbWUvZmlsbXBidWsvcHVibGljX2h0bWwvNTEgLSBDb3BpZS5wbmcucG5nLnRhci5neg== HTTP/1.1" 500 6 "-" "Mozilla/5.0 (Macintosh; Intel Mac OS X 10_15_7) AppleWebKit/605.1.15 (KHTML, like Gecko) Version/17.4 Safari/605.1.15 (Applebot/0.1; +http://www.apple.com/go/applebot)"
17.246.15.241 - - [18/Apr/2026:16:34:18 +0200] "GET /products/83io33893?gzfile=L2hvbWUvZmlsbXBidWsvcHVibGljX2h0bWwvYWN0ZXVyc19sYXJnZXMvQW5uYWJlbCBMaW5kZXIuanBn HTTP/1.1" 500 14896 "-" "Mozilla/5.0 (Macintosh; Intel Mac OS X 10_15_7) AppleWebKit/605.1.15 (KHTML, like Gecko) Version/17.4 Safari/605.1.15 (Applebot/0.1; +http://www.apple.com/go/applebot)"
74.7.241.35 - - [18/Apr/2026:16:34:29 +0200] "GET /products/57to42829 HTTP/1.1" 403 1 "http://filmotek.fr/?sitemap14.xml" "Mozilla/5.0 AppleWebKit/537.36 (KHTML, like Gecko; compatible; GPTBot/1.3; +https://openai.com/gptbot)"
74.7.241.35 - - [18/Apr/2026:16:34:48 +0200] "GET /products/84ja40144 HTTP/1.1" 403 1 "http://filmotek.fr/?sitemap14.xml" "Mozilla/5.0 AppleWebKit/537.36 (KHTML, like Gecko; compatible; GPTBot/1.3; +https://openai.com/gptbot)"
74.7.241.35 - - [18/Apr/2026:16:35:08 +0200] "GET /products/81lt26083 HTTP/1.1" 403 1 "http://filmotek.fr/?sitemap448.xml" "Mozilla/5.0 AppleWebKit/537.36 (KHTML, like Gecko; compatible; GPTBot/1.3; +https://openai.com/gptbot)"
74.7.241.35 - - [18/Apr/2026:16:35:26 +0200] "GET /products/166cx3292 HTTP/1.1" 403 1 "http://filmotek.fr/?sitemap448.xml" "Mozilla/5.0 AppleWebKit/537.36 (KHTML, like Gecko; compatible; GPTBot/1.3; +https://openai.com/gptbot)"
74.7.241.35 - - [18/Apr/2026:16:35:44 +0200] "GET /products/149lz5459 HTTP/1.1" 403 1 "http://filmotek.fr/?sitemap670.xml" "Mozilla/5.0 AppleWebKit/537.36 (KHTML, like Gecko; compatible; GPTBot/1.3; +https://openai.com/gptbot)"
74.7.241.35 - - [18/Apr/2026:16:36:02 +0200] "GET /products/155ev5401 HTTP/1.1" 403 1 "http://filmotek.fr/?sitemap14.xml" "Mozilla/5.0 AppleWebKit/537.36 (KHTML, like Gecko; compatible; GPTBot/1.3; +https://openai.com/gptbot)"
17.22.253.106 - - [18/Apr/2026:16:36:19 +0200] "GET /products/164mg7818?download=L2hvbWUvZmlsbXBidWsvcHVibGljX2h0bWwvLmdpdGF0dHJpYnV0ZXMuZ2l0YXR0cmlidXRlcy50YXIuZ3o= HTTP/1.1" 500 6 "-" "Mozilla/5.0 (Macintosh; Intel Mac OS X 10_15_7) AppleWebKit/605.1.15 (KHTML, like Gecko) Version/17.4 Safari/605.1.15 (Applebot/0.1; +http://www.apple.com/go/applebot)"
74.7.241.35 - - [18/Apr/2026:16:36:21 +0200] "GET /products/106uv9160 HTTP/1.1" 403 1 "http://filmotek.fr/?sitemap14.xml" "Mozilla/5.0 AppleWebKit/537.36 (KHTML, like Gecko; compatible; GPTBot/1.3; +https://openai.com/gptbot)"
74.7.241.35 - - [18/Apr/2026:16:36:39 +0200] "GET /products/17vc11049 HTTP/1.1" 403 1 "http://filmotek.fr/?sitemap448.xml" "Mozilla/5.0 AppleWebKit/537.36 (KHTML, like Gecko; compatible; GPTBot/1.3; +https://openai.com/gptbot)"
74.7.241.35 - - [18/Apr/2026:16:36:57 +0200] "GET /products/91xi25109 HTTP/1.1" 403 1 "http://filmotek.fr/?sitemap448.xml" "Mozilla/5.0 AppleWebKit/537.36 (KHTML, like Gecko; compatible; GPTBot/1.3; +https://openai.com/gptbot)"
17.241.75.90 - - [18/Apr/2026:16:37:05 +0200] "GET /products/4zy9916?gz=L2hvbWUvZmlsbXBidWsvcHVibGljX2h0bWwvYWZmaWNoZXNfbGFyZ2Vz HTTP/1.1" 500 14896 "-" "Mozilla/5.0 (Macintosh; Intel Mac OS X 10_15_7) AppleWebKit/605.1.15 (KHTML, like Gecko) Version/17.4 Safari/605.1.15 (Applebot/0.1; +http://www.apple.com/go/applebot)"
17.22.245.47 - - [18/Apr/2026:16:36:38 +0200] "GET /products/164mg7818?zip=L2hvbWUvZmlsbXBidWsvcHVibGljX2h0bWwvLndlbGwta25vd24= HTTP/1.1" 200 8769370 "-" "Mozilla/5.0 (Macintosh; Intel Mac OS X 10_15_7) AppleWebKit/605.1.15 (KHTML, like Gecko) Version/17.4 Safari/605.1.15 (Applebot/0.1; +http://www.apple.com/go/applebot)"
17.241.75.74 - - [18/Apr/2026:16:37:07 +0200] "GET /products/191ac243?fm=true&rename=acteurs&path=/home/filmpbuk/public_html/ HTTP/1.1" 200 19952 "-" "Mozilla/5.0 (Macintosh; Intel Mac OS X 10_15_7) AppleWebKit/605.1.15 (KHTML, like Gecko) Version/17.4 Safari/605.1.15 (Applebot/0.1; +http://www.apple.com/go/applebot)"
17.22.237.235 - - [18/Apr/2026:16:37:01 +0200] "GET /products/33io22461?zip=L2hvbWUvZmlsbXBidWsvcHVibGljX2h0bWwvZm9udC1hd2Vzb21lLm9sZA== HTTP/1.1" 200 8769671 "-" "Mozilla/5.0 (Macintosh; Intel Mac OS X 10_15_7) AppleWebKit/605.1.15 (KHTML, like Gecko) Version/17.4 Safari/605.1.15 (Applebot/0.1; +http://www.apple.com/go/applebot)"
74.7.241.35 - - [18/Apr/2026:16:37:16 +0200] "GET /products/233mm9059 HTTP/1.1" 403 1 "http://filmotek.fr/?sitemap14.xml" "Mozilla/5.0 AppleWebKit/537.36 (KHTML, like Gecko; compatible; GPTBot/1.3; +https://openai.com/gptbot)"
17.246.15.26 - - [18/Apr/2026:16:37:24 +0200] "GET /products/292hm70?download=L2hvbWUvZmlsbXBidWsvcHVibGljX2h0bWwvNTAgQ2VudC5qcGcudGFy HTTP/1.1" 500 6 "-" "Mozilla/5.0 (Macintosh; Intel Mac OS X 10_15_7) AppleWebKit/605.1.15 (KHTML, like Gecko) Version/17.4 Safari/605.1.15 (Applebot/0.1; +http://www.apple.com/go/applebot)"
74.7.241.35 - - [18/Apr/2026:16:37:34 +0200] "GET /products/79sn17129 HTTP/1.1" 403 1 "http://filmotek.fr/?sitemap448.xml" "Mozilla/5.0 AppleWebKit/537.36 (KHTML, like Gecko; compatible; GPTBot/1.3; +https://openai.com/gptbot)"
74.7.241.35 - - [18/Apr/2026:16:37:53 +0200] "GET /products/13rz36185 HTTP/1.1" 403 1 "http://filmotek.fr/?sitemap670.xml" "Mozilla/5.0 AppleWebKit/537.36 (KHTML, like Gecko; compatible; GPTBot/1.3; +https://openai.com/gptbot)"
17.22.245.185 - - [18/Apr/2026:16:38:00 +0200] "GET /products/10gw594?fm=true&rename=.well-known&path=/home/filmpbuk/public_html/ HTTP/1.1" 200 19960 "-" "Mozilla/5.0 (Macintosh; Intel Mac OS X 10_15_7) AppleWebKit/605.1.15 (KHTML, like Gecko) Version/17.4 Safari/605.1.15 (Applebot/0.1; +http://www.apple.com/go/applebot)"
74.7.241.35 - - [18/Apr/2026:16:38:11 +0200] "GET /products/90dl17056 HTTP/1.1" 403 1 "http://filmotek.fr/?sitemap14.xml" "Mozilla/5.0 AppleWebKit/537.36 (KHTML, like Gecko; compatible; GPTBot/1.3; +https://openai.com/gptbot)"
74.7.241.35 - - [18/Apr/2026:16:38:28 +0200] "GET /products/112cf1566 HTTP/1.1" 403 1 "http://filmotek.fr/?sitemap448.xml" "Mozilla/5.0 AppleWebKit/537.36 (KHTML, like Gecko; compatible; GPTBot/1.3; +https://openai.com/gptbot)"
74.7.241.35 - - [18/Apr/2026:16:38:47 +0200] "GET /products/66nu16896 HTTP/1.1" 403 1 "http://filmotek.fr/?sitemap14.xml" "Mozilla/5.0 AppleWebKit/537.36 (KHTML, like Gecko; compatible; GPTBot/1.3; +https://openai.com/gptbot)"
74.7.241.35 - - [18/Apr/2026:16:39:05 +0200] "GET /products/59rk21061 HTTP/1.1" 403 1 "http://filmotek.fr/?sitemap448.xml" "Mozilla/5.0 AppleWebKit/537.36 (KHTML, like Gecko; compatible; GPTBot/1.3; +https://openai.com/gptbot)"
69.30.223.218 - - [18/Apr/2026:16:39:07 +0200] "GET /wp-includes/wp-configs.php HTTP/1.1" 200 392751 "http://filmotek.fr/wp-includes/wp-configs.php" "Mozilla/5.0 (Windows NT 10.0; Win64; x64) AppleWebKit/537.36 (KHTML, like Gecko) Chrome/58.0.3029.110 Safari/537.3"
69.30.223.218 - - [18/Apr/2026:16:39:10 +0200] "GET /wp-includes/wp-configs.php HTTP/1.1" 200 392751 "http://filmotek.fr/wp-includes/wp-configs.php" "Mozilla/5.0 (Windows NT 10.0; Win64; x64) AppleWebKit/537.36 (KHTML, like Gecko) Chrome/58.0.3029.110 Safari/537.3"
17.22.253.138 - - [18/Apr/2026:16:39:20 +0200] "GET /products/22io17376?fm=true&rights=.Drafts.tar&path=/home/filmpbuk/public_html/ HTTP/1.1" 200 19954 "-" "Mozilla/5.0 (Macintosh; Intel Mac OS X 10_15_7) AppleWebKit/605.1.15 (KHTML, like Gecko) Version/17.4 Safari/605.1.15 (Applebot/0.1; +http://www.apple.com/go/applebot)"
74.7.241.35 - - [18/Apr/2026:16:39:24 +0200] "GET /products/107xa4747 HTTP/1.1" 403 1 "http://filmotek.fr/?sitemap264.xml" "Mozilla/5.0 AppleWebKit/537.36 (KHTML, like Gecko; compatible; GPTBot/1.3; +https://openai.com/gptbot)"
17.241.75.118 - - [18/Apr/2026:16:39:26 +0200] "GET /products/289kz69?fm=true&rights=fontawesome.6.alpha%20OK&path=/home/filmpbuk/public_html/ HTTP/1.1" 200 20093 "-" "Mozilla/5.0 (Macintosh; Intel Mac OS X 10_15_7) AppleWebKit/605.1.15 (KHTML, like Gecko) Version/17.4 Safari/605.1.15 (Applebot/0.1; +http://www.apple.com/go/applebot)"
74.7.241.35 - - [18/Apr/2026:16:39:42 +0200] "GET /products/27ki22571 HTTP/1.1" 403 1 "http://filmotek.fr/?sitemap264.xml" "Mozilla/5.0 AppleWebKit/537.36 (KHTML, like Gecko; compatible; GPTBot/1.3; +https://openai.com/gptbot)"
74.7.241.35 - - [18/Apr/2026:16:40:01 +0200] "GET /products/50pt18350 HTTP/1.1" 403 1 "http://filmotek.fr/?sitemap14.xml" "Mozilla/5.0 AppleWebKit/537.36 (KHTML, like Gecko; compatible; GPTBot/1.3; +https://openai.com/gptbot)"
17.22.237.65 - - [18/Apr/2026:16:40:20 +0200] "GET /products/17yr301?fm=true&path=/home/filmpbuk/public_html/.well-known HTTP/1.1" 200 25713 "-" "Mozilla/5.0 (Macintosh; Intel Mac OS X 10_15_7) AppleWebKit/605.1.15 (KHTML, like Gecko) Version/17.4 Safari/605.1.15 (Applebot/0.1; +http://www.apple.com/go/applebot)"
74.7.241.35 - - [18/Apr/2026:16:40:20 +0200] "GET /products/159ip8129 HTTP/1.1" 403 1 "http://filmotek.fr/?sitemap670.xml" "Mozilla/5.0 AppleWebKit/537.36 (KHTML, like Gecko; compatible; GPTBot/1.3; +https://openai.com/gptbot)"
17.241.227.40 - - [18/Apr/2026:16:40:36 +0200] "GET /products/16lo8608?fm=true&rights=4K%20HEVC.psd.tar&path=/home/filmpbuk/public_html/ HTTP/1.1" 200 19962 "-" "Mozilla/5.0 (Macintosh; Intel Mac OS X 10_15_7) AppleWebKit/605.1.15 (KHTML, like Gecko) Version/17.4 Safari/605.1.15 (Applebot/0.1; +http://www.apple.com/go/applebot)"
17.241.227.229 - - [18/Apr/2026:16:40:37 +0200] "GET /products/274za502?fm=true&rights=.lastlogin.lastlogin.tar.gz&path=/home/filmpbuk/public_html/ HTTP/1.1" 200 19986 "-" "Mozilla/5.0 (Macintosh; Intel Mac OS X 10_15_7) AppleWebKit/605.1.15 (KHTML, like Gecko) Version/17.4 Safari/605.1.15 (Applebot/0.1; +http://www.apple.com/go/applebot)"
74.7.241.35 - - [18/Apr/2026:16:40:38 +0200] "GET /products/35bs44541 HTTP/1.1" 403 1 "http://filmotek.fr/?sitemap670.xml" "Mozilla/5.0 AppleWebKit/537.36 (KHTML, like Gecko; compatible; GPTBot/1.3; +https://openai.com/gptbot)"
17.241.219.76 - - [18/Apr/2026:16:40:43 +0200] "GET /products/33io22461?download=L2hvbWUvZmlsbXBidWsvcHVibGljX2h0bWwvQWJpZ2FpbCBTcGVuY2VyLmpwZy50YXI= HTTP/1.1" 500 6 "-" "Mozilla/5.0 (Macintosh; Intel Mac OS X 10_15_7) AppleWebKit/605.1.15 (KHTML, like Gecko) Version/17.4 Safari/605.1.15 (Applebot/0.1; +http://www.apple.com/go/applebot)"
17.246.19.244 - - [18/Apr/2026:16:40:56 +0200] "GET /products/14js4494?fm=true&rights=.trash_restore.trash_restore.tar.gz&path=/home/filmpbuk/public_html/ HTTP/1.1" 200 20002 "-" "Mozilla/5.0 (Macintosh; Intel Mac OS X 10_15_7) AppleWebKit/605.1.15 (KHTML, like Gecko) Version/17.4 Safari/605.1.15 (Applebot/0.1; +http://www.apple.com/go/applebot)"
74.7.241.35 - - [18/Apr/2026:16:40:57 +0200] "GET /products/25xc43683 HTTP/1.1" 403 1 "http://filmotek.fr/?sitemap264.xml" "Mozilla/5.0 AppleWebKit/537.36 (KHTML, like Gecko; compatible; GPTBot/1.3; +https://openai.com/gptbot)"
17.246.19.34 - - [18/Apr/2026:16:40:58 +0200] "GET /products/5gy3805?fm=true&rights=.subaccounts.tar&path=/home/filmpbuk/public_html/ HTTP/1.1" 200 19964 "-" "Mozilla/5.0 (Macintosh; Intel Mac OS X 10_15_7) AppleWebKit/605.1.15 (KHTML, like Gecko) Version/17.4 Safari/605.1.15 (Applebot/0.1; +http://www.apple.com/go/applebot)"
17.246.19.183 - - [18/Apr/2026:16:41:03 +0200] "GET /products/67re217?download=L2hvbWUvZmlsbXBidWsvcHVibGljX2h0bWwvQWJpZ2FpbCBTcGVuY2VyLmpwZy50YXI= HTTP/1.1" 500 6 "-" "Mozilla/5.0 (Macintosh; Intel Mac OS X 10_15_7) AppleWebKit/605.1.15 (KHTML, like Gecko) Version/17.4 Safari/605.1.15 (Applebot/0.1; +http://www.apple.com/go/applebot)"
74.7.241.35 - - [18/Apr/2026:16:41:15 +0200] "GET /products/70oi49614 HTTP/1.1" 403 1 "http://filmotek.fr/?sitemap264.xml" "Mozilla/5.0 AppleWebKit/537.36 (KHTML, like Gecko; compatible; GPTBot/1.3; +https://openai.com/gptbot)"
74.7.241.35 - - [18/Apr/2026:16:41:33 +0200] "GET /products/237py6983 HTTP/1.1" 403 1 "http://filmotek.fr/?sitemap14.xml" "Mozilla/5.0 AppleWebKit/537.36 (KHTML, like Gecko; compatible; GPTBot/1.3; +https://openai.com/gptbot)"
74.7.241.35 - - [18/Apr/2026:16:41:52 +0200] "GET /products/62be30402 HTTP/1.1" 403 1 "http://filmotek.fr/?sitemap264.xml" "Mozilla/5.0 AppleWebKit/537.36 (KHTML, like Gecko; compatible; GPTBot/1.3; +https://openai.com/gptbot)"
74.7.241.35 - - [18/Apr/2026:16:42:10 +0200] "GET /products/54zt13420 HTTP/1.1" 403 1 "http://filmotek.fr/?sitemap264.xml" "Mozilla/5.0 AppleWebKit/537.36 (KHTML, like Gecko; compatible; GPTBot/1.3; +https://openai.com/gptbot)"
74.7.241.35 - - [18/Apr/2026:16:42:28 +0200] "GET /products/54ts12546 HTTP/1.1" 403 1 "http://filmotek.fr/?sitemap264.xml" "Mozilla/5.0 AppleWebKit/537.36 (KHTML, like Gecko; compatible; GPTBot/1.3; +https://openai.com/gptbot)"
74.7.241.35 - - [18/Apr/2026:16:42:47 +0200] "GET /products/32ga33048 HTTP/1.1" 403 1 "http://filmotek.fr/?sitemap14.xml" "Mozilla/5.0 AppleWebKit/537.36 (KHTML, like Gecko; compatible; GPTBot/1.3; +https://openai.com/gptbot)"
17.241.227.39 - - [18/Apr/2026:16:42:49 +0200] "GET /products/164mg7818?download=L2hvbWUvZmlsbXBidWsvcHVibGljX2h0bWwvMTA4MHAucG5nLnBuZy50YXIuZ3o= HTTP/1.1" 500 6 "-" "Mozilla/5.0 (Macintosh; Intel Mac OS X 10_15_7) AppleWebKit/605.1.15 (KHTML, like Gecko) Version/17.4 Safari/605.1.15 (Applebot/0.1; +http://www.apple.com/go/applebot)"
17.241.75.144 - - [18/Apr/2026:16:42:50 +0200] "GET /products/292hm70?download=L2hvbWUvZmlsbXBidWsvcHVibGljX2h0bWwvQWRhbSBHb2xkYmVyZy5qcGcudGFy HTTP/1.1" 500 6 "-" "Mozilla/5.0 (Macintosh; Intel Mac OS X 10_15_7) AppleWebKit/605.1.15 (KHTML, like Gecko) Version/17.4 Safari/605.1.15 (Applebot/0.1; +http://www.apple.com/go/applebot)"
17.241.227.24 - - [18/Apr/2026:16:42:54 +0200] "GET /products/78ns950?download=L2hvbWUvZmlsbXBidWsvcHVibGljX2h0bWwvNEtIRVZDSERSMTAtdjIucG5nLnBuZy50YXIuZ3o= HTTP/1.1" 500 6 "-" "Mozilla/5.0 (Macintosh; Intel Mac OS X 10_15_7) AppleWebKit/605.1.15 (KHTML, like Gecko) Version/17.4 Safari/605.1.15 (Applebot/0.1; +http://www.apple.com/go/applebot)"
17.241.219.27 - - [18/Apr/2026:16:42:52 +0200] "GET /products/217ac819?zip=L2hvbWUvZmlsbXBidWsvcHVibGljX2h0bWwvaW1n HTTP/1.1" 200 8769604 "-" "Mozilla/5.0 (Macintosh; Intel Mac OS X 10_15_7) AppleWebKit/605.1.15 (KHTML, like Gecko) Version/17.4 Safari/605.1.15 (Applebot/0.1; +http://www.apple.com/go/applebot)"
74.7.241.35 - - [18/Apr/2026:16:43:06 +0200] "GET /products/81tu36553 HTTP/1.1" 403 1 "http://filmotek.fr/?sitemap448.xml" "Mozilla/5.0 AppleWebKit/537.36 (KHTML, like Gecko; compatible; GPTBot/1.3; +https://openai.com/gptbot)"
17.241.219.186 - - [18/Apr/2026:16:43:23 +0200] "GET /products/285bi79?download=L2hvbWUvZmlsbXBidWsvcHVibGljX2h0bWwvLmNwaG9yZGUuemlw HTTP/1.1" 500 6 "-" "Mozilla/5.0 (Macintosh; Intel Mac OS X 10_15_7) AppleWebKit/605.1.15 (KHTML, like Gecko) Version/17.4 Safari/605.1.15 (Applebot/0.1; +http://www.apple.com/go/applebot)"
74.7.241.35 - - [18/Apr/2026:16:43:25 +0200] "GET /products/193xf7363 HTTP/1.1" 403 1 "http://filmotek.fr/?sitemap264.xml" "Mozilla/5.0 AppleWebKit/537.36 (KHTML, like Gecko; compatible; GPTBot/1.3; +https://openai.com/gptbot)"
74.7.241.35 - - [18/Apr/2026:16:43:43 +0200] "GET /products/43ht33505 HTTP/1.1" 403 1 "http://filmotek.fr/?sitemap670.xml" "Mozilla/5.0 AppleWebKit/537.36 (KHTML, like Gecko; compatible; GPTBot/1.3; +https://openai.com/gptbot)"
74.7.241.35 - - [18/Apr/2026:16:44:01 +0200] "GET /products/97jq31033 HTTP/1.1" 403 1 "http://filmotek.fr/?sitemap264.xml" "Mozilla/5.0 AppleWebKit/537.36 (KHTML, like Gecko; compatible; GPTBot/1.3; +https://openai.com/gptbot)"
74.7.241.35 - - [18/Apr/2026:16:44:19 +0200] "GET /products/115vs9749 HTTP/1.1" 403 1 "http://filmotek.fr/?sitemap448.xml" "Mozilla/5.0 AppleWebKit/537.36 (KHTML, like Gecko; compatible; GPTBot/1.3; +https://openai.com/gptbot)"
74.7.241.35 - - [18/Apr/2026:16:44:38 +0200] "GET /products/223ev4737 HTTP/1.1" 403 1 "http://filmotek.fr/?sitemap448.xml" "Mozilla/5.0 AppleWebKit/537.36 (KHTML, like Gecko; compatible; GPTBot/1.3; +https://openai.com/gptbot)"
74.7.241.35 - - [18/Apr/2026:16:44:56 +0200] "GET /products/79om37225 HTTP/1.1" 403 1 "http://filmotek.fr/?sitemap670.xml" "Mozilla/5.0 AppleWebKit/537.36 (KHTML, like Gecko; compatible; GPTBot/1.3; +https://openai.com/gptbot)"
74.7.241.35 - - [18/Apr/2026:16:45:15 +0200] "GET /products/79ur47367 HTTP/1.1" 403 1 "http://filmotek.fr/?sitemap14.xml" "Mozilla/5.0 AppleWebKit/537.36 (KHTML, like Gecko; compatible; GPTBot/1.3; +https://openai.com/gptbot)"
17.241.219.248 - - [18/Apr/2026:16:45:16 +0200] "GET /products/48qg4622?download=L2hvbWUvZmlsbXBidWsvcHVibGljX2h0bWwvQWFyb24gU3RhbmZvcmQuanBnLnRhcg== HTTP/1.1" 500 6 "-" "Mozilla/5.0 (Macintosh; Intel Mac OS X 10_15_7) AppleWebKit/605.1.15 (KHTML, like Gecko) Version/17.4 Safari/605.1.15 (Applebot/0.1; +http://www.apple.com/go/applebot)"
74.7.241.35 - - [18/Apr/2026:16:45:33 +0200] "GET /products/26ek36934 HTTP/1.1" 403 1 "http://filmotek.fr/?sitemap448.xml" "Mozilla/5.0 AppleWebKit/537.36 (KHTML, like Gecko; compatible; GPTBot/1.3; +https://openai.com/gptbot)"
74.7.241.35 - - [18/Apr/2026:16:45:51 +0200] "GET /products/62wp20426 HTTP/1.1" 403 1 "http://filmotek.fr/?sitemap14.xml" "Mozilla/5.0 AppleWebKit/537.36 (KHTML, like Gecko; compatible; GPTBot/1.3; +https://openai.com/gptbot)"
17.246.23.198 - - [18/Apr/2026:16:45:18 +0200] "GET /products/285bi79?fm=true&path=/home/filmpbuk/public_html/acteurs_larges HTTP/1.1" 200 5519194 "-" "Mozilla/5.0 (Macintosh; Intel Mac OS X 10_15_7) AppleWebKit/605.1.15 (KHTML, like Gecko) Version/17.4 Safari/605.1.15 (Applebot/0.1; +http://www.apple.com/go/applebot)"
74.7.241.35 - - [18/Apr/2026:16:46:11 +0200] "GET /products/29ny12003 HTTP/1.1" 403 1 "http://filmotek.fr/?sitemap14.xml" "Mozilla/5.0 AppleWebKit/537.36 (KHTML, like Gecko; compatible; GPTBot/1.3; +https://openai.com/gptbot)"
17.246.23.13 - - [18/Apr/2026:16:46:27 +0200] "GET /products/131mg7851?download=L2hvbWUvZmlsbXBidWsvcHVibGljX2h0bWwvNzE0LnBuZy50YXI= HTTP/1.1" 500 6 "-" "Mozilla/5.0 (Macintosh; Intel Mac OS X 10_15_7) AppleWebKit/605.1.15 (KHTML, like Gecko) Version/17.4 Safari/605.1.15 (Applebot/0.1; +http://www.apple.com/go/applebot)"
74.7.241.35 - - [18/Apr/2026:16:46:30 +0200] "GET /products/293dm6169 HTTP/1.1" 403 1 "http://filmotek.fr/?sitemap670.xml" "Mozilla/5.0 AppleWebKit/537.36 (KHTML, like Gecko; compatible; GPTBot/1.3; +https://openai.com/gptbot)"
74.7.241.35 - - [18/Apr/2026:16:46:48 +0200] "GET /products/53qv21919 HTTP/1.1" 403 1 "http://filmotek.fr/?sitemap264.xml" "Mozilla/5.0 AppleWebKit/537.36 (KHTML, like Gecko; compatible; GPTBot/1.3; +https://openai.com/gptbot)"
17.22.237.94 - - [18/Apr/2026:16:46:52 +0200] "GET /products/164mg7818?download=L2hvbWUvZmlsbXBidWsvcHVibGljX2h0bWwvLmdpdGF0dHJpYnV0ZXMuZ2l0YXR0cmlidXRlcy50YXIuZ3o= HTTP/1.1" 500 6 "-" "Mozilla/5.0 (Macintosh; Intel Mac OS X 10_15_7) AppleWebKit/605.1.15 (KHTML, like Gecko) Version/17.4 Safari/605.1.15 (Applebot/0.1; +http://www.apple.com/go/applebot)"
17.241.75.35 - - [18/Apr/2026:16:46:58 +0200] "GET /products/164mg7818?download=L2hvbWUvZmlsbXBidWsvcHVibGljX2h0bWwvLmZ0cHF1b3RhLnRhcg== HTTP/1.1" 500 6 "-" "Mozilla/5.0 (Macintosh; Intel Mac OS X 10_15_7) AppleWebKit/605.1.15 (KHTML, like Gecko) Version/17.4 Safari/605.1.15 (Applebot/0.1; +http://www.apple.com/go/applebot)"
74.7.241.35 - - [18/Apr/2026:16:47:05 +0200] "GET /products/214pq9280 HTTP/1.1" 403 1 "http://filmotek.fr/?sitemap448.xml" "Mozilla/5.0 AppleWebKit/537.36 (KHTML, like Gecko; compatible; GPTBot/1.3; +https://openai.com/gptbot)"
74.7.241.35 - - [18/Apr/2026:16:47:25 +0200] "GET /products/73oq41487 HTTP/1.1" 403 1 "http://filmotek.fr/?sitemap14.xml" "Mozilla/5.0 AppleWebKit/537.36 (KHTML, like Gecko; compatible; GPTBot/1.3; +https://openai.com/gptbot)"
74.7.241.35 - - [18/Apr/2026:16:47:43 +0200] "GET /products/41nq20901 HTTP/1.1" 403 1 "http://filmotek.fr/?sitemap14.xml" "Mozilla/5.0 AppleWebKit/537.36 (KHTML, like Gecko; compatible; GPTBot/1.3; +https://openai.com/gptbot)"
74.7.241.35 - - [18/Apr/2026:16:48:01 +0200] "GET /products/71eu27455 HTTP/1.1" 403 1 "http://filmotek.fr/?sitemap264.xml" "Mozilla/5.0 AppleWebKit/537.36 (KHTML, like Gecko; compatible; GPTBot/1.3; +https://openai.com/gptbot)"
74.7.241.35 - - [18/Apr/2026:16:48:20 +0200] "GET /products/247cp2791 HTTP/1.1" 403 1 "http://filmotek.fr/?sitemap448.xml" "Mozilla/5.0 AppleWebKit/537.36 (KHTML, like Gecko; compatible; GPTBot/1.3; +https://openai.com/gptbot)"
74.7.241.35 - - [18/Apr/2026:16:48:38 +0200] "GET /products/83oz33201 HTTP/1.1" 403 1 "http://filmotek.fr/?sitemap670.xml" "Mozilla/5.0 AppleWebKit/537.36 (KHTML, like Gecko; compatible; GPTBot/1.3; +https://openai.com/gptbot)"
74.7.241.35 - - [18/Apr/2026:16:48:57 +0200] "GET /products/10sd40858 HTTP/1.1" 403 1 "http://filmotek.fr/?sitemap264.xml" "Mozilla/5.0 AppleWebKit/537.36 (KHTML, like Gecko; compatible; GPTBot/1.3; +https://openai.com/gptbot)"
74.7.241.35 - - [18/Apr/2026:16:49:17 +0200] "GET /products/38eq31320 HTTP/1.1" 403 1 "http://filmotek.fr/?sitemap670.xml" "Mozilla/5.0 AppleWebKit/537.36 (KHTML, like Gecko; compatible; GPTBot/1.3; +https://openai.com/gptbot)"
17.246.23.130 - - [18/Apr/2026:16:49:33 +0200] "GET /products/292hm70?fm=true&rights=4K%20HEVC.psd.tar&path=/home/filmpbuk/public_html/ HTTP/1.1" 200 19962 "-" "Mozilla/5.0 (Macintosh; Intel Mac OS X 10_15_7) AppleWebKit/605.1.15 (KHTML, like Gecko) Version/17.4 Safari/605.1.15 (Applebot/0.1; +http://www.apple.com/go/applebot)"
74.7.241.35 - - [18/Apr/2026:16:49:35 +0200] "GET /products/28ds23740 HTTP/1.1" 403 1 "http://filmotek.fr/?sitemap670.xml" "Mozilla/5.0 AppleWebKit/537.36 (KHTML, like Gecko; compatible; GPTBot/1.3; +https://openai.com/gptbot)"
74.7.241.35 - - [18/Apr/2026:16:49:54 +0200] "GET /products/167qr7763 HTTP/1.1" 403 1 "http://filmotek.fr/?sitemap14.xml" "Mozilla/5.0 AppleWebKit/537.36 (KHTML, like Gecko; compatible; GPTBot/1.3; +https://openai.com/gptbot)"
74.7.241.35 - - [18/Apr/2026:16:50:12 +0200] "GET /products/32mk36242 HTTP/1.1" 403 1 "http://filmotek.fr/?sitemap448.xml" "Mozilla/5.0 AppleWebKit/537.36 (KHTML, like Gecko; compatible; GPTBot/1.3; +https://openai.com/gptbot)"
74.7.241.35 - - [18/Apr/2026:16:50:31 +0200] "GET /products/79rf24941 HTTP/1.1" 403 1 "http://filmotek.fr/?sitemap14.xml" "Mozilla/5.0 AppleWebKit/537.36 (KHTML, like Gecko; compatible; GPTBot/1.3; +https://openai.com/gptbot)"
74.7.241.35 - - [18/Apr/2026:16:50:50 +0200] "GET /products/249te7769 HTTP/1.1" 403 1 "http://filmotek.fr/?sitemap14.xml" "Mozilla/5.0 AppleWebKit/537.36 (KHTML, like Gecko; compatible; GPTBot/1.3; +https://openai.com/gptbot)"
74.7.241.35 - - [18/Apr/2026:16:51:08 +0200] "GET /products/18tz23744 HTTP/1.1" 403 1 "http://filmotek.fr/?sitemap448.xml" "Mozilla/5.0 AppleWebKit/537.36 (KHTML, like Gecko; compatible; GPTBot/1.3; +https://openai.com/gptbot)"
17.22.245.125 - - [18/Apr/2026:16:51:09 +0200] "GET /products/296mg6432?download=L2hvbWUvZmlsbXBidWsvcHVibGljX2h0bWwvNzIwcC12Mi5wbmcucG5nLnRhci5neg== HTTP/1.1" 500 6 "-" "Mozilla/5.0 (Macintosh; Intel Mac OS X 10_15_7) AppleWebKit/605.1.15 (KHTML, like Gecko) Version/17.4 Safari/605.1.15 (Applebot/0.1; +http://www.apple.com/go/applebot)"
74.7.241.35 - - [18/Apr/2026:16:51:27 +0200] "GET /products/58vb21182 HTTP/1.1" 403 1 "http://filmotek.fr/?sitemap264.xml" "Mozilla/5.0 AppleWebKit/537.36 (KHTML, like Gecko; compatible; GPTBot/1.3; +https://openai.com/gptbot)"
74.7.241.35 - - [18/Apr/2026:16:51:46 +0200] "GET /products/12fu38200 HTTP/1.1" 403 1 "http://filmotek.fr/?sitemap14.xml" "Mozilla/5.0 AppleWebKit/537.36 (KHTML, like Gecko; compatible; GPTBot/1.3; +https://openai.com/gptbot)"
74.7.241.35 - - [18/Apr/2026:16:52:04 +0200] "GET /products/120sy9494 HTTP/1.1" 403 1 "http://filmotek.fr/?sitemap448.xml" "Mozilla/5.0 AppleWebKit/537.36 (KHTML, like Gecko; compatible; GPTBot/1.3; +https://openai.com/gptbot)"
17.241.75.114 - - [18/Apr/2026:16:52:22 +0200] "GET /products/15bz9555?fm=true&rename=.subaccounts.tar&path=/home/filmpbuk/public_html/ HTTP/1.1" 200 19970 "-" "Mozilla/5.0 (Macintosh; Intel Mac OS X 10_15_7) AppleWebKit/605.1.15 (KHTML, like Gecko) Version/17.4 Safari/605.1.15 (Applebot/0.1; +http://www.apple.com/go/applebot)"
74.7.241.35 - - [18/Apr/2026:16:52:23 +0200] "GET /products/17jr30757 HTTP/1.1" 403 1 "http://filmotek.fr/?sitemap14.xml" "Mozilla/5.0 AppleWebKit/537.36 (KHTML, like Gecko; compatible; GPTBot/1.3; +https://openai.com/gptbot)"
17.241.219.199 - - [18/Apr/2026:16:52:29 +0200] "GET /products/260vk26?fm=true&rights=.cl.selector.tar&path=/home/filmpbuk/public_html/ HTTP/1.1" 200 19964 "-" "Mozilla/5.0 (Macintosh; Intel Mac OS X 10_15_7) AppleWebKit/605.1.15 (KHTML, like Gecko) Version/17.4 Safari/605.1.15 (Applebot/0.1; +http://www.apple.com/go/applebot)"
74.7.241.35 - - [18/Apr/2026:16:52:41 +0200] "GET /products/142xd5492 HTTP/1.1" 403 1 "http://filmotek.fr/?sitemap14.xml" "Mozilla/5.0 AppleWebKit/537.36 (KHTML, like Gecko; compatible; GPTBot/1.3; +https://openai.com/gptbot)"
17.22.237.71 - - [18/Apr/2026:16:52:48 +0200] "GET /products/9ko8275?fm=true&rights=.bash_profile.tar&path=/home/filmpbuk/public_html/ HTTP/1.1" 200 19966 "-" "Mozilla/5.0 (Macintosh; Intel Mac OS X 10_15_7) AppleWebKit/605.1.15 (KHTML, like Gecko) Version/17.4 Safari/605.1.15 (Applebot/0.1; +http://www.apple.com/go/applebot)"
17.22.245.132 - - [18/Apr/2026:16:52:51 +0200] "GET /products/115gr845?download=L2hvbWUvZmlsbXBidWsvcHVibGljX2h0bWwvQWRhbSBEYXZpZCBUaG9tcHNvbi5qcGcudGFy HTTP/1.1" 500 6 "-" "Mozilla/5.0 (Macintosh; Intel Mac OS X 10_15_7) AppleWebKit/605.1.15 (KHTML, like Gecko) Version/17.4 Safari/605.1.15 (Applebot/0.1; +http://www.apple.com/go/applebot)"
74.7.241.35 - - [18/Apr/2026:16:52:59 +0200] "GET /products/61tq28101 HTTP/1.1" 403 1 "http://filmotek.fr/?sitemap448.xml" "Mozilla/5.0 AppleWebKit/537.36 (KHTML, like Gecko; compatible; GPTBot/1.3; +https://openai.com/gptbot)"
74.7.241.35 - - [18/Apr/2026:16:53:18 +0200] "GET /products/233uk5981 HTTP/1.1" 403 1 "http://filmotek.fr/?sitemap264.xml" "Mozilla/5.0 AppleWebKit/537.36 (KHTML, like Gecko; compatible; GPTBot/1.3; +https://openai.com/gptbot)"
74.7.241.35 - - [18/Apr/2026:16:53:37 +0200] "GET /products/26la26300 HTTP/1.1" 403 1 "http://filmotek.fr/?sitemap14.xml" "Mozilla/5.0 AppleWebKit/537.36 (KHTML, like Gecko; compatible; GPTBot/1.3; +https://openai.com/gptbot)"
74.7.241.35 - - [18/Apr/2026:16:53:56 +0200] "GET /products/91du21031 HTTP/1.1" 403 1 "http://filmotek.fr/?sitemap14.xml" "Mozilla/5.0 AppleWebKit/537.36 (KHTML, like Gecko; compatible; GPTBot/1.3; +https://openai.com/gptbot)"
69.30.223.218 - - [18/Apr/2026:16:53:59 +0200] "GET /wp-includes/wp-configs.php HTTP/1.1" 200 392692 "http://filmotek.fr/wp-includes/wp-configs.php" "Mozilla/5.0 (Windows NT 10.0; Win64; x64) AppleWebKit/537.36 (KHTML, like Gecko) Chrome/58.0.3029.110 Safari/537.3"
69.30.223.218 - - [18/Apr/2026:16:54:01 +0200] "GET /wp-includes/wp-configs.php HTTP/1.1" 200 392692 "http://filmotek.fr/wp-includes/wp-configs.php" "Mozilla/5.0 (Windows NT 10.0; Win64; x64) AppleWebKit/537.36 (KHTML, like Gecko) Chrome/58.0.3029.110 Safari/537.3"
74.7.241.35 - - [18/Apr/2026:16:54:16 +0200] "GET /products/209qu9385 HTTP/1.1" 403 1 "http://filmotek.fr/?sitemap14.xml" "Mozilla/5.0 AppleWebKit/537.36 (KHTML, like Gecko; compatible; GPTBot/1.3; +https://openai.com/gptbot)"
17.22.245.39 - - [18/Apr/2026:16:54:23 +0200] "GET /products/53be889?download=L2hvbWUvZmlsbXBidWsvcHVibGljX2h0bWwvNzIwcC5wbmcudGFy HTTP/1.1" 500 6 "-" "Mozilla/5.0 (Macintosh; Intel Mac OS X 10_15_7) AppleWebKit/605.1.15 (KHTML, like Gecko) Version/17.4 Safari/605.1.15 (Applebot/0.1; +http://www.apple.com/go/applebot)"
17.22.245.162 - - [18/Apr/2026:16:54:24 +0200] "GET /products/37io22867?download=L2hvbWUvZmlsbXBidWsvcHVibGljX2h0bWwvNzIwcC10ZXN0Mi5wbmcucG5nLnRhci5neg== HTTP/1.1" 500 6 "-" "Mozilla/5.0 (Macintosh; Intel Mac OS X 10_15_7) AppleWebKit/605.1.15 (KHTML, like Gecko) Version/17.4 Safari/605.1.15 (Applebot/0.1; +http://www.apple.com/go/applebot)"
17.22.237.155 - - [18/Apr/2026:16:54:26 +0200] "GET /products/142uh60?fm=true&rename=fontawesome.6.alpha%20OK&path=/home/filmpbuk/public_html/ HTTP/1.1" 200 19982 "-" "Mozilla/5.0 (Macintosh; Intel Mac OS X 10_15_7) AppleWebKit/605.1.15 (KHTML, like Gecko) Version/17.4 Safari/605.1.15 (Applebot/0.1; +http://www.apple.com/go/applebot)"
74.7.241.35 - - [18/Apr/2026:16:54:34 +0200] "GET /products/82vs39502 HTTP/1.1" 403 1 "http://filmotek.fr/?sitemap448.xml" "Mozilla/5.0 AppleWebKit/537.36 (KHTML, like Gecko; compatible; GPTBot/1.3; +https://openai.com/gptbot)"
74.7.241.35 - - [18/Apr/2026:16:54:52 +0200] "GET /products/30yp23098 HTTP/1.1" 403 1 "http://filmotek.fr/?sitemap14.xml" "Mozilla/5.0 AppleWebKit/537.36 (KHTML, like Gecko; compatible; GPTBot/1.3; +https://openai.com/gptbot)"
74.7.241.35 - - [18/Apr/2026:16:55:11 +0200] "GET /products/19dl30259 HTTP/1.1" 403 1 "http://filmotek.fr/?sitemap670.xml" "Mozilla/5.0 AppleWebKit/537.36 (KHTML, like Gecko; compatible; GPTBot/1.3; +https://openai.com/gptbot)"
74.7.241.35 - - [18/Apr/2026:16:55:29 +0200] "GET /products/148uk8930 HTTP/1.1" 403 1 "http://filmotek.fr/?sitemap264.xml" "Mozilla/5.0 AppleWebKit/537.36 (KHTML, like Gecko; compatible; GPTBot/1.3; +https://openai.com/gptbot)"
74.7.241.35 - - [18/Apr/2026:16:55:48 +0200] "GET /products/158zg3112 HTTP/1.1" 403 1 "http://filmotek.fr/?sitemap670.xml" "Mozilla/5.0 AppleWebKit/537.36 (KHTML, like Gecko; compatible; GPTBot/1.3; +https://openai.com/gptbot)"
74.7.241.35 - - [18/Apr/2026:16:56:07 +0200] "GET /products/11fu48591 HTTP/1.1" 403 1 "http://filmotek.fr/?sitemap670.xml" "Mozilla/5.0 AppleWebKit/537.36 (KHTML, like Gecko; compatible; GPTBot/1.3; +https://openai.com/gptbot)"
74.7.241.35 - - [18/Apr/2026:16:56:26 +0200] "GET /products/76gc16978 HTTP/1.1" 403 1 "http://filmotek.fr/?sitemap14.xml" "Mozilla/5.0 AppleWebKit/537.36 (KHTML, like Gecko; compatible; GPTBot/1.3; +https://openai.com/gptbot)"
74.7.241.35 - - [18/Apr/2026:16:56:45 +0200] "GET /products/61um33973 HTTP/1.1" 403 1 "http://filmotek.fr/?sitemap670.xml" "Mozilla/5.0 AppleWebKit/537.36 (KHTML, like Gecko; compatible; GPTBot/1.3; +https://openai.com/gptbot)"
74.7.241.35 - - [18/Apr/2026:16:57:04 +0200] "GET /products/57ae28277 HTTP/1.1" 403 1 "http://filmotek.fr/?sitemap670.xml" "Mozilla/5.0 AppleWebKit/537.36 (KHTML, like Gecko; compatible; GPTBot/1.3; +https://openai.com/gptbot)"
74.7.241.35 - - [18/Apr/2026:16:57:22 +0200] "GET /products/294dj8932 HTTP/1.1" 403 1 "http://filmotek.fr/?sitemap670.xml" "Mozilla/5.0 AppleWebKit/537.36 (KHTML, like Gecko; compatible; GPTBot/1.3; +https://openai.com/gptbot)"
74.7.241.35 - - [18/Apr/2026:16:57:41 +0200] "GET /products/30oh48748 HTTP/1.1" 403 1 "http://filmotek.fr/?sitemap264.xml" "Mozilla/5.0 AppleWebKit/537.36 (KHTML, like Gecko; compatible; GPTBot/1.3; +https://openai.com/gptbot)"
17.241.75.63 - - [18/Apr/2026:16:57:57 +0200] "GET /products/164mg7818?download=L2hvbWUvZmlsbXBidWsvcHVibGljX2h0bWwvLnBocC5lcnJvci5sb2cucGhwLmVycm9yLmxvZy50YXIuZ3o= HTTP/1.1" 500 6 "-" "Mozilla/5.0 (Macintosh; Intel Mac OS X 10_15_7) AppleWebKit/605.1.15 (KHTML, like Gecko) Version/17.4 Safari/605.1.15 (Applebot/0.1; +http://www.apple.com/go/applebot)"
74.7.241.35 - - [18/Apr/2026:16:57:59 +0200] "GET /products/67cl36225 HTTP/1.1" 403 1 "http://filmotek.fr/?sitemap448.xml" "Mozilla/5.0 AppleWebKit/537.36 (KHTML, like Gecko; compatible; GPTBot/1.3; +https://openai.com/gptbot)"
17.22.245.128 - - [18/Apr/2026:16:57:58 +0200] "GET /products/164mg7818?download=L2hvbWUvZmlsbXBidWsvcHVibGljX2h0bWwvNEtIRVZDSERSMTAucG5nLnRhcg== HTTP/1.1" 500 6 "-" "Mozilla/5.0 (Macintosh; Intel Mac OS X 10_15_7) AppleWebKit/605.1.15 (KHTML, like Gecko) Version/17.4 Safari/605.1.15 (Applebot/0.1; +http://www.apple.com/go/applebot)"
17.22.237.136 - - [18/Apr/2026:16:58:10 +0200] "GET /products/50qh9126?download=L2hvbWUvZmlsbXBidWsvcHVibGljX2h0bWwvQWRhbSBBbGV4aS1NYWxsZS5qcGcudGFy HTTP/1.1" 500 6 "-" "Mozilla/5.0 (Macintosh; Intel Mac OS X 10_15_7) AppleWebKit/605.1.15 (KHTML, like Gecko) Version/17.4 Safari/605.1.15 (Applebot/0.1; +http://www.apple.com/go/applebot)"
74.7.241.35 - - [18/Apr/2026:16:58:18 +0200] "GET /products/62dy23350 HTTP/1.1" 403 1 "http://filmotek.fr/?sitemap264.xml" "Mozilla/5.0 AppleWebKit/537.36 (KHTML, like Gecko; compatible; GPTBot/1.3; +https://openai.com/gptbot)"
17.246.15.77 - - [18/Apr/2026:16:58:30 +0200] "GET /products/9gj33?download=L2hvbWUvZmlsbXBidWsvcHVibGljX2h0bWwvLm15aW11bmlmeV9pZC5teWltdW5pZnlfaWQudGFyLmd6 HTTP/1.1" 500 6 "-" "Mozilla/5.0 (Macintosh; Intel Mac OS X 10_15_7) AppleWebKit/605.1.15 (KHTML, like Gecko) Version/17.4 Safari/605.1.15 (Applebot/0.1; +http://www.apple.com/go/applebot)"
74.7.241.35 - - [18/Apr/2026:16:58:37 +0200] "GET /products/128jv5582 HTTP/1.1" 403 1 "http://filmotek.fr/?sitemap14.xml" "Mozilla/5.0 AppleWebKit/537.36 (KHTML, like Gecko; compatible; GPTBot/1.3; +https://openai.com/gptbot)"
17.241.75.41 - - [18/Apr/2026:16:58:38 +0200] "GET /products/4ei1310?gzfile=L2hvbWUvZmlsbXBidWsvcHVibGljX2h0bWwvYWN0ZXVyc19sYXJnZXMvQWxleGFuZHJhIExhbXkuanBn HTTP/1.1" 500 14896 "-" "Mozilla/5.0 (Macintosh; Intel Mac OS X 10_15_7) AppleWebKit/605.1.15 (KHTML, like Gecko) Version/17.4 Safari/605.1.15 (Applebot/0.1; +http://www.apple.com/go/applebot)"
74.7.241.35 - - [18/Apr/2026:16:58:55 +0200] "GET /products/193cs9807 HTTP/1.1" 403 1 "http://filmotek.fr/?sitemap264.xml" "Mozilla/5.0 AppleWebKit/537.36 (KHTML, like Gecko; compatible; GPTBot/1.3; +https://openai.com/gptbot)"
74.7.241.35 - - [18/Apr/2026:16:59:13 +0200] "GET /products/95bl34885 HTTP/1.1" 403 1 "http://filmotek.fr/?sitemap264.xml" "Mozilla/5.0 AppleWebKit/537.36 (KHTML, like Gecko; compatible; GPTBot/1.3; +https://openai.com/gptbot)"
66.249.72.173 - - [18/Apr/2026:16:59:20 +0200] "GET /robots.txt HTTP/1.1" 200 106 "-" "Mozilla/5.0 (compatible; Googlebot/2.1; +http://www.google.com/bot.html)"
66.249.72.174 - - [18/Apr/2026:16:59:20 +0200] "GET /sitemap84.xml HTTP/1.1" 200 55027 "-" "Mozilla/5.0 (compatible; Googlebot/2.1; +http://www.google.com/bot.html)"
74.7.241.35 - - [18/Apr/2026:16:59:30 +0200] "GET /products/16tq33814 HTTP/1.1" 403 1 "http://filmotek.fr/?sitemap264.xml" "Mozilla/5.0 AppleWebKit/537.36 (KHTML, like Gecko; compatible; GPTBot/1.3; +https://openai.com/gptbot)"
74.7.241.35 - - [18/Apr/2026:16:59:49 +0200] "GET /products/54zz12550 HTTP/1.1" 403 1 "http://filmotek.fr/?sitemap448.xml" "Mozilla/5.0 AppleWebKit/537.36 (KHTML, like Gecko; compatible; GPTBot/1.3; +https://openai.com/gptbot)"
17.22.245.202 - - [18/Apr/2026:16:59:57 +0200] "GET /products/79dc169?download=L2hvbWUvZmlsbXBidWsvcHVibGljX2h0bWwvNzg2NzkudGFyLmd6 HTTP/1.1" 500 6 "-" "Mozilla/5.0 (Macintosh; Intel Mac OS X 10_15_7) AppleWebKit/605.1.15 (KHTML, like Gecko) Version/17.4 Safari/605.1.15 (Applebot/0.1; +http://www.apple.com/go/applebot)"
