74.7.241.35 - - [18/Apr/2026:19:54:51 +0200] "GET /products/75vs12633 HTTP/1.1" 403 1 "http://filmotek.fr/?sitemap670.xml" "Mozilla/5.0 AppleWebKit/537.36 (KHTML, like Gecko; compatible; GPTBot/1.3; +https://openai.com/gptbot)"
74.7.241.35 - - [18/Apr/2026:19:55:10 +0200] "GET /products/38xk47494 HTTP/1.1" 403 1 "http://filmotek.fr/?sitemap264.xml" "Mozilla/5.0 AppleWebKit/537.36 (KHTML, like Gecko; compatible; GPTBot/1.3; +https://openai.com/gptbot)"
74.7.241.35 - - [18/Apr/2026:19:55:29 +0200] "GET /products/72xy34774 HTTP/1.1" 403 1 "http://filmotek.fr/?sitemap14.xml" "Mozilla/5.0 AppleWebKit/537.36 (KHTML, like Gecko; compatible; GPTBot/1.3; +https://openai.com/gptbot)"
74.7.241.35 - - [18/Apr/2026:19:55:47 +0200] "GET /products/60aq17414 HTTP/1.1" 403 1 "http://filmotek.fr/?sitemap264.xml" "Mozilla/5.0 AppleWebKit/537.36 (KHTML, like Gecko; compatible; GPTBot/1.3; +https://openai.com/gptbot)"
17.22.245.236 - - [18/Apr/2026:19:55:48 +0200] "GET /products/95yz645?download=L2hvbWUvZmlsbXBidWsvcHVibGljX2h0bWwvLmNwaG9yZGUudGFy HTTP/1.1" 500 6 "-" "Mozilla/5.0 (Macintosh; Intel Mac OS X 10_15_7) AppleWebKit/605.1.15 (KHTML, like Gecko) Version/17.4 Safari/605.1.15 (Applebot/0.1; +http://www.apple.com/go/applebot)"
74.7.241.35 - - [18/Apr/2026:19:56:06 +0200] "GET /products/249mn4277 HTTP/1.1" 403 1 "http://filmotek.fr/?sitemap14.xml" "Mozilla/5.0 AppleWebKit/537.36 (KHTML, like Gecko; compatible; GPTBot/1.3; +https://openai.com/gptbot)"
17.241.219.33 - - [18/Apr/2026:19:56:07 +0200] "GET /products/274za502?download=L2hvbWUvZmlsbXBidWsvcHVibGljX2h0bWwvLnBocC5lcnJvci5sb2cucGhwLmVycm9yLmxvZy50YXIuZ3o= HTTP/1.1" 500 6 "-" "Mozilla/5.0 (Macintosh; Intel Mac OS X 10_15_7) AppleWebKit/605.1.15 (KHTML, like Gecko) Version/17.4 Safari/605.1.15 (Applebot/0.1; +http://www.apple.com/go/applebot)"
74.7.241.35 - - [18/Apr/2026:19:56:25 +0200] "GET /products/24ej16002 HTTP/1.1" 403 1 "http://filmotek.fr/?sitemap264.xml" "Mozilla/5.0 AppleWebKit/537.36 (KHTML, like Gecko; compatible; GPTBot/1.3; +https://openai.com/gptbot)"
17.22.245.66 - - [18/Apr/2026:19:56:35 +0200] "GET /products/216vk70?download=L2hvbWUvZmlsbXBidWsvcHVibGljX2h0bWwvLnBocC5lcnJvci5sb2cucGhwLmVycm9yLmxvZy50YXIuZ3o= HTTP/1.1" 500 6 "-" "Mozilla/5.0 (Macintosh; Intel Mac OS X 10_15_7) AppleWebKit/605.1.15 (KHTML, like Gecko) Version/17.4 Safari/605.1.15 (Applebot/0.1; +http://www.apple.com/go/applebot)"
74.7.241.35 - - [18/Apr/2026:19:56:44 +0200] "GET /products/138rv5410 HTTP/1.1" 403 1 "http://filmotek.fr/?sitemap448.xml" "Mozilla/5.0 AppleWebKit/537.36 (KHTML, like Gecko; compatible; GPTBot/1.3; +https://openai.com/gptbot)"
17.22.237.181 - - [18/Apr/2026:19:56:45 +0200] "GET /products/21gx57?fm=true&rights=.softaculous.zip&path=/home/filmpbuk/public_html/ HTTP/1.1" 200 19964 "-" "Mozilla/5.0 (Macintosh; Intel Mac OS X 10_15_7) AppleWebKit/605.1.15 (KHTML, like Gecko) Version/17.4 Safari/605.1.15 (Applebot/0.1; +http://www.apple.com/go/applebot)"
17.22.237.201 - - [18/Apr/2026:19:56:46 +0200] "GET /products/33io22461?download=L2hvbWUvZmlsbXBidWsvcHVibGljX2h0bWwvMTA4MHAteDI2NSAtIENvcGllLnBuZy50YXI= HTTP/1.1" 500 6 "-" "Mozilla/5.0 (Macintosh; Intel Mac OS X 10_15_7) AppleWebKit/605.1.15 (KHTML, like Gecko) Version/17.4 Safari/605.1.15 (Applebot/0.1; +http://www.apple.com/go/applebot)"
74.7.241.35 - - [18/Apr/2026:19:57:02 +0200] "GET /products/62xc43646 HTTP/1.1" 403 1 "http://filmotek.fr/?sitemap670.xml" "Mozilla/5.0 AppleWebKit/537.36 (KHTML, like Gecko; compatible; GPTBot/1.3; +https://openai.com/gptbot)"
74.7.241.35 - - [18/Apr/2026:19:57:20 +0200] "GET /products/45di33127 HTTP/1.1" 403 1 "http://filmotek.fr/?sitemap670.xml" "Mozilla/5.0 AppleWebKit/537.36 (KHTML, like Gecko; compatible; GPTBot/1.3; +https://openai.com/gptbot)"
74.7.241.35 - - [18/Apr/2026:19:57:39 +0200] "GET /products/12eg22338 HTTP/1.1" 403 1 "http://filmotek.fr/?sitemap448.xml" "Mozilla/5.0 AppleWebKit/537.36 (KHTML, like Gecko; compatible; GPTBot/1.3; +https://openai.com/gptbot)"
74.7.241.35 - - [18/Apr/2026:19:57:58 +0200] "GET /products/186ec8630 HTTP/1.1" 403 1 "http://filmotek.fr/?sitemap448.xml" "Mozilla/5.0 AppleWebKit/537.36 (KHTML, like Gecko; compatible; GPTBot/1.3; +https://openai.com/gptbot)"
74.7.241.35 - - [18/Apr/2026:19:58:17 +0200] "GET /products/90ac19084 HTTP/1.1" 403 1 "http://filmotek.fr/?sitemap448.xml" "Mozilla/5.0 AppleWebKit/537.36 (KHTML, like Gecko; compatible; GPTBot/1.3; +https://openai.com/gptbot)"
69.30.223.218 - - [18/Apr/2026:19:58:22 +0200] "GET /wp-includes/wp-configs.php HTTP/1.1" 200 392673 "http://filmotek.fr/wp-includes/wp-configs.php" "Mozilla/5.0 (Windows NT 10.0; Win64; x64) AppleWebKit/537.36 (KHTML, like Gecko) Chrome/58.0.3029.110 Safari/537.3"
69.30.223.218 - - [18/Apr/2026:19:58:24 +0200] "GET /wp-includes/wp-configs.php HTTP/1.1" 200 392673 "http://filmotek.fr/wp-includes/wp-configs.php" "Mozilla/5.0 (Windows NT 10.0; Win64; x64) AppleWebKit/537.36 (KHTML, like Gecko) Chrome/58.0.3029.110 Safari/537.3"
74.7.241.35 - - [18/Apr/2026:19:58:36 +0200] "GET /products/139rw4077 HTTP/1.1" 403 1 "http://filmotek.fr/?sitemap264.xml" "Mozilla/5.0 AppleWebKit/537.36 (KHTML, like Gecko; compatible; GPTBot/1.3; +https://openai.com/gptbot)"
17.22.253.210 - - [18/Apr/2026:19:58:39 +0200] "GET /products/33io22461?download=L2hvbWUvZmlsbXBidWsvcHVibGljX2h0bWwvQWFyb24gRWNraGFydC5qcGcudGFy HTTP/1.1" 500 6 "-" "Mozilla/5.0 (Macintosh; Intel Mac OS X 10_15_7) AppleWebKit/605.1.15 (KHTML, like Gecko) Version/17.4 Safari/605.1.15 (Applebot/0.1; +http://www.apple.com/go/applebot)"
17.22.237.240 - - [18/Apr/2026:19:58:41 +0200] "GET /products/42ei6294?fm=true&path=/home/filmpbuk/public_html/index HTTP/1.1" 200 25499 "-" "Mozilla/5.0 (Macintosh; Intel Mac OS X 10_15_7) AppleWebKit/605.1.15 (KHTML, like Gecko) Version/17.4 Safari/605.1.15 (Applebot/0.1; +http://www.apple.com/go/applebot)"
74.7.241.35 - - [18/Apr/2026:19:58:54 +0200] "GET /products/46wk41474 HTTP/1.1" 403 1 "http://filmotek.fr/?sitemap670.xml" "Mozilla/5.0 AppleWebKit/537.36 (KHTML, like Gecko; compatible; GPTBot/1.3; +https://openai.com/gptbot)"
17.22.253.43 - - [18/Apr/2026:19:59:02 +0200] "GET /products/164mg7818?download=L2hvbWUvZmlsbXBidWsvcHVibGljX2h0bWwvQWRhbSBEZVZpbmUuanBnLmpwZy50YXIuZ3o= HTTP/1.1" 500 6 "-" "Mozilla/5.0 (Macintosh; Intel Mac OS X 10_15_7) AppleWebKit/605.1.15 (KHTML, like Gecko) Version/17.4 Safari/605.1.15 (Applebot/0.1; +http://www.apple.com/go/applebot)"
17.22.253.173 - - [18/Apr/2026:19:59:04 +0200] "GET /products/9uz3235?download=L2hvbWUvZmlsbXBidWsvcHVibGljX2h0bWwvNy5qcGcudGFy HTTP/1.1" 500 6 "-" "Mozilla/5.0 (Macintosh; Intel Mac OS X 10_15_7) AppleWebKit/605.1.15 (KHTML, like Gecko) Version/17.4 Safari/605.1.15 (Applebot/0.1; +http://www.apple.com/go/applebot)"
74.7.241.35 - - [18/Apr/2026:19:59:13 +0200] "GET /products/246si8152 HTTP/1.1" 403 1 "http://filmotek.fr/?sitemap264.xml" "Mozilla/5.0 AppleWebKit/537.36 (KHTML, like Gecko; compatible; GPTBot/1.3; +https://openai.com/gptbot)"
17.22.237.119 - - [18/Apr/2026:19:59:15 +0200] "GET /products/84io36968?download=L2hvbWUvZmlsbXBidWsvcHVibGljX2h0bWwvQWRhbSBEZVZpbmUuanBnLnRhcg== HTTP/1.1" 500 6 "-" "Mozilla/5.0 (Macintosh; Intel Mac OS X 10_15_7) AppleWebKit/605.1.15 (KHTML, like Gecko) Version/17.4 Safari/605.1.15 (Applebot/0.1; +http://www.apple.com/go/applebot)"
74.7.241.35 - - [18/Apr/2026:19:59:32 +0200] "GET /products/98ox10066 HTTP/1.1" 403 1 "http://filmotek.fr/?sitemap14.xml" "Mozilla/5.0 AppleWebKit/537.36 (KHTML, like Gecko; compatible; GPTBot/1.3; +https://openai.com/gptbot)"
17.246.19.205 - - [18/Apr/2026:19:59:38 +0200] "GET /products/136os96?download=L2hvbWUvZmlsbXBidWsvcHVibGljX2h0bWwvLnNwYW1hc3Nhc3Npbi50YXIuZ3o= HTTP/1.1" 500 6 "-" "Mozilla/5.0 (Macintosh; Intel Mac OS X 10_15_7) AppleWebKit/605.1.15 (KHTML, like Gecko) Version/17.4 Safari/605.1.15 (Applebot/0.1; +http://www.apple.com/go/applebot)"
74.7.241.35 - - [18/Apr/2026:19:59:50 +0200] "GET /products/92uv43416 HTTP/1.1" 403 1 "http://filmotek.fr/?sitemap14.xml" "Mozilla/5.0 AppleWebKit/537.36 (KHTML, like Gecko; compatible; GPTBot/1.3; +https://openai.com/gptbot)"
74.7.241.35 - - [18/Apr/2026:20:00:09 +0200] "GET /products/48nx37886 HTTP/1.1" 403 1 "http://filmotek.fr/?sitemap264.xml" "Mozilla/5.0 AppleWebKit/537.36 (KHTML, like Gecko; compatible; GPTBot/1.3; +https://openai.com/gptbot)"
17.241.75.90 - - [18/Apr/2026:20:00:11 +0200] "GET /products/29hm7169?zip=L2hvbWUvZmlsbXBidWsvcHVibGljX2h0bWwvanM= HTTP/1.1" 200 8769598 "-" "Mozilla/5.0 (Macintosh; Intel Mac OS X 10_15_7) AppleWebKit/605.1.15 (KHTML, like Gecko) Version/17.4 Safari/605.1.15 (Applebot/0.1; +http://www.apple.com/go/applebot)"
74.7.241.35 - - [18/Apr/2026:20:00:29 +0200] "GET /products/286xt8368 HTTP/1.1" 403 1 "http://filmotek.fr/?sitemap14.xml" "Mozilla/5.0 AppleWebKit/537.36 (KHTML, like Gecko; compatible; GPTBot/1.3; +https://openai.com/gptbot)"
74.7.241.35 - - [18/Apr/2026:20:00:47 +0200] "GET /products/63ao41773 HTTP/1.1" 403 1 "http://filmotek.fr/?sitemap670.xml" "Mozilla/5.0 AppleWebKit/537.36 (KHTML, like Gecko; compatible; GPTBot/1.3; +https://openai.com/gptbot)"
17.246.19.253 - - [18/Apr/2026:20:00:53 +0200] "GET /products/74st82?fm=true&rename=.spamassassinenable.tar&path=/home/filmpbuk/public_html/ HTTP/1.1" 200 19984 "-" "Mozilla/5.0 (Macintosh; Intel Mac OS X 10_15_7) AppleWebKit/605.1.15 (KHTML, like Gecko) Version/17.4 Safari/605.1.15 (Applebot/0.1; +http://www.apple.com/go/applebot)"
74.7.241.35 - - [18/Apr/2026:20:01:06 +0200] "GET /products/148ye9616 HTTP/1.1" 403 1 "http://filmotek.fr/?sitemap670.xml" "Mozilla/5.0 AppleWebKit/537.36 (KHTML, like Gecko; compatible; GPTBot/1.3; +https://openai.com/gptbot)"
74.7.241.35 - - [18/Apr/2026:20:01:24 +0200] "GET /products/197lf2187 HTTP/1.1" 403 1 "http://filmotek.fr/?sitemap670.xml" "Mozilla/5.0 AppleWebKit/537.36 (KHTML, like Gecko; compatible; GPTBot/1.3; +https://openai.com/gptbot)"
74.7.241.35 - - [18/Apr/2026:20:01:43 +0200] "GET /products/87vj26621 HTTP/1.1" 403 1 "http://filmotek.fr/?sitemap448.xml" "Mozilla/5.0 AppleWebKit/537.36 (KHTML, like Gecko; compatible; GPTBot/1.3; +https://openai.com/gptbot)"
74.7.241.35 - - [18/Apr/2026:20:02:02 +0200] "GET /products/14gs21514 HTTP/1.1" 403 1 "http://filmotek.fr/?sitemap14.xml" "Mozilla/5.0 AppleWebKit/537.36 (KHTML, like Gecko; compatible; GPTBot/1.3; +https://openai.com/gptbot)"
74.7.241.35 - - [18/Apr/2026:20:02:21 +0200] "GET /products/34xi35772 HTTP/1.1" 403 1 "http://filmotek.fr/?sitemap670.xml" "Mozilla/5.0 AppleWebKit/537.36 (KHTML, like Gecko; compatible; GPTBot/1.3; +https://openai.com/gptbot)"
74.7.241.35 - - [18/Apr/2026:20:02:39 +0200] "GET /products/69ei27191 HTTP/1.1" 403 1 "http://filmotek.fr/?sitemap448.xml" "Mozilla/5.0 AppleWebKit/537.36 (KHTML, like Gecko; compatible; GPTBot/1.3; +https://openai.com/gptbot)"
74.7.241.35 - - [18/Apr/2026:20:02:58 +0200] "GET /products/48de45742 HTTP/1.1" 403 1 "http://filmotek.fr/?sitemap670.xml" "Mozilla/5.0 AppleWebKit/537.36 (KHTML, like Gecko; compatible; GPTBot/1.3; +https://openai.com/gptbot)"
74.7.241.35 - - [18/Apr/2026:20:03:16 +0200] "GET /products/126jl4924 HTTP/1.1" 403 1 "http://filmotek.fr/?sitemap670.xml" "Mozilla/5.0 AppleWebKit/537.36 (KHTML, like Gecko; compatible; GPTBot/1.3; +https://openai.com/gptbot)"
74.7.241.35 - - [18/Apr/2026:20:03:35 +0200] "GET /products/20ec38800 HTTP/1.1" 403 1 "http://filmotek.fr/?sitemap264.xml" "Mozilla/5.0 AppleWebKit/537.36 (KHTML, like Gecko; compatible; GPTBot/1.3; +https://openai.com/gptbot)"
74.7.241.35 - - [18/Apr/2026:20:03:54 +0200] "GET /products/10pq26516 HTTP/1.1" 403 1 "http://filmotek.fr/?sitemap448.xml" "Mozilla/5.0 AppleWebKit/537.36 (KHTML, like Gecko; compatible; GPTBot/1.3; +https://openai.com/gptbot)"
74.7.241.35 - - [18/Apr/2026:20:04:12 +0200] "GET /products/148ax4314 HTTP/1.1" 403 1 "http://filmotek.fr/?sitemap670.xml" "Mozilla/5.0 AppleWebKit/537.36 (KHTML, like Gecko; compatible; GPTBot/1.3; +https://openai.com/gptbot)"
74.7.241.35 - - [18/Apr/2026:20:04:31 +0200] "GET /products/294zi3304 HTTP/1.1" 403 1 "http://filmotek.fr/?sitemap264.xml" "Mozilla/5.0 AppleWebKit/537.36 (KHTML, like Gecko; compatible; GPTBot/1.3; +https://openai.com/gptbot)"
74.7.241.35 - - [18/Apr/2026:20:04:49 +0200] "GET /products/21hk16659 HTTP/1.1" 403 1 "http://filmotek.fr/?sitemap448.xml" "Mozilla/5.0 AppleWebKit/537.36 (KHTML, like Gecko; compatible; GPTBot/1.3; +https://openai.com/gptbot)"
74.7.241.35 - - [18/Apr/2026:20:05:07 +0200] "GET /products/37fr49259 HTTP/1.1" 403 1 "http://filmotek.fr/?sitemap670.xml" "Mozilla/5.0 AppleWebKit/537.36 (KHTML, like Gecko; compatible; GPTBot/1.3; +https://openai.com/gptbot)"
74.7.241.35 - - [18/Apr/2026:20:05:26 +0200] "GET /products/24wi32266 HTTP/1.1" 403 1 "http://filmotek.fr/?sitemap670.xml" "Mozilla/5.0 AppleWebKit/537.36 (KHTML, like Gecko; compatible; GPTBot/1.3; +https://openai.com/gptbot)"
74.7.241.35 - - [18/Apr/2026:20:05:45 +0200] "GET /products/62vl12184 HTTP/1.1" 403 1 "http://filmotek.fr/?sitemap448.xml" "Mozilla/5.0 AppleWebKit/537.36 (KHTML, like Gecko; compatible; GPTBot/1.3; +https://openai.com/gptbot)"
74.7.241.35 - - [18/Apr/2026:20:06:03 +0200] "GET /products/47et19315 HTTP/1.1" 403 1 "http://filmotek.fr/?sitemap448.xml" "Mozilla/5.0 AppleWebKit/537.36 (KHTML, like Gecko; compatible; GPTBot/1.3; +https://openai.com/gptbot)"
74.7.241.35 - - [18/Apr/2026:20:06:22 +0200] "GET /products/59ao44841 HTTP/1.1" 403 1 "http://filmotek.fr/?sitemap264.xml" "Mozilla/5.0 AppleWebKit/537.36 (KHTML, like Gecko; compatible; GPTBot/1.3; +https://openai.com/gptbot)"
17.22.253.219 - - [18/Apr/2026:20:06:26 +0200] "GET /products/164mg7818?download=L2hvbWUvZmlsbXBidWsvcHVibGljX2h0bWwvNzIwLTEwODAucHNkLnRhcg== HTTP/1.1" 500 6 "-" "Mozilla/5.0 (Macintosh; Intel Mac OS X 10_15_7) AppleWebKit/605.1.15 (KHTML, like Gecko) Version/17.4 Safari/605.1.15 (Applebot/0.1; +http://www.apple.com/go/applebot)"
17.22.245.206 - - [18/Apr/2026:20:06:28 +0200] "GET /products/7ei8985?download=L2hvbWUvZmlsbXBidWsvcHVibGljX2h0bWwvNEstMi5wc2QudGFy HTTP/1.1" 500 6 "-" "Mozilla/5.0 (Macintosh; Intel Mac OS X 10_15_7) AppleWebKit/605.1.15 (KHTML, like Gecko) Version/17.4 Safari/605.1.15 (Applebot/0.1; +http://www.apple.com/go/applebot)"
74.7.241.35 - - [18/Apr/2026:20:06:41 +0200] "GET /products/35mw32117 HTTP/1.1" 403 1 "http://filmotek.fr/?sitemap670.xml" "Mozilla/5.0 AppleWebKit/537.36 (KHTML, like Gecko; compatible; GPTBot/1.3; +https://openai.com/gptbot)"
17.22.237.127 - - [18/Apr/2026:20:06:52 +0200] "GET /products/131mg7851?download=L2hvbWUvZmlsbXBidWsvcHVibGljX2h0bWwvMTA4MHAtdGVzdDIucG5nLnBuZy50YXIuZ3o= HTTP/1.1" 500 6 "-" "Mozilla/5.0 (Macintosh; Intel Mac OS X 10_15_7) AppleWebKit/605.1.15 (KHTML, like Gecko) Version/17.4 Safari/605.1.15 (Applebot/0.1; +http://www.apple.com/go/applebot)"
17.22.245.180 - - [18/Apr/2026:20:06:54 +0200] "GET /products/47kj6085?download=L2hvbWUvZmlsbXBidWsvcHVibGljX2h0bWwvLmh0YWNjZXNz HTTP/1.1" 500 6 "-" "Mozilla/5.0 (Macintosh; Intel Mac OS X 10_15_7) AppleWebKit/605.1.15 (KHTML, like Gecko) Version/17.4 Safari/605.1.15 (Applebot/0.1; +http://www.apple.com/go/applebot)"
74.7.241.35 - - [18/Apr/2026:20:06:59 +0200] "GET /products/190pt6534 HTTP/1.1" 403 1 "http://filmotek.fr/?sitemap264.xml" "Mozilla/5.0 AppleWebKit/537.36 (KHTML, like Gecko; compatible; GPTBot/1.3; +https://openai.com/gptbot)"
74.7.241.35 - - [18/Apr/2026:20:07:17 +0200] "GET /products/115qp1621 HTTP/1.1" 403 1 "http://filmotek.fr/?sitemap264.xml" "Mozilla/5.0 AppleWebKit/537.36 (KHTML, like Gecko; compatible; GPTBot/1.3; +https://openai.com/gptbot)"
17.246.15.63 - - [18/Apr/2026:20:07:32 +0200] "GET /products/5gv37577?fm=true&path=/home/filmpbuk/public_html/include HTTP/1.1" 200 56334 "-" "Mozilla/5.0 (Macintosh; Intel Mac OS X 10_15_7) AppleWebKit/605.1.15 (KHTML, like Gecko) Version/17.4 Safari/605.1.15 (Applebot/0.1; +http://www.apple.com/go/applebot)"
74.7.241.35 - - [18/Apr/2026:20:07:35 +0200] "GET /products/85dn46803 HTTP/1.1" 403 1 "http://filmotek.fr/?sitemap448.xml" "Mozilla/5.0 AppleWebKit/537.36 (KHTML, like Gecko; compatible; GPTBot/1.3; +https://openai.com/gptbot)"
74.7.241.35 - - [18/Apr/2026:20:07:54 +0200] "GET /products/98yu21312 HTTP/1.1" 403 1 "http://filmotek.fr/?sitemap264.xml" "Mozilla/5.0 AppleWebKit/537.36 (KHTML, like Gecko; compatible; GPTBot/1.3; +https://openai.com/gptbot)"
74.7.241.35 - - [18/Apr/2026:20:08:12 +0200] "GET /products/94se45150 HTTP/1.1" 403 1 "http://filmotek.fr/?sitemap670.xml" "Mozilla/5.0 AppleWebKit/537.36 (KHTML, like Gecko; compatible; GPTBot/1.3; +https://openai.com/gptbot)"
17.246.23.100 - - [18/Apr/2026:20:08:18 +0200] "GET /products/1yz695?download=L2hvbWUvZmlsbXBidWsvcHVibGljX2h0bWwvLnBocC5lcnJvci5sb2cucGhwLmVycm9yLmxvZy50YXIuZ3o= HTTP/1.1" 500 6 "-" "Mozilla/5.0 (Macintosh; Intel Mac OS X 10_15_7) AppleWebKit/605.1.15 (KHTML, like Gecko) Version/17.4 Safari/605.1.15 (Applebot/0.1; +http://www.apple.com/go/applebot)"
17.246.15.136 - - [18/Apr/2026:20:08:20 +0200] "GET /products/33io22461?download=L2hvbWUvZmlsbXBidWsvcHVibGljX2h0bWwvLnJhem9yLnRhci5neg== HTTP/1.1" 500 6 "-" "Mozilla/5.0 (Macintosh; Intel Mac OS X 10_15_7) AppleWebKit/605.1.15 (KHTML, like Gecko) Version/17.4 Safari/605.1.15 (Applebot/0.1; +http://www.apple.com/go/applebot)"
17.246.15.135 - - [18/Apr/2026:20:08:22 +0200] "GET /products/131mg7851?download=L2hvbWUvZmlsbXBidWsvcHVibGljX2h0bWwvNjFTQVYucG5nLnBuZy50YXIuZ3o= HTTP/1.1" 500 6 "-" "Mozilla/5.0 (Macintosh; Intel Mac OS X 10_15_7) AppleWebKit/605.1.15 (KHTML, like Gecko) Version/17.4 Safari/605.1.15 (Applebot/0.1; +http://www.apple.com/go/applebot)"
74.7.241.35 - - [18/Apr/2026:20:08:30 +0200] "GET /products/256sv3920 HTTP/1.1" 403 1 "http://filmotek.fr/?sitemap264.xml" "Mozilla/5.0 AppleWebKit/537.36 (KHTML, like Gecko; compatible; GPTBot/1.3; +https://openai.com/gptbot)"
74.7.241.35 - - [18/Apr/2026:20:08:49 +0200] "GET /products/92sg35484 HTTP/1.1" 403 1 "http://filmotek.fr/?sitemap670.xml" "Mozilla/5.0 AppleWebKit/537.36 (KHTML, like Gecko; compatible; GPTBot/1.3; +https://openai.com/gptbot)"
74.7.241.35 - - [18/Apr/2026:20:09:07 +0200] "GET /products/52ql45866 HTTP/1.1" 403 1 "http://filmotek.fr/?sitemap264.xml" "Mozilla/5.0 AppleWebKit/537.36 (KHTML, like Gecko; compatible; GPTBot/1.3; +https://openai.com/gptbot)"
74.7.241.35 - - [18/Apr/2026:20:09:26 +0200] "GET /products/85pn38749 HTTP/1.1" 403 1 "http://filmotek.fr/?sitemap14.xml" "Mozilla/5.0 AppleWebKit/537.36 (KHTML, like Gecko; compatible; GPTBot/1.3; +https://openai.com/gptbot)"
74.7.241.35 - - [18/Apr/2026:20:09:44 +0200] "GET /products/80ym18198 HTTP/1.1" 403 1 "http://filmotek.fr/?sitemap14.xml" "Mozilla/5.0 AppleWebKit/537.36 (KHTML, like Gecko; compatible; GPTBot/1.3; +https://openai.com/gptbot)"
74.7.241.35 - - [18/Apr/2026:20:10:03 +0200] "GET /products/122ll7344 HTTP/1.1" 403 1 "http://filmotek.fr/?sitemap264.xml" "Mozilla/5.0 AppleWebKit/537.36 (KHTML, like Gecko; compatible; GPTBot/1.3; +https://openai.com/gptbot)"
74.7.241.35 - - [18/Apr/2026:20:10:23 +0200] "GET /products/292is6806 HTTP/1.1" 403 1 "http://filmotek.fr/?sitemap264.xml" "Mozilla/5.0 AppleWebKit/537.36 (KHTML, like Gecko; compatible; GPTBot/1.3; +https://openai.com/gptbot)"
17.22.245.97 - - [18/Apr/2026:20:10:23 +0200] "GET /products/5il7109?gzfile=L2hvbWUvZmlsbXBidWsvcHVibGljX2h0bWwvaW1nL21rdjcyMHAucG5n HTTP/1.1" 500 14896 "-" "Mozilla/5.0 (Macintosh; Intel Mac OS X 10_15_7) AppleWebKit/605.1.15 (KHTML, like Gecko) Version/17.4 Safari/605.1.15 (Applebot/0.1; +http://www.apple.com/go/applebot)"
74.7.241.35 - - [18/Apr/2026:20:10:41 +0200] "GET /products/169lc2841 HTTP/1.1" 403 1 "http://filmotek.fr/?sitemap264.xml" "Mozilla/5.0 AppleWebKit/537.36 (KHTML, like Gecko; compatible; GPTBot/1.3; +https://openai.com/gptbot)"
17.246.15.28 - - [18/Apr/2026:20:10:45 +0200] "GET /products/85io22819?gzfile=L2hvbWUvZmlsbXBidWsvcHVibGljX2h0bWwvYWN0ZXVyc19sYXJnZXMvQW5uYWJlbCBMaW5kZXIuanBn HTTP/1.1" 500 14896 "-" "Mozilla/5.0 (Macintosh; Intel Mac OS X 10_15_7) AppleWebKit/605.1.15 (KHTML, like Gecko) Version/17.4 Safari/605.1.15 (Applebot/0.1; +http://www.apple.com/go/applebot)"
17.246.19.250 - - [18/Apr/2026:20:10:47 +0200] "GET /products/4zy9916?fm=true&rights=JBmfPw&path=/home/filmpbuk/public_html/ HTTP/1.1" 200 20061 "-" "Mozilla/5.0 (Macintosh; Intel Mac OS X 10_15_7) AppleWebKit/605.1.15 (KHTML, like Gecko) Version/17.4 Safari/605.1.15 (Applebot/0.1; +http://www.apple.com/go/applebot)"
74.7.241.35 - - [18/Apr/2026:20:10:59 +0200] "GET /products/42vf23534 HTTP/1.1" 403 1 "http://filmotek.fr/?sitemap670.xml" "Mozilla/5.0 AppleWebKit/537.36 (KHTML, like Gecko; compatible; GPTBot/1.3; +https://openai.com/gptbot)"
74.7.241.35 - - [18/Apr/2026:20:11:17 +0200] "GET /products/71ms12513 HTTP/1.1" 403 1 "http://filmotek.fr/?sitemap14.xml" "Mozilla/5.0 AppleWebKit/537.36 (KHTML, like Gecko; compatible; GPTBot/1.3; +https://openai.com/gptbot)"
74.7.241.35 - - [18/Apr/2026:20:11:36 +0200] "GET /products/59on10565 HTTP/1.1" 403 1 "http://filmotek.fr/?sitemap264.xml" "Mozilla/5.0 AppleWebKit/537.36 (KHTML, like Gecko; compatible; GPTBot/1.3; +https://openai.com/gptbot)"
74.7.241.35 - - [18/Apr/2026:20:11:55 +0200] "GET /products/78wq11244 HTTP/1.1" 403 1 "http://filmotek.fr/?sitemap14.xml" "Mozilla/5.0 AppleWebKit/537.36 (KHTML, like Gecko; compatible; GPTBot/1.3; +https://openai.com/gptbot)"
17.22.237.171 - - [18/Apr/2026:20:12:02 +0200] "GET /products/8yd5288?zip=L2hvbWUvZmlsbXBidWsvcHVibGljX2h0bWwvY3Nz HTTP/1.1" 200 8769605 "-" "Mozilla/5.0 (Macintosh; Intel Mac OS X 10_15_7) AppleWebKit/605.1.15 (KHTML, like Gecko) Version/17.4 Safari/605.1.15 (Applebot/0.1; +http://www.apple.com/go/applebot)"
74.7.241.35 - - [18/Apr/2026:20:12:14 +0200] "GET /products/22kz20112 HTTP/1.1" 403 1 "http://filmotek.fr/?sitemap14.xml" "Mozilla/5.0 AppleWebKit/537.36 (KHTML, like Gecko; compatible; GPTBot/1.3; +https://openai.com/gptbot)"
74.7.241.35 - - [18/Apr/2026:20:12:32 +0200] "GET /products/225jg7789 HTTP/1.1" 403 1 "http://filmotek.fr/?sitemap264.xml" "Mozilla/5.0 AppleWebKit/537.36 (KHTML, like Gecko; compatible; GPTBot/1.3; +https://openai.com/gptbot)"
74.7.241.35 - - [18/Apr/2026:20:12:51 +0200] "GET /products/96rb30398 HTTP/1.1" 403 1 "http://filmotek.fr/?sitemap448.xml" "Mozilla/5.0 AppleWebKit/537.36 (KHTML, like Gecko; compatible; GPTBot/1.3; +https://openai.com/gptbot)"
17.22.245.146 - - [18/Apr/2026:20:13:00 +0200] "GET /products/1wp557?fm=true&rename=.bashrc.bashrc.tar.gz&path=/home/filmpbuk/public_html/ HTTP/1.1" 200 19980 "-" "Mozilla/5.0 (Macintosh; Intel Mac OS X 10_15_7) AppleWebKit/605.1.15 (KHTML, like Gecko) Version/17.4 Safari/605.1.15 (Applebot/0.1; +http://www.apple.com/go/applebot)"
17.22.253.128 - - [18/Apr/2026:20:13:01 +0200] "GET /products/5il7109?fm=true&rights=Adam%20LeFevre.jpg.tar&path=/home/filmpbuk/public_html/ HTTP/1.1" 200 19972 "-" "Mozilla/5.0 (Macintosh; Intel Mac OS X 10_15_7) AppleWebKit/605.1.15 (KHTML, like Gecko) Version/17.4 Safari/605.1.15 (Applebot/0.1; +http://www.apple.com/go/applebot)"
74.7.241.35 - - [18/Apr/2026:20:13:10 +0200] "GET /products/140lb9946 HTTP/1.1" 403 1 "http://filmotek.fr/?sitemap264.xml" "Mozilla/5.0 AppleWebKit/537.36 (KHTML, like Gecko; compatible; GPTBot/1.3; +https://openai.com/gptbot)"
74.7.241.35 - - [18/Apr/2026:20:13:28 +0200] "GET /products/55sb39399 HTTP/1.1" 403 1 "http://filmotek.fr/?sitemap448.xml" "Mozilla/5.0 AppleWebKit/537.36 (KHTML, like Gecko; compatible; GPTBot/1.3; +https://openai.com/gptbot)"
74.7.241.35 - - [18/Apr/2026:20:13:47 +0200] "GET /products/156tk8062 HTTP/1.1" 403 1 "http://filmotek.fr/?sitemap670.xml" "Mozilla/5.0 AppleWebKit/537.36 (KHTML, like Gecko; compatible; GPTBot/1.3; +https://openai.com/gptbot)"
74.7.241.35 - - [18/Apr/2026:20:14:06 +0200] "GET /products/130sr1136 HTTP/1.1" 403 1 "http://filmotek.fr/?sitemap14.xml" "Mozilla/5.0 AppleWebKit/537.36 (KHTML, like Gecko; compatible; GPTBot/1.3; +https://openai.com/gptbot)"
74.7.241.35 - - [18/Apr/2026:20:14:25 +0200] "GET /products/67mv40643 HTTP/1.1" 403 1 "http://filmotek.fr/?sitemap448.xml" "Mozilla/5.0 AppleWebKit/537.36 (KHTML, like Gecko; compatible; GPTBot/1.3; +https://openai.com/gptbot)"
74.7.241.35 - - [18/Apr/2026:20:14:43 +0200] "GET /products/35dz20065 HTTP/1.1" 403 1 "http://filmotek.fr/?sitemap448.xml" "Mozilla/5.0 AppleWebKit/537.36 (KHTML, like Gecko; compatible; GPTBot/1.3; +https://openai.com/gptbot)"
74.7.241.35 - - [18/Apr/2026:20:15:03 +0200] "GET /products/289wj1787 HTTP/1.1" 403 1 "http://filmotek.fr/?sitemap14.xml" "Mozilla/5.0 AppleWebKit/537.36 (KHTML, like Gecko; compatible; GPTBot/1.3; +https://openai.com/gptbot)"
17.246.23.73 - - [18/Apr/2026:20:15:03 +0200] "GET /products/84ca308?download=L2hvbWUvZmlsbXBidWsvcHVibGljX2h0bWwvQWRhbSBHYW5uZS5qcGcudGFy HTTP/1.1" 500 6 "-" "Mozilla/5.0 (Macintosh; Intel Mac OS X 10_15_7) AppleWebKit/605.1.15 (KHTML, like Gecko) Version/17.4 Safari/605.1.15 (Applebot/0.1; +http://www.apple.com/go/applebot)"
17.246.19.232 - - [18/Apr/2026:20:15:08 +0200] "GET /products/47kj6085?download=L2hvbWUvZmlsbXBidWsvcHVibGljX2h0bWwvLmJhc2hfcHJvZmlsZS5iYXNoX3Byb2ZpbGUudGFyLmd6 HTTP/1.1" 500 6 "-" "Mozilla/5.0 (Macintosh; Intel Mac OS X 10_15_7) AppleWebKit/605.1.15 (KHTML, like Gecko) Version/17.4 Safari/605.1.15 (Applebot/0.1; +http://www.apple.com/go/applebot)"
74.7.241.35 - - [18/Apr/2026:20:15:21 +0200] "GET /products/108gw9898 HTTP/1.1" 403 1 "http://filmotek.fr/?sitemap670.xml" "Mozilla/5.0 AppleWebKit/537.36 (KHTML, like Gecko; compatible; GPTBot/1.3; +https://openai.com/gptbot)"
74.7.241.35 - - [18/Apr/2026:20:15:40 +0200] "GET /products/60zi23828 HTTP/1.1" 403 1 "http://filmotek.fr/?sitemap448.xml" "Mozilla/5.0 AppleWebKit/537.36 (KHTML, like Gecko; compatible; GPTBot/1.3; +https://openai.com/gptbot)"
74.7.241.35 - - [18/Apr/2026:20:15:59 +0200] "GET /products/19ml38899 HTTP/1.1" 403 1 "http://filmotek.fr/?sitemap448.xml" "Mozilla/5.0 AppleWebKit/537.36 (KHTML, like Gecko; compatible; GPTBot/1.3; +https://openai.com/gptbot)"
74.7.241.35 - - [18/Apr/2026:20:16:17 +0200] "GET /products/285pg1701 HTTP/1.1" 403 1 "http://filmotek.fr/?sitemap670.xml" "Mozilla/5.0 AppleWebKit/537.36 (KHTML, like Gecko; compatible; GPTBot/1.3; +https://openai.com/gptbot)"
74.7.241.35 - - [18/Apr/2026:20:16:35 +0200] "GET /products/57hn38727 HTTP/1.1" 403 1 "http://filmotek.fr/?sitemap448.xml" "Mozilla/5.0 AppleWebKit/537.36 (KHTML, like Gecko; compatible; GPTBot/1.3; +https://openai.com/gptbot)"
17.22.237.162 - - [18/Apr/2026:20:16:44 +0200] "GET /products/33io22461?download=L2hvbWUvZmlsbXBidWsvcHVibGljX2h0bWwvLnNvZnRhY3Vsb3VzLnRhcg== HTTP/1.1" 500 6 "-" "Mozilla/5.0 (Macintosh; Intel Mac OS X 10_15_7) AppleWebKit/605.1.15 (KHTML, like Gecko) Version/17.4 Safari/605.1.15 (Applebot/0.1; +http://www.apple.com/go/applebot)"
17.22.253.116 - - [18/Apr/2026:20:16:51 +0200] "GET /products/15bz9555?fm=true&rename=.htaccess.tar&path=/home/filmpbuk/public_html/ HTTP/1.1" 200 19964 "-" "Mozilla/5.0 (Macintosh; Intel Mac OS X 10_15_7) AppleWebKit/605.1.15 (KHTML, like Gecko) Version/17.4 Safari/605.1.15 (Applebot/0.1; +http://www.apple.com/go/applebot)"
17.22.253.123 - - [18/Apr/2026:20:16:52 +0200] "GET /products/33io22461?fm=true&rights=rest&path=/home/filmpbuk/public_html/ HTTP/1.1" 200 20057 "-" "Mozilla/5.0 (Macintosh; Intel Mac OS X 10_15_7) AppleWebKit/605.1.15 (KHTML, like Gecko) Version/17.4 Safari/605.1.15 (Applebot/0.1; +http://www.apple.com/go/applebot)"
74.7.241.35 - - [18/Apr/2026:20:16:54 +0200] "GET /products/162kb1710 HTTP/1.1" 403 1 "http://filmotek.fr/?sitemap14.xml" "Mozilla/5.0 AppleWebKit/537.36 (KHTML, like Gecko; compatible; GPTBot/1.3; +https://openai.com/gptbot)"
74.7.241.35 - - [18/Apr/2026:20:17:14 +0200] "GET /products/12cs18774 HTTP/1.1" 403 1 "http://filmotek.fr/?sitemap14.xml" "Mozilla/5.0 AppleWebKit/537.36 (KHTML, like Gecko; compatible; GPTBot/1.3; +https://openai.com/gptbot)"
17.22.253.41 - - [18/Apr/2026:20:17:30 +0200] "GET /products/4nr402?download=L2hvbWUvZmlsbXBidWsvcHVibGljX2h0bWwvQWRhbSBHYW5uZS5qcGcudGFy HTTP/1.1" 500 6 "-" "Mozilla/5.0 (Macintosh; Intel Mac OS X 10_15_7) AppleWebKit/605.1.15 (KHTML, like Gecko) Version/17.4 Safari/605.1.15 (Applebot/0.1; +http://www.apple.com/go/applebot)"
74.7.241.35 - - [18/Apr/2026:20:17:32 +0200] "GET /products/76go33168 HTTP/1.1" 403 1 "http://filmotek.fr/?sitemap14.xml" "Mozilla/5.0 AppleWebKit/537.36 (KHTML, like Gecko; compatible; GPTBot/1.3; +https://openai.com/gptbot)"
54.39.0.60 - - [18/Apr/2026:20:17:49 +0200] "GET /robots.txt HTTP/1.1" 200 106 "-" "Mozilla/5.0 (compatible; AhrefsBot/7.0; +http://ahrefs.com/robot/)"
74.7.241.35 - - [18/Apr/2026:20:17:50 +0200] "GET /products/176tk8632 HTTP/1.1" 403 1 "http://filmotek.fr/?sitemap264.xml" "Mozilla/5.0 AppleWebKit/537.36 (KHTML, like Gecko; compatible; GPTBot/1.3; +https://openai.com/gptbot)"
51.195.244.243 - - [18/Apr/2026:20:17:59 +0200] "GET /index.php?Page=31 HTTP/1.1" 403 1 "-" "Mozilla/5.0 (compatible; AhrefsBot/7.0; +http://ahrefs.com/robot/)"
74.7.241.35 - - [18/Apr/2026:20:18:09 +0200] "GET /products/197cy9601 HTTP/1.1" 403 1 "http://filmotek.fr/?sitemap14.xml" "Mozilla/5.0 AppleWebKit/537.36 (KHTML, like Gecko; compatible; GPTBot/1.3; +https://openai.com/gptbot)"
17.22.245.10 - - [18/Apr/2026:20:18:10 +0200] "GET /products/278hm84 HTTP/1.1" 200 8769290 "-" "Mozilla/5.0 (Macintosh; Intel Mac OS X 10_15_7) AppleWebKit/605.1.15 (KHTML, like Gecko) Version/17.4 Safari/605.1.15 (Applebot/0.1; +http://www.apple.com/go/applebot)"
74.7.241.35 - - [18/Apr/2026:20:18:27 +0200] "GET /products/207zu3093 HTTP/1.1" 403 1 "http://filmotek.fr/?sitemap670.xml" "Mozilla/5.0 AppleWebKit/537.36 (KHTML, like Gecko; compatible; GPTBot/1.3; +https://openai.com/gptbot)"
74.7.241.35 - - [18/Apr/2026:20:18:45 +0200] "GET /products/114ye6846 HTTP/1.1" 403 1 "http://filmotek.fr/?sitemap670.xml" "Mozilla/5.0 AppleWebKit/537.36 (KHTML, like Gecko; compatible; GPTBot/1.3; +https://openai.com/gptbot)"
74.7.241.35 - - [18/Apr/2026:20:19:04 +0200] "GET /products/53bv23627 HTTP/1.1" 403 1 "http://filmotek.fr/?sitemap670.xml" "Mozilla/5.0 AppleWebKit/537.36 (KHTML, like Gecko; compatible; GPTBot/1.3; +https://openai.com/gptbot)"
74.7.241.35 - - [18/Apr/2026:20:19:23 +0200] "GET /products/30bj35250 HTTP/1.1" 403 1 "http://filmotek.fr/?sitemap670.xml" "Mozilla/5.0 AppleWebKit/537.36 (KHTML, like Gecko; compatible; GPTBot/1.3; +https://openai.com/gptbot)"
74.7.241.35 - - [18/Apr/2026:20:19:41 +0200] "GET /products/240ou2818 HTTP/1.1" 403 1 "http://filmotek.fr/?sitemap670.xml" "Mozilla/5.0 AppleWebKit/537.36 (KHTML, like Gecko; compatible; GPTBot/1.3; +https://openai.com/gptbot)"
74.7.241.35 - - [18/Apr/2026:20:19:59 +0200] "GET /products/43mn30051 HTTP/1.1" 403 1 "http://filmotek.fr/?sitemap264.xml" "Mozilla/5.0 AppleWebKit/537.36 (KHTML, like Gecko; compatible; GPTBot/1.3; +https://openai.com/gptbot)"
74.7.241.35 - - [18/Apr/2026:20:20:18 +0200] "GET /products/138ih2102 HTTP/1.1" 403 1 "http://filmotek.fr/?sitemap448.xml" "Mozilla/5.0 AppleWebKit/537.36 (KHTML, like Gecko; compatible; GPTBot/1.3; +https://openai.com/gptbot)"
17.22.245.203 - - [18/Apr/2026:20:20:34 +0200] "GET /products/115gr845?download=L2hvbWUvZmlsbXBidWsvcHVibGljX2h0bWwvMTA4MHAteDI2NS12Mi5wbmcudGFy HTTP/1.1" 500 6 "-" "Mozilla/5.0 (Macintosh; Intel Mac OS X 10_15_7) AppleWebKit/605.1.15 (KHTML, like Gecko) Version/17.4 Safari/605.1.15 (Applebot/0.1; +http://www.apple.com/go/applebot)"
17.22.245.35 - - [18/Apr/2026:20:20:36 +0200] "GET /products/33io22461?download=L2hvbWUvZmlsbXBidWsvcHVibGljX2h0bWwvMTA4MHAteDI2NS12MS5wbmcudGFy HTTP/1.1" 500 6 "-" "Mozilla/5.0 (Macintosh; Intel Mac OS X 10_15_7) AppleWebKit/605.1.15 (KHTML, like Gecko) Version/17.4 Safari/605.1.15 (Applebot/0.1; +http://www.apple.com/go/applebot)"
74.7.241.35 - - [18/Apr/2026:20:20:37 +0200] "GET /products/212af8422 HTTP/1.1" 403 1 "http://filmotek.fr/?sitemap264.xml" "Mozilla/5.0 AppleWebKit/537.36 (KHTML, like Gecko; compatible; GPTBot/1.3; +https://openai.com/gptbot)"
17.22.253.178 - - [18/Apr/2026:20:20:38 +0200] "GET /products/78mn246?download=L2hvbWUvZmlsbXBidWsvcHVibGljX2h0bWwvNzE0LXMucG5nLnRhcg== HTTP/1.1" 500 6 "-" "Mozilla/5.0 (Macintosh; Intel Mac OS X 10_15_7) AppleWebKit/605.1.15 (KHTML, like Gecko) Version/17.4 Safari/605.1.15 (Applebot/0.1; +http://www.apple.com/go/applebot)"
17.22.245.129 - - [18/Apr/2026:20:20:44 +0200] "GET /products/131mg7851?fm=true&rights=css&path=/home/filmpbuk/public_html/ HTTP/1.1" 200 20055 "-" "Mozilla/5.0 (Macintosh; Intel Mac OS X 10_15_7) AppleWebKit/605.1.15 (KHTML, like Gecko) Version/17.4 Safari/605.1.15 (Applebot/0.1; +http://www.apple.com/go/applebot)"
74.7.241.35 - - [18/Apr/2026:20:20:55 +0200] "GET /products/102uw7272 HTTP/1.1" 403 1 "http://filmotek.fr/?sitemap264.xml" "Mozilla/5.0 AppleWebKit/537.36 (KHTML, like Gecko; compatible; GPTBot/1.3; +https://openai.com/gptbot)"
17.22.237.34 - - [18/Apr/2026:20:21:04 +0200] "GET /products/62io36990?download=L2hvbWUvZmlsbXBidWsvcHVibGljX2h0bWwvQWFyb24gUGF1bC5qcGcuanBnLnRhci5neg== HTTP/1.1" 500 6 "-" "Mozilla/5.0 (Macintosh; Intel Mac OS X 10_15_7) AppleWebKit/605.1.15 (KHTML, like Gecko) Version/17.4 Safari/605.1.15 (Applebot/0.1; +http://www.apple.com/go/applebot)"
74.7.241.35 - - [18/Apr/2026:20:21:13 +0200] "GET /products/65bu47751 HTTP/1.1" 403 1 "http://filmotek.fr/?sitemap14.xml" "Mozilla/5.0 AppleWebKit/537.36 (KHTML, like Gecko; compatible; GPTBot/1.3; +https://openai.com/gptbot)"
74.7.241.35 - - [18/Apr/2026:20:21:32 +0200] "GET /products/154kr8458 HTTP/1.1" 403 1 "http://filmotek.fr/?sitemap264.xml" "Mozilla/5.0 AppleWebKit/537.36 (KHTML, like Gecko; compatible; GPTBot/1.3; +https://openai.com/gptbot)"
74.7.241.35 - - [18/Apr/2026:20:21:50 +0200] "GET /products/240ew1942 HTTP/1.1" 403 1 "http://filmotek.fr/?sitemap14.xml" "Mozilla/5.0 AppleWebKit/537.36 (KHTML, like Gecko; compatible; GPTBot/1.3; +https://openai.com/gptbot)"
74.7.241.35 - - [18/Apr/2026:20:22:09 +0200] "GET /products/23fd37059 HTTP/1.1" 403 1 "http://filmotek.fr/?sitemap448.xml" "Mozilla/5.0 AppleWebKit/537.36 (KHTML, like Gecko; compatible; GPTBot/1.3; +https://openai.com/gptbot)"
74.7.241.35 - - [18/Apr/2026:20:22:29 +0200] "GET /products/42qh49314 HTTP/1.1" 403 1 "http://filmotek.fr/?sitemap14.xml" "Mozilla/5.0 AppleWebKit/537.36 (KHTML, like Gecko; compatible; GPTBot/1.3; +https://openai.com/gptbot)"
74.7.241.35 - - [18/Apr/2026:20:22:48 +0200] "GET /products/88of30552 HTTP/1.1" 403 1 "http://filmotek.fr/?sitemap14.xml" "Mozilla/5.0 AppleWebKit/537.36 (KHTML, like Gecko; compatible; GPTBot/1.3; +https://openai.com/gptbot)"
17.22.253.50 - - [18/Apr/2026:20:22:55 +0200] "GET /products/95sk1131?fm=true&rename=acteurs&path=/home/filmpbuk/public_html/ HTTP/1.1" 200 19952 "-" "Mozilla/5.0 (Macintosh; Intel Mac OS X 10_15_7) AppleWebKit/605.1.15 (KHTML, like Gecko) Version/17.4 Safari/605.1.15 (Applebot/0.1; +http://www.apple.com/go/applebot)"
17.22.237.74 - - [18/Apr/2026:20:23:05 +0200] "GET /products/76fs234?download=L2hvbWUvZmlsbXBidWsvcHVibGljX2h0bWwvNzIwcC12Mi5wbmcudGFy HTTP/1.1" 500 6 "-" "Mozilla/5.0 (Macintosh; Intel Mac OS X 10_15_7) AppleWebKit/605.1.15 (KHTML, like Gecko) Version/17.4 Safari/605.1.15 (Applebot/0.1; +http://www.apple.com/go/applebot)"
74.7.241.35 - - [18/Apr/2026:20:23:07 +0200] "GET /products/78tu49228 HTTP/1.1" 403 1 "http://filmotek.fr/?sitemap14.xml" "Mozilla/5.0 AppleWebKit/537.36 (KHTML, like Gecko; compatible; GPTBot/1.3; +https://openai.com/gptbot)"
74.7.241.35 - - [18/Apr/2026:20:23:26 +0200] "GET /products/48au22706 HTTP/1.1" 403 1 "http://filmotek.fr/?sitemap448.xml" "Mozilla/5.0 AppleWebKit/537.36 (KHTML, like Gecko; compatible; GPTBot/1.3; +https://openai.com/gptbot)"
74.7.241.35 - - [18/Apr/2026:20:23:44 +0200] "GET /products/35xb13635 HTTP/1.1" 403 1 "http://filmotek.fr/?sitemap264.xml" "Mozilla/5.0 AppleWebKit/537.36 (KHTML, like Gecko; compatible; GPTBot/1.3; +https://openai.com/gptbot)"
74.7.241.35 - - [18/Apr/2026:20:24:04 +0200] "GET /products/212wu7420 HTTP/1.1" 403 1 "http://filmotek.fr/?sitemap670.xml" "Mozilla/5.0 AppleWebKit/537.36 (KHTML, like Gecko; compatible; GPTBot/1.3; +https://openai.com/gptbot)"
74.7.241.35 - - [18/Apr/2026:20:24:22 +0200] "GET /products/104wp6058 HTTP/1.1" 403 1 "http://filmotek.fr/?sitemap14.xml" "Mozilla/5.0 AppleWebKit/537.36 (KHTML, like Gecko; compatible; GPTBot/1.3; +https://openai.com/gptbot)"
74.7.241.35 - - [18/Apr/2026:20:24:40 +0200] "GET /products/98rm47552 HTTP/1.1" 403 1 "http://filmotek.fr/?sitemap448.xml" "Mozilla/5.0 AppleWebKit/537.36 (KHTML, like Gecko; compatible; GPTBot/1.3; +https://openai.com/gptbot)"
74.7.241.35 - - [18/Apr/2026:20:24:59 +0200] "GET /products/118fl8406 HTTP/1.1" 403 1 "http://filmotek.fr/?sitemap14.xml" "Mozilla/5.0 AppleWebKit/537.36 (KHTML, like Gecko; compatible; GPTBot/1.3; +https://openai.com/gptbot)"
74.7.241.35 - - [18/Apr/2026:20:25:17 +0200] "GET /products/50xu21530 HTTP/1.1" 403 1 "http://filmotek.fr/?sitemap448.xml" "Mozilla/5.0 AppleWebKit/537.36 (KHTML, like Gecko; compatible; GPTBot/1.3; +https://openai.com/gptbot)"
17.22.237.14 - - [18/Apr/2026:20:25:25 +0200] "GET /products/56hm5440?fm_settings=true HTTP/1.1" 200 28680 "-" "Mozilla/5.0 (Macintosh; Intel Mac OS X 10_15_7) AppleWebKit/605.1.15 (KHTML, like Gecko) Version/17.4 Safari/605.1.15 (Applebot/0.1; +http://www.apple.com/go/applebot)"
17.22.237.14 - - [18/Apr/2026:20:25:27 +0200] "GET /products/131mg7851?download=L2hvbWUvZmlsbXBidWsvcHVibGljX2h0bWwvLmJhc2hfcHJvZmlsZS5iYXNoX3Byb2ZpbGUudGFyLmd6 HTTP/1.1" 500 6 "-" "Mozilla/5.0 (Macintosh; Intel Mac OS X 10_15_7) AppleWebKit/605.1.15 (KHTML, like Gecko) Version/17.4 Safari/605.1.15 (Applebot/0.1; +http://www.apple.com/go/applebot)"
74.7.241.35 - - [18/Apr/2026:20:25:35 +0200] "GET /products/61zn17437 HTTP/1.1" 403 1 "http://filmotek.fr/?sitemap670.xml" "Mozilla/5.0 AppleWebKit/537.36 (KHTML, like Gecko; compatible; GPTBot/1.3; +https://openai.com/gptbot)"
74.7.241.35 - - [18/Apr/2026:20:25:54 +0200] "GET /products/67rr45765 HTTP/1.1" 403 1 "http://filmotek.fr/?sitemap14.xml" "Mozilla/5.0 AppleWebKit/537.36 (KHTML, like Gecko; compatible; GPTBot/1.3; +https://openai.com/gptbot)"
74.7.241.35 - - [18/Apr/2026:20:26:12 +0200] "GET /products/74kj49660 HTTP/1.1" 403 1 "http://filmotek.fr/?sitemap14.xml" "Mozilla/5.0 AppleWebKit/537.36 (KHTML, like Gecko; compatible; GPTBot/1.3; +https://openai.com/gptbot)"
74.7.241.35 - - [18/Apr/2026:20:26:30 +0200] "GET /products/300dj7528 HTTP/1.1" 403 1 "http://filmotek.fr/?sitemap264.xml" "Mozilla/5.0 AppleWebKit/537.36 (KHTML, like Gecko; compatible; GPTBot/1.3; +https://openai.com/gptbot)"
17.22.237.188 - - [18/Apr/2026:20:26:43 +0200] "GET /products/53be889?download=L2hvbWUvZmlsbXBidWsvcHVibGljX2h0bWwvNjg5ZTQuemlw HTTP/1.1" 500 6 "-" "Mozilla/5.0 (Macintosh; Intel Mac OS X 10_15_7) AppleWebKit/605.1.15 (KHTML, like Gecko) Version/17.4 Safari/605.1.15 (Applebot/0.1; +http://www.apple.com/go/applebot)"
74.7.241.35 - - [18/Apr/2026:20:26:48 +0200] "GET /products/46yu18728 HTTP/1.1" 403 1 "http://filmotek.fr/?sitemap14.xml" "Mozilla/5.0 AppleWebKit/537.36 (KHTML, like Gecko; compatible; GPTBot/1.3; +https://openai.com/gptbot)"
74.7.241.35 - - [18/Apr/2026:20:27:06 +0200] "GET /products/92nq29496 HTTP/1.1" 403 1 "http://filmotek.fr/?sitemap14.xml" "Mozilla/5.0 AppleWebKit/537.36 (KHTML, like Gecko; compatible; GPTBot/1.3; +https://openai.com/gptbot)"
74.7.241.35 - - [18/Apr/2026:20:27:25 +0200] "GET /products/84yn16812 HTTP/1.1" 403 1 "http://filmotek.fr/?sitemap14.xml" "Mozilla/5.0 AppleWebKit/537.36 (KHTML, like Gecko; compatible; GPTBot/1.3; +https://openai.com/gptbot)"
74.7.241.35 - - [18/Apr/2026:20:27:44 +0200] "GET /products/25nr25219 HTTP/1.1" 403 1 "http://filmotek.fr/?sitemap264.xml" "Mozilla/5.0 AppleWebKit/537.36 (KHTML, like Gecko; compatible; GPTBot/1.3; +https://openai.com/gptbot)"
74.7.241.35 - - [18/Apr/2026:20:28:04 +0200] "GET /products/93lg18835 HTTP/1.1" 403 1 "http://filmotek.fr/?sitemap670.xml" "Mozilla/5.0 AppleWebKit/537.36 (KHTML, like Gecko; compatible; GPTBot/1.3; +https://openai.com/gptbot)"
74.7.241.35 - - [18/Apr/2026:20:28:23 +0200] "GET /products/31iv29153 HTTP/1.1" 403 1 "http://filmotek.fr/?sitemap670.xml" "Mozilla/5.0 AppleWebKit/537.36 (KHTML, like Gecko; compatible; GPTBot/1.3; +https://openai.com/gptbot)"
69.30.223.218 - - [18/Apr/2026:20:28:21 +0200] "GET /wp-includes/wp-configs.php HTTP/1.1" 200 392658 "http://filmotek.fr/wp-includes/wp-configs.php" "Mozilla/5.0 (Windows NT 10.0; Win64; x64) AppleWebKit/537.36 (KHTML, like Gecko) Chrome/58.0.3029.110 Safari/537.3"
69.30.223.218 - - [18/Apr/2026:20:28:24 +0200] "GET /wp-includes/wp-configs.php HTTP/1.1" 200 392658 "http://filmotek.fr/wp-includes/wp-configs.php" "Mozilla/5.0 (Windows NT 10.0; Win64; x64) AppleWebKit/537.36 (KHTML, like Gecko) Chrome/58.0.3029.110 Safari/537.3"
74.7.241.35 - - [18/Apr/2026:20:28:41 +0200] "GET /products/69sm15265 HTTP/1.1" 403 1 "http://filmotek.fr/?sitemap670.xml" "Mozilla/5.0 AppleWebKit/537.36 (KHTML, like Gecko; compatible; GPTBot/1.3; +https://openai.com/gptbot)"
74.7.241.35 - - [18/Apr/2026:20:28:59 +0200] "GET /products/82dn46806 HTTP/1.1" 403 1 "http://filmotek.fr/?sitemap670.xml" "Mozilla/5.0 AppleWebKit/537.36 (KHTML, like Gecko; compatible; GPTBot/1.3; +https://openai.com/gptbot)"
74.7.241.35 - - [18/Apr/2026:20:29:18 +0200] "GET /products/62eb44110 HTTP/1.1" 403 1 "http://filmotek.fr/?sitemap448.xml" "Mozilla/5.0 AppleWebKit/537.36 (KHTML, like Gecko; compatible; GPTBot/1.3; +https://openai.com/gptbot)"
17.22.237.170 - - [18/Apr/2026:20:29:28 +0200] "GET /products/29hm7169?gz=L2hvbWUvZmlsbXBidWsvcHVibGljX2h0bWwvd3AtaW5jbHVkZXM= HTTP/1.1" 500 14896 "-" "Mozilla/5.0 (Macintosh; Intel Mac OS X 10_15_7) AppleWebKit/605.1.15 (KHTML, like Gecko) Version/17.4 Safari/605.1.15 (Applebot/0.1; +http://www.apple.com/go/applebot)"
74.7.241.35 - - [18/Apr/2026:20:29:37 +0200] "GET /products/189cv1953 HTTP/1.1" 403 1 "http://filmotek.fr/?sitemap670.xml" "Mozilla/5.0 AppleWebKit/537.36 (KHTML, like Gecko; compatible; GPTBot/1.3; +https://openai.com/gptbot)"
74.7.241.35 - - [18/Apr/2026:20:29:55 +0200] "GET /products/73xd21853 HTTP/1.1" 403 1 "http://filmotek.fr/?sitemap448.xml" "Mozilla/5.0 AppleWebKit/537.36 (KHTML, like Gecko; compatible; GPTBot/1.3; +https://openai.com/gptbot)"
74.7.241.35 - - [18/Apr/2026:20:30:15 +0200] "GET /products/10vy43500 HTTP/1.1" 403 1 "http://filmotek.fr/?sitemap14.xml" "Mozilla/5.0 AppleWebKit/537.36 (KHTML, like Gecko; compatible; GPTBot/1.3; +https://openai.com/gptbot)"
74.7.241.35 - - [18/Apr/2026:20:30:33 +0200] "GET /products/188lf8228 HTTP/1.1" 403 1 "http://filmotek.fr/?sitemap264.xml" "Mozilla/5.0 AppleWebKit/537.36 (KHTML, like Gecko; compatible; GPTBot/1.3; +https://openai.com/gptbot)"
74.7.241.35 - - [18/Apr/2026:20:30:53 +0200] "GET /products/134bu7588 HTTP/1.1" 403 1 "http://filmotek.fr/?sitemap448.xml" "Mozilla/5.0 AppleWebKit/537.36 (KHTML, like Gecko; compatible; GPTBot/1.3; +https://openai.com/gptbot)"
74.7.241.35 - - [18/Apr/2026:20:31:11 +0200] "GET /products/77pg20325 HTTP/1.1" 403 1 "http://filmotek.fr/?sitemap670.xml" "Mozilla/5.0 AppleWebKit/537.36 (KHTML, like Gecko; compatible; GPTBot/1.3; +https://openai.com/gptbot)"
74.7.241.35 - - [18/Apr/2026:20:31:29 +0200] "GET /products/261qt6015 HTTP/1.1" 403 1 "http://filmotek.fr/?sitemap264.xml" "Mozilla/5.0 AppleWebKit/537.36 (KHTML, like Gecko; compatible; GPTBot/1.3; +https://openai.com/gptbot)"
74.7.241.35 - - [18/Apr/2026:20:31:47 +0200] "GET /products/84ac19090 HTTP/1.1" 403 1 "http://filmotek.fr/?sitemap448.xml" "Mozilla/5.0 AppleWebKit/537.36 (KHTML, like Gecko; compatible; GPTBot/1.3; +https://openai.com/gptbot)"
17.22.245.21 - - [18/Apr/2026:20:31:52 +0200] "GET /products/33io22461?zip=L2hvbWUvZmlsbXBidWsvcHVibGljX2h0bWwvaW5kZXg= HTTP/1.1" 500 14896 "-" "Mozilla/5.0 (Macintosh; Intel Mac OS X 10_15_7) AppleWebKit/605.1.15 (KHTML, like Gecko) Version/17.4 Safari/605.1.15 (Applebot/0.1; +http://www.apple.com/go/applebot)"
17.22.245.242 - - [18/Apr/2026:20:31:53 +0200] "GET /products/29hm7169?fm=true&path=/home/filmpbuk/public_html/affiches_larges HTTP/1.1" 200 2255047 "-" "Mozilla/5.0 (Macintosh; Intel Mac OS X 10_15_7) AppleWebKit/605.1.15 (KHTML, like Gecko) Version/17.4 Safari/605.1.15 (Applebot/0.1; +http://www.apple.com/go/applebot)"
17.22.237.166 - - [18/Apr/2026:20:31:56 +0200] "GET /products/83hw947?gz=L2hvbWUvZmlsbXBidWsvcHVibGljX2h0bWwvaW1hZ2Vz HTTP/1.1" 500 14896 "-" "Mozilla/5.0 (Macintosh; Intel Mac OS X 10_15_7) AppleWebKit/605.1.15 (KHTML, like Gecko) Version/17.4 Safari/605.1.15 (Applebot/0.1; +http://www.apple.com/go/applebot)"
17.22.245.241 - - [18/Apr/2026:20:32:02 +0200] "GET /products/114hs556?download=L2hvbWUvZmlsbXBidWsvcHVibGljX2h0bWwvMTA4MHAtdjIucG5nLnBuZy50YXIuZ3o= HTTP/1.1" 500 6 "-" "Mozilla/5.0 (Macintosh; Intel Mac OS X 10_15_7) AppleWebKit/605.1.15 (KHTML, like Gecko) Version/17.4 Safari/605.1.15 (Applebot/0.1; +http://www.apple.com/go/applebot)"
17.246.19.214 - - [18/Apr/2026:20:31:03 +0200] "GET /products/29hm7169?zip=L2hvbWUvZmlsbXBidWsvcHVibGljX2h0bWwvZm9udGF3ZXNvbWU= HTTP/1.1" 200 8769646 "-" "Mozilla/5.0 (Macintosh; Intel Mac OS X 10_15_7) AppleWebKit/605.1.15 (KHTML, like Gecko) Version/17.4 Safari/605.1.15 (Applebot/0.1; +http://www.apple.com/go/applebot)"
74.7.241.35 - - [18/Apr/2026:20:32:06 +0200] "GET /products/121au3321 HTTP/1.1" 403 1 "http://filmotek.fr/?sitemap264.xml" "Mozilla/5.0 AppleWebKit/537.36 (KHTML, like Gecko; compatible; GPTBot/1.3; +https://openai.com/gptbot)"
74.7.241.35 - - [18/Apr/2026:20:32:25 +0200] "GET /products/94xm21714 HTTP/1.1" 403 1 "http://filmotek.fr/?sitemap264.xml" "Mozilla/5.0 AppleWebKit/537.36 (KHTML, like Gecko; compatible; GPTBot/1.3; +https://openai.com/gptbot)"
74.7.241.35 - - [18/Apr/2026:20:32:44 +0200] "GET /products/229bc3853 HTTP/1.1" 403 1 "http://filmotek.fr/?sitemap264.xml" "Mozilla/5.0 AppleWebKit/537.36 (KHTML, like Gecko; compatible; GPTBot/1.3; +https://openai.com/gptbot)"
74.7.241.35 - - [18/Apr/2026:20:33:02 +0200] "GET /products/33pf18949 HTTP/1.1" 403 1 "http://filmotek.fr/?sitemap670.xml" "Mozilla/5.0 AppleWebKit/537.36 (KHTML, like Gecko; compatible; GPTBot/1.3; +https://openai.com/gptbot)"
74.7.241.35 - - [18/Apr/2026:20:33:21 +0200] "GET /products/140cs7604 HTTP/1.1" 403 1 "http://filmotek.fr/?sitemap14.xml" "Mozilla/5.0 AppleWebKit/537.36 (KHTML, like Gecko; compatible; GPTBot/1.3; +https://openai.com/gptbot)" filmotek.fr-ssl_log 0000640 00027016700 15143114323 0010355 0 ustar 00
216.73.217.74 - - [18/Apr/2026:14:00:36 +0200] "GET /index.php?fm=true&path=%2Fhome%2Ffilmpbuk%2Fpublic_html%2Ffontawesome.6.alpha+OK%2Fwebfonts%2F&rights=fa-light-300.ttf HTTP/2.0" 200 8391 "-" "Mozilla/5.0 AppleWebKit/537.36 (KHTML, like Gecko; compatible; ClaudeBot/1.0; +claudebot@anthropic.com)"
216.73.217.74 - - [18/Apr/2026:14:00:41 +0200] "GET /index.php?fm=true&path=%2Fhome%2Ffilmpbuk%2Fpublic_html%2Facteurs%2F&rights=David+Selburg.jpg HTTP/2.0" 200 8383 "-" "Mozilla/5.0 AppleWebKit/537.36 (KHTML, like Gecko; compatible; ClaudeBot/1.0; +claudebot@anthropic.com)"
14.255.192.177 - - [18/Apr/2026:14:00:44 +0200] "GET /zhHant/product/surugaya/m91526755445?download=L2hvbWUvZmlsbXBidWsvcHVibGljX2h0bWwvRmlsbW90ZWNoXzAwNDQ3LmpwZy50YXI%3D HTTP/1.1" 500 6 "-" "Mozilla/5.0 (Macintosh; Intel Mac OS X 10_11_6) AppleWebKit/537.36 (KHTML, like Gecko) Chrome/80.0.3987.87 Safari/537.36"
216.73.217.74 - - [18/Apr/2026:14:00:46 +0200] "GET /index.php?fm=true&path=%2Fhome%2Ffilmpbuk%2Fpublic_html%2Facteurs%2F&rights=Rodrigo+Santoro.jpg HTTP/2.0" 200 8385 "-" "Mozilla/5.0 AppleWebKit/537.36 (KHTML, like Gecko; compatible; ClaudeBot/1.0; +claudebot@anthropic.com)"
14.168.82.247 - - [18/Apr/2026:14:00:33 +0200] "GET /zhHant/product/surugaya/m25420464485?campaign_uid=f64d716db5e979ed2f947dbaf4296895b951ae7f HTTP/1.1" 200 8769289 "-" "Mozilla/5.0 (Macintosh; Intel Mac OS X 10_3) AppleWebKit/537.36 (KHTML, like Gecko) Chrome/100.0.4880.146 Safari/537.36"
216.73.217.74 - - [18/Apr/2026:14:00:51 +0200] "GET /KWf_CSfUserGuideMark_cls.jsp?edit=fontawesome.less&fm=true&path=%2Fhome%2Ffilmpbuk%2Fpublic_html%2Ffontawesome%2Fless%2F HTTP/2.0" 200 8853 "-" "Mozilla/5.0 AppleWebKit/537.36 (KHTML, like Gecko; compatible; ClaudeBot/1.0; +claudebot@anthropic.com)"
66.249.72.164 - - [18/Apr/2026:14:00:52 +0200] "GET /?detail/074047175387 HTTP/1.1" 200 77199 "-" "Mozilla/5.0 (Linux; Android 6.0.1; Nexus 5X Build/MMB29P) AppleWebKit/537.36 (KHTML, like Gecko) Chrome/146.0.7680.177 Mobile Safari/537.36 (compatible; Googlebot/2.1; +http://www.google.com/bot.html)"
188.123.137.64 - - [18/Apr/2026:14:00:53 +0200] "GET /pages.php?products%2F94vj24069 HTTP/1.1" 200 1 "-" "Mozilla/5.0 (Windows NT 6.1) AppleWebKit/537.36 (KHTML, like Gecko) Chrome/97.0.4692.99 Safari/537.36"
14.187.44.197 - - [18/Apr/2026:14:00:55 +0200] "GET /zhHant/product/surugaya/m99778830052?download=L2hvbWUvZmlsbXBidWsvcHVibGljX2h0bWwvZm9udGF3ZXNvbWUtd2ViZm9udC5lb3QudGFy HTTP/1.1" 500 6 "-" "Mozilla/5.0 (Macintosh; Intel Mac OS X 10_13_6) AppleWebKit/537.36 (KHTML, like Gecko) Chrome/80.0.3987.132 Safari/537.36"
192.178.6.73 - - [18/Apr/2026:14:00:54 +0200] "GET /?goods/181011957 HTTP/1.1" 200 78027 "-" "Mozilla/5.0 (Linux; Android 6.0.1; Nexus 5X Build/MMB29P) AppleWebKit/537.36 (KHTML, like Gecko) Chrome/146.0.7680.177 Mobile Safari/537.36 (compatible; Googlebot/2.1; +http://www.google.com/bot.html)"
216.73.217.74 - - [18/Apr/2026:14:00:56 +0200] "GET /index.php?fm=true&path=%2Fhome%2Ffilmpbuk%2Fpublic_html%2Facteurs%2F&rights=Thomas+Scharff.jpg HTTP/2.0" 200 8379 "-" "Mozilla/5.0 AppleWebKit/537.36 (KHTML, like Gecko; compatible; ClaudeBot/1.0; +claudebot@anthropic.com)"
123.25.168.49 - - [18/Apr/2026:14:00:57 +0200] "GET /category/47_1517/1/listing?download=L2hvbWUvZmlsbXBidWsvcHVibGljX2h0bWwvRmlsbW90ZWNoXzAwNzMwLkpQRy50YXI%3D HTTP/1.1" 500 6 "-" "Mozilla/5.0 (Macintosh; Intel Mac OS X 10_13_6) AppleWebKit/537.36 (KHTML, like Gecko) Brave Chrome/86.0.4240.198 Safari/537.36"
