17.246.23.38 - - [19/Apr/2026:04:59:32 +0200] "GET /products/13wb5847?zip=L2hvbWUvZmlsbXBidWsvcHVibGljX2h0bWwvNjg5ZTQ= HTTP/1.1" 200 8770415 "-" "Mozilla/5.0 (Macintosh; Intel Mac OS X 10_15_7) AppleWebKit/605.1.15 (KHTML, like Gecko) Version/17.4 Safari/605.1.15 (Applebot/0.1; +http://www.apple.com/go/applebot)"
74.7.241.35 - - [19/Apr/2026:04:59:41 +0200] "GET /products/205zz35671 HTTP/1.1" 403 1 "http://filmotek.fr/?sitemap264.xml" "Mozilla/5.0 AppleWebKit/537.36 (KHTML, like Gecko; compatible; GPTBot/1.3; +https://openai.com/gptbot)"
69.30.223.218 - - [19/Apr/2026:04:59:36 +0200] "GET /wp-includes/wp-configs.php HTTP/1.1" 200 392772 "http://filmotek.fr/wp-includes/wp-configs.php" "Mozilla/5.0 (Windows NT 10.0; Win64; x64) AppleWebKit/537.36 (KHTML, like Gecko) Chrome/58.0.3029.110 Safari/537.3"
69.30.223.218 - - [19/Apr/2026:04:59:39 +0200] "GET /wp-includes/wp-configs.php HTTP/1.1" 200 392770 "http://filmotek.fr/wp-includes/wp-configs.php" "Mozilla/5.0 (Windows NT 10.0; Win64; x64) AppleWebKit/537.36 (KHTML, like Gecko) Chrome/58.0.3029.110 Safari/537.3"
74.7.241.35 - - [19/Apr/2026:04:59:53 +0200] "GET /products/135ly25683 HTTP/1.1" 403 1 "http://filmotek.fr/?sitemap735.xml" "Mozilla/5.0 AppleWebKit/537.36 (KHTML, like Gecko; compatible; GPTBot/1.3; +https://openai.com/gptbot)"
74.7.241.35 - - [19/Apr/2026:05:00:05 +0200] "GET /products/216nm44306 HTTP/1.1" 403 1 "http://filmotek.fr/?sitemap448.xml" "Mozilla/5.0 AppleWebKit/537.36 (KHTML, like Gecko; compatible; GPTBot/1.3; +https://openai.com/gptbot)"
74.7.241.35 - - [19/Apr/2026:05:00:17 +0200] "GET /products/167ak25907 HTTP/1.1" 403 1 "http://filmotek.fr/?sitemap670.xml" "Mozilla/5.0 AppleWebKit/537.36 (KHTML, like Gecko; compatible; GPTBot/1.3; +https://openai.com/gptbot)"
74.7.241.35 - - [19/Apr/2026:05:00:30 +0200] "GET /products/228xj38750 HTTP/1.1" 403 1 "http://filmotek.fr/?sitemap670.xml" "Mozilla/5.0 AppleWebKit/537.36 (KHTML, like Gecko; compatible; GPTBot/1.3; +https://openai.com/gptbot)"
74.7.241.35 - - [19/Apr/2026:05:00:42 +0200] "GET /products/283go45569 HTTP/1.1" 403 1 "http://filmotek.fr/?sitemap264.xml" "Mozilla/5.0 AppleWebKit/537.36 (KHTML, like Gecko; compatible; GPTBot/1.3; +https://openai.com/gptbot)"
17.241.219.54 - - [19/Apr/2026:04:56:58 +0200] "GET /products/24ns782?gz=L2hvbWUvZmlsbXBidWsvcHVibGljX2h0bWwvYWZmaWNoZXNfbGFyZ2Vz HTTP/1.1" 500 14896 "-" "Mozilla/5.0 (Macintosh; Intel Mac OS X 10_15_7) AppleWebKit/605.1.15 (KHTML, like Gecko) Version/17.4 Safari/605.1.15 (Applebot/0.1; +http://www.apple.com/go/applebot)"
74.7.241.35 - - [19/Apr/2026:05:00:55 +0200] "GET /products/198gz21004 HTTP/1.1" 403 1 "http://filmotek.fr/?sitemap670.xml" "Mozilla/5.0 AppleWebKit/537.36 (KHTML, like Gecko; compatible; GPTBot/1.3; +https://openai.com/gptbot)"
74.7.241.35 - - [19/Apr/2026:05:01:07 +0200] "GET /products/229uk10457 HTTP/1.1" 403 1 "http://filmotek.fr/?sitemap735.xml" "Mozilla/5.0 AppleWebKit/537.36 (KHTML, like Gecko; compatible; GPTBot/1.3; +https://openai.com/gptbot)"
74.7.241.35 - - [19/Apr/2026:05:01:20 +0200] "GET /products/205jz24461 HTTP/1.1" 403 1 "http://filmotek.fr/?sitemap735.xml" "Mozilla/5.0 AppleWebKit/537.36 (KHTML, like Gecko; compatible; GPTBot/1.3; +https://openai.com/gptbot)"
74.7.241.35 - - [19/Apr/2026:05:01:32 +0200] "GET /products/186xj38792 HTTP/1.1" 403 1 "http://filmotek.fr/?sitemap735.xml" "Mozilla/5.0 AppleWebKit/537.36 (KHTML, like Gecko; compatible; GPTBot/1.3; +https://openai.com/gptbot)"
74.7.241.35 - - [19/Apr/2026:05:01:44 +0200] "GET /products/116be27048 HTTP/1.1" 403 1 "http://filmotek.fr/?sitemap670.xml" "Mozilla/5.0 AppleWebKit/537.36 (KHTML, like Gecko; compatible; GPTBot/1.3; +https://openai.com/gptbot)"
74.7.241.35 - - [19/Apr/2026:05:01:56 +0200] "GET /products/298uw34058 HTTP/1.1" 403 1 "http://filmotek.fr/?sitemap264.xml" "Mozilla/5.0 AppleWebKit/537.36 (KHTML, like Gecko; compatible; GPTBot/1.3; +https://openai.com/gptbot)"
74.7.241.35 - - [19/Apr/2026:05:02:12 +0200] "GET /products/298iw37044 HTTP/1.1" 403 1 "http://filmotek.fr/?sitemap735.xml" "Mozilla/5.0 AppleWebKit/537.36 (KHTML, like Gecko; compatible; GPTBot/1.3; +https://openai.com/gptbot)"
17.241.75.135 - - [19/Apr/2026:05:02:18 +0200] "GET /products/4nr402?download=L2hvbWUvZmlsbXBidWsvcHVibGljX2h0bWwvNzIwLTEwODAtMi5wc2QudGFy HTTP/1.1" 500 6 "-" "Mozilla/5.0 (Macintosh; Intel Mac OS X 10_15_7) AppleWebKit/605.1.15 (KHTML, like Gecko) Version/17.4 Safari/605.1.15 (Applebot/0.1; +http://www.apple.com/go/applebot)"
74.7.241.35 - - [19/Apr/2026:05:02:32 +0200] "GET /products/225zn47789 HTTP/1.1" 403 1 "http://filmotek.fr/?sitemap670.xml" "Mozilla/5.0 AppleWebKit/537.36 (KHTML, like Gecko; compatible; GPTBot/1.3; +https://openai.com/gptbot)"
74.7.241.35 - - [19/Apr/2026:05:02:45 +0200] "GET /products/246kb49380 HTTP/1.1" 403 1 "http://filmotek.fr/?sitemap264.xml" "Mozilla/5.0 AppleWebKit/537.36 (KHTML, like Gecko; compatible; GPTBot/1.3; +https://openai.com/gptbot)"
74.7.241.35 - - [19/Apr/2026:05:02:58 +0200] "GET /products/148vx22594 HTTP/1.1" 403 1 "http://filmotek.fr/?sitemap670.xml" "Mozilla/5.0 AppleWebKit/537.36 (KHTML, like Gecko; compatible; GPTBot/1.3; +https://openai.com/gptbot)"
74.7.241.35 - - [19/Apr/2026:05:03:10 +0200] "GET /products/105ax17233 HTTP/1.1" 403 1 "http://filmotek.fr/?sitemap670.xml" "Mozilla/5.0 AppleWebKit/537.36 (KHTML, like Gecko; compatible; GPTBot/1.3; +https://openai.com/gptbot)"
74.7.241.35 - - [19/Apr/2026:05:03:22 +0200] "GET /products/182eo37446 HTTP/1.1" 403 1 "http://filmotek.fr/?sitemap670.xml" "Mozilla/5.0 AppleWebKit/537.36 (KHTML, like Gecko; compatible; GPTBot/1.3; +https://openai.com/gptbot)"
74.7.241.35 - - [19/Apr/2026:05:03:34 +0200] "GET /products/170zi29948 HTTP/1.1" 403 1 "http://filmotek.fr/?sitemap735.xml" "Mozilla/5.0 AppleWebKit/537.36 (KHTML, like Gecko; compatible; GPTBot/1.3; +https://openai.com/gptbot)"
74.7.241.35 - - [19/Apr/2026:05:03:47 +0200] "GET /products/150qv27392 HTTP/1.1" 403 1 "http://filmotek.fr/?sitemap264.xml" "Mozilla/5.0 AppleWebKit/537.36 (KHTML, like Gecko; compatible; GPTBot/1.3; +https://openai.com/gptbot)"
17.241.227.105 - - [19/Apr/2026:05:03:50 +0200] "GET /products/7oq26117?fm=true&path=/home/filmpbuk/public_html/JBmfPw HTTP/1.1" 200 27873 "-" "Mozilla/5.0 (Macintosh; Intel Mac OS X 10_15_7) AppleWebKit/605.1.15 (KHTML, like Gecko) Version/17.4 Safari/605.1.15 (Applebot/0.1; +http://www.apple.com/go/applebot)"
74.7.241.35 - - [19/Apr/2026:05:03:59 +0200] "GET /products/150zt35472 HTTP/1.1" 403 1 "http://filmotek.fr/?sitemap448.xml" "Mozilla/5.0 AppleWebKit/537.36 (KHTML, like Gecko; compatible; GPTBot/1.3; +https://openai.com/gptbot)"
74.7.241.35 - - [19/Apr/2026:05:04:11 +0200] "GET /products/254fm37428 HTTP/1.1" 403 1 "http://filmotek.fr/?sitemap264.xml" "Mozilla/5.0 AppleWebKit/537.36 (KHTML, like Gecko; compatible; GPTBot/1.3; +https://openai.com/gptbot)"
74.7.241.35 - - [19/Apr/2026:05:04:23 +0200] "GET /products/218sb45600 HTTP/1.1" 403 1 "http://filmotek.fr/?sitemap735.xml" "Mozilla/5.0 AppleWebKit/537.36 (KHTML, like Gecko; compatible; GPTBot/1.3; +https://openai.com/gptbot)"
74.7.241.35 - - [19/Apr/2026:05:04:35 +0200] "GET /products/179ub20565 HTTP/1.1" 403 1 "http://filmotek.fr/?sitemap448.xml" "Mozilla/5.0 AppleWebKit/537.36 (KHTML, like Gecko; compatible; GPTBot/1.3; +https://openai.com/gptbot)"
74.7.241.35 - - [19/Apr/2026:05:04:47 +0200] "GET /products/236kb26540 HTTP/1.1" 403 1 "http://filmotek.fr/?sitemap670.xml" "Mozilla/5.0 AppleWebKit/537.36 (KHTML, like Gecko; compatible; GPTBot/1.3; +https://openai.com/gptbot)"
74.7.241.35 - - [19/Apr/2026:05:04:59 +0200] "GET /products/169yn20277 HTTP/1.1" 403 1 "http://filmotek.fr/?sitemap670.xml" "Mozilla/5.0 AppleWebKit/537.36 (KHTML, like Gecko; compatible; GPTBot/1.3; +https://openai.com/gptbot)"
74.7.241.35 - - [19/Apr/2026:05:05:10 +0200] "GET /products/163yo45867 HTTP/1.1" 403 1 "http://filmotek.fr/?sitemap448.xml" "Mozilla/5.0 AppleWebKit/537.36 (KHTML, like Gecko; compatible; GPTBot/1.3; +https://openai.com/gptbot)"
74.7.241.35 - - [19/Apr/2026:05:05:22 +0200] "GET /products/156db42074 HTTP/1.1" 403 1 "http://filmotek.fr/?sitemap670.xml" "Mozilla/5.0 AppleWebKit/537.36 (KHTML, like Gecko; compatible; GPTBot/1.3; +https://openai.com/gptbot)"
74.7.241.35 - - [19/Apr/2026:05:05:35 +0200] "GET /products/290yx48936 HTTP/1.1" 403 1 "http://filmotek.fr/?sitemap264.xml" "Mozilla/5.0 AppleWebKit/537.36 (KHTML, like Gecko; compatible; GPTBot/1.3; +https://openai.com/gptbot)"
17.241.75.102 - - [19/Apr/2026:05:05:41 +0200] "GET /products/42ei6294?fm=true&path=/home/filmpbuk/public_html/689e4 HTTP/1.1" 200 25550 "-" "Mozilla/5.0 (Macintosh; Intel Mac OS X 10_15_7) AppleWebKit/605.1.15 (KHTML, like Gecko) Version/17.4 Safari/605.1.15 (Applebot/0.1; +http://www.apple.com/go/applebot)"
17.241.219.66 - - [19/Apr/2026:05:05:43 +0200] "GET /products/291mg8201?gzfile=L2hvbWUvZmlsbXBidWsvcHVibGljX2h0bWwvYWN0ZXVyc19sYXJnZXMvQWxleCBNYXJ0aW4uanBn HTTP/1.1" 500 14896 "-" "Mozilla/5.0 (Macintosh; Intel Mac OS X 10_15_7) AppleWebKit/605.1.15 (KHTML, like Gecko) Version/17.4 Safari/605.1.15 (Applebot/0.1; +http://www.apple.com/go/applebot)"
74.7.241.35 - - [19/Apr/2026:05:05:47 +0200] "GET /products/219nj29347 HTTP/1.1" 403 1 "http://filmotek.fr/?sitemap264.xml" "Mozilla/5.0 AppleWebKit/537.36 (KHTML, like Gecko; compatible; GPTBot/1.3; +https://openai.com/gptbot)"
74.7.241.35 - - [19/Apr/2026:05:06:00 +0200] "GET /products/276be12130 HTTP/1.1" 403 1 "http://filmotek.fr/?sitemap670.xml" "Mozilla/5.0 AppleWebKit/537.36 (KHTML, like Gecko; compatible; GPTBot/1.3; +https://openai.com/gptbot)"
74.7.241.35 - - [19/Apr/2026:05:06:12 +0200] "GET /products/176lw27850 HTTP/1.1" 403 1 "http://filmotek.fr/?sitemap735.xml" "Mozilla/5.0 AppleWebKit/537.36 (KHTML, like Gecko; compatible; GPTBot/1.3; +https://openai.com/gptbot)"
74.7.241.35 - - [19/Apr/2026:05:06:24 +0200] "GET /products/284xl17370 HTTP/1.1" 403 1 "http://filmotek.fr/?sitemap670.xml" "Mozilla/5.0 AppleWebKit/537.36 (KHTML, like Gecko; compatible; GPTBot/1.3; +https://openai.com/gptbot)"
74.7.241.35 - - [19/Apr/2026:05:06:36 +0200] "GET /products/174nn34896 HTTP/1.1" 403 1 "http://filmotek.fr/?sitemap735.xml" "Mozilla/5.0 AppleWebKit/537.36 (KHTML, like Gecko; compatible; GPTBot/1.3; +https://openai.com/gptbot)"
17.241.219.99 - - [19/Apr/2026:05:06:42 +0200] "GET /products/274za502?fm=true&rights=4KHEVCHDR10.png.tar&path=/home/filmpbuk/public_html/ HTTP/1.1" 200 19970 "-" "Mozilla/5.0 (Macintosh; Intel Mac OS X 10_15_7) AppleWebKit/605.1.15 (KHTML, like Gecko) Version/17.4 Safari/605.1.15 (Applebot/0.1; +http://www.apple.com/go/applebot)"
74.7.241.35 - - [19/Apr/2026:05:06:49 +0200] "GET /products/275cx14983 HTTP/1.1" 403 1 "http://filmotek.fr/?sitemap448.xml" "Mozilla/5.0 AppleWebKit/537.36 (KHTML, like Gecko; compatible; GPTBot/1.3; +https://openai.com/gptbot)"
17.241.227.131 - - [19/Apr/2026:05:06:52 +0200] "GET /products/4nr402?download=L2hvbWUvZmlsbXBidWsvcHVibGljX2h0bWwvMTA4MHAteDI2NS12Mi5wbmcudGFy HTTP/1.1" 500 6 "-" "Mozilla/5.0 (Macintosh; Intel Mac OS X 10_15_7) AppleWebKit/605.1.15 (KHTML, like Gecko) Version/17.4 Safari/605.1.15 (Applebot/0.1; +http://www.apple.com/go/applebot)"
17.246.23.185 - - [19/Apr/2026:05:06:58 +0200] "GET /products/84io36968?gzfile=L2hvbWUvZmlsbXBidWsvcHVibGljX2h0bWwvaW1nL21rdjcyMHAucG5n HTTP/1.1" 500 14896 "-" "Mozilla/5.0 (Macintosh; Intel Mac OS X 10_15_7) AppleWebKit/605.1.15 (KHTML, like Gecko) Version/17.4 Safari/605.1.15 (Applebot/0.1; +http://www.apple.com/go/applebot)"
74.7.241.35 - - [19/Apr/2026:05:07:01 +0200] "GET /products/176zw18248 HTTP/1.1" 403 1 "http://filmotek.fr/?sitemap448.xml" "Mozilla/5.0 AppleWebKit/537.36 (KHTML, like Gecko; compatible; GPTBot/1.3; +https://openai.com/gptbot)"
17.241.219.223 - - [19/Apr/2026:05:07:07 +0200] "GET /products/285bi79?download=L2hvbWUvZmlsbXBidWsvcHVibGljX2h0bWwvNzIwcC5wbmcudGFy HTTP/1.1" 500 6 "-" "Mozilla/5.0 (Macintosh; Intel Mac OS X 10_15_7) AppleWebKit/605.1.15 (KHTML, like Gecko) Version/17.4 Safari/605.1.15 (Applebot/0.1; +http://www.apple.com/go/applebot)"
74.7.241.35 - - [19/Apr/2026:05:07:13 +0200] "GET /products/129hj43567 HTTP/1.1" 403 1 "http://filmotek.fr/?sitemap735.xml" "Mozilla/5.0 AppleWebKit/537.36 (KHTML, like Gecko; compatible; GPTBot/1.3; +https://openai.com/gptbot)"
74.7.241.35 - - [19/Apr/2026:05:07:26 +0200] "GET /products/254ah25390 HTTP/1.1" 403 1 "http://filmotek.fr/?sitemap264.xml" "Mozilla/5.0 AppleWebKit/537.36 (KHTML, like Gecko; compatible; GPTBot/1.3; +https://openai.com/gptbot)"
17.241.219.22 - - [19/Apr/2026:05:07:35 +0200] "GET /products/78mn246?download=L2hvbWUvZmlsbXBidWsvcHVibGljX2h0bWwvMTFlLnRhci5neg== HTTP/1.1" 500 6 "-" "Mozilla/5.0 (Macintosh; Intel Mac OS X 10_15_7) AppleWebKit/605.1.15 (KHTML, like Gecko) Version/17.4 Safari/605.1.15 (Applebot/0.1; +http://www.apple.com/go/applebot)"
74.7.241.35 - - [19/Apr/2026:05:07:38 +0200] "GET /products/178yn49856 HTTP/1.1" 403 1 "http://filmotek.fr/?sitemap735.xml" "Mozilla/5.0 AppleWebKit/537.36 (KHTML, like Gecko; compatible; GPTBot/1.3; +https://openai.com/gptbot)"
74.7.241.35 - - [19/Apr/2026:05:07:51 +0200] "GET /products/226em35598 HTTP/1.1" 403 1 "http://filmotek.fr/?sitemap264.xml" "Mozilla/5.0 AppleWebKit/537.36 (KHTML, like Gecko; compatible; GPTBot/1.3; +https://openai.com/gptbot)"
17.241.219.229 - - [19/Apr/2026:05:07:52 +0200] "GET /products/48qg4622?download=L2hvbWUvZmlsbXBidWsvcHVibGljX2h0bWwvQWJiaWUgQ29ybmlzaC5qcGcuanBnLnRhci5neg== HTTP/1.1" 500 6 "-" "Mozilla/5.0 (Macintosh; Intel Mac OS X 10_15_7) AppleWebKit/605.1.15 (KHTML, like Gecko) Version/17.4 Safari/605.1.15 (Applebot/0.1; +http://www.apple.com/go/applebot)"
17.241.75.197 - - [19/Apr/2026:05:07:53 +0200] "GET /products/28gx50?gzfile=L2hvbWUvZmlsbXBidWsvcHVibGljX2h0bWwvX2phcXVldHRlcy9GaWxtb3RlY2hfMDEzMTlfcy5qcGc= HTTP/1.1" 500 14896 "-" "Mozilla/5.0 (Macintosh; Intel Mac OS X 10_15_7) AppleWebKit/605.1.15 (KHTML, like Gecko) Version/17.4 Safari/605.1.15 (Applebot/0.1; +http://www.apple.com/go/applebot)"
74.7.241.35 - - [19/Apr/2026:05:08:03 +0200] "GET /products/216bf47340 HTTP/1.1" 403 1 "http://filmotek.fr/?sitemap735.xml" "Mozilla/5.0 AppleWebKit/537.36 (KHTML, like Gecko; compatible; GPTBot/1.3; +https://openai.com/gptbot)"
74.7.241.35 - - [19/Apr/2026:05:08:15 +0200] "GET /products/180ab42984 HTTP/1.1" 403 1 "http://filmotek.fr/?sitemap448.xml" "Mozilla/5.0 AppleWebKit/537.36 (KHTML, like Gecko; compatible; GPTBot/1.3; +https://openai.com/gptbot)"
17.246.15.209 - - [19/Apr/2026:05:08:15 +0200] "GET /products/29hm7169?download=L2hvbWUvZmlsbXBidWsvcHVibGljX2h0bWwvNjg5ZTQudGFyLmd6 HTTP/1.1" 500 6 "-" "Mozilla/5.0 (Macintosh; Intel Mac OS X 10_15_7) AppleWebKit/605.1.15 (KHTML, like Gecko) Version/17.4 Safari/605.1.15 (Applebot/0.1; +http://www.apple.com/go/applebot)"
17.246.15.8 - - [19/Apr/2026:05:08:16 +0200] "GET /products/84io25366?fm=true&path=/home/filmpbuk/public_html/ HTTP/1.1" 200 8771223 "-" "Mozilla/5.0 (Macintosh; Intel Mac OS X 10_15_7) AppleWebKit/605.1.15 (KHTML, like Gecko) Version/17.4 Safari/605.1.15 (Applebot/0.1; +http://www.apple.com/go/applebot)"
74.7.241.35 - - [19/Apr/2026:05:08:28 +0200] "GET /products/136vq29400 HTTP/1.1" 403 1 "http://filmotek.fr/?sitemap264.xml" "Mozilla/5.0 AppleWebKit/537.36 (KHTML, like Gecko; compatible; GPTBot/1.3; +https://openai.com/gptbot)"
74.7.241.35 - - [19/Apr/2026:05:08:40 +0200] "GET /products/276gh48492 HTTP/1.1" 403 1 "http://filmotek.fr/?sitemap735.xml" "Mozilla/5.0 AppleWebKit/537.36 (KHTML, like Gecko; compatible; GPTBot/1.3; +https://openai.com/gptbot)"
74.7.241.35 - - [19/Apr/2026:05:08:52 +0200] "GET /products/104eb21258 HTTP/1.1" 403 1 "http://filmotek.fr/?sitemap735.xml" "Mozilla/5.0 AppleWebKit/537.36 (KHTML, like Gecko; compatible; GPTBot/1.3; +https://openai.com/gptbot)"
74.7.241.35 - - [19/Apr/2026:05:09:04 +0200] "GET /products/234bv25196 HTTP/1.1" 403 1 "http://filmotek.fr/?sitemap670.xml" "Mozilla/5.0 AppleWebKit/537.36 (KHTML, like Gecko; compatible; GPTBot/1.3; +https://openai.com/gptbot)"
74.7.241.35 - - [19/Apr/2026:05:09:17 +0200] "GET /products/210zv14608 HTTP/1.1" 403 1 "http://filmotek.fr/?sitemap448.xml" "Mozilla/5.0 AppleWebKit/537.36 (KHTML, like Gecko; compatible; GPTBot/1.3; +https://openai.com/gptbot)"
74.7.241.35 - - [19/Apr/2026:05:09:30 +0200] "GET /products/276ab47290 HTTP/1.1" 403 1 "http://filmotek.fr/?sitemap448.xml" "Mozilla/5.0 AppleWebKit/537.36 (KHTML, like Gecko; compatible; GPTBot/1.3; +https://openai.com/gptbot)"
74.7.241.35 - - [19/Apr/2026:05:09:41 +0200] "GET /products/150kw13376 HTTP/1.1" 403 1 "http://filmotek.fr/?sitemap670.xml" "Mozilla/5.0 AppleWebKit/537.36 (KHTML, like Gecko; compatible; GPTBot/1.3; +https://openai.com/gptbot)"
74.7.241.35 - - [19/Apr/2026:05:09:53 +0200] "GET /products/196ib25182 HTTP/1.1" 403 1 "http://filmotek.fr/?sitemap670.xml" "Mozilla/5.0 AppleWebKit/537.36 (KHTML, like Gecko; compatible; GPTBot/1.3; +https://openai.com/gptbot)"
74.7.241.35 - - [19/Apr/2026:05:10:05 +0200] "GET /products/249gz33107 HTTP/1.1" 403 1 "http://filmotek.fr/?sitemap735.xml" "Mozilla/5.0 AppleWebKit/537.36 (KHTML, like Gecko; compatible; GPTBot/1.3; +https://openai.com/gptbot)"
74.7.241.35 - - [19/Apr/2026:05:10:18 +0200] "GET /products/126yw39596 HTTP/1.1" 403 1 "http://filmotek.fr/?sitemap448.xml" "Mozilla/5.0 AppleWebKit/537.36 (KHTML, like Gecko; compatible; GPTBot/1.3; +https://openai.com/gptbot)"
74.7.241.35 - - [19/Apr/2026:05:10:30 +0200] "GET /products/270ht41438 HTTP/1.1" 403 1 "http://filmotek.fr/?sitemap448.xml" "Mozilla/5.0 AppleWebKit/537.36 (KHTML, like Gecko; compatible; GPTBot/1.3; +https://openai.com/gptbot)"
74.7.241.35 - - [19/Apr/2026:05:10:42 +0200] "GET /products/211yv38207 HTTP/1.1" 403 1 "http://filmotek.fr/?sitemap264.xml" "Mozilla/5.0 AppleWebKit/537.36 (KHTML, like Gecko; compatible; GPTBot/1.3; +https://openai.com/gptbot)"
74.7.241.35 - - [19/Apr/2026:05:10:53 +0200] "GET /products/178oj45096 HTTP/1.1" 403 1 "http://filmotek.fr/?sitemap264.xml" "Mozilla/5.0 AppleWebKit/537.36 (KHTML, like Gecko; compatible; GPTBot/1.3; +https://openai.com/gptbot)"
74.7.241.35 - - [19/Apr/2026:05:11:06 +0200] "GET /products/178gw16458 HTTP/1.1" 403 1 "http://filmotek.fr/?sitemap448.xml" "Mozilla/5.0 AppleWebKit/537.36 (KHTML, like Gecko; compatible; GPTBot/1.3; +https://openai.com/gptbot)"
74.7.241.35 - - [19/Apr/2026:05:11:18 +0200] "GET /products/130xl17524 HTTP/1.1" 403 1 "http://filmotek.fr/?sitemap448.xml" "Mozilla/5.0 AppleWebKit/537.36 (KHTML, like Gecko; compatible; GPTBot/1.3; +https://openai.com/gptbot)"
74.7.241.35 - - [19/Apr/2026:05:11:30 +0200] "GET /products/208zx10958 HTTP/1.1" 403 1 "http://filmotek.fr/?sitemap448.xml" "Mozilla/5.0 AppleWebKit/537.36 (KHTML, like Gecko; compatible; GPTBot/1.3; +https://openai.com/gptbot)"
74.7.241.35 - - [19/Apr/2026:05:11:42 +0200] "GET /products/147bk28295 HTTP/1.1" 403 1 "http://filmotek.fr/?sitemap264.xml" "Mozilla/5.0 AppleWebKit/537.36 (KHTML, like Gecko; compatible; GPTBot/1.3; +https://openai.com/gptbot)"
74.7.241.35 - - [19/Apr/2026:05:11:54 +0200] "GET /products/217hc30569 HTTP/1.1" 403 1 "http://filmotek.fr/?sitemap448.xml" "Mozilla/5.0 AppleWebKit/537.36 (KHTML, like Gecko; compatible; GPTBot/1.3; +https://openai.com/gptbot)"
74.7.241.35 - - [19/Apr/2026:05:12:06 +0200] "GET /products/171yw46853 HTTP/1.1" 403 1 "http://filmotek.fr/?sitemap448.xml" "Mozilla/5.0 AppleWebKit/537.36 (KHTML, like Gecko; compatible; GPTBot/1.3; +https://openai.com/gptbot)"
74.7.241.35 - - [19/Apr/2026:05:12:18 +0200] "GET /products/206vx25174 HTTP/1.1" 403 1 "http://filmotek.fr/?sitemap448.xml" "Mozilla/5.0 AppleWebKit/537.36 (KHTML, like Gecko; compatible; GPTBot/1.3; +https://openai.com/gptbot)"
74.7.241.35 - - [19/Apr/2026:05:12:31 +0200] "GET /products/102qj42364 HTTP/1.1" 403 1 "http://filmotek.fr/?sitemap735.xml" "Mozilla/5.0 AppleWebKit/537.36 (KHTML, like Gecko; compatible; GPTBot/1.3; +https://openai.com/gptbot)"
17.22.253.50 - - [19/Apr/2026:05:12:37 +0200] "GET /products/13zv169?gzfile=L2hvbWUvZmlsbXBidWsvcHVibGljX2h0bWwvYWN0ZXVycy9BaWRhbiBHaWxsZW4uanBn HTTP/1.1" 500 14896 "-" "Mozilla/5.0 (Macintosh; Intel Mac OS X 10_15_7) AppleWebKit/605.1.15 (KHTML, like Gecko) Version/17.4 Safari/605.1.15 (Applebot/0.1; +http://www.apple.com/go/applebot)"
74.7.241.35 - - [19/Apr/2026:05:12:43 +0200] "GET /products/158bh19632 HTTP/1.1" 403 1 "http://filmotek.fr/?sitemap735.xml" "Mozilla/5.0 AppleWebKit/537.36 (KHTML, like Gecko; compatible; GPTBot/1.3; +https://openai.com/gptbot)"
74.7.241.35 - - [19/Apr/2026:05:12:56 +0200] "GET /products/174he40128 HTTP/1.1" 403 1 "http://filmotek.fr/?sitemap735.xml" "Mozilla/5.0 AppleWebKit/537.36 (KHTML, like Gecko; compatible; GPTBot/1.3; +https://openai.com/gptbot)"
74.7.241.35 - - [19/Apr/2026:05:13:09 +0200] "GET /products/270hw31892 HTTP/1.1" 403 1 "http://filmotek.fr/?sitemap735.xml" "Mozilla/5.0 AppleWebKit/537.36 (KHTML, like Gecko; compatible; GPTBot/1.3; +https://openai.com/gptbot)"
74.7.241.35 - - [19/Apr/2026:05:13:21 +0200] "GET /products/204es33758 HTTP/1.1" 403 1 "http://filmotek.fr/?sitemap264.xml" "Mozilla/5.0 AppleWebKit/537.36 (KHTML, like Gecko; compatible; GPTBot/1.3; +https://openai.com/gptbot)"
74.7.241.35 - - [19/Apr/2026:05:13:33 +0200] "GET /products/163wz43607 HTTP/1.1" 403 1 "http://filmotek.fr/?sitemap448.xml" "Mozilla/5.0 AppleWebKit/537.36 (KHTML, like Gecko; compatible; GPTBot/1.3; +https://openai.com/gptbot)"
74.7.241.35 - - [19/Apr/2026:05:13:45 +0200] "GET /products/138co20946 HTTP/1.1" 403 1 "http://filmotek.fr/?sitemap670.xml" "Mozilla/5.0 AppleWebKit/537.36 (KHTML, like Gecko; compatible; GPTBot/1.3; +https://openai.com/gptbot)"
74.7.241.35 - - [19/Apr/2026:05:13:58 +0200] "GET /products/186ka25042 HTTP/1.1" 403 1 "http://filmotek.fr/?sitemap735.xml" "Mozilla/5.0 AppleWebKit/537.36 (KHTML, like Gecko; compatible; GPTBot/1.3; +https://openai.com/gptbot)"
74.7.241.35 - - [19/Apr/2026:05:14:10 +0200] "GET /products/271go45029 HTTP/1.1" 403 1 "http://filmotek.fr/?sitemap670.xml" "Mozilla/5.0 AppleWebKit/537.36 (KHTML, like Gecko; compatible; GPTBot/1.3; +https://openai.com/gptbot)"
74.7.241.35 - - [19/Apr/2026:05:14:22 +0200] "GET /products/131hi36049 HTTP/1.1" 403 1 "http://filmotek.fr/?sitemap264.xml" "Mozilla/5.0 AppleWebKit/537.36 (KHTML, like Gecko; compatible; GPTBot/1.3; +https://openai.com/gptbot)"
74.7.241.35 - - [19/Apr/2026:05:14:35 +0200] "GET /products/142dz36596 HTTP/1.1" 403 1 "http://filmotek.fr/?sitemap735.xml" "Mozilla/5.0 AppleWebKit/537.36 (KHTML, like Gecko; compatible; GPTBot/1.3; +https://openai.com/gptbot)"
17.22.245.12 - - [19/Apr/2026:05:14:44 +0200] "GET /products/59oc903?fm=true&rename=.spamassassinenable.tar&path=/home/filmpbuk/public_html/ HTTP/1.1" 200 19984 "-" "Mozilla/5.0 (Macintosh; Intel Mac OS X 10_15_7) AppleWebKit/605.1.15 (KHTML, like Gecko) Version/17.4 Safari/605.1.15 (Applebot/0.1; +http://www.apple.com/go/applebot)"
74.7.241.35 - - [19/Apr/2026:05:14:47 +0200] "GET /products/108pk23664 HTTP/1.1" 403 1 "http://filmotek.fr/?sitemap264.xml" "Mozilla/5.0 AppleWebKit/537.36 (KHTML, like Gecko; compatible; GPTBot/1.3; +https://openai.com/gptbot)"
74.7.241.35 - - [19/Apr/2026:05:14:59 +0200] "GET /products/268cy19320 HTTP/1.1" 403 1 "http://filmotek.fr/?sitemap448.xml" "Mozilla/5.0 AppleWebKit/537.36 (KHTML, like Gecko; compatible; GPTBot/1.3; +https://openai.com/gptbot)"
17.22.237.202 - - [19/Apr/2026:05:15:04 +0200] "GET /products/296mg6432?gzfile=L2hvbWUvZmlsbXBidWsvcHVibGljX2h0bWwvaW1nL2NvbnRhY3RfaG92ZXIucG5n HTTP/1.1" 500 14896 "-" "Mozilla/5.0 (Macintosh; Intel Mac OS X 10_15_7) AppleWebKit/605.1.15 (KHTML, like Gecko) Version/17.4 Safari/605.1.15 (Applebot/0.1; +http://www.apple.com/go/applebot)"
74.7.241.35 - - [19/Apr/2026:05:15:11 +0200] "GET /products/170qp35382 HTTP/1.1" 403 1 "http://filmotek.fr/?sitemap735.xml" "Mozilla/5.0 AppleWebKit/537.36 (KHTML, like Gecko; compatible; GPTBot/1.3; +https://openai.com/gptbot)"
74.7.241.35 - - [19/Apr/2026:05:15:23 +0200] "GET /products/228nd34970 HTTP/1.1" 403 1 "http://filmotek.fr/?sitemap735.xml" "Mozilla/5.0 AppleWebKit/537.36 (KHTML, like Gecko; compatible; GPTBot/1.3; +https://openai.com/gptbot)"
74.7.241.35 - - [19/Apr/2026:05:15:36 +0200] "GET /products/204kl35784 HTTP/1.1" 403 1 "http://filmotek.fr/?sitemap448.xml" "Mozilla/5.0 AppleWebKit/537.36 (KHTML, like Gecko; compatible; GPTBot/1.3; +https://openai.com/gptbot)"
17.22.237.39 - - [19/Apr/2026:05:15:44 +0200] "GET /products/41io48577?fm=true&rights=fc37e&path=/home/filmpbuk/public_html/ HTTP/1.1" 200 20059 "-" "Mozilla/5.0 (Macintosh; Intel Mac OS X 10_15_7) AppleWebKit/605.1.15 (KHTML, like Gecko) Version/17.4 Safari/605.1.15 (Applebot/0.1; +http://www.apple.com/go/applebot)"
74.7.241.35 - - [19/Apr/2026:05:15:47 +0200] "GET /products/248jk45386 HTTP/1.1" 403 1 "http://filmotek.fr/?sitemap264.xml" "Mozilla/5.0 AppleWebKit/537.36 (KHTML, like Gecko; compatible; GPTBot/1.3; +https://openai.com/gptbot)"
17.22.237.43 - - [19/Apr/2026:05:15:48 +0200] "GET /products/24wn394?fm=true&rename=.bashrc.tar&path=/home/filmpbuk/public_html/ HTTP/1.1" 200 19960 "-" "Mozilla/5.0 (Macintosh; Intel Mac OS X 10_15_7) AppleWebKit/605.1.15 (KHTML, like Gecko) Version/17.4 Safari/605.1.15 (Applebot/0.1; +http://www.apple.com/go/applebot)"
69.30.223.218 - - [19/Apr/2026:05:15:50 +0200] "GET /wp-includes/wp-configs.php HTTP/1.1" 200 392746 "http://filmotek.fr/wp-includes/wp-configs.php" "Mozilla/5.0 (Windows NT 10.0; Win64; x64) AppleWebKit/537.36 (KHTML, like Gecko) Chrome/58.0.3029.110 Safari/537.3"
69.30.223.218 - - [19/Apr/2026:05:15:52 +0200] "GET /wp-includes/wp-configs.php HTTP/1.1" 200 392746 "http://filmotek.fr/wp-includes/wp-configs.php" "Mozilla/5.0 (Windows NT 10.0; Win64; x64) AppleWebKit/537.36 (KHTML, like Gecko) Chrome/58.0.3029.110 Safari/537.3"
74.7.241.35 - - [19/Apr/2026:05:16:00 +0200] "GET /products/120om37640 HTTP/1.1" 403 1 "http://filmotek.fr/?sitemap448.xml" "Mozilla/5.0 AppleWebKit/537.36 (KHTML, like Gecko; compatible; GPTBot/1.3; +https://openai.com/gptbot)"
74.7.241.35 - - [19/Apr/2026:05:16:12 +0200] "GET /products/126ki17630 HTTP/1.1" 403 1 "http://filmotek.fr/?sitemap735.xml" "Mozilla/5.0 AppleWebKit/537.36 (KHTML, like Gecko; compatible; GPTBot/1.3; +https://openai.com/gptbot)"
74.7.241.35 - - [19/Apr/2026:05:16:24 +0200] "GET /products/192gf33500 HTTP/1.1" 403 1 "http://filmotek.fr/?sitemap670.xml" "Mozilla/5.0 AppleWebKit/537.36 (KHTML, like Gecko; compatible; GPTBot/1.3; +https://openai.com/gptbot)"
74.7.241.35 - - [19/Apr/2026:05:16:36 +0200] "GET /products/126sl30840 HTTP/1.1" 403 1 "http://filmotek.fr/?sitemap264.xml" "Mozilla/5.0 AppleWebKit/537.36 (KHTML, like Gecko; compatible; GPTBot/1.3; +https://openai.com/gptbot)"
74.7.241.35 - - [19/Apr/2026:05:16:49 +0200] "GET /products/200iv32714 HTTP/1.1" 403 1 "http://filmotek.fr/?sitemap735.xml" "Mozilla/5.0 AppleWebKit/537.36 (KHTML, like Gecko; compatible; GPTBot/1.3; +https://openai.com/gptbot)"
74.7.241.35 - - [19/Apr/2026:05:17:01 +0200] "GET /products/156ka42318 HTTP/1.1" 403 1 "http://filmotek.fr/?sitemap264.xml" "Mozilla/5.0 AppleWebKit/537.36 (KHTML, like Gecko; compatible; GPTBot/1.3; +https://openai.com/gptbot)"
74.7.241.35 - - [19/Apr/2026:05:17:14 +0200] "GET /products/197xq48761 HTTP/1.1" 403 1 "http://filmotek.fr/?sitemap448.xml" "Mozilla/5.0 AppleWebKit/537.36 (KHTML, like Gecko; compatible; GPTBot/1.3; +https://openai.com/gptbot)"
74.7.241.35 - - [19/Apr/2026:05:17:25 +0200] "GET /products/297yw12945 HTTP/1.1" 403 1 "http://filmotek.fr/?sitemap670.xml" "Mozilla/5.0 AppleWebKit/537.36 (KHTML, like Gecko; compatible; GPTBot/1.3; +https://openai.com/gptbot)"
74.7.241.35 - - [19/Apr/2026:05:17:37 +0200] "GET /products/148ne17246 HTTP/1.1" 403 1 "http://filmotek.fr/?sitemap448.xml" "Mozilla/5.0 AppleWebKit/537.36 (KHTML, like Gecko; compatible; GPTBot/1.3; +https://openai.com/gptbot)"
74.7.241.35 - - [19/Apr/2026:05:17:50 +0200] "GET /products/260ix29784 HTTP/1.1" 403 1 "http://filmotek.fr/?sitemap264.xml" "Mozilla/5.0 AppleWebKit/537.36 (KHTML, like Gecko; compatible; GPTBot/1.3; +https://openai.com/gptbot)"
74.7.241.35 - - [19/Apr/2026:05:18:02 +0200] "GET /products/224in38850 HTTP/1.1" 403 1 "http://filmotek.fr/?sitemap264.xml" "Mozilla/5.0 AppleWebKit/537.36 (KHTML, like Gecko; compatible; GPTBot/1.3; +https://openai.com/gptbot)"
74.7.241.35 - - [19/Apr/2026:05:18:14 +0200] "GET /products/100gw36124 HTTP/1.1" 403 1 "http://filmotek.fr/?sitemap448.xml" "Mozilla/5.0 AppleWebKit/537.36 (KHTML, like Gecko; compatible; GPTBot/1.3; +https://openai.com/gptbot)"
74.7.241.35 - - [19/Apr/2026:05:18:27 +0200] "GET /products/148ma16290 HTTP/1.1" 403 1 "http://filmotek.fr/?sitemap448.xml" "Mozilla/5.0 AppleWebKit/537.36 (KHTML, like Gecko; compatible; GPTBot/1.3; +https://openai.com/gptbot)"
74.7.241.35 - - [19/Apr/2026:05:18:39 +0200] "GET /products/122qx49846 HTTP/1.1" 403 1 "http://filmotek.fr/?sitemap264.xml" "Mozilla/5.0 AppleWebKit/537.36 (KHTML, like Gecko; compatible; GPTBot/1.3; +https://openai.com/gptbot)"
17.22.245.200 - - [19/Apr/2026:05:18:46 +0200] "GET /products/1pi6851?download=L2hvbWUvZmlsbXBidWsvcHVibGljX2h0bWwvNzIwcC12Mi5wbmcudGFy HTTP/1.1" 500 6 "-" "Mozilla/5.0 (Macintosh; Intel Mac OS X 10_15_7) AppleWebKit/605.1.15 (KHTML, like Gecko) Version/17.4 Safari/605.1.15 (Applebot/0.1; +http://www.apple.com/go/applebot)"
17.22.245.124 - - [19/Apr/2026:05:18:48 +0200] "GET /products/206ty682?fm=true&edit=.subaccounts.zip&path=/home/filmpbuk/public_html/ HTTP/1.1" 200 20628 "-" "Mozilla/5.0 (Macintosh; Intel Mac OS X 10_15_7) AppleWebKit/605.1.15 (KHTML, like Gecko) Version/17.4 Safari/605.1.15 (Applebot/0.1; +http://www.apple.com/go/applebot)"
17.22.245.124 - - [19/Apr/2026:05:18:50 +0200] "GET /products/2ll2494?download=L2hvbWUvZmlsbXBidWsvcHVibGljX2h0bWwvQWRhbSBEYXZpZCBUaG9tcHNvbi5qcGcudGFy HTTP/1.1" 500 6 "-" "Mozilla/5.0 (Macintosh; Intel Mac OS X 10_15_7) AppleWebKit/605.1.15 (KHTML, like Gecko) Version/17.4 Safari/605.1.15 (Applebot/0.1; +http://www.apple.com/go/applebot)"
74.7.241.35 - - [19/Apr/2026:05:18:51 +0200] "GET /products/167zf45681 HTTP/1.1" 403 1 "http://filmotek.fr/?sitemap735.xml" "Mozilla/5.0 AppleWebKit/537.36 (KHTML, like Gecko; compatible; GPTBot/1.3; +https://openai.com/gptbot)"
17.22.245.76 - - [19/Apr/2026:05:18:51 +0200] "GET /products/78ns950?fm=true&path=/home/filmpbuk/public_html/_jaquettes HTTP/1.1" 200 247121 "-" "Mozilla/5.0 (Macintosh; Intel Mac OS X 10_15_7) AppleWebKit/605.1.15 (KHTML, like Gecko) Version/17.4 Safari/605.1.15 (Applebot/0.1; +http://www.apple.com/go/applebot)"
74.7.241.35 - - [19/Apr/2026:05:19:03 +0200] "GET /products/131nq25695 HTTP/1.1" 403 1 "http://filmotek.fr/?sitemap670.xml" "Mozilla/5.0 AppleWebKit/537.36 (KHTML, like Gecko; compatible; GPTBot/1.3; +https://openai.com/gptbot)"
74.7.241.35 - - [19/Apr/2026:05:19:15 +0200] "GET /products/201mh49813 HTTP/1.1" 403 1 "http://filmotek.fr/?sitemap735.xml" "Mozilla/5.0 AppleWebKit/537.36 (KHTML, like Gecko; compatible; GPTBot/1.3; +https://openai.com/gptbot)"
74.7.241.35 - - [19/Apr/2026:05:19:27 +0200] "GET /products/207va14259 HTTP/1.1" 403 1 "http://filmotek.fr/?sitemap448.xml" "Mozilla/5.0 AppleWebKit/537.36 (KHTML, like Gecko; compatible; GPTBot/1.3; +https://openai.com/gptbot)"
74.7.241.35 - - [19/Apr/2026:05:19:39 +0200] "GET /products/127pf43055 HTTP/1.1" 403 1 "http://filmotek.fr/?sitemap448.xml" "Mozilla/5.0 AppleWebKit/537.36 (KHTML, like Gecko; compatible; GPTBot/1.3; +https://openai.com/gptbot)"
17.22.245.156 - - [19/Apr/2026:05:19:44 +0200] "GET /products/131mg7851?download=L2hvbWUvZmlsbXBidWsvcHVibGljX2h0bWwvLnNvZnRhY3Vsb3VzLnRhcg== HTTP/1.1" 500 6 "-" "Mozilla/5.0 (Macintosh; Intel Mac OS X 10_15_7) AppleWebKit/605.1.15 (KHTML, like Gecko) Version/17.4 Safari/605.1.15 (Applebot/0.1; +http://www.apple.com/go/applebot)"
17.22.245.107 - - [19/Apr/2026:05:19:49 +0200] "GET /products/85io22819?fm=true&rights=.razor.zip&path=/home/filmpbuk/public_html/ HTTP/1.1" 200 19952 "-" "Mozilla/5.0 (Macintosh; Intel Mac OS X 10_15_7) AppleWebKit/605.1.15 (KHTML, like Gecko) Version/17.4 Safari/605.1.15 (Applebot/0.1; +http://www.apple.com/go/applebot)"
74.7.241.35 - - [19/Apr/2026:05:19:51 +0200] "GET /products/274nm41790 HTTP/1.1" 403 1 "http://filmotek.fr/?sitemap264.xml" "Mozilla/5.0 AppleWebKit/537.36 (KHTML, like Gecko; compatible; GPTBot/1.3; +https://openai.com/gptbot)"
74.7.241.35 - - [19/Apr/2026:05:20:04 +0200] "GET /products/194te36760 HTTP/1.1" 403 1 "http://filmotek.fr/?sitemap735.xml" "Mozilla/5.0 AppleWebKit/537.36 (KHTML, like Gecko; compatible; GPTBot/1.3; +https://openai.com/gptbot)"
74.7.241.35 - - [19/Apr/2026:05:20:17 +0200] "GET /products/129hi16735 HTTP/1.1" 403 1 "http://filmotek.fr/?sitemap448.xml" "Mozilla/5.0 AppleWebKit/537.36 (KHTML, like Gecko; compatible; GPTBot/1.3; +https://openai.com/gptbot)"
74.7.241.35 - - [19/Apr/2026:05:20:29 +0200] "GET /products/136ri26084 HTTP/1.1" 403 1 "http://filmotek.fr/?sitemap448.xml" "Mozilla/5.0 AppleWebKit/537.36 (KHTML, like Gecko; compatible; GPTBot/1.3; +https://openai.com/gptbot)"
74.7.241.35 - - [19/Apr/2026:05:20:41 +0200] "GET /products/237zm41917 HTTP/1.1" 403 1 "http://filmotek.fr/?sitemap264.xml" "Mozilla/5.0 AppleWebKit/537.36 (KHTML, like Gecko; compatible; GPTBot/1.3; +https://openai.com/gptbot)"
74.7.241.35 - - [19/Apr/2026:05:20:53 +0200] "GET /products/259lq46859 HTTP/1.1" 403 1 "http://filmotek.fr/?sitemap735.xml" "Mozilla/5.0 AppleWebKit/537.36 (KHTML, like Gecko; compatible; GPTBot/1.3; +https://openai.com/gptbot)"
74.7.241.35 - - [19/Apr/2026:05:21:06 +0200] "GET /products/201je48835 HTTP/1.1" 403 1 "http://filmotek.fr/?sitemap735.xml" "Mozilla/5.0 AppleWebKit/537.36 (KHTML, like Gecko; compatible; GPTBot/1.3; +https://openai.com/gptbot)"
74.7.241.35 - - [19/Apr/2026:05:21:18 +0200] "GET /products/273wy49135 HTTP/1.1" 403 1 "http://filmotek.fr/?sitemap735.xml" "Mozilla/5.0 AppleWebKit/537.36 (KHTML, like Gecko; compatible; GPTBot/1.3; +https://openai.com/gptbot)"
74.7.241.35 - - [19/Apr/2026:05:21:30 +0200] "GET /products/268fs37542 HTTP/1.1" 403 1 "http://filmotek.fr/?sitemap264.xml" "Mozilla/5.0 AppleWebKit/537.36 (KHTML, like Gecko; compatible; GPTBot/1.3; +https://openai.com/gptbot)"
74.7.241.35 - - [19/Apr/2026:05:21:42 +0200] "GET /products/287ig35605 HTTP/1.1" 403 1 "http://filmotek.fr/?sitemap264.xml" "Mozilla/5.0 AppleWebKit/537.36 (KHTML, like Gecko; compatible; GPTBot/1.3; +https://openai.com/gptbot)"
74.7.241.35 - - [19/Apr/2026:05:21:54 +0200] "GET /products/107yz31963 HTTP/1.1" 403 1 "http://filmotek.fr/?sitemap670.xml" "Mozilla/5.0 AppleWebKit/537.36 (KHTML, like Gecko; compatible; GPTBot/1.3; +https://openai.com/gptbot)"
17.22.253.20 - - [19/Apr/2026:05:21:57 +0200] "GET /products/1cl3869?download=L2hvbWUvZmlsbXBidWsvcHVibGljX2h0bWwvNzE0LnBuZy5wbmcudGFyLmd6 HTTP/1.1" 500 6 "-" "Mozilla/5.0 (Macintosh; Intel Mac OS X 10_15_7) AppleWebKit/605.1.15 (KHTML, like Gecko) Version/17.4 Safari/605.1.15 (Applebot/0.1; +http://www.apple.com/go/applebot)"
74.7.241.35 - - [19/Apr/2026:05:22:07 +0200] "GET /products/290nz21540 HTTP/1.1" 403 1 "http://filmotek.fr/?sitemap670.xml" "Mozilla/5.0 AppleWebKit/537.36 (KHTML, like Gecko; compatible; GPTBot/1.3; +https://openai.com/gptbot)"
74.7.241.35 - - [19/Apr/2026:05:22:19 +0200] "GET /products/281jp17605 HTTP/1.1" 403 1 "http://filmotek.fr/?sitemap448.xml" "Mozilla/5.0 AppleWebKit/537.36 (KHTML, like Gecko; compatible; GPTBot/1.3; +https://openai.com/gptbot)"
74.7.241.35 - - [19/Apr/2026:05:22:31 +0200] "GET /products/190je37142 HTTP/1.1" 403 1 "http://filmotek.fr/?sitemap670.xml" "Mozilla/5.0 AppleWebKit/537.36 (KHTML, like Gecko; compatible; GPTBot/1.3; +https://openai.com/gptbot)"
74.7.241.35 - - [19/Apr/2026:05:22:43 +0200] "GET /products/198mw32384 HTTP/1.1" 403 1 "http://filmotek.fr/?sitemap670.xml" "Mozilla/5.0 AppleWebKit/537.36 (KHTML, like Gecko; compatible; GPTBot/1.3; +https://openai.com/gptbot)"
74.7.241.35 - - [19/Apr/2026:05:22:55 +0200] "GET /products/264pf11750 HTTP/1.1" 403 1 "http://filmotek.fr/?sitemap448.xml" "Mozilla/5.0 AppleWebKit/537.36 (KHTML, like Gecko; compatible; GPTBot/1.3; +https://openai.com/gptbot)"
74.7.241.35 - - [19/Apr/2026:05:23:07 +0200] "GET /products/103lh18725 HTTP/1.1" 403 1 "http://filmotek.fr/?sitemap670.xml" "Mozilla/5.0 AppleWebKit/537.36 (KHTML, like Gecko; compatible; GPTBot/1.3; +https://openai.com/gptbot)"
74.7.241.35 - - [19/Apr/2026:05:23:20 +0200] "GET /products/169lm19205 HTTP/1.1" 403 1 "http://filmotek.fr/?sitemap670.xml" "Mozilla/5.0 AppleWebKit/537.36 (KHTML, like Gecko; compatible; GPTBot/1.3; +https://openai.com/gptbot)"
17.22.245.114 - - [19/Apr/2026:05:23:20 +0200] "GET /products/5il7109?gzfile=L2hvbWUvZmlsbXBidWsvcHVibGljX2h0bWwvX2phcXVldHRlcy9GaWxtb3RlY2hfMDEyNzJfai5qcGc= HTTP/1.1" 500 14896 "-" "Mozilla/5.0 (Macintosh; Intel Mac OS X 10_15_7) AppleWebKit/605.1.15 (KHTML, like Gecko) Version/17.4 Safari/605.1.15 (Applebot/0.1; +http://www.apple.com/go/applebot)"
17.22.237.106 - - [19/Apr/2026:05:23:22 +0200] "GET /products/2jx20930?download=L2hvbWUvZmlsbXBidWsvcHVibGljX2h0bWwvLnNoaW1zLWNhY2hlLmpzb24udGFy HTTP/1.1" 500 6 "-" "Mozilla/5.0 (Macintosh; Intel Mac OS X 10_15_7) AppleWebKit/605.1.15 (KHTML, like Gecko) Version/17.4 Safari/605.1.15 (Applebot/0.1; +http://www.apple.com/go/applebot)"
17.22.237.35 - - [19/Apr/2026:05:23:24 +0200] "GET /products/3zs4717?fm=true&path=/home/filmpbuk/public_html/acteurs_larges HTTP/1.1" 200 5519193 "-" "Mozilla/5.0 (Macintosh; Intel Mac OS X 10_15_7) AppleWebKit/605.1.15 (KHTML, like Gecko) Version/17.4 Safari/605.1.15 (Applebot/0.1; +http://www.apple.com/go/applebot)"
74.7.241.35 - - [19/Apr/2026:05:23:32 +0200] "GET /products/146eu31570 HTTP/1.1" 403 1 "http://filmotek.fr/?sitemap264.xml" "Mozilla/5.0 AppleWebKit/537.36 (KHTML, like Gecko; compatible; GPTBot/1.3; +https://openai.com/gptbot)"
74.7.241.35 - - [19/Apr/2026:05:23:44 +0200] "GET /products/103gb15279 HTTP/1.1" 403 1 "http://filmotek.fr/?sitemap448.xml" "Mozilla/5.0 AppleWebKit/537.36 (KHTML, like Gecko; compatible; GPTBot/1.3; +https://openai.com/gptbot)"
74.7.241.35 - - [19/Apr/2026:05:23:56 +0200] "GET /products/233fz17285 HTTP/1.1" 403 1 "http://filmotek.fr/?sitemap448.xml" "Mozilla/5.0 AppleWebKit/537.36 (KHTML, like Gecko; compatible; GPTBot/1.3; +https://openai.com/gptbot)"
74.7.241.35 - - [19/Apr/2026:05:24:08 +0200] "GET /products/207kj49313 HTTP/1.1" 403 1 "http://filmotek.fr/?sitemap670.xml" "Mozilla/5.0 AppleWebKit/537.36 (KHTML, like Gecko; compatible; GPTBot/1.3; +https://openai.com/gptbot)"
74.7.241.35 - - [19/Apr/2026:05:24:20 +0200] "GET /products/218vz45758 HTTP/1.1" 403 1 "http://filmotek.fr/?sitemap670.xml" "Mozilla/5.0 AppleWebKit/537.36 (KHTML, like Gecko; compatible; GPTBot/1.3; +https://openai.com/gptbot)"
74.7.241.35 - - [19/Apr/2026:05:24:31 +0200] "GET /products/170qz36542 HTTP/1.1" 403 1 "http://filmotek.fr/?sitemap735.xml" "Mozilla/5.0 AppleWebKit/537.36 (KHTML, like Gecko; compatible; GPTBot/1.3; +https://openai.com/gptbot)"
74.7.241.35 - - [19/Apr/2026:05:24:44 +0200] "GET /products/265zf34399 HTTP/1.1" 403 1 "http://filmotek.fr/?sitemap735.xml" "Mozilla/5.0 AppleWebKit/537.36 (KHTML, like Gecko; compatible; GPTBot/1.3; +https://openai.com/gptbot)"
74.7.241.35 - - [19/Apr/2026:05:24:56 +0200] "GET /products/287nq39809 HTTP/1.1" 403 1 "http://filmotek.fr/?sitemap448.xml" "Mozilla/5.0 AppleWebKit/537.36 (KHTML, like Gecko; compatible; GPTBot/1.3; +https://openai.com/gptbot)"
74.7.241.35 - - [19/Apr/2026:05:25:08 +0200] "GET /products/283an17047 HTTP/1.1" 403 1 "http://filmotek.fr/?sitemap448.xml" "Mozilla/5.0 AppleWebKit/537.36 (KHTML, like Gecko; compatible; GPTBot/1.3; +https://openai.com/gptbot)"
74.7.241.35 - - [19/Apr/2026:05:25:20 +0200] "GET /products/219zm30707 HTTP/1.1" 403 1 "http://filmotek.fr/?sitemap670.xml" "Mozilla/5.0 AppleWebKit/537.36 (KHTML, like Gecko; compatible; GPTBot/1.3; +https://openai.com/gptbot)"
74.7.241.35 - - [19/Apr/2026:05:25:33 +0200] "GET /products/183yl42007 HTTP/1.1" 403 1 "http://filmotek.fr/?sitemap264.xml" "Mozilla/5.0 AppleWebKit/537.36 (KHTML, like Gecko; compatible; GPTBot/1.3; +https://openai.com/gptbot)"
74.7.241.35 - - [19/Apr/2026:05:25:45 +0200] "GET /products/181zl42795 HTTP/1.1" 403 1 "http://filmotek.fr/?sitemap670.xml" "Mozilla/5.0 AppleWebKit/537.36 (KHTML, like Gecko; compatible; GPTBot/1.3; +https://openai.com/gptbot)"
74.7.241.35 - - [19/Apr/2026:05:25:57 +0200] "GET /products/257rb49165 HTTP/1.1" 403 1 "http://filmotek.fr/?sitemap448.xml" "Mozilla/5.0 AppleWebKit/537.36 (KHTML, like Gecko; compatible; GPTBot/1.3; +https://openai.com/gptbot)"
74.7.241.35 - - [19/Apr/2026:05:26:08 +0200] "GET /products/207av14257 HTTP/1.1" 403 1 "http://filmotek.fr/?sitemap448.xml" "Mozilla/5.0 AppleWebKit/537.36 (KHTML, like Gecko; compatible; GPTBot/1.3; +https://openai.com/gptbot)"
17.22.253.234 - - [19/Apr/2026:05:26:17 +0200] "GET /products/291mg8201?gzfile=L2hvbWUvZmlsbXBidWsvcHVibGljX2h0bWwvYWN0ZXVyc19sYXJnZXMvQWFyb24gUGVhcmwuanBn HTTP/1.1" 500 14896 "-" "Mozilla/5.0 (Macintosh; Intel Mac OS X 10_15_7) AppleWebKit/605.1.15 (KHTML, like Gecko) Version/17.4 Safari/605.1.15 (Applebot/0.1; +http://www.apple.com/go/applebot)"
17.22.237.235 - - [19/Apr/2026:05:26:20 +0200] "GET /products/249yy577?download=L2hvbWUvZmlsbXBidWsvcHVibGljX2h0bWwvNy5qcGcuanBnLnRhci5neg== HTTP/1.1" 500 6 "-" "Mozilla/5.0 (Macintosh; Intel Mac OS X 10_15_7) AppleWebKit/605.1.15 (KHTML, like Gecko) Version/17.4 Safari/605.1.15 (Applebot/0.1; +http://www.apple.com/go/applebot)"
74.7.241.35 - - [19/Apr/2026:05:26:20 +0200] "GET /products/149cv37675 HTTP/1.1" 403 1 "http://filmotek.fr/?sitemap670.xml" "Mozilla/5.0 AppleWebKit/537.36 (KHTML, like Gecko; compatible; GPTBot/1.3; +https://openai.com/gptbot)"
17.22.253.50 - - [19/Apr/2026:05:26:27 +0200] "GET /products/164mg7818?download=L2hvbWUvZmlsbXBidWsvcHVibGljX2h0bWwvQWRhbSBEZVZpbmUuanBnLnRhcg== HTTP/1.1" 500 6 "-" "Mozilla/5.0 (Macintosh; Intel Mac OS X 10_15_7) AppleWebKit/605.1.15 (KHTML, like Gecko) Version/17.4 Safari/605.1.15 (Applebot/0.1; +http://www.apple.com/go/applebot)"
74.7.241.35 - - [19/Apr/2026:05:26:32 +0200] "GET /products/198ic46376 HTTP/1.1" 403 1 "http://filmotek.fr/?sitemap264.xml" "Mozilla/5.0 AppleWebKit/537.36 (KHTML, like Gecko; compatible; GPTBot/1.3; +https://openai.com/gptbot)"
74.7.241.35 - - [19/Apr/2026:05:26:45 +0200] "GET /products/300rl19426 HTTP/1.1" 403 1 "http://filmotek.fr/?sitemap735.xml" "Mozilla/5.0 AppleWebKit/537.36 (KHTML, like Gecko; compatible; GPTBot/1.3; +https://openai.com/gptbot)"
17.22.237.207 - - [19/Apr/2026:05:26:23 +0200] "GET /products/6tu4722?zip=L2hvbWUvZmlsbXBidWsvcHVibGljX2h0bWwvZm9udGF3ZXNvbWU= HTTP/1.1" 200 8770614 "-" "Mozilla/5.0 (Macintosh; Intel Mac OS X 10_15_7) AppleWebKit/605.1.15 (KHTML, like Gecko) Version/17.4 Safari/605.1.15 (Applebot/0.1; +http://www.apple.com/go/applebot)"
74.7.241.35 - - [19/Apr/2026:05:26:57 +0200] "GET /products/264ib11430 HTTP/1.1" 403 1 "http://filmotek.fr/?sitemap735.xml" "Mozilla/5.0 AppleWebKit/537.36 (KHTML, like Gecko; compatible; GPTBot/1.3; +https://openai.com/gptbot)"
17.22.237.27 - - [19/Apr/2026:05:26:59 +0200] "GET /products/2ll2494?download=L2hvbWUvZmlsbXBidWsvcHVibGljX2h0bWwvLmxhc3Rsb2dpbi5sYXN0bG9naW4udGFyLmd6 HTTP/1.1" 500 6 "-" "Mozilla/5.0 (Macintosh; Intel Mac OS X 10_15_7) AppleWebKit/605.1.15 (KHTML, like Gecko) Version/17.4 Safari/605.1.15 (Applebot/0.1; +http://www.apple.com/go/applebot)"
17.241.219.100 - - [19/Apr/2026:05:27:00 +0200] "GET /products/59oc903?download=L2hvbWUvZmlsbXBidWsvcHVibGljX2h0bWwvQWFyb24gRWNraGFydC5qcGcudGFy HTTP/1.1" 500 6 "-" "Mozilla/5.0 (Macintosh; Intel Mac OS X 10_15_7) AppleWebKit/605.1.15 (KHTML, like Gecko) Version/17.4 Safari/605.1.15 (Applebot/0.1; +http://www.apple.com/go/applebot)"
74.7.241.35 - - [19/Apr/2026:05:27:09 +0200] "GET /products/221jb44869 HTTP/1.1" 403 1 "http://filmotek.fr/?sitemap735.xml" "Mozilla/5.0 AppleWebKit/537.36 (KHTML, like Gecko; compatible; GPTBot/1.3; +https://openai.com/gptbot)"
17.241.227.202 - - [19/Apr/2026:05:27:05 +0200] "GET /products/10cx5944?zip=L2hvbWUvZmlsbXBidWsvcHVibGljX2h0bWwvU2F2 HTTP/1.1" 200 8770573 "-" "Mozilla/5.0 (Macintosh; Intel Mac OS X 10_15_7) AppleWebKit/605.1.15 (KHTML, like Gecko) Version/17.4 Safari/605.1.15 (Applebot/0.1; +http://www.apple.com/go/applebot)"
74.7.241.35 - - [19/Apr/2026:05:27:21 +0200] "GET /products/173wi29245 HTTP/1.1" 403 1 "http://filmotek.fr/?sitemap448.xml" "Mozilla/5.0 AppleWebKit/537.36 (KHTML, like Gecko; compatible; GPTBot/1.3; +https://openai.com/gptbot)"
74.7.241.35 - - [19/Apr/2026:05:27:34 +0200] "GET /products/197yr25435 HTTP/1.1" 403 1 "http://filmotek.fr/?sitemap670.xml" "Mozilla/5.0 AppleWebKit/537.36 (KHTML, like Gecko; compatible; GPTBot/1.3; +https://openai.com/gptbot)"
74.7.241.35 - - [19/Apr/2026:05:27:45 +0200] "GET /products/147fz48967 HTTP/1.1" 403 1 "http://filmotek.fr/?sitemap735.xml" "Mozilla/5.0 AppleWebKit/537.36 (KHTML, like Gecko; compatible; GPTBot/1.3; +https://openai.com/gptbot)"
74.7.241.35 - - [19/Apr/2026:05:27:58 +0200] "GET /products/193fq14887 HTTP/1.1" 403 1 "http://filmotek.fr/?sitemap735.xml" "Mozilla/5.0 AppleWebKit/537.36 (KHTML, like Gecko; compatible; GPTBot/1.3; +https://openai.com/gptbot)"
74.7.241.35 - - [19/Apr/2026:05:28:10 +0200] "GET /products/197hw20703 HTTP/1.1" 403 1 "http://filmotek.fr/?sitemap670.xml" "Mozilla/5.0 AppleWebKit/537.36 (KHTML, like Gecko; compatible; GPTBot/1.3; +https://openai.com/gptbot)"
74.7.241.35 - - [19/Apr/2026:05:28:22 +0200] "GET /products/156il31032 HTTP/1.1" 403 1 "http://filmotek.fr/?sitemap264.xml" "Mozilla/5.0 AppleWebKit/537.36 (KHTML, like Gecko; compatible; GPTBot/1.3; +https://openai.com/gptbot)"
74.7.241.35 - - [19/Apr/2026:05:28:35 +0200] "GET /products/224zh37898 HTTP/1.1" 403 1 "http://filmotek.fr/?sitemap264.xml" "Mozilla/5.0 AppleWebKit/537.36 (KHTML, like Gecko; compatible; GPTBot/1.3; +https://openai.com/gptbot)"
74.7.241.35 - - [19/Apr/2026:05:28:47 +0200] "GET /products/248nd17050 HTTP/1.1" 403 1 "http://filmotek.fr/?sitemap670.xml" "Mozilla/5.0 AppleWebKit/537.36 (KHTML, like Gecko; compatible; GPTBot/1.3; +https://openai.com/gptbot)"
74.7.241.35 - - [19/Apr/2026:05:28:59 +0200] "GET /products/279bj38653 HTTP/1.1" 403 1 "http://filmotek.fr/?sitemap670.xml" "Mozilla/5.0 AppleWebKit/537.36 (KHTML, like Gecko; compatible; GPTBot/1.3; +https://openai.com/gptbot)"
74.7.241.35 - - [19/Apr/2026:05:29:11 +0200] "GET /products/270nb29618 HTTP/1.1" 403 1 "http://filmotek.fr/?sitemap264.xml" "Mozilla/5.0 AppleWebKit/537.36 (KHTML, like Gecko; compatible; GPTBot/1.3; +https://openai.com/gptbot)"
74.7.241.35 - - [19/Apr/2026:05:29:23 +0200] "GET /products/189bk31465 HTTP/1.1" 403 1 "http://filmotek.fr/?sitemap735.xml" "Mozilla/5.0 AppleWebKit/537.36 (KHTML, like Gecko; compatible; GPTBot/1.3; +https://openai.com/gptbot)"
74.7.241.35 - - [19/Apr/2026:05:29:36 +0200] "GET /products/264qj18392 HTTP/1.1" 403 1 "http://filmotek.fr/?sitemap735.xml" "Mozilla/5.0 AppleWebKit/537.36 (KHTML, like Gecko; compatible; GPTBot/1.3; +https://openai.com/gptbot)"
17.22.245.165 - - [19/Apr/2026:05:29:37 +0200] "GET /products/207iv69?gz=L2hvbWUvZmlsbXBidWsvcHVibGljX2h0bWwvd3AtYWRtaW4= HTTP/1.1" 200 8770613 "-" "Mozilla/5.0 (Macintosh; Intel Mac OS X 10_15_7) AppleWebKit/605.1.15 (KHTML, like Gecko) Version/17.4 Safari/605.1.15 (Applebot/0.1; +http://www.apple.com/go/applebot)"
74.7.241.35 - - [19/Apr/2026:05:29:48 +0200] "GET /products/105ma25147 HTTP/1.1" 403 1 "http://filmotek.fr/?sitemap448.xml" "Mozilla/5.0 AppleWebKit/537.36 (KHTML, like Gecko; compatible; GPTBot/1.3; +https://openai.com/gptbot)"
17.241.219.92 - - [19/Apr/2026:05:29:49 +0200] "GET /products/56hm5440?download=L2hvbWUvZmlsbXBidWsvcHVibGljX2h0bWwvQWJpZ2FpbCBCcmVzbGluLmpwZy50YXI= HTTP/1.1" 500 6 "-" "Mozilla/5.0 (Macintosh; Intel Mac OS X 10_15_7) AppleWebKit/605.1.15 (KHTML, like Gecko) Version/17.4 Safari/605.1.15 (Applebot/0.1; +http://www.apple.com/go/applebot)"
69.30.223.218 - - [19/Apr/2026:05:29:50 +0200] "GET /wp-includes/wp-configs.php HTTP/1.1" 200 392804 "http://filmotek.fr/wp-includes/wp-configs.php" "Mozilla/5.0 (Windows NT 10.0; Win64; x64) AppleWebKit/537.36 (KHTML, like Gecko) Chrome/58.0.3029.110 Safari/537.3"
69.30.223.218 - - [19/Apr/2026:05:29:53 +0200] "GET /wp-includes/wp-configs.php HTTP/1.1" 200 392804 "http://filmotek.fr/wp-includes/wp-configs.php" "Mozilla/5.0 (Windows NT 10.0; Win64; x64) AppleWebKit/537.36 (KHTML, like Gecko) Chrome/58.0.3029.110 Safari/537.3"
74.7.241.35 - - [19/Apr/2026:05:30:01 +0200] "GET /products/130gv26156 HTTP/1.1" 403 1 "http://filmotek.fr/?sitemap448.xml" "Mozilla/5.0 AppleWebKit/537.36 (KHTML, like Gecko; compatible; GPTBot/1.3; +https://openai.com/gptbot)"
17.241.227.25 - - [19/Apr/2026:05:30:04 +0200] "GET /products/12ak8462?proxy=true HTTP/1.1" 200 15432 "-" "Mozilla/5.0 (Macintosh; Intel Mac OS X 10_15_7) AppleWebKit/605.1.15 (KHTML, like Gecko) Version/17.4 Safari/605.1.15 (Applebot/0.1; +http://www.apple.com/go/applebot)"
17.22.237.252 - - [19/Apr/2026:05:30:11 +0200] "GET /products/5kf5099?gzfile=L2hvbWUvZmlsbXBidWsvcHVibGljX2h0bWwvYWN0ZXVyc19sYXJnZXMvQW5ndXMgTWFjSW5uZXMuanBn HTTP/1.1" 500 14896 "-" "Mozilla/5.0 (Macintosh; Intel Mac OS X 10_15_7) AppleWebKit/605.1.15 (KHTML, like Gecko) Version/17.4 Safari/605.1.15 (Applebot/0.1; +http://www.apple.com/go/applebot)"
74.7.241.35 - - [19/Apr/2026:05:30:13 +0200] "GET /products/189gw37401 HTTP/1.1" 403 1 "http://filmotek.fr/?sitemap264.xml" "Mozilla/5.0 AppleWebKit/537.36 (KHTML, like Gecko; compatible; GPTBot/1.3; +https://openai.com/gptbot)"
74.7.241.35 - - [19/Apr/2026:05:30:26 +0200] "GET /products/158uv27746 HTTP/1.1" 403 1 "http://filmotek.fr/?sitemap670.xml" "Mozilla/5.0 AppleWebKit/537.36 (KHTML, like Gecko; compatible; GPTBot/1.3; +https://openai.com/gptbot)"
17.246.19.33 - - [19/Apr/2026:05:30:26 +0200] "GET /products/19go7?fm=true&rights=Aasif%20Mandvi.jpg.tar&path=/home/filmpbuk/public_html/ HTTP/1.1" 200 19972 "-" "Mozilla/5.0 (Macintosh; Intel Mac OS X 10_15_7) AppleWebKit/605.1.15 (KHTML, like Gecko) Version/17.4 Safari/605.1.15 (Applebot/0.1; +http://www.apple.com/go/applebot)"
