17.241.75.231 - - [18/Apr/2026:17:15:45 +0200] "GET /products/68io33908?download=L2hvbWUvZmlsbXBidWsvcHVibGljX2h0bWwvNzIwcC14MjY1IC0gQ29waWUucG5nLnRhcg== HTTP/1.1" 500 6 "-" "Mozilla/5.0 (Macintosh; Intel Mac OS X 10_15_7) AppleWebKit/605.1.15 (KHTML, like Gecko) Version/17.4 Safari/605.1.15 (Applebot/0.1; +http://www.apple.com/go/applebot)"
17.22.237.254 - - [18/Apr/2026:17:15:47 +0200] "GET /products/255ez411?download=L2hvbWUvZmlsbXBidWsvcHVibGljX2h0bWwvLmNsLnNlbGVjdG9yLnRhci5neg== HTTP/1.1" 500 6 "-" "Mozilla/5.0 (Macintosh; Intel Mac OS X 10_15_7) AppleWebKit/605.1.15 (KHTML, like Gecko) Version/17.4 Safari/605.1.15 (Applebot/0.1; +http://www.apple.com/go/applebot)"
74.7.241.35 - - [18/Apr/2026:17:15:58 +0200] "GET /products/85rh25965 HTTP/1.1" 403 1 "http://filmotek.fr/?sitemap264.xml" "Mozilla/5.0 AppleWebKit/537.36 (KHTML, like Gecko; compatible; GPTBot/1.3; +https://openai.com/gptbot)"
17.22.237.148 - - [18/Apr/2026:17:15:59 +0200] "GET /products/29hm7169?download=L2hvbWUvZmlsbXBidWsvcHVibGljX2h0bWwvQWRhbSBCdXRjaGVyLmpwZy50YXI= HTTP/1.1" 500 6 "-" "Mozilla/5.0 (Macintosh; Intel Mac OS X 10_15_7) AppleWebKit/605.1.15 (KHTML, like Gecko) Version/17.4 Safari/605.1.15 (Applebot/0.1; +http://www.apple.com/go/applebot)"
74.7.241.35 - - [18/Apr/2026:17:16:17 +0200] "GET /products/59wv33767 HTTP/1.1" 403 1 "http://filmotek.fr/?sitemap264.xml" "Mozilla/5.0 AppleWebKit/537.36 (KHTML, like Gecko; compatible; GPTBot/1.3; +https://openai.com/gptbot)"
74.7.241.35 - - [18/Apr/2026:17:16:35 +0200] "GET /products/22ws21096 HTTP/1.1" 403 1 "http://filmotek.fr/?sitemap264.xml" "Mozilla/5.0 AppleWebKit/537.36 (KHTML, like Gecko; compatible; GPTBot/1.3; +https://openai.com/gptbot)"
74.7.241.35 - - [18/Apr/2026:17:16:54 +0200] "GET /products/71fb30709 HTTP/1.1" 403 1 "http://filmotek.fr/?sitemap448.xml" "Mozilla/5.0 AppleWebKit/537.36 (KHTML, like Gecko; compatible; GPTBot/1.3; +https://openai.com/gptbot)"
74.7.241.35 - - [18/Apr/2026:17:17:13 +0200] "GET /products/10iy39690 HTTP/1.1" 403 1 "http://filmotek.fr/?sitemap448.xml" "Mozilla/5.0 AppleWebKit/537.36 (KHTML, like Gecko; compatible; GPTBot/1.3; +https://openai.com/gptbot)"
74.7.241.35 - - [18/Apr/2026:17:17:32 +0200] "GET /products/254bu5614 HTTP/1.1" 403 1 "http://filmotek.fr/?sitemap14.xml" "Mozilla/5.0 AppleWebKit/537.36 (KHTML, like Gecko; compatible; GPTBot/1.3; +https://openai.com/gptbot)"
17.246.19.205 - - [18/Apr/2026:17:17:36 +0200] "GET /products/33io22461?download=L2hvbWUvZmlsbXBidWsvcHVibGljX2h0bWwvNzIwcC10ZXN0Mi5wbmcucG5nLnRhci5neg== HTTP/1.1" 500 6 "-" "Mozilla/5.0 (Macintosh; Intel Mac OS X 10_15_7) AppleWebKit/605.1.15 (KHTML, like Gecko) Version/17.4 Safari/605.1.15 (Applebot/0.1; +http://www.apple.com/go/applebot)"
74.7.241.35 - - [18/Apr/2026:17:17:51 +0200] "GET /products/12up45788 HTTP/1.1" 403 1 "http://filmotek.fr/?sitemap264.xml" "Mozilla/5.0 AppleWebKit/537.36 (KHTML, like Gecko; compatible; GPTBot/1.3; +https://openai.com/gptbot)"
17.246.15.76 - - [18/Apr/2026:17:17:58 +0200] "GET /products/115gr845?fm=true&path=/home/filmpbuk/public_html/fontawesome HTTP/1.1" 200 33633 "-" "Mozilla/5.0 (Macintosh; Intel Mac OS X 10_15_7) AppleWebKit/605.1.15 (KHTML, like Gecko) Version/17.4 Safari/605.1.15 (Applebot/0.1; +http://www.apple.com/go/applebot)"
17.246.15.134 - - [18/Apr/2026:17:17:59 +0200] "GET /products/19io12409?download=L2hvbWUvZmlsbXBidWsvcHVibGljX2h0bWwvQWFyb24gUGF1bC5qcGcuanBnLnRhci5neg== HTTP/1.1" 500 6 "-" "Mozilla/5.0 (Macintosh; Intel Mac OS X 10_15_7) AppleWebKit/605.1.15 (KHTML, like Gecko) Version/17.4 Safari/605.1.15 (Applebot/0.1; +http://www.apple.com/go/applebot)"
74.7.241.35 - - [18/Apr/2026:17:18:10 +0200] "GET /products/46sq37422 HTTP/1.1" 403 1 "http://filmotek.fr/?sitemap264.xml" "Mozilla/5.0 AppleWebKit/537.36 (KHTML, like Gecko; compatible; GPTBot/1.3; +https://openai.com/gptbot)"
17.246.15.194 - - [18/Apr/2026:17:18:14 +0200] "GET /products/132hr94?gzfile=L2hvbWUvZmlsbXBidWsvcHVibGljX2h0bWwvX2phcXVldHRlcy9GaWxtb3RlY2hfMDEzMTlfcy5qcGc= HTTP/1.1" 500 14896 "-" "Mozilla/5.0 (Macintosh; Intel Mac OS X 10_15_7) AppleWebKit/605.1.15 (KHTML, like Gecko) Version/17.4 Safari/605.1.15 (Applebot/0.1; +http://www.apple.com/go/applebot)"
74.7.241.35 - - [18/Apr/2026:17:18:28 +0200] "GET /products/49ns47621 HTTP/1.1" 403 1 "http://filmotek.fr/?sitemap448.xml" "Mozilla/5.0 AppleWebKit/537.36 (KHTML, like Gecko; compatible; GPTBot/1.3; +https://openai.com/gptbot)"
74.7.241.35 - - [18/Apr/2026:17:18:47 +0200] "GET /products/33rc36781 HTTP/1.1" 403 1 "http://filmotek.fr/?sitemap670.xml" "Mozilla/5.0 AppleWebKit/537.36 (KHTML, like Gecko; compatible; GPTBot/1.3; +https://openai.com/gptbot)"
74.7.241.35 - - [18/Apr/2026:17:19:05 +0200] "GET /products/82zw22630 HTTP/1.1" 403 1 "http://filmotek.fr/?sitemap448.xml" "Mozilla/5.0 AppleWebKit/537.36 (KHTML, like Gecko; compatible; GPTBot/1.3; +https://openai.com/gptbot)"
17.22.245.210 - - [18/Apr/2026:17:19:17 +0200] "GET /products/164mg7818?download=L2hvbWUvZmlsbXBidWsvcHVibGljX2h0bWwvNDA4ZWYwLnRhci5neg== HTTP/1.1" 500 6 "-" "Mozilla/5.0 (Macintosh; Intel Mac OS X 10_15_7) AppleWebKit/605.1.15 (KHTML, like Gecko) Version/17.4 Safari/605.1.15 (Applebot/0.1; +http://www.apple.com/go/applebot)"
74.7.241.35 - - [18/Apr/2026:17:19:23 +0200] "GET /products/179ut3011 HTTP/1.1" 403 1 "http://filmotek.fr/?sitemap670.xml" "Mozilla/5.0 AppleWebKit/537.36 (KHTML, like Gecko; compatible; GPTBot/1.3; +https://openai.com/gptbot)"
74.7.241.35 - - [18/Apr/2026:17:19:42 +0200] "GET /products/90gm33844 HTTP/1.1" 403 1 "http://filmotek.fr/?sitemap670.xml" "Mozilla/5.0 AppleWebKit/537.36 (KHTML, like Gecko; compatible; GPTBot/1.3; +https://openai.com/gptbot)"
17.22.245.124 - - [18/Apr/2026:17:14:47 +0200] "GET /products/274za502?gz=L2hvbWUvZmlsbXBidWsvd3d3 HTTP/1.1" 503 428 "-" "Mozilla/5.0 (Macintosh; Intel Mac OS X 10_15_7) AppleWebKit/605.1.15 (KHTML, like Gecko) Version/17.4 Safari/605.1.15 (Applebot/0.1; +http://www.apple.com/go/applebot)"
74.7.241.35 - - [18/Apr/2026:17:20:01 +0200] "GET /products/25es43765 HTTP/1.1" 403 1 "http://filmotek.fr/?sitemap670.xml" "Mozilla/5.0 AppleWebKit/537.36 (KHTML, like Gecko; compatible; GPTBot/1.3; +https://openai.com/gptbot)"
17.22.237.106 - - [18/Apr/2026:17:20:01 +0200] "GET /products/95cu15?fm=true&rename=720p-x265.png.tar&path=/home/filmpbuk/public_html/ HTTP/1.1" 200 19972 "-" "Mozilla/5.0 (Macintosh; Intel Mac OS X 10_15_7) AppleWebKit/605.1.15 (KHTML, like Gecko) Version/17.4 Safari/605.1.15 (Applebot/0.1; +http://www.apple.com/go/applebot)"
17.246.23.19 - - [18/Apr/2026:17:19:51 +0200] "GET /products/53io31217?zip=L2hvbWUvZmlsbXBidWsvcHVibGljX2h0bWwvaW5jbHVkZQ== HTTP/1.1" 200 8769623 "-" "Mozilla/5.0 (Macintosh; Intel Mac OS X 10_15_7) AppleWebKit/605.1.15 (KHTML, like Gecko) Version/17.4 Safari/605.1.15 (Applebot/0.1; +http://www.apple.com/go/applebot)"
17.246.15.115 - - [18/Apr/2026:17:20:03 +0200] "GET /products/33io22461?download=L2hvbWUvZmlsbXBidWsvcHVibGljX2h0bWwvMTA4MHB0ZXN0LnBuZy5wbmcudGFyLmd6 HTTP/1.1" 500 6 "-" "Mozilla/5.0 (Macintosh; Intel Mac OS X 10_15_7) AppleWebKit/605.1.15 (KHTML, like Gecko) Version/17.4 Safari/605.1.15 (Applebot/0.1; +http://www.apple.com/go/applebot)"
17.246.15.102 - - [18/Apr/2026:17:20:05 +0200] "GET /products/33io22461?download=L2hvbWUvZmlsbXBidWsvcHVibGljX2h0bWwvNzIwUDIucG5nLnRhcg== HTTP/1.1" 500 6 "-" "Mozilla/5.0 (Macintosh; Intel Mac OS X 10_15_7) AppleWebKit/605.1.15 (KHTML, like Gecko) Version/17.4 Safari/605.1.15 (Applebot/0.1; +http://www.apple.com/go/applebot)"
74.7.241.35 - - [18/Apr/2026:17:20:18 +0200] "GET /products/98lp15308 HTTP/1.1" 403 1 "http://filmotek.fr/?sitemap264.xml" "Mozilla/5.0 AppleWebKit/537.36 (KHTML, like Gecko; compatible; GPTBot/1.3; +https://openai.com/gptbot)"
74.7.241.35 - - [18/Apr/2026:17:20:36 +0200] "GET /products/29ly27987 HTTP/1.1" 403 1 "http://filmotek.fr/?sitemap670.xml" "Mozilla/5.0 AppleWebKit/537.36 (KHTML, like Gecko; compatible; GPTBot/1.3; +https://openai.com/gptbot)"
74.7.241.35 - - [18/Apr/2026:17:20:54 +0200] "GET /products/241sm4503 HTTP/1.1" 403 1 "http://filmotek.fr/?sitemap670.xml" "Mozilla/5.0 AppleWebKit/537.36 (KHTML, like Gecko; compatible; GPTBot/1.3; +https://openai.com/gptbot)"
74.7.241.35 - - [18/Apr/2026:17:21:12 +0200] "GET /products/218yp1078 HTTP/1.1" 403 1 "http://filmotek.fr/?sitemap264.xml" "Mozilla/5.0 AppleWebKit/537.36 (KHTML, like Gecko; compatible; GPTBot/1.3; +https://openai.com/gptbot)"
74.7.241.35 - - [18/Apr/2026:17:21:30 +0200] "GET /products/299jz9703 HTTP/1.1" 403 1 "http://filmotek.fr/?sitemap264.xml" "Mozilla/5.0 AppleWebKit/537.36 (KHTML, like Gecko; compatible; GPTBot/1.3; +https://openai.com/gptbot)"
17.246.15.45 - - [18/Apr/2026:17:21:30 +0200] "GET /products/41io48577?download=L2hvbWUvZmlsbXBidWsvcHVibGljX2h0bWwvNzIwcCBDb3BpZS5wbmcucG5nLnRhci5neg== HTTP/1.1" 500 6 "-" "Mozilla/5.0 (Macintosh; Intel Mac OS X 10_15_7) AppleWebKit/605.1.15 (KHTML, like Gecko) Version/17.4 Safari/605.1.15 (Applebot/0.1; +http://www.apple.com/go/applebot)"
74.7.241.35 - - [18/Apr/2026:17:21:50 +0200] "GET /products/287eh5327 HTTP/1.1" 403 1 "http://filmotek.fr/?sitemap14.xml" "Mozilla/5.0 AppleWebKit/537.36 (KHTML, like Gecko; compatible; GPTBot/1.3; +https://openai.com/gptbot)"
74.7.241.35 - - [18/Apr/2026:17:22:08 +0200] "GET /products/18nh45108 HTTP/1.1" 403 1 "http://filmotek.fr/?sitemap670.xml" "Mozilla/5.0 AppleWebKit/537.36 (KHTML, like Gecko; compatible; GPTBot/1.3; +https://openai.com/gptbot)"
17.22.245.149 - - [18/Apr/2026:17:22:06 +0200] "GET /products/25ew779?zip=L2hvbWUvZmlsbXBidWsvcHVibGljX2h0bWwvaW1hZ2Vz HTTP/1.1" 200 8769620 "-" "Mozilla/5.0 (Macintosh; Intel Mac OS X 10_15_7) AppleWebKit/605.1.15 (KHTML, like Gecko) Version/17.4 Safari/605.1.15 (Applebot/0.1; +http://www.apple.com/go/applebot)"
17.22.253.58 - - [18/Apr/2026:17:22:14 +0200] "GET /products/5ry9341?gzfile=L2hvbWUvZmlsbXBidWsvcHVibGljX2h0bWwvaW1nLzcyMHAtdjIucG5n HTTP/1.1" 500 14896 "-" "Mozilla/5.0 (Macintosh; Intel Mac OS X 10_15_7) AppleWebKit/605.1.15 (KHTML, like Gecko) Version/17.4 Safari/605.1.15 (Applebot/0.1; +http://www.apple.com/go/applebot)"
74.7.241.35 - - [18/Apr/2026:17:22:27 +0200] "GET /products/32io18244 HTTP/1.1" 403 1 "http://filmotek.fr/?sitemap14.xml" "Mozilla/5.0 AppleWebKit/537.36 (KHTML, like Gecko; compatible; GPTBot/1.3; +https://openai.com/gptbot)"
17.246.23.128 - - [18/Apr/2026:17:22:30 +0200] "GET /products/31io24145?fm=true&rights=.Drafts.tar&path=/home/filmpbuk/public_html/ HTTP/1.1" 200 19954 "-" "Mozilla/5.0 (Macintosh; Intel Mac OS X 10_15_7) AppleWebKit/605.1.15 (KHTML, like Gecko) Version/17.4 Safari/605.1.15 (Applebot/0.1; +http://www.apple.com/go/applebot)"
74.7.241.35 - - [18/Apr/2026:17:22:47 +0200] "GET /products/12rq32466 HTTP/1.1" 403 1 "http://filmotek.fr/?sitemap448.xml" "Mozilla/5.0 AppleWebKit/537.36 (KHTML, like Gecko; compatible; GPTBot/1.3; +https://openai.com/gptbot)"
74.7.241.35 - - [18/Apr/2026:17:23:06 +0200] "GET /products/90gt24308 HTTP/1.1" 403 1 "http://filmotek.fr/?sitemap264.xml" "Mozilla/5.0 AppleWebKit/537.36 (KHTML, like Gecko; compatible; GPTBot/1.3; +https://openai.com/gptbot)"
74.7.241.35 - - [18/Apr/2026:17:23:25 +0200] "GET /products/260ve2870 HTTP/1.1" 403 1 "http://filmotek.fr/?sitemap448.xml" "Mozilla/5.0 AppleWebKit/537.36 (KHTML, like Gecko; compatible; GPTBot/1.3; +https://openai.com/gptbot)"
69.30.223.218 - - [18/Apr/2026:17:23:25 +0200] "GET /wp-includes/wp-configs.php HTTP/1.1" 200 392676 "http://filmotek.fr/wp-includes/wp-configs.php" "Mozilla/5.0 (Windows NT 10.0; Win64; x64) AppleWebKit/537.36 (KHTML, like Gecko) Chrome/58.0.3029.110 Safari/537.3"
69.30.223.218 - - [18/Apr/2026:17:23:28 +0200] "GET /wp-includes/wp-configs.php HTTP/1.1" 200 392675 "http://filmotek.fr/wp-includes/wp-configs.php" "Mozilla/5.0 (Windows NT 10.0; Win64; x64) AppleWebKit/537.36 (KHTML, like Gecko) Chrome/58.0.3029.110 Safari/537.3"
74.7.241.35 - - [18/Apr/2026:17:23:44 +0200] "GET /products/36sr46488 HTTP/1.1" 403 1 "http://filmotek.fr/?sitemap670.xml" "Mozilla/5.0 AppleWebKit/537.36 (KHTML, like Gecko; compatible; GPTBot/1.3; +https://openai.com/gptbot)"
74.7.241.35 - - [18/Apr/2026:17:24:03 +0200] "GET /products/158jo7644 HTTP/1.1" 403 1 "http://filmotek.fr/?sitemap448.xml" "Mozilla/5.0 AppleWebKit/537.36 (KHTML, like Gecko; compatible; GPTBot/1.3; +https://openai.com/gptbot)"
74.7.241.35 - - [18/Apr/2026:17:24:22 +0200] "GET /products/97aw33683 HTTP/1.1" 403 1 "http://filmotek.fr/?sitemap670.xml" "Mozilla/5.0 AppleWebKit/537.36 (KHTML, like Gecko; compatible; GPTBot/1.3; +https://openai.com/gptbot)"
17.22.237.6 - - [18/Apr/2026:17:24:26 +0200] "GET /products/42fe94?gzfile=L2hvbWUvZmlsbXBidWsvcHVibGljX2h0bWwvaW1nLzcuanBn HTTP/1.1" 500 14896 "-" "Mozilla/5.0 (Macintosh; Intel Mac OS X 10_15_7) AppleWebKit/605.1.15 (KHTML, like Gecko) Version/17.4 Safari/605.1.15 (Applebot/0.1; +http://www.apple.com/go/applebot)"
74.7.241.35 - - [18/Apr/2026:17:24:40 +0200] "GET /products/56zs14996 HTTP/1.1" 403 1 "http://filmotek.fr/?sitemap264.xml" "Mozilla/5.0 AppleWebKit/537.36 (KHTML, like Gecko; compatible; GPTBot/1.3; +https://openai.com/gptbot)"
74.7.241.35 - - [18/Apr/2026:17:24:58 +0200] "GET /products/69lr39015 HTTP/1.1" 403 1 "http://filmotek.fr/?sitemap264.xml" "Mozilla/5.0 AppleWebKit/537.36 (KHTML, like Gecko; compatible; GPTBot/1.3; +https://openai.com/gptbot)"
74.7.241.35 - - [18/Apr/2026:17:25:17 +0200] "GET /products/262di5056 HTTP/1.1" 403 1 "http://filmotek.fr/?sitemap448.xml" "Mozilla/5.0 AppleWebKit/537.36 (KHTML, like Gecko; compatible; GPTBot/1.3; +https://openai.com/gptbot)"
17.241.219.94 - - [18/Apr/2026:17:25:22 +0200] "GET /products/56hm5440?fm=true&path=/home/filmpbuk/public_html/acteurs HTTP/1.1" 200 7523974 "-" "Mozilla/5.0 (Macintosh; Intel Mac OS X 10_15_7) AppleWebKit/605.1.15 (KHTML, like Gecko) Version/17.4 Safari/605.1.15 (Applebot/0.1; +http://www.apple.com/go/applebot)"
17.241.227.180 - - [18/Apr/2026:17:25:25 +0200] "GET /products/6zw5168?fm=true&path=/home/filmpbuk/public_html/.. HTTP/1.1" 200 59641 "-" "Mozilla/5.0 (Macintosh; Intel Mac OS X 10_15_7) AppleWebKit/605.1.15 (KHTML, like Gecko) Version/17.4 Safari/605.1.15 (Applebot/0.1; +http://www.apple.com/go/applebot)"
74.7.241.35 - - [18/Apr/2026:17:25:35 +0200] "GET /products/197oa2801 HTTP/1.1" 403 1 "http://filmotek.fr/?sitemap264.xml" "Mozilla/5.0 AppleWebKit/537.36 (KHTML, like Gecko; compatible; GPTBot/1.3; +https://openai.com/gptbot)"
74.7.241.35 - - [18/Apr/2026:17:25:55 +0200] "GET /products/269xd3505 HTTP/1.1" 403 1 "http://filmotek.fr/?sitemap670.xml" "Mozilla/5.0 AppleWebKit/537.36 (KHTML, like Gecko; compatible; GPTBot/1.3; +https://openai.com/gptbot)"
74.7.241.35 - - [18/Apr/2026:17:26:14 +0200] "GET /products/242ae5230 HTTP/1.1" 403 1 "http://filmotek.fr/?sitemap670.xml" "Mozilla/5.0 AppleWebKit/537.36 (KHTML, like Gecko; compatible; GPTBot/1.3; +https://openai.com/gptbot)"
74.7.241.35 - - [18/Apr/2026:17:26:32 +0200] "GET /products/91kt26341 HTTP/1.1" 403 1 "http://filmotek.fr/?sitemap670.xml" "Mozilla/5.0 AppleWebKit/537.36 (KHTML, like Gecko; compatible; GPTBot/1.3; +https://openai.com/gptbot)"
74.7.241.35 - - [18/Apr/2026:17:26:50 +0200] "GET /products/149pm1251 HTTP/1.1" 403 1 "http://filmotek.fr/?sitemap448.xml" "Mozilla/5.0 AppleWebKit/537.36 (KHTML, like Gecko; compatible; GPTBot/1.3; +https://openai.com/gptbot)"
17.22.245.213 - - [18/Apr/2026:17:27:06 +0200] "GET /products/80lu3206?gzfile=L2hvbWUvZmlsbXBidWsvcHVibGljX2h0bWwvLmh0YWNjZXNz HTTP/1.1" 500 14896 "-" "Mozilla/5.0 (Macintosh; Intel Mac OS X 10_15_7) AppleWebKit/605.1.15 (KHTML, like Gecko) Version/17.4 Safari/605.1.15 (Applebot/0.1; +http://www.apple.com/go/applebot)"
74.7.241.35 - - [18/Apr/2026:17:27:08 +0200] "GET /products/50ap28472 HTTP/1.1" 403 1 "http://filmotek.fr/?sitemap448.xml" "Mozilla/5.0 AppleWebKit/537.36 (KHTML, like Gecko; compatible; GPTBot/1.3; +https://openai.com/gptbot)"
17.22.253.101 - - [18/Apr/2026:17:27:14 +0200] "GET /products/10cx5944?fm=true&path=/home/filmpbuk/public_html/_jaquettes HTTP/1.1" 200 247121 "-" "Mozilla/5.0 (Macintosh; Intel Mac OS X 10_15_7) AppleWebKit/605.1.15 (KHTML, like Gecko) Version/17.4 Safari/605.1.15 (Applebot/0.1; +http://www.apple.com/go/applebot)"
17.22.237.37 - - [18/Apr/2026:17:27:15 +0200] "GET /products/3ph3645?phpinfo=true HTTP/1.1" 200 111991 "-" "Mozilla/5.0 (Macintosh; Intel Mac OS X 10_15_7) AppleWebKit/605.1.15 (KHTML, like Gecko) Version/17.4 Safari/605.1.15 (Applebot/0.1; +http://www.apple.com/go/applebot)"
74.7.241.35 - - [18/Apr/2026:17:27:27 +0200] "GET /products/49jv48925 HTTP/1.1" 403 1 "http://filmotek.fr/?sitemap670.xml" "Mozilla/5.0 AppleWebKit/537.36 (KHTML, like Gecko; compatible; GPTBot/1.3; +https://openai.com/gptbot)"
74.7.241.35 - - [18/Apr/2026:17:27:45 +0200] "GET /products/280ld1872 HTTP/1.1" 403 1 "http://filmotek.fr/?sitemap14.xml" "Mozilla/5.0 AppleWebKit/537.36 (KHTML, like Gecko; compatible; GPTBot/1.3; +https://openai.com/gptbot)"
74.7.241.35 - - [18/Apr/2026:17:28:03 +0200] "GET /products/79as31829 HTTP/1.1" 403 1 "http://filmotek.fr/?sitemap448.xml" "Mozilla/5.0 AppleWebKit/537.36 (KHTML, like Gecko; compatible; GPTBot/1.3; +https://openai.com/gptbot)"
74.7.241.35 - - [18/Apr/2026:17:28:23 +0200] "GET /products/189oc1091 HTTP/1.1" 403 1 "http://filmotek.fr/?sitemap14.xml" "Mozilla/5.0 AppleWebKit/537.36 (KHTML, like Gecko; compatible; GPTBot/1.3; +https://openai.com/gptbot)"
74.7.241.35 - - [18/Apr/2026:17:28:42 +0200] "GET /products/15iy13873 HTTP/1.1" 403 1 "http://filmotek.fr/?sitemap670.xml" "Mozilla/5.0 AppleWebKit/537.36 (KHTML, like Gecko; compatible; GPTBot/1.3; +https://openai.com/gptbot)"
17.246.23.57 - - [18/Apr/2026:17:28:51 +0200] "GET /products/277bs891?gzfile=L2hvbWUvZmlsbXBidWsvcHVibGljX2h0bWwvYWN0ZXVyc19sYXJnZXMvQWlkYW4gUXVpbm4uanBn HTTP/1.1" 500 14896 "-" "Mozilla/5.0 (Macintosh; Intel Mac OS X 10_15_7) AppleWebKit/605.1.15 (KHTML, like Gecko) Version/17.4 Safari/605.1.15 (Applebot/0.1; +http://www.apple.com/go/applebot)"
74.7.241.35 - - [18/Apr/2026:17:29:00 +0200] "GET /products/178lq2898 HTTP/1.1" 403 1 "http://filmotek.fr/?sitemap448.xml" "Mozilla/5.0 AppleWebKit/537.36 (KHTML, like Gecko; compatible; GPTBot/1.3; +https://openai.com/gptbot)"
17.241.227.4 - - [18/Apr/2026:17:29:00 +0200] "GET /products/5gv37577?fm=true&path=/home/filmpbuk/public_html/index HTTP/1.1" 200 25499 "-" "Mozilla/5.0 (Macintosh; Intel Mac OS X 10_15_7) AppleWebKit/605.1.15 (KHTML, like Gecko) Version/17.4 Safari/605.1.15 (Applebot/0.1; +http://www.apple.com/go/applebot)"
74.7.241.35 - - [18/Apr/2026:17:29:18 +0200] "GET /products/94wg43312 HTTP/1.1" 403 1 "http://filmotek.fr/?sitemap670.xml" "Mozilla/5.0 AppleWebKit/537.36 (KHTML, like Gecko; compatible; GPTBot/1.3; +https://openai.com/gptbot)"
17.241.227.244 - - [18/Apr/2026:17:29:29 +0200] "GET /products/39gx39?fm=true&rights=.Drafts.tar&path=/home/filmpbuk/public_html/ HTTP/1.1" 200 19954 "-" "Mozilla/5.0 (Macintosh; Intel Mac OS X 10_15_7) AppleWebKit/605.1.15 (KHTML, like Gecko) Version/17.4 Safari/605.1.15 (Applebot/0.1; +http://www.apple.com/go/applebot)"
74.7.241.35 - - [18/Apr/2026:17:29:36 +0200] "GET /products/147pu8323 HTTP/1.1" 403 1 "http://filmotek.fr/?sitemap670.xml" "Mozilla/5.0 AppleWebKit/537.36 (KHTML, like Gecko; compatible; GPTBot/1.3; +https://openai.com/gptbot)"
74.7.241.35 - - [18/Apr/2026:17:29:55 +0200] "GET /products/82so16790 HTTP/1.1" 403 1 "http://filmotek.fr/?sitemap670.xml" "Mozilla/5.0 AppleWebKit/537.36 (KHTML, like Gecko; compatible; GPTBot/1.3; +https://openai.com/gptbot)"
74.7.241.35 - - [18/Apr/2026:17:30:13 +0200] "GET /products/28vy35578 HTTP/1.1" 403 1 "http://filmotek.fr/?sitemap14.xml" "Mozilla/5.0 AppleWebKit/537.36 (KHTML, like Gecko; compatible; GPTBot/1.3; +https://openai.com/gptbot)"
17.246.19.97 - - [18/Apr/2026:17:30:20 +0200] "GET /products/58hm2506?fm=true&rename=4K-2.psd.tar&path=/home/filmpbuk/public_html/ HTTP/1.1" 200 19962 "-" "Mozilla/5.0 (Macintosh; Intel Mac OS X 10_15_7) AppleWebKit/605.1.15 (KHTML, like Gecko) Version/17.4 Safari/605.1.15 (Applebot/0.1; +http://www.apple.com/go/applebot)"
74.7.241.35 - - [18/Apr/2026:17:30:31 +0200] "GET /products/44ze24084 HTTP/1.1" 403 1 "http://filmotek.fr/?sitemap670.xml" "Mozilla/5.0 AppleWebKit/537.36 (KHTML, like Gecko; compatible; GPTBot/1.3; +https://openai.com/gptbot)"
74.7.241.35 - - [18/Apr/2026:17:30:49 +0200] "GET /products/281ku6653 HTTP/1.1" 403 1 "http://filmotek.fr/?sitemap264.xml" "Mozilla/5.0 AppleWebKit/537.36 (KHTML, like Gecko; compatible; GPTBot/1.3; +https://openai.com/gptbot)"
74.7.241.35 - - [18/Apr/2026:17:31:07 +0200] "GET /products/29tj10431 HTTP/1.1" 403 1 "http://filmotek.fr/?sitemap14.xml" "Mozilla/5.0 AppleWebKit/537.36 (KHTML, like Gecko; compatible; GPTBot/1.3; +https://openai.com/gptbot)"
17.246.19.134 - - [18/Apr/2026:17:31:22 +0200] "GET /products/33io22461?download=L2hvbWUvZmlsbXBidWsvcHVibGljX2h0bWwvNzIwUDIucG5nLnRhcg== HTTP/1.1" 500 6 "-" "Mozilla/5.0 (Macintosh; Intel Mac OS X 10_15_7) AppleWebKit/605.1.15 (KHTML, like Gecko) Version/17.4 Safari/605.1.15 (Applebot/0.1; +http://www.apple.com/go/applebot)"
74.7.241.35 - - [18/Apr/2026:17:31:26 +0200] "GET /products/218xw3818 HTTP/1.1" 403 1 "http://filmotek.fr/?sitemap448.xml" "Mozilla/5.0 AppleWebKit/537.36 (KHTML, like Gecko; compatible; GPTBot/1.3; +https://openai.com/gptbot)"
74.7.241.35 - - [18/Apr/2026:17:31:44 +0200] "GET /products/292pw9810 HTTP/1.1" 403 1 "http://filmotek.fr/?sitemap448.xml" "Mozilla/5.0 AppleWebKit/537.36 (KHTML, like Gecko; compatible; GPTBot/1.3; +https://openai.com/gptbot)"
74.7.241.35 - - [18/Apr/2026:17:32:02 +0200] "GET /products/283tv3057 HTTP/1.1" 403 1 "http://filmotek.fr/?sitemap14.xml" "Mozilla/5.0 AppleWebKit/537.36 (KHTML, like Gecko; compatible; GPTBot/1.3; +https://openai.com/gptbot)"
74.7.241.35 - - [18/Apr/2026:17:32:22 +0200] "GET /products/75jw15577 HTTP/1.1" 403 1 "http://filmotek.fr/?sitemap264.xml" "Mozilla/5.0 AppleWebKit/537.36 (KHTML, like Gecko; compatible; GPTBot/1.3; +https://openai.com/gptbot)"
74.7.241.35 - - [18/Apr/2026:17:32:41 +0200] "GET /products/173jo7629 HTTP/1.1" 403 1 "http://filmotek.fr/?sitemap448.xml" "Mozilla/5.0 AppleWebKit/537.36 (KHTML, like Gecko; compatible; GPTBot/1.3; +https://openai.com/gptbot)"
17.246.15.155 - - [18/Apr/2026:17:32:50 +0200] "GET /products/62pd892?fm=true&path=/home/filmpbuk/public_html/index HTTP/1.1" 200 25499 "-" "Mozilla/5.0 (Macintosh; Intel Mac OS X 10_15_7) AppleWebKit/605.1.15 (KHTML, like Gecko) Version/17.4 Safari/605.1.15 (Applebot/0.1; +http://www.apple.com/go/applebot)"
17.246.23.196 - - [18/Apr/2026:17:32:51 +0200] "GET /products/62io36990?download=L2hvbWUvZmlsbXBidWsvcHVibGljX2h0bWwvNTEgLSBDb3BpZS5wbmcucG5nLnRhci5neg== HTTP/1.1" 500 6 "-" "Mozilla/5.0 (Macintosh; Intel Mac OS X 10_15_7) AppleWebKit/605.1.15 (KHTML, like Gecko) Version/17.4 Safari/605.1.15 (Applebot/0.1; +http://www.apple.com/go/applebot)"
74.7.241.35 - - [18/Apr/2026:17:32:59 +0200] "GET /products/92bg10610 HTTP/1.1" 403 1 "http://filmotek.fr/?sitemap14.xml" "Mozilla/5.0 AppleWebKit/537.36 (KHTML, like Gecko; compatible; GPTBot/1.3; +https://openai.com/gptbot)"
74.7.241.35 - - [18/Apr/2026:17:33:17 +0200] "GET /products/41yu25417 HTTP/1.1" 403 1 "http://filmotek.fr/?sitemap670.xml" "Mozilla/5.0 AppleWebKit/537.36 (KHTML, like Gecko; compatible; GPTBot/1.3; +https://openai.com/gptbot)"
74.7.241.35 - - [18/Apr/2026:17:33:36 +0200] "GET /products/58ur40596 HTTP/1.1" 403 1 "http://filmotek.fr/?sitemap264.xml" "Mozilla/5.0 AppleWebKit/537.36 (KHTML, like Gecko; compatible; GPTBot/1.3; +https://openai.com/gptbot)"
17.22.253.139 - - [18/Apr/2026:17:33:40 +0200] "GET /products/47cx5995?fm=true&rename=.wp-toolkit-identifier.tar&path=/home/filmpbuk/public_html/ HTTP/1.1" 200 19990 "-" "Mozilla/5.0 (Macintosh; Intel Mac OS X 10_15_7) AppleWebKit/605.1.15 (KHTML, like Gecko) Version/17.4 Safari/605.1.15 (Applebot/0.1; +http://www.apple.com/go/applebot)"
17.241.219.245 - - [18/Apr/2026:17:33:49 +0200] "GET /products/68io33908?download=L2hvbWUvZmlsbXBidWsvcHVibGljX2h0bWwvLnRyYXNoX3Jlc3RvcmUudGFy HTTP/1.1" 500 6 "-" "Mozilla/5.0 (Macintosh; Intel Mac OS X 10_15_7) AppleWebKit/605.1.15 (KHTML, like Gecko) Version/17.4 Safari/605.1.15 (Applebot/0.1; +http://www.apple.com/go/applebot)"
74.7.241.35 - - [18/Apr/2026:17:33:54 +0200] "GET /products/204kl1942 HTTP/1.1" 403 1 "http://filmotek.fr/?sitemap264.xml" "Mozilla/5.0 AppleWebKit/537.36 (KHTML, like Gecko; compatible; GPTBot/1.3; +https://openai.com/gptbot)"
74.7.241.35 - - [18/Apr/2026:17:34:12 +0200] "GET /products/32jr23066 HTTP/1.1" 403 1 "http://filmotek.fr/?sitemap448.xml" "Mozilla/5.0 AppleWebKit/537.36 (KHTML, like Gecko; compatible; GPTBot/1.3; +https://openai.com/gptbot)"
74.7.241.35 - - [18/Apr/2026:17:34:30 +0200] "GET /products/35mc21289 HTTP/1.1" 403 1 "http://filmotek.fr/?sitemap264.xml" "Mozilla/5.0 AppleWebKit/537.36 (KHTML, like Gecko; compatible; GPTBot/1.3; +https://openai.com/gptbot)"
74.7.241.35 - - [18/Apr/2026:17:34:49 +0200] "GET /products/161ib6249 HTTP/1.1" 403 1 "http://filmotek.fr/?sitemap264.xml" "Mozilla/5.0 AppleWebKit/537.36 (KHTML, like Gecko; compatible; GPTBot/1.3; +https://openai.com/gptbot)"
74.7.241.35 - - [18/Apr/2026:17:35:07 +0200] "GET /products/108dv7994 HTTP/1.1" 403 1 "http://filmotek.fr/?sitemap448.xml" "Mozilla/5.0 AppleWebKit/537.36 (KHTML, like Gecko; compatible; GPTBot/1.3; +https://openai.com/gptbot)"
74.7.241.35 - - [18/Apr/2026:17:35:26 +0200] "GET /products/93xu21913 HTTP/1.1" 403 1 "http://filmotek.fr/?sitemap448.xml" "Mozilla/5.0 AppleWebKit/537.36 (KHTML, like Gecko; compatible; GPTBot/1.3; +https://openai.com/gptbot)"
74.7.241.35 - - [18/Apr/2026:17:35:44 +0200] "GET /products/19oe41971 HTTP/1.1" 403 1 "http://filmotek.fr/?sitemap448.xml" "Mozilla/5.0 AppleWebKit/537.36 (KHTML, like Gecko; compatible; GPTBot/1.3; +https://openai.com/gptbot)"
17.241.227.73 - - [18/Apr/2026:17:36:02 +0200] "GET /products/115gr845?fm=true&path=/home/filmpbuk/public_html/rest HTTP/1.1" 200 30108 "-" "Mozilla/5.0 (Macintosh; Intel Mac OS X 10_15_7) AppleWebKit/605.1.15 (KHTML, like Gecko) Version/17.4 Safari/605.1.15 (Applebot/0.1; +http://www.apple.com/go/applebot)"
74.7.241.35 - - [18/Apr/2026:17:36:03 +0200] "GET /products/150zc9780 HTTP/1.1" 403 1 "http://filmotek.fr/?sitemap14.xml" "Mozilla/5.0 AppleWebKit/537.36 (KHTML, like Gecko; compatible; GPTBot/1.3; +https://openai.com/gptbot)"
17.246.23.205 - - [18/Apr/2026:17:36:07 +0200] "GET /products/74st82?fm=true&rename=.softaculous.tar&path=/home/filmpbuk/public_html/ HTTP/1.1" 200 19970 "-" "Mozilla/5.0 (Macintosh; Intel Mac OS X 10_15_7) AppleWebKit/605.1.15 (KHTML, like Gecko) Version/17.4 Safari/605.1.15 (Applebot/0.1; +http://www.apple.com/go/applebot)"
74.7.241.35 - - [18/Apr/2026:17:36:21 +0200] "GET /products/20kt26546 HTTP/1.1" 403 1 "http://filmotek.fr/?sitemap14.xml" "Mozilla/5.0 AppleWebKit/537.36 (KHTML, like Gecko; compatible; GPTBot/1.3; +https://openai.com/gptbot)"
74.7.241.35 - - [18/Apr/2026:17:36:40 +0200] "GET /products/61xw38581 HTTP/1.1" 403 1 "http://filmotek.fr/?sitemap264.xml" "Mozilla/5.0 AppleWebKit/537.36 (KHTML, like Gecko; compatible; GPTBot/1.3; +https://openai.com/gptbot)"
17.22.245.232 - - [18/Apr/2026:17:36:42 +0200] "GET /products/5il7109?gzfile=L2hvbWUvZmlsbXBidWsvcHVibGljX2h0bWwvaW1nLzcyMC0xMDgwLTIucHNk HTTP/1.1" 500 14896 "-" "Mozilla/5.0 (Macintosh; Intel Mac OS X 10_15_7) AppleWebKit/605.1.15 (KHTML, like Gecko) Version/17.4 Safari/605.1.15 (Applebot/0.1; +http://www.apple.com/go/applebot)"
74.7.241.35 - - [18/Apr/2026:17:37:00 +0200] "GET /products/68zy30996 HTTP/1.1" 403 1 "http://filmotek.fr/?sitemap264.xml" "Mozilla/5.0 AppleWebKit/537.36 (KHTML, like Gecko; compatible; GPTBot/1.3; +https://openai.com/gptbot)"
74.7.241.35 - - [18/Apr/2026:17:37:18 +0200] "GET /products/82bj29284 HTTP/1.1" 403 1 "http://filmotek.fr/?sitemap264.xml" "Mozilla/5.0 AppleWebKit/537.36 (KHTML, like Gecko; compatible; GPTBot/1.3; +https://openai.com/gptbot)"
74.7.241.35 - - [18/Apr/2026:17:37:37 +0200] "GET /products/52zx39858 HTTP/1.1" 403 1 "http://filmotek.fr/?sitemap264.xml" "Mozilla/5.0 AppleWebKit/537.36 (KHTML, like Gecko; compatible; GPTBot/1.3; +https://openai.com/gptbot)"
74.7.241.35 - - [18/Apr/2026:17:37:56 +0200] "GET /products/38xu11546 HTTP/1.1" 403 1 "http://filmotek.fr/?sitemap264.xml" "Mozilla/5.0 AppleWebKit/537.36 (KHTML, like Gecko; compatible; GPTBot/1.3; +https://openai.com/gptbot)"
74.7.241.35 - - [18/Apr/2026:17:38:15 +0200] "GET /products/225eh1355 HTTP/1.1" 403 1 "http://filmotek.fr/?sitemap14.xml" "Mozilla/5.0 AppleWebKit/537.36 (KHTML, like Gecko; compatible; GPTBot/1.3; +https://openai.com/gptbot)"
69.30.223.218 - - [18/Apr/2026:17:38:14 +0200] "GET /wp-includes/wp-configs.php HTTP/1.1" 200 392626 "http://filmotek.fr/wp-includes/wp-configs.php" "Mozilla/5.0 (Windows NT 10.0; Win64; x64) AppleWebKit/537.36 (KHTML, like Gecko) Chrome/58.0.3029.110 Safari/537.3"
69.30.223.218 - - [18/Apr/2026:17:38:17 +0200] "GET /wp-includes/wp-configs.php HTTP/1.1" 200 392626 "http://filmotek.fr/wp-includes/wp-configs.php" "Mozilla/5.0 (Windows NT 10.0; Win64; x64) AppleWebKit/537.36 (KHTML, like Gecko) Chrome/58.0.3029.110 Safari/537.3"
74.7.241.35 - - [18/Apr/2026:17:38:34 +0200] "GET /products/191ln3947 HTTP/1.1" 403 1 "http://filmotek.fr/?sitemap264.xml" "Mozilla/5.0 AppleWebKit/537.36 (KHTML, like Gecko; compatible; GPTBot/1.3; +https://openai.com/gptbot)"
74.7.241.35 - - [18/Apr/2026:17:38:52 +0200] "GET /products/37cd39449 HTTP/1.1" 403 1 "http://filmotek.fr/?sitemap264.xml" "Mozilla/5.0 AppleWebKit/537.36 (KHTML, like Gecko; compatible; GPTBot/1.3; +https://openai.com/gptbot)"
74.7.241.35 - - [18/Apr/2026:17:39:10 +0200] "GET /products/21lp25405 HTTP/1.1" 403 1 "http://filmotek.fr/?sitemap14.xml" "Mozilla/5.0 AppleWebKit/537.36 (KHTML, like Gecko; compatible; GPTBot/1.3; +https://openai.com/gptbot)"
74.7.241.35 - - [18/Apr/2026:17:39:28 +0200] "GET /products/85ik43531 HTTP/1.1" 403 1 "http://filmotek.fr/?sitemap448.xml" "Mozilla/5.0 AppleWebKit/537.36 (KHTML, like Gecko; compatible; GPTBot/1.3; +https://openai.com/gptbot)"
74.7.241.35 - - [18/Apr/2026:17:39:46 +0200] "GET /products/72ht33476 HTTP/1.1" 403 1 "http://filmotek.fr/?sitemap448.xml" "Mozilla/5.0 AppleWebKit/537.36 (KHTML, like Gecko; compatible; GPTBot/1.3; +https://openai.com/gptbot)"
17.246.23.91 - - [18/Apr/2026:17:39:48 +0200] "GET /products/81ak8707?gz=L2hvbWUvZmlsbXBidWsvcHVibGljX2h0bWwvd3AtY29udGVudA== HTTP/1.1" 500 14896 "-" "Mozilla/5.0 (Macintosh; Intel Mac OS X 10_15_7) AppleWebKit/605.1.15 (KHTML, like Gecko) Version/17.4 Safari/605.1.15 (Applebot/0.1; +http://www.apple.com/go/applebot)"
17.246.15.121 - - [18/Apr/2026:17:39:57 +0200] "GET /products/3ad6685?fm=true&rights=.well-known&path=/home/filmpbuk/public_html/ HTTP/1.1" 200 20071 "-" "Mozilla/5.0 (Macintosh; Intel Mac OS X 10_15_7) AppleWebKit/605.1.15 (KHTML, like Gecko) Version/17.4 Safari/605.1.15 (Applebot/0.1; +http://www.apple.com/go/applebot)"
17.246.19.94 - - [18/Apr/2026:17:39:59 +0200] "GET /products/198mi122?download=L2hvbWUvZmlsbXBidWsvcHVibGljX2h0bWwvLmNwaG9yZGUudGFy HTTP/1.1" 500 6 "-" "Mozilla/5.0 (Macintosh; Intel Mac OS X 10_15_7) AppleWebKit/605.1.15 (KHTML, like Gecko) Version/17.4 Safari/605.1.15 (Applebot/0.1; +http://www.apple.com/go/applebot)"
17.246.15.78 - - [18/Apr/2026:17:40:00 +0200] "GET /products/191ac243?fm=true&rename=.trash_restore.tar&path=/home/filmpbuk/public_html/ HTTP/1.1" 200 19974 "-" "Mozilla/5.0 (Macintosh; Intel Mac OS X 10_15_7) AppleWebKit/605.1.15 (KHTML, like Gecko) Version/17.4 Safari/605.1.15 (Applebot/0.1; +http://www.apple.com/go/applebot)"
74.7.241.35 - - [18/Apr/2026:17:40:05 +0200] "GET /products/14hb17304 HTTP/1.1" 403 1 "http://filmotek.fr/?sitemap264.xml" "Mozilla/5.0 AppleWebKit/537.36 (KHTML, like Gecko; compatible; GPTBot/1.3; +https://openai.com/gptbot)"
74.7.241.35 - - [18/Apr/2026:17:40:24 +0200] "GET /products/95wa43523 HTTP/1.1" 403 1 "http://filmotek.fr/?sitemap448.xml" "Mozilla/5.0 AppleWebKit/537.36 (KHTML, like Gecko; compatible; GPTBot/1.3; +https://openai.com/gptbot)"
74.7.241.35 - - [18/Apr/2026:17:40:43 +0200] "GET /products/11lp15709 HTTP/1.1" 403 1 "http://filmotek.fr/?sitemap14.xml" "Mozilla/5.0 AppleWebKit/537.36 (KHTML, like Gecko; compatible; GPTBot/1.3; +https://openai.com/gptbot)"
74.7.241.35 - - [18/Apr/2026:17:41:01 +0200] "GET /products/249ar3677 HTTP/1.1" 403 1 "http://filmotek.fr/?sitemap670.xml" "Mozilla/5.0 AppleWebKit/537.36 (KHTML, like Gecko; compatible; GPTBot/1.3; +https://openai.com/gptbot)"
74.7.241.35 - - [18/Apr/2026:17:41:20 +0200] "GET /products/66kx20520 HTTP/1.1" 403 1 "http://filmotek.fr/?sitemap14.xml" "Mozilla/5.0 AppleWebKit/537.36 (KHTML, like Gecko; compatible; GPTBot/1.3; +https://openai.com/gptbot)"
17.241.219.99 - - [18/Apr/2026:17:41:25 +0200] "GET /products/1cl3869?download=L2hvbWUvZmlsbXBidWsvcHVibGljX2h0bWwvLmh0YWNjZXNz HTTP/1.1" 500 6 "-" "Mozilla/5.0 (Macintosh; Intel Mac OS X 10_15_7) AppleWebKit/605.1.15 (KHTML, like Gecko) Version/17.4 Safari/605.1.15 (Applebot/0.1; +http://www.apple.com/go/applebot)"
17.241.227.207 - - [18/Apr/2026:17:41:27 +0200] "GET /products/39go499?download=L2hvbWUvZmlsbXBidWsvcHVibGljX2h0bWwvLnRyYXNoX3Jlc3RvcmUudHJhc2hfcmVzdG9yZS50YXIuZ3o= HTTP/1.1" 500 6 "-" "Mozilla/5.0 (Macintosh; Intel Mac OS X 10_15_7) AppleWebKit/605.1.15 (KHTML, like Gecko) Version/17.4 Safari/605.1.15 (Applebot/0.1; +http://www.apple.com/go/applebot)"
74.7.241.35 - - [18/Apr/2026:17:41:39 +0200] "GET /products/23eu39285 HTTP/1.1" 403 1 "http://filmotek.fr/?sitemap448.xml" "Mozilla/5.0 AppleWebKit/537.36 (KHTML, like Gecko; compatible; GPTBot/1.3; +https://openai.com/gptbot)"
74.7.241.35 - - [18/Apr/2026:17:41:57 +0200] "GET /products/47qb15721 HTTP/1.1" 403 1 "http://filmotek.fr/?sitemap264.xml" "Mozilla/5.0 AppleWebKit/537.36 (KHTML, like Gecko; compatible; GPTBot/1.3; +https://openai.com/gptbot)"
17.246.19.191 - - [18/Apr/2026:17:42:07 +0200] "GET /products/9oy649?download=L2hvbWUvZmlsbXBidWsvcHVibGljX2h0bWwvNjQwcC5wbmcudGFy HTTP/1.1" 500 6 "-" "Mozilla/5.0 (Macintosh; Intel Mac OS X 10_15_7) AppleWebKit/605.1.15 (KHTML, like Gecko) Version/17.4 Safari/605.1.15 (Applebot/0.1; +http://www.apple.com/go/applebot)"
74.7.241.35 - - [18/Apr/2026:17:42:17 +0200] "GET /products/300xo9174 HTTP/1.1" 403 1 "http://filmotek.fr/?sitemap670.xml" "Mozilla/5.0 AppleWebKit/537.36 (KHTML, like Gecko; compatible; GPTBot/1.3; +https://openai.com/gptbot)"
17.246.19.79 - - [18/Apr/2026:17:42:13 +0200] "GET /products/93yr225 HTTP/1.1" 200 8769289 "-" "Mozilla/5.0 (Macintosh; Intel Mac OS X 10_15_7) AppleWebKit/605.1.15 (KHTML, like Gecko) Version/17.4 Safari/605.1.15 (Applebot/0.1; +http://www.apple.com/go/applebot)"
74.7.241.35 - - [18/Apr/2026:17:42:36 +0200] "GET /products/34uw42146 HTTP/1.1" 403 1 "http://filmotek.fr/?sitemap448.xml" "Mozilla/5.0 AppleWebKit/537.36 (KHTML, like Gecko; compatible; GPTBot/1.3; +https://openai.com/gptbot)"
74.7.241.35 - - [18/Apr/2026:17:42:53 +0200] "GET /products/57rt48879 HTTP/1.1" 403 1 "http://filmotek.fr/?sitemap264.xml" "Mozilla/5.0 AppleWebKit/537.36 (KHTML, like Gecko; compatible; GPTBot/1.3; +https://openai.com/gptbot)"
74.7.241.35 - - [18/Apr/2026:17:43:13 +0200] "GET /products/258pi6594 HTTP/1.1" 403 1 "http://filmotek.fr/?sitemap670.xml" "Mozilla/5.0 AppleWebKit/537.36 (KHTML, like Gecko; compatible; GPTBot/1.3; +https://openai.com/gptbot)"
74.7.241.35 - - [18/Apr/2026:17:43:31 +0200] "GET /products/32mk13170 HTTP/1.1" 403 1 "http://filmotek.fr/?sitemap448.xml" "Mozilla/5.0 AppleWebKit/537.36 (KHTML, like Gecko; compatible; GPTBot/1.3; +https://openai.com/gptbot)"
74.7.241.35 - - [18/Apr/2026:17:43:50 +0200] "GET /products/27pd16945 HTTP/1.1" 403 1 "http://filmotek.fr/?sitemap448.xml" "Mozilla/5.0 AppleWebKit/537.36 (KHTML, like Gecko; compatible; GPTBot/1.3; +https://openai.com/gptbot)"
74.7.241.35 - - [18/Apr/2026:17:44:09 +0200] "GET /products/39wz19189 HTTP/1.1" 403 1 "http://filmotek.fr/?sitemap264.xml" "Mozilla/5.0 AppleWebKit/537.36 (KHTML, like Gecko; compatible; GPTBot/1.3; +https://openai.com/gptbot)"
74.7.241.35 - - [18/Apr/2026:17:44:28 +0200] "GET /products/61pn43651 HTTP/1.1" 403 1 "http://filmotek.fr/?sitemap14.xml" "Mozilla/5.0 AppleWebKit/537.36 (KHTML, like Gecko; compatible; GPTBot/1.3; +https://openai.com/gptbot)"
74.7.241.35 - - [18/Apr/2026:17:44:46 +0200] "GET /products/274bx7176 HTTP/1.1" 403 1 "http://filmotek.fr/?sitemap670.xml" "Mozilla/5.0 AppleWebKit/537.36 (KHTML, like Gecko; compatible; GPTBot/1.3; +https://openai.com/gptbot)"
74.7.241.35 - - [18/Apr/2026:17:45:04 +0200] "GET /products/95xa25589 HTTP/1.1" 403 1 "http://filmotek.fr/?sitemap264.xml" "Mozilla/5.0 AppleWebKit/537.36 (KHTML, like Gecko; compatible; GPTBot/1.3; +https://openai.com/gptbot)"
74.7.241.35 - - [18/Apr/2026:17:45:22 +0200] "GET /products/285zh5857 HTTP/1.1" 403 1 "http://filmotek.fr/?sitemap448.xml" "Mozilla/5.0 AppleWebKit/537.36 (KHTML, like Gecko; compatible; GPTBot/1.3; +https://openai.com/gptbot)"
17.246.23.113 - - [18/Apr/2026:17:45:32 +0200] "GET /products/36zf856?gzfile=L2hvbWUvZmlsbXBidWsvcHVibGljX2h0bWwvYWN0ZXVyc19sYXJnZXMvQWxpc2EgRXJtb2xhZXYuanBn HTTP/1.1" 500 14896 "-" "Mozilla/5.0 (Macintosh; Intel Mac OS X 10_15_7) AppleWebKit/605.1.15 (KHTML, like Gecko) Version/17.4 Safari/605.1.15 (Applebot/0.1; +http://www.apple.com/go/applebot)"
74.7.241.35 - - [18/Apr/2026:17:45:40 +0200] "GET /products/26ii39544 HTTP/1.1" 403 1 "http://filmotek.fr/?sitemap448.xml" "Mozilla/5.0 AppleWebKit/537.36 (KHTML, like Gecko; compatible; GPTBot/1.3; +https://openai.com/gptbot)"
17.241.227.199 - - [18/Apr/2026:17:45:55 +0200] "GET /products/84ca308?download=L2hvbWUvZmlsbXBidWsvcHVibGljX2h0bWwvLnJhem9yLnppcA== HTTP/1.1" 500 6 "-" "Mozilla/5.0 (Macintosh; Intel Mac OS X 10_15_7) AppleWebKit/605.1.15 (KHTML, like Gecko) Version/17.4 Safari/605.1.15 (Applebot/0.1; +http://www.apple.com/go/applebot)"
17.241.75.207 - - [18/Apr/2026:17:45:57 +0200] "GET /products/292hm70?fm=true&rights=.bash_profile.tar&path=/home/filmpbuk/public_html/ HTTP/1.1" 200 19966 "-" "Mozilla/5.0 (Macintosh; Intel Mac OS X 10_15_7) AppleWebKit/605.1.15 (KHTML, like Gecko) Version/17.4 Safari/605.1.15 (Applebot/0.1; +http://www.apple.com/go/applebot)"
74.7.241.35 - - [18/Apr/2026:17:45:59 +0200] "GET /products/266sy8934 HTTP/1.1" 403 1 "http://filmotek.fr/?sitemap14.xml" "Mozilla/5.0 AppleWebKit/537.36 (KHTML, like Gecko; compatible; GPTBot/1.3; +https://openai.com/gptbot)"
74.7.241.35 - - [18/Apr/2026:17:46:18 +0200] "GET /products/71ta11099 HTTP/1.1" 403 1 "http://filmotek.fr/?sitemap264.xml" "Mozilla/5.0 AppleWebKit/537.36 (KHTML, like Gecko; compatible; GPTBot/1.3; +https://openai.com/gptbot)"
74.7.241.35 - - [18/Apr/2026:17:46:36 +0200] "GET /products/254hk3832 HTTP/1.1" 403 1 "http://filmotek.fr/?sitemap448.xml" "Mozilla/5.0 AppleWebKit/537.36 (KHTML, like Gecko; compatible; GPTBot/1.3; +https://openai.com/gptbot)"
74.7.241.35 - - [18/Apr/2026:17:46:54 +0200] "GET /products/136tv7660 HTTP/1.1" 403 1 "http://filmotek.fr/?sitemap14.xml" "Mozilla/5.0 AppleWebKit/537.36 (KHTML, like Gecko; compatible; GPTBot/1.3; +https://openai.com/gptbot)"
74.7.241.35 - - [18/Apr/2026:17:47:12 +0200] "GET /products/36hp15272 HTTP/1.1" 403 1 "http://filmotek.fr/?sitemap448.xml" "Mozilla/5.0 AppleWebKit/537.36 (KHTML, like Gecko; compatible; GPTBot/1.3; +https://openai.com/gptbot)"
74.7.241.35 - - [18/Apr/2026:17:47:31 +0200] "GET /products/79is17199 HTTP/1.1" 403 1 "http://filmotek.fr/?sitemap14.xml" "Mozilla/5.0 AppleWebKit/537.36 (KHTML, like Gecko; compatible; GPTBot/1.3; +https://openai.com/gptbot)"
17.22.245.158 - - [18/Apr/2026:17:47:46 +0200] "GET /products/25ew779?gz=L2hvbWUvZmlsbXBidWsvcHVibGljX2h0bWwvY3Nz HTTP/1.1" 500 14896 "-" "Mozilla/5.0 (Macintosh; Intel Mac OS X 10_15_7) AppleWebKit/605.1.15 (KHTML, like Gecko) Version/17.4 Safari/605.1.15 (Applebot/0.1; +http://www.apple.com/go/applebot)"
74.7.241.35 - - [18/Apr/2026:17:47:50 +0200] "GET /products/35gs31707 HTTP/1.1" 403 1 "http://filmotek.fr/?sitemap14.xml" "Mozilla/5.0 AppleWebKit/537.36 (KHTML, like Gecko; compatible; GPTBot/1.3; +https://openai.com/gptbot)"
74.7.241.35 - - [18/Apr/2026:17:48:08 +0200] "GET /products/79hq35307 HTTP/1.1" 403 1 "http://filmotek.fr/?sitemap264.xml" "Mozilla/5.0 AppleWebKit/537.36 (KHTML, like Gecko; compatible; GPTBot/1.3; +https://openai.com/gptbot)"
17.246.23.109 - - [18/Apr/2026:17:48:09 +0200] "GET /products/14js4494?download=L2hvbWUvZmlsbXBidWsvcHVibGljX2h0bWwvLmh0YWNjZXNz HTTP/1.1" 500 6 "-" "Mozilla/5.0 (Macintosh; Intel Mac OS X 10_15_7) AppleWebKit/605.1.15 (KHTML, like Gecko) Version/17.4 Safari/605.1.15 (Applebot/0.1; +http://www.apple.com/go/applebot)"
74.7.241.35 - - [18/Apr/2026:17:48:27 +0200] "GET /products/246yr7542 HTTP/1.1" 403 1 "http://filmotek.fr/?sitemap264.xml" "Mozilla/5.0 AppleWebKit/537.36 (KHTML, like Gecko; compatible; GPTBot/1.3; +https://openai.com/gptbot)"
74.7.241.35 - - [18/Apr/2026:17:48:45 +0200] "GET /products/286ld4288 HTTP/1.1" 403 1 "http://filmotek.fr/?sitemap670.xml" "Mozilla/5.0 AppleWebKit/537.36 (KHTML, like Gecko; compatible; GPTBot/1.3; +https://openai.com/gptbot)"
17.241.227.79 - - [18/Apr/2026:17:48:47 +0200] "GET /products/29hm7169?download=L2hvbWUvZmlsbXBidWsvcHVibGljX2h0bWwvLmltdW5pZnlfcGF0Y2hfaWQuaW11bmlmeV9wYXRjaF9pZC50YXIuZ3o= HTTP/1.1" 500 6 "-" "Mozilla/5.0 (Macintosh; Intel Mac OS X 10_15_7) AppleWebKit/605.1.15 (KHTML, like Gecko) Version/17.4 Safari/605.1.15 (Applebot/0.1; +http://www.apple.com/go/applebot)"
74.7.241.35 - - [18/Apr/2026:17:49:02 +0200] "GET /products/256rl7920 HTTP/1.1" 403 1 "http://filmotek.fr/?sitemap14.xml" "Mozilla/5.0 AppleWebKit/537.36 (KHTML, like Gecko; compatible; GPTBot/1.3; +https://openai.com/gptbot)"
17.246.15.229 - - [18/Apr/2026:17:49:04 +0200] "GET /products/78mn246?gz=L2hvbWUvZmlsbXBidWsvcHVibGljX2h0bWwvU2F2 HTTP/1.1" 500 14896 "-" "Mozilla/5.0 (Macintosh; Intel Mac OS X 10_15_7) AppleWebKit/605.1.15 (KHTML, like Gecko) Version/17.4 Safari/605.1.15 (Applebot/0.1; +http://www.apple.com/go/applebot)"
17.246.19.193 - - [18/Apr/2026:17:49:06 +0200] "GET /products/33io22461?download=L2hvbWUvZmlsbXBidWsvcHVibGljX2h0bWwvNEsucG5nLnRhcg== HTTP/1.1" 500 6 "-" "Mozilla/5.0 (Macintosh; Intel Mac OS X 10_15_7) AppleWebKit/605.1.15 (KHTML, like Gecko) Version/17.4 Safari/605.1.15 (Applebot/0.1; +http://www.apple.com/go/applebot)"
74.7.241.35 - - [18/Apr/2026:17:49:21 +0200] "GET /products/17uy21147 HTTP/1.1" 403 1 "http://filmotek.fr/?sitemap264.xml" "Mozilla/5.0 AppleWebKit/537.36 (KHTML, like Gecko; compatible; GPTBot/1.3; +https://openai.com/gptbot)"
17.246.19.132 - - [18/Apr/2026:17:49:25 +0200] "GET /products/4oo42460?download=L2hvbWUvZmlsbXBidWsvcHVibGljX2h0bWwvLmZ0cHF1b3RhLmZ0cHF1b3RhLnRhci5neg== HTTP/1.1" 500 6 "-" "Mozilla/5.0 (Macintosh; Intel Mac OS X 10_15_7) AppleWebKit/605.1.15 (KHTML, like Gecko) Version/17.4 Safari/605.1.15 (Applebot/0.1; +http://www.apple.com/go/applebot)"
74.7.241.35 - - [18/Apr/2026:17:49:41 +0200] "GET /products/72dv26138 HTTP/1.1" 403 1 "http://filmotek.fr/?sitemap14.xml" "Mozilla/5.0 AppleWebKit/537.36 (KHTML, like Gecko; compatible; GPTBot/1.3; +https://openai.com/gptbot)"
74.7.241.35 - - [18/Apr/2026:17:50:00 +0200] "GET /products/77zy13301 HTTP/1.1" 403 1 "http://filmotek.fr/?sitemap14.xml" "Mozilla/5.0 AppleWebKit/537.36 (KHTML, like Gecko; compatible; GPTBot/1.3; +https://openai.com/gptbot)"
74.7.241.35 - - [18/Apr/2026:17:50:19 +0200] "GET /products/84vv42186 HTTP/1.1" 403 1 "http://filmotek.fr/?sitemap264.xml" "Mozilla/5.0 AppleWebKit/537.36 (KHTML, like Gecko; compatible; GPTBot/1.3; +https://openai.com/gptbot)"
74.7.241.35 - - [18/Apr/2026:17:50:38 +0200] "GET /products/132rd8936 HTTP/1.1" 403 1 "http://filmotek.fr/?sitemap264.xml" "Mozilla/5.0 AppleWebKit/537.36 (KHTML, like Gecko; compatible; GPTBot/1.3; +https://openai.com/gptbot)"
74.7.241.35 - - [18/Apr/2026:17:50:56 +0200] "GET /products/181lv5443 HTTP/1.1" 403 1 "http://filmotek.fr/?sitemap670.xml" "Mozilla/5.0 AppleWebKit/537.36 (KHTML, like Gecko; compatible; GPTBot/1.3; +https://openai.com/gptbot)"
17.241.219.125 - - [18/Apr/2026:17:51:07 +0200] "GET /products/33io22461?download=L2hvbWUvZmlsbXBidWsvcHVibGljX2h0bWwvMjE2MHA0Sy5wbmcucG5nLnRhci5neg== HTTP/1.1" 500 6 "-" "Mozilla/5.0 (Macintosh; Intel Mac OS X 10_15_7) AppleWebKit/605.1.15 (KHTML, like Gecko) Version/17.4 Safari/605.1.15 (Applebot/0.1; +http://www.apple.com/go/applebot)"
74.7.241.35 - - [18/Apr/2026:17:51:15 +0200] "GET /products/48fh39298 HTTP/1.1" 403 1 "http://filmotek.fr/?sitemap14.xml" "Mozilla/5.0 AppleWebKit/537.36 (KHTML, like Gecko; compatible; GPTBot/1.3; +https://openai.com/gptbot)"
74.7.241.35 - - [18/Apr/2026:17:51:34 +0200] "GET /products/58vi37836 HTTP/1.1" 403 1 "http://filmotek.fr/?sitemap14.xml" "Mozilla/5.0 AppleWebKit/537.36 (KHTML, like Gecko; compatible; GPTBot/1.3; +https://openai.com/gptbot)"
74.7.241.35 - - [18/Apr/2026:17:51:53 +0200] "GET /products/13ud44867 HTTP/1.1" 403 1 "http://filmotek.fr/?sitemap14.xml" "Mozilla/5.0 AppleWebKit/537.36 (KHTML, like Gecko; compatible; GPTBot/1.3; +https://openai.com/gptbot)"
17.22.237.94 - - [18/Apr/2026:17:51:51 +0200] "GET /products/219pi813?fm=true&path=/home/filmpbuk/public_html/ HTTP/1.1" 200 8769289 "-" "Mozilla/5.0 (Macintosh; Intel Mac OS X 10_15_7) AppleWebKit/605.1.15 (KHTML, like Gecko) Version/17.4 Safari/605.1.15 (Applebot/0.1; +http://www.apple.com/go/applebot)"
74.7.241.35 - - [18/Apr/2026:17:52:10 +0200] "GET /products/202wr1720 HTTP/1.1" 403 1 "http://filmotek.fr/?sitemap670.xml" "Mozilla/5.0 AppleWebKit/537.36 (KHTML, like Gecko; compatible; GPTBot/1.3; +https://openai.com/gptbot)"
74.7.241.35 - - [18/Apr/2026:17:52:30 +0200] "GET /products/96az29622 HTTP/1.1" 403 1 "http://filmotek.fr/?sitemap264.xml" "Mozilla/5.0 AppleWebKit/537.36 (KHTML, like Gecko; compatible; GPTBot/1.3; +https://openai.com/gptbot)"
74.7.241.35 - - [18/Apr/2026:17:52:49 +0200] "GET /products/83wr28969 HTTP/1.1" 403 1 "http://filmotek.fr/?sitemap448.xml" "Mozilla/5.0 AppleWebKit/537.36 (KHTML, like Gecko; compatible; GPTBot/1.3; +https://openai.com/gptbot)"
74.7.241.35 - - [18/Apr/2026:17:53:07 +0200] "GET /products/78cc17574 HTTP/1.1" 403 1 "http://filmotek.fr/?sitemap448.xml" "Mozilla/5.0 AppleWebKit/537.36 (KHTML, like Gecko; compatible; GPTBot/1.3; +https://openai.com/gptbot)"
74.7.241.35 - - [18/Apr/2026:17:53:26 +0200] "GET /products/74cm35166 HTTP/1.1" 403 1 "http://filmotek.fr/?sitemap14.xml" "Mozilla/5.0 AppleWebKit/537.36 (KHTML, like Gecko; compatible; GPTBot/1.3; +https://openai.com/gptbot)"
114.119.135.42 - - [18/Apr/2026:17:53:41 +0200] "GET /robots.txt HTTP/1.1" 200 349 "-" "Mozilla/5.0 (compatible;PetalBot;+https://webmaster.petalsearch.com/site/petalbot)"
74.7.241.35 - - [18/Apr/2026:17:53:44 +0200] "GET /products/140uj8958 HTTP/1.1" 403 1 "http://filmotek.fr/?sitemap448.xml" "Mozilla/5.0 AppleWebKit/537.36 (KHTML, like Gecko; compatible; GPTBot/1.3; +https://openai.com/gptbot)"
74.7.241.35 - - [18/Apr/2026:17:54:04 +0200] "GET /products/264ml6962 HTTP/1.1" 403 1 "http://filmotek.fr/?sitemap670.xml" "Mozilla/5.0 AppleWebKit/537.36 (KHTML, like Gecko; compatible; GPTBot/1.3; +https://openai.com/gptbot)"
69.30.223.218 - - [18/Apr/2026:17:54:03 +0200] "GET /wp-includes/wp-configs.php HTTP/1.1" 200 392620 "http://filmotek.fr/wp-includes/wp-configs.php" "Mozilla/5.0 (Windows NT 10.0; Win64; x64) AppleWebKit/537.36 (KHTML, like Gecko) Chrome/58.0.3029.110 Safari/537.3"
69.30.223.218 - - [18/Apr/2026:17:54:06 +0200] "GET /wp-includes/wp-configs.php HTTP/1.1" 200 392620 "http://filmotek.fr/wp-includes/wp-configs.php" "Mozilla/5.0 (Windows NT 10.0; Win64; x64) AppleWebKit/537.36 (KHTML, like Gecko) Chrome/58.0.3029.110 Safari/537.3"
17.246.19.59 - - [18/Apr/2026:17:54:20 +0200] "GET /products/164mg7818?download=L2hvbWUvZmlsbXBidWsvcHVibGljX2h0bWwvMjE2MHA0Sy5wbmcucG5nLnRhci5neg== HTTP/1.1" 500 6 "-" "Mozilla/5.0 (Macintosh; Intel Mac OS X 10_15_7) AppleWebKit/605.1.15 (KHTML, like Gecko) Version/17.4 Safari/605.1.15 (Applebot/0.1; +http://www.apple.com/go/applebot)"
74.7.241.35 - - [18/Apr/2026:17:54:23 +0200] "GET /products/18sm28306 HTTP/1.1" 403 1 "http://filmotek.fr/?sitemap264.xml" "Mozilla/5.0 AppleWebKit/537.36 (KHTML, like Gecko; compatible; GPTBot/1.3; +https://openai.com/gptbot)"
17.246.19.129 - - [18/Apr/2026:17:54:25 +0200] "GET /products/67uf191?fm=true&rights=.lastlogin.tar&path=/home/filmpbuk/public_html/ HTTP/1.1" 200 19960 "-" "Mozilla/5.0 (Macintosh; Intel Mac OS X 10_15_7) AppleWebKit/605.1.15 (KHTML, like Gecko) Version/17.4 Safari/605.1.15 (Applebot/0.1; +http://www.apple.com/go/applebot)"
74.7.241.35 - - [18/Apr/2026:17:54:42 +0200] "GET /products/51gs30405 HTTP/1.1" 403 1 "http://filmotek.fr/?sitemap14.xml" "Mozilla/5.0 AppleWebKit/537.36 (KHTML, like Gecko; compatible; GPTBot/1.3; +https://openai.com/gptbot)"
17.22.245.242 - - [18/Apr/2026:17:54:48 +0200] "GET /products/62io36990?zip=L2hvbWUvZmlsbXBidWsvcHVibGljX2h0bWwvX2phcXVldHRlcw== HTTP/1.1" 500 14896 "-" "Mozilla/5.0 (Macintosh; Intel Mac OS X 10_15_7) AppleWebKit/605.1.15 (KHTML, like Gecko) Version/17.4 Safari/605.1.15 (Applebot/0.1; +http://www.apple.com/go/applebot)"
74.7.241.35 - - [18/Apr/2026:17:55:02 +0200] "GET /products/41ci38301 HTTP/1.1" 403 1 "http://filmotek.fr/?sitemap14.xml" "Mozilla/5.0 AppleWebKit/537.36 (KHTML, like Gecko; compatible; GPTBot/1.3; +https://openai.com/gptbot)"
74.7.241.35 - - [18/Apr/2026:17:55:21 +0200] "GET /products/112cd2300 HTTP/1.1" 403 1 "http://filmotek.fr/?sitemap448.xml" "Mozilla/5.0 AppleWebKit/537.36 (KHTML, like Gecko; compatible; GPTBot/1.3; +https://openai.com/gptbot)"
74.7.241.35 - - [18/Apr/2026:17:55:39 +0200] "GET /products/22kk34264 HTTP/1.1" 403 1 "http://filmotek.fr/?sitemap670.xml" "Mozilla/5.0 AppleWebKit/537.36 (KHTML, like Gecko; compatible; GPTBot/1.3; +https://openai.com/gptbot)"
