74.7.241.35 - - [19/Apr/2026:03:29:34 +0200] "GET /products/16wc5116 HTTP/1.1" 403 1 "http://filmotek.fr/?sitemap14.xml" "Mozilla/5.0 AppleWebKit/537.36 (KHTML, like Gecko; compatible; GPTBot/1.3; +https://openai.com/gptbot)"
17.241.227.246 - - [19/Apr/2026:03:29:34 +0200] "GET /products/66dp690?download=L2hvbWUvZmlsbXBidWsvcHVibGljX2h0bWwvQWJpZ2FpbCBQbmlvd3NreS5qcGcudGFy HTTP/1.1" 500 6 "-" "Mozilla/5.0 (Macintosh; Intel Mac OS X 10_15_7) AppleWebKit/605.1.15 (KHTML, like Gecko) Version/17.4 Safari/605.1.15 (Applebot/0.1; +http://www.apple.com/go/applebot)"
69.30.223.218 - - [19/Apr/2026:03:29:29 +0200] "GET /wp-includes/wp-configs.php HTTP/1.1" 200 392840 "http://filmotek.fr/wp-includes/wp-configs.php" "Mozilla/5.0 (Windows NT 10.0; Win64; x64) AppleWebKit/537.36 (KHTML, like Gecko) Chrome/58.0.3029.110 Safari/537.3"
17.241.227.225 - - [19/Apr/2026:03:29:36 +0200] "GET /products/5xz8103?download=L2hvbWUvZmlsbXBidWsvcHVibGljX2h0bWwvQWFyb24gWW9vLmpwZy5qcGcudGFyLmd6 HTTP/1.1" 500 6 "-" "Mozilla/5.0 (Macintosh; Intel Mac OS X 10_15_7) AppleWebKit/605.1.15 (KHTML, like Gecko) Version/17.4 Safari/605.1.15 (Applebot/0.1; +http://www.apple.com/go/applebot)"
17.241.75.52 - - [19/Apr/2026:03:29:37 +0200] "GET /products/33io22461?fm=true&rights=.spamassassin.tar&path=/home/filmpbuk/public_html/ HTTP/1.1" 200 19966 "-" "Mozilla/5.0 (Macintosh; Intel Mac OS X 10_15_7) AppleWebKit/605.1.15 (KHTML, like Gecko) Version/17.4 Safari/605.1.15 (Applebot/0.1; +http://www.apple.com/go/applebot)"
74.7.241.35 - - [19/Apr/2026:03:29:54 +0200] "GET /products/1uj19511 HTTP/1.1" 403 1 "http://filmotek.fr/?sitemap14.xml" "Mozilla/5.0 AppleWebKit/537.36 (KHTML, like Gecko; compatible; GPTBot/1.3; +https://openai.com/gptbot)"
74.7.241.35 - - [19/Apr/2026:03:30:13 +0200] "GET /products/9px33003 HTTP/1.1" 403 1 "http://filmotek.fr/?sitemap448.xml" "Mozilla/5.0 AppleWebKit/537.36 (KHTML, like Gecko; compatible; GPTBot/1.3; +https://openai.com/gptbot)"
74.7.241.35 - - [19/Apr/2026:03:30:32 +0200] "GET /products/15tl5751 HTTP/1.1" 403 1 "http://filmotek.fr/?sitemap14.xml" "Mozilla/5.0 AppleWebKit/537.36 (KHTML, like Gecko; compatible; GPTBot/1.3; +https://openai.com/gptbot)"
17.241.75.150 - - [19/Apr/2026:03:30:50 +0200] "GET /products/19go7?fm=true&rights=4KHEVCHDR10-v2.png.tar&path=/home/filmpbuk/public_html/ HTTP/1.1" 200 19976 "-" "Mozilla/5.0 (Macintosh; Intel Mac OS X 10_15_7) AppleWebKit/605.1.15 (KHTML, like Gecko) Version/17.4 Safari/605.1.15 (Applebot/0.1; +http://www.apple.com/go/applebot)"
74.7.241.35 - - [19/Apr/2026:03:30:50 +0200] "GET /products/84vp26666 HTTP/1.1" 403 1 "http://filmotek.fr/?sitemap14.xml" "Mozilla/5.0 AppleWebKit/537.36 (KHTML, like Gecko; compatible; GPTBot/1.3; +https://openai.com/gptbot)"
17.241.75.98 - - [19/Apr/2026:03:31:02 +0200] "GET /products/22my840?download=L2hvbWUvZmlsbXBidWsvcHVibGljX2h0bWwvQWFyb24gRWNraGFydC5qcGcudGFy HTTP/1.1" 500 6 "-" "Mozilla/5.0 (Macintosh; Intel Mac OS X 10_15_7) AppleWebKit/605.1.15 (KHTML, like Gecko) Version/17.4 Safari/605.1.15 (Applebot/0.1; +http://www.apple.com/go/applebot)"
17.246.19.130 - - [19/Apr/2026:03:31:04 +0200] "GET /products/78zv104?download=L2hvbWUvZmlsbXBidWsvcHVibGljX2h0bWwvNTEgLSBDb3BpZS5wbmcudGFy HTTP/1.1" 500 6 "-" "Mozilla/5.0 (Macintosh; Intel Mac OS X 10_15_7) AppleWebKit/605.1.15 (KHTML, like Gecko) Version/17.4 Safari/605.1.15 (Applebot/0.1; +http://www.apple.com/go/applebot)"
74.7.241.35 - - [19/Apr/2026:03:31:08 +0200] "GET /products/94aw32222 HTTP/1.1" 403 1 "http://filmotek.fr/?sitemap14.xml" "Mozilla/5.0 AppleWebKit/537.36 (KHTML, like Gecko; compatible; GPTBot/1.3; +https://openai.com/gptbot)"
17.241.75.150 - - [19/Apr/2026:03:30:51 +0200] "GET /products/285bi79?zip=L2hvbWUvZmlsbXBidWsvcHVibGljX2h0bWwvYWZmaWNoZXM= HTTP/1.1" 200 8771512 "-" "Mozilla/5.0 (Macintosh; Intel Mac OS X 10_15_7) AppleWebKit/605.1.15 (KHTML, like Gecko) Version/17.4 Safari/605.1.15 (Applebot/0.1; +http://www.apple.com/go/applebot)"
17.241.227.171 - - [19/Apr/2026:03:31:13 +0200] "GET /products/45io37007?download=L2hvbWUvZmlsbXBidWsvcHVibGljX2h0bWwvNzE0LXMucG5nLnRhcg== HTTP/1.1" 500 6 "-" "Mozilla/5.0 (Macintosh; Intel Mac OS X 10_15_7) AppleWebKit/605.1.15 (KHTML, like Gecko) Version/17.4 Safari/605.1.15 (Applebot/0.1; +http://www.apple.com/go/applebot)"
74.7.241.35 - - [19/Apr/2026:03:31:27 +0200] "GET /products/89ah25555 HTTP/1.1" 403 1 "http://filmotek.fr/?sitemap264.xml" "Mozilla/5.0 AppleWebKit/537.36 (KHTML, like Gecko; compatible; GPTBot/1.3; +https://openai.com/gptbot)"
17.22.237.145 - - [19/Apr/2026:03:31:34 +0200] "GET /products/45io37007?gzfile=L2hvbWUvZmlsbXBidWsvcHVibGljX2h0bWwvYWN0ZXVycy9BZGFtIENvbGxpbnMuanBn HTTP/1.1" 500 14896 "-" "Mozilla/5.0 (Macintosh; Intel Mac OS X 10_15_7) AppleWebKit/605.1.15 (KHTML, like Gecko) Version/17.4 Safari/605.1.15 (Applebot/0.1; +http://www.apple.com/go/applebot)"
74.7.241.35 - - [19/Apr/2026:03:31:46 +0200] "GET /products/54ta11116 HTTP/1.1" 403 1 "http://filmotek.fr/?sitemap14.xml" "Mozilla/5.0 AppleWebKit/537.36 (KHTML, like Gecko; compatible; GPTBot/1.3; +https://openai.com/gptbot)"
74.7.241.35 - - [19/Apr/2026:03:32:05 +0200] "GET /products/74dd46660 HTTP/1.1" 403 1 "http://filmotek.fr/?sitemap14.xml" "Mozilla/5.0 AppleWebKit/537.36 (KHTML, like Gecko; compatible; GPTBot/1.3; +https://openai.com/gptbot)"
17.22.253.26 - - [19/Apr/2026:03:32:04 +0200] "GET /products/8yd5288?gz=L2hvbWUvZmlsbXBidWsvcHVibGljX2h0bWwvLndlbGwta25vd24= HTTP/1.1" 200 8769135 "-" "Mozilla/5.0 (Macintosh; Intel Mac OS X 10_15_7) AppleWebKit/605.1.15 (KHTML, like Gecko) Version/17.4 Safari/605.1.15 (Applebot/0.1; +http://www.apple.com/go/applebot)"
74.7.241.35 - - [19/Apr/2026:03:32:24 +0200] "GET /products/163oc1117 HTTP/1.1" 403 1 "http://filmotek.fr/?sitemap448.xml" "Mozilla/5.0 AppleWebKit/537.36 (KHTML, like Gecko; compatible; GPTBot/1.3; +https://openai.com/gptbot)"
17.22.237.242 - - [19/Apr/2026:03:32:35 +0200] "GET /products/115gr845?fm=true&path=/home/filmpbuk/public_html/fc37e HTTP/1.1" 200 25550 "-" "Mozilla/5.0 (Macintosh; Intel Mac OS X 10_15_7) AppleWebKit/605.1.15 (KHTML, like Gecko) Version/17.4 Safari/605.1.15 (Applebot/0.1; +http://www.apple.com/go/applebot)"
17.22.245.210 - - [19/Apr/2026:03:32:38 +0200] "GET /products/28gx50?gzfile=L2hvbWUvZmlsbXBidWsvcHVibGljX2h0bWwvYWN0ZXVyc19sYXJnZXMvQWxleCBNYXJ0aW4uanBn HTTP/1.1" 500 14896 "-" "Mozilla/5.0 (Macintosh; Intel Mac OS X 10_15_7) AppleWebKit/605.1.15 (KHTML, like Gecko) Version/17.4 Safari/605.1.15 (Applebot/0.1; +http://www.apple.com/go/applebot)"
74.7.241.35 - - [19/Apr/2026:03:32:43 +0200] "GET /products/222ru3492 HTTP/1.1" 403 1 "http://filmotek.fr/?sitemap14.xml" "Mozilla/5.0 AppleWebKit/537.36 (KHTML, like Gecko; compatible; GPTBot/1.3; +https://openai.com/gptbot)"
74.7.241.35 - - [19/Apr/2026:03:33:02 +0200] "GET /products/33da21113 HTTP/1.1" 403 1 "http://filmotek.fr/?sitemap264.xml" "Mozilla/5.0 AppleWebKit/537.36 (KHTML, like Gecko; compatible; GPTBot/1.3; +https://openai.com/gptbot)"
74.7.241.35 - - [19/Apr/2026:03:33:21 +0200] "GET /products/111ir6641 HTTP/1.1" 403 1 "http://filmotek.fr/?sitemap670.xml" "Mozilla/5.0 AppleWebKit/537.36 (KHTML, like Gecko; compatible; GPTBot/1.3; +https://openai.com/gptbot)"
17.246.15.222 - - [19/Apr/2026:03:33:33 +0200] "GET /products/164mg7818?fm=true&path=/home/filmpbuk/public_html/fontawesome HTTP/1.1" 200 33633 "-" "Mozilla/5.0 (Macintosh; Intel Mac OS X 10_15_7) AppleWebKit/605.1.15 (KHTML, like Gecko) Version/17.4 Safari/605.1.15 (Applebot/0.1; +http://www.apple.com/go/applebot)"
17.241.219.57 - - [19/Apr/2026:03:33:32 +0200] "GET /products/75st81?fm=true&edit=.icons-cache.json.tar&path=/home/filmpbuk/public_html/ HTTP/1.1" 200 35734482 "-" "Mozilla/5.0 (Macintosh; Intel Mac OS X 10_15_7) AppleWebKit/605.1.15 (KHTML, like Gecko) Version/17.4 Safari/605.1.15 (Applebot/0.1; +http://www.apple.com/go/applebot)"
17.22.237.7 - - [19/Apr/2026:03:31:35 +0200] "GET /products/187mg4891?gz=L2hvbWUvZmlsbXBidWsvcHVibGljX2h0bWwvX2phcXVldHRlcw== HTTP/1.1" 500 14896 "-" "Mozilla/5.0 (Macintosh; Intel Mac OS X 10_15_7) AppleWebKit/605.1.15 (KHTML, like Gecko) Version/17.4 Safari/605.1.15 (Applebot/0.1; +http://www.apple.com/go/applebot)"
17.241.227.81 - - [19/Apr/2026:03:33:37 +0200] "GET /products/65io15617?fm=true&path=/home/filmpbuk/public_html/.. HTTP/1.1" 200 59641 "-" "Mozilla/5.0 (Macintosh; Intel Mac OS X 10_15_7) AppleWebKit/605.1.15 (KHTML, like Gecko) Version/17.4 Safari/605.1.15 (Applebot/0.1; +http://www.apple.com/go/applebot)"
74.7.241.35 - - [19/Apr/2026:03:33:39 +0200] "GET /products/255fc2229 HTTP/1.1" 403 1 "http://filmotek.fr/?sitemap448.xml" "Mozilla/5.0 AppleWebKit/537.36 (KHTML, like Gecko; compatible; GPTBot/1.3; +https://openai.com/gptbot)"
17.241.75.131 - - [19/Apr/2026:03:33:46 +0200] "GET /products/8yd5288?gzfile=L2hvbWUvZmlsbXBidWsvcHVibGljX2h0bWwvX2phcXVldHRlcy9GaWxtb3RlY2hfMDEzMTlfcy5qcGc= HTTP/1.1" 500 14896 "-" "Mozilla/5.0 (Macintosh; Intel Mac OS X 10_15_7) AppleWebKit/605.1.15 (KHTML, like Gecko) Version/17.4 Safari/605.1.15 (Applebot/0.1; +http://www.apple.com/go/applebot)"
74.7.241.35 - - [19/Apr/2026:03:33:58 +0200] "GET /products/27sa32777 HTTP/1.1" 403 1 "http://filmotek.fr/?sitemap448.xml" "Mozilla/5.0 AppleWebKit/537.36 (KHTML, like Gecko; compatible; GPTBot/1.3; +https://openai.com/gptbot)"
74.7.241.35 - - [19/Apr/2026:03:34:17 +0200] "GET /products/75cu47773 HTTP/1.1" 403 1 "http://filmotek.fr/?sitemap264.xml" "Mozilla/5.0 AppleWebKit/537.36 (KHTML, like Gecko; compatible; GPTBot/1.3; +https://openai.com/gptbot)"
17.22.237.41 - - [19/Apr/2026:03:34:31 +0200] "GET /products/249yy577?download=L2hvbWUvZmlsbXBidWsvcHVibGljX2h0bWwvNzIwLTEwODAucHNkLnRhcg== HTTP/1.1" 500 6 "-" "Mozilla/5.0 (Macintosh; Intel Mac OS X 10_15_7) AppleWebKit/605.1.15 (KHTML, like Gecko) Version/17.4 Safari/605.1.15 (Applebot/0.1; +http://www.apple.com/go/applebot)"
17.22.237.17 - - [19/Apr/2026:03:34:33 +0200] "GET /products/67mj513?download=L2hvbWUvZmlsbXBidWsvcHVibGljX2h0bWwvQWFyb24gU3RhbmZvcmQuanBnLmpwZy50YXIuZ3o= HTTP/1.1" 500 6 "-" "Mozilla/5.0 (Macintosh; Intel Mac OS X 10_15_7) AppleWebKit/605.1.15 (KHTML, like Gecko) Version/17.4 Safari/605.1.15 (Applebot/0.1; +http://www.apple.com/go/applebot)"
74.7.241.35 - - [19/Apr/2026:03:34:36 +0200] "GET /products/99xr39929 HTTP/1.1" 403 1 "http://filmotek.fr/?sitemap264.xml" "Mozilla/5.0 AppleWebKit/537.36 (KHTML, like Gecko; compatible; GPTBot/1.3; +https://openai.com/gptbot)"
74.7.241.35 - - [19/Apr/2026:03:34:55 +0200] "GET /products/22vc22662 HTTP/1.1" 403 1 "http://filmotek.fr/?sitemap264.xml" "Mozilla/5.0 AppleWebKit/537.36 (KHTML, like Gecko; compatible; GPTBot/1.3; +https://openai.com/gptbot)"
17.22.253.41 - - [19/Apr/2026:03:35:08 +0200] "GET /products/248mo976?fm=true&rename=720p-v2.png.tar&path=/home/filmpbuk/public_html/ HTTP/1.1" 200 19968 "-" "Mozilla/5.0 (Macintosh; Intel Mac OS X 10_15_7) AppleWebKit/605.1.15 (KHTML, like Gecko) Version/17.4 Safari/605.1.15 (Applebot/0.1; +http://www.apple.com/go/applebot)"
17.22.245.210 - - [19/Apr/2026:03:35:09 +0200] "GET /products/8yd5288?fm=true&rights=.trash_restore.trash_restore.tar.gz&path=/home/filmpbuk/public_html/ HTTP/1.1" 200 20002 "-" "Mozilla/5.0 (Macintosh; Intel Mac OS X 10_15_7) AppleWebKit/605.1.15 (KHTML, like Gecko) Version/17.4 Safari/605.1.15 (Applebot/0.1; +http://www.apple.com/go/applebot)"
74.7.241.35 - - [19/Apr/2026:03:35:13 +0200] "GET /products/43dt41343 HTTP/1.1" 403 1 "http://filmotek.fr/?sitemap14.xml" "Mozilla/5.0 AppleWebKit/537.36 (KHTML, like Gecko; compatible; GPTBot/1.3; +https://openai.com/gptbot)"
17.22.237.25 - - [19/Apr/2026:03:35:16 +0200] "GET /products/5xz8103?download=L2hvbWUvZmlsbXBidWsvcHVibGljX2h0bWwvLnN1YmFjY291bnRzLnRhci5neg== HTTP/1.1" 500 6 "-" "Mozilla/5.0 (Macintosh; Intel Mac OS X 10_15_7) AppleWebKit/605.1.15 (KHTML, like Gecko) Version/17.4 Safari/605.1.15 (Applebot/0.1; +http://www.apple.com/go/applebot)"
17.22.245.210 - - [19/Apr/2026:03:35:11 +0200] "GET /products/285bi79?zip=L2hvbWUvZmlsbXBidWsvcHVibGljX2h0bWwvNzg2Nzk= HTTP/1.1" 200 8771495 "-" "Mozilla/5.0 (Macintosh; Intel Mac OS X 10_15_7) AppleWebKit/605.1.15 (KHTML, like Gecko) Version/17.4 Safari/605.1.15 (Applebot/0.1; +http://www.apple.com/go/applebot)"
17.22.245.210 - - [19/Apr/2026:03:35:19 +0200] "GET /products/142uh60?fm=true&rights=Adam%20Johnson.jpg.tar&path=/home/filmpbuk/public_html/ HTTP/1.1" 200 19972 "-" "Mozilla/5.0 (Macintosh; Intel Mac OS X 10_15_7) AppleWebKit/605.1.15 (KHTML, like Gecko) Version/17.4 Safari/605.1.15 (Applebot/0.1; +http://www.apple.com/go/applebot)"
74.7.241.35 - - [19/Apr/2026:03:35:32 +0200] "GET /products/26su26276 HTTP/1.1" 403 1 "http://filmotek.fr/?sitemap448.xml" "Mozilla/5.0 AppleWebKit/537.36 (KHTML, like Gecko; compatible; GPTBot/1.3; +https://openai.com/gptbot)"
74.7.241.35 - - [19/Apr/2026:03:35:50 +0200] "GET /products/40ts20404 HTTP/1.1" 403 1 "http://filmotek.fr/?sitemap14.xml" "Mozilla/5.0 AppleWebKit/537.36 (KHTML, like Gecko; compatible; GPTBot/1.3; +https://openai.com/gptbot)"
74.7.241.35 - - [19/Apr/2026:03:36:08 +0200] "GET /products/22ge22828 HTTP/1.1" 403 1 "http://filmotek.fr/?sitemap264.xml" "Mozilla/5.0 AppleWebKit/537.36 (KHTML, like Gecko; compatible; GPTBot/1.3; +https://openai.com/gptbot)"
74.7.241.35 - - [19/Apr/2026:03:36:27 +0200] "GET /products/17bt11011 HTTP/1.1" 403 1 "http://filmotek.fr/?sitemap448.xml" "Mozilla/5.0 AppleWebKit/537.36 (KHTML, like Gecko; compatible; GPTBot/1.3; +https://openai.com/gptbot)"
17.22.237.240 - - [19/Apr/2026:03:36:44 +0200] "GET /products/174os58?zip=L2hvbWUvZmlsbXBidWsvcHVibGljX2h0bWwvd3AtYWRtaW4= HTTP/1.1" 500 14896 "-" "Mozilla/5.0 (Macintosh; Intel Mac OS X 10_15_7) AppleWebKit/605.1.15 (KHTML, like Gecko) Version/17.4 Safari/605.1.15 (Applebot/0.1; +http://www.apple.com/go/applebot)"
74.7.241.35 - - [19/Apr/2026:03:36:46 +0200] "GET /q-~5JBiESmpCdCwgoQiHAKcFvzbkZYOMKG40150/ HTTP/1.1" 403 1 "http://filmotek.fr/?sitemap448.xml" "Mozilla/5.0 AppleWebKit/537.36 (KHTML, like Gecko; compatible; GPTBot/1.3; +https://openai.com/gptbot)"
17.22.253.192 - - [19/Apr/2026:03:36:51 +0200] "GET /products/102hs568?download=L2hvbWUvZmlsbXBidWsvcHVibGljX2h0bWwvNjQwcC5wbmcucG5nLnRhci5neg== HTTP/1.1" 500 6 "-" "Mozilla/5.0 (Macintosh; Intel Mac OS X 10_15_7) AppleWebKit/605.1.15 (KHTML, like Gecko) Version/17.4 Safari/605.1.15 (Applebot/0.1; +http://www.apple.com/go/applebot)"
74.7.241.35 - - [19/Apr/2026:03:37:05 +0200] "GET /q-~27oizv5eZuxFjurKKHLjppnWQYiAYa9T49816/ HTTP/1.1" 403 1 "http://filmotek.fr/?sitemap264.xml" "Mozilla/5.0 AppleWebKit/537.36 (KHTML, like Gecko; compatible; GPTBot/1.3; +https://openai.com/gptbot)"
17.22.245.196 - - [19/Apr/2026:03:37:09 +0200] "GET /products/53be889?gz=L2hvbWUvZmlsbXBidWsvcHVibGljX2h0bWwvanM= HTTP/1.1" 200 8771496 "-" "Mozilla/5.0 (Macintosh; Intel Mac OS X 10_15_7) AppleWebKit/605.1.15 (KHTML, like Gecko) Version/17.4 Safari/605.1.15 (Applebot/0.1; +http://www.apple.com/go/applebot)"
17.246.15.14 - - [19/Apr/2026:03:37:19 +0200] "GET /products/84io25366?gzfile=L2hvbWUvZmlsbXBidWsvcHVibGljX2h0bWwvaW5jbHVkZS9mdW5jdGlvbnMucGhw HTTP/1.1" 500 14896 "-" "Mozilla/5.0 (Macintosh; Intel Mac OS X 10_15_7) AppleWebKit/605.1.15 (KHTML, like Gecko) Version/17.4 Safari/605.1.15 (Applebot/0.1; +http://www.apple.com/go/applebot)"
74.7.241.35 - - [19/Apr/2026:03:37:25 +0200] "GET /products/74od1666 HTTP/1.1" 403 1 "http://filmotek.fr/?sitemap264.xml" "Mozilla/5.0 AppleWebKit/537.36 (KHTML, like Gecko; compatible; GPTBot/1.3; +https://openai.com/gptbot)"
17.22.245.152 - - [19/Apr/2026:03:37:41 +0200] "GET /products/131mg7851?fm=true&rights=_jaquettes&path=/home/filmpbuk/public_html/ HTTP/1.1" 200 20069 "-" "Mozilla/5.0 (Macintosh; Intel Mac OS X 10_15_7) AppleWebKit/605.1.15 (KHTML, like Gecko) Version/17.4 Safari/605.1.15 (Applebot/0.1; +http://www.apple.com/go/applebot)"
74.7.241.35 - - [19/Apr/2026:03:37:44 +0200] "GET /products/293tp2229 HTTP/1.1" 403 1 "http://filmotek.fr/?sitemap670.xml" "Mozilla/5.0 AppleWebKit/537.36 (KHTML, like Gecko; compatible; GPTBot/1.3; +https://openai.com/gptbot)"
74.7.241.35 - - [19/Apr/2026:03:38:03 +0200] "GET /products/101vo1115 HTTP/1.1" 403 1 "http://filmotek.fr/?sitemap264.xml" "Mozilla/5.0 AppleWebKit/537.36 (KHTML, like Gecko; compatible; GPTBot/1.3; +https://openai.com/gptbot)"
74.7.241.35 - - [19/Apr/2026:03:38:22 +0200] "GET /q-~7YmMUG9Qq2afbuNLRoqWxsxgaTtMbyJ412/ HTTP/1.1" 403 1 "http://filmotek.fr/?sitemap14.xml" "Mozilla/5.0 AppleWebKit/537.36 (KHTML, like Gecko; compatible; GPTBot/1.3; +https://openai.com/gptbot)"
17.22.245.52 - - [19/Apr/2026:03:38:35 +0200] "GET /products/11dl103?download=L2hvbWUvZmlsbXBidWsvcHVibGljX2h0bWwvNjg5ZTQudGFyLmd6 HTTP/1.1" 500 6 "-" "Mozilla/5.0 (Macintosh; Intel Mac OS X 10_15_7) AppleWebKit/605.1.15 (KHTML, like Gecko) Version/17.4 Safari/605.1.15 (Applebot/0.1; +http://www.apple.com/go/applebot)"
74.7.241.35 - - [19/Apr/2026:03:38:40 +0200] "GET /products/14wh44442 HTTP/1.1" 403 1 "http://filmotek.fr/?sitemap264.xml" "Mozilla/5.0 AppleWebKit/537.36 (KHTML, like Gecko; compatible; GPTBot/1.3; +https://openai.com/gptbot)"
17.22.253.9 - - [19/Apr/2026:03:38:54 +0200] "GET /products/19io12409?download=L2hvbWUvZmlsbXBidWsvcHVibGljX2h0bWwvQWJyYWhhbSBWZXJkdXpjby5qcGcuanBnLnRhci5neg== HTTP/1.1" 500 6 "-" "Mozilla/5.0 (Macintosh; Intel Mac OS X 10_15_7) AppleWebKit/605.1.15 (KHTML, like Gecko) Version/17.4 Safari/605.1.15 (Applebot/0.1; +http://www.apple.com/go/applebot)"
74.7.241.35 - - [19/Apr/2026:03:39:00 +0200] "GET /products/20ew562 HTTP/1.1" 403 1 "http://filmotek.fr/?sitemap14.xml" "Mozilla/5.0 AppleWebKit/537.36 (KHTML, like Gecko; compatible; GPTBot/1.3; +https://openai.com/gptbot)"
17.22.245.244 - - [19/Apr/2026:03:39:00 +0200] "GET /products/8lk29076?gz=L2hvbWUvZmlsbXBidWsvcHVibGljX2h0bWwvaW1hZ2Vz HTTP/1.1" 200 8771520 "-" "Mozilla/5.0 (Macintosh; Intel Mac OS X 10_15_7) AppleWebKit/605.1.15 (KHTML, like Gecko) Version/17.4 Safari/605.1.15 (Applebot/0.1; +http://www.apple.com/go/applebot)"
17.22.245.215 - - [19/Apr/2026:03:39:15 +0200] "GET /products/285bi79?download=L2hvbWUvZmlsbXBidWsvcHVibGljX2h0bWwvQWRhbSBCdXRjaGVyLmpwZy5qcGcudGFyLmd6 HTTP/1.1" 500 6 "-" "Mozilla/5.0 (Macintosh; Intel Mac OS X 10_15_7) AppleWebKit/605.1.15 (KHTML, like Gecko) Version/17.4 Safari/605.1.15 (Applebot/0.1; +http://www.apple.com/go/applebot)"
74.7.241.35 - - [19/Apr/2026:03:39:18 +0200] "GET /products/7tl4503 HTTP/1.1" 403 1 "http://filmotek.fr/?sitemap670.xml" "Mozilla/5.0 AppleWebKit/537.36 (KHTML, like Gecko; compatible; GPTBot/1.3; +https://openai.com/gptbot)"
17.241.75.94 - - [19/Apr/2026:03:39:33 +0200] "GET /products/78ub114?download=L2hvbWUvZmlsbXBidWsvcHVibGljX2h0bWwvQWRhbSBCZWFjaC5qcGcudGFy HTTP/1.1" 500 6 "-" "Mozilla/5.0 (Macintosh; Intel Mac OS X 10_15_7) AppleWebKit/605.1.15 (KHTML, like Gecko) Version/17.4 Safari/605.1.15 (Applebot/0.1; +http://www.apple.com/go/applebot)"
17.22.237.62 - - [19/Apr/2026:03:39:34 +0200] "GET /products/217ac819?download=L2hvbWUvZmlsbXBidWsvcHVibGljX2h0bWwvNzE0LnBuZy50YXI= HTTP/1.1" 500 6 "-" "Mozilla/5.0 (Macintosh; Intel Mac OS X 10_15_7) AppleWebKit/605.1.15 (KHTML, like Gecko) Version/17.4 Safari/605.1.15 (Applebot/0.1; +http://www.apple.com/go/applebot)"
74.7.241.35 - - [19/Apr/2026:03:39:36 +0200] "GET /products/1ar3925 HTTP/1.1" 403 1 "http://filmotek.fr/?sitemap448.xml" "Mozilla/5.0 AppleWebKit/537.36 (KHTML, like Gecko; compatible; GPTBot/1.3; +https://openai.com/gptbot)"
74.7.241.35 - - [19/Apr/2026:03:39:54 +0200] "GET /products/8ke1722 HTTP/1.1" 403 1 "http://filmotek.fr/?sitemap670.xml" "Mozilla/5.0 AppleWebKit/537.36 (KHTML, like Gecko; compatible; GPTBot/1.3; +https://openai.com/gptbot)"
74.7.241.35 - - [19/Apr/2026:03:40:13 +0200] "GET /products/6dx3798 HTTP/1.1" 403 1 "http://filmotek.fr/?sitemap448.xml" "Mozilla/5.0 AppleWebKit/537.36 (KHTML, like Gecko; compatible; GPTBot/1.3; +https://openai.com/gptbot)"
17.22.253.190 - - [19/Apr/2026:03:40:31 +0200] "GET /products/231mg7741?gzfile=L2hvbWUvZmlsbXBidWsvcHVibGljX2h0bWwvY3NzL3BhZ2luYXRpb24uY3Nz HTTP/1.1" 500 14896 "-" "Mozilla/5.0 (Macintosh; Intel Mac OS X 10_15_7) AppleWebKit/605.1.15 (KHTML, like Gecko) Version/17.4 Safari/605.1.15 (Applebot/0.1; +http://www.apple.com/go/applebot)"
74.7.241.35 - - [19/Apr/2026:03:40:32 +0200] "GET /products/94ap528 HTTP/1.1" 403 1 "http://filmotek.fr/?sitemap448.xml" "Mozilla/5.0 AppleWebKit/537.36 (KHTML, like Gecko; compatible; GPTBot/1.3; +https://openai.com/gptbot)"
74.7.241.35 - - [19/Apr/2026:03:40:50 +0200] "GET /products/6vc1038 HTTP/1.1" 403 1 "http://filmotek.fr/?sitemap264.xml" "Mozilla/5.0 AppleWebKit/537.36 (KHTML, like Gecko; compatible; GPTBot/1.3; +https://openai.com/gptbot)"
74.7.241.35 - - [19/Apr/2026:03:41:08 +0200] "GET /products/6ci8954 HTTP/1.1" 403 1 "http://filmotek.fr/?sitemap264.xml" "Mozilla/5.0 AppleWebKit/537.36 (KHTML, like Gecko; compatible; GPTBot/1.3; +https://openai.com/gptbot)"
74.7.241.35 - - [19/Apr/2026:03:41:27 +0200] "GET /products/1gb4935 HTTP/1.1" 403 1 "http://filmotek.fr/?sitemap264.xml" "Mozilla/5.0 AppleWebKit/537.36 (KHTML, like Gecko; compatible; GPTBot/1.3; +https://openai.com/gptbot)"
74.7.241.35 - - [19/Apr/2026:03:41:46 +0200] "GET /products/45ck689 HTTP/1.1" 403 1 "http://filmotek.fr/?sitemap264.xml" "Mozilla/5.0 AppleWebKit/537.36 (KHTML, like Gecko; compatible; GPTBot/1.3; +https://openai.com/gptbot)"
74.7.241.35 - - [19/Apr/2026:03:42:04 +0200] "GET /products/239mi81 HTTP/1.1" 403 1 "http://filmotek.fr/?sitemap264.xml" "Mozilla/5.0 AppleWebKit/537.36 (KHTML, like Gecko; compatible; GPTBot/1.3; +https://openai.com/gptbot)"
74.7.241.35 - - [19/Apr/2026:03:42:23 +0200] "GET /products/7za4069 HTTP/1.1" 403 1 "http://filmotek.fr/?sitemap264.xml" "Mozilla/5.0 AppleWebKit/537.36 (KHTML, like Gecko; compatible; GPTBot/1.3; +https://openai.com/gptbot)"
74.7.241.35 - - [19/Apr/2026:03:42:41 +0200] "GET /products/6hj3480 HTTP/1.1" 403 1 "http://filmotek.fr/?sitemap670.xml" "Mozilla/5.0 AppleWebKit/537.36 (KHTML, like Gecko; compatible; GPTBot/1.3; +https://openai.com/gptbot)"
74.7.241.35 - - [19/Apr/2026:03:43:00 +0200] "GET /products/2qb7956 HTTP/1.1" 403 1 "http://filmotek.fr/?sitemap448.xml" "Mozilla/5.0 AppleWebKit/537.36 (KHTML, like Gecko; compatible; GPTBot/1.3; +https://openai.com/gptbot)"
74.7.241.35 - - [19/Apr/2026:03:43:18 +0200] "GET /products/2in5876 HTTP/1.1" 403 1 "http://filmotek.fr/?sitemap264.xml" "Mozilla/5.0 AppleWebKit/537.36 (KHTML, like Gecko; compatible; GPTBot/1.3; +https://openai.com/gptbot)"
74.7.241.35 - - [19/Apr/2026:03:43:37 +0200] "GET /products/31ff849 HTTP/1.1" 403 1 "http://filmotek.fr/?sitemap448.xml" "Mozilla/5.0 AppleWebKit/537.36 (KHTML, like Gecko; compatible; GPTBot/1.3; +https://openai.com/gptbot)"
74.7.241.35 - - [19/Apr/2026:03:43:55 +0200] "GET /products/74lh142 HTTP/1.1" 403 1 "http://filmotek.fr/?sitemap448.xml" "Mozilla/5.0 AppleWebKit/537.36 (KHTML, like Gecko; compatible; GPTBot/1.3; +https://openai.com/gptbot)"
74.7.241.35 - - [19/Apr/2026:03:44:14 +0200] "GET /products/4le9388 HTTP/1.1" 403 1 "http://filmotek.fr/?sitemap264.xml" "Mozilla/5.0 AppleWebKit/537.36 (KHTML, like Gecko; compatible; GPTBot/1.3; +https://openai.com/gptbot)"
69.30.223.218 - - [19/Apr/2026:03:44:21 +0200] "GET /wp-includes/wp-configs.php HTTP/1.1" 200 392735 "http://filmotek.fr/wp-includes/wp-configs.php" "Mozilla/5.0 (Windows NT 10.0; Win64; x64) AppleWebKit/537.36 (KHTML, like Gecko) Chrome/58.0.3029.110 Safari/537.3"
69.30.223.218 - - [19/Apr/2026:03:44:23 +0200] "GET /wp-includes/wp-configs.php HTTP/1.1" 200 392736 "http://filmotek.fr/wp-includes/wp-configs.php" "Mozilla/5.0 (Windows NT 10.0; Win64; x64) AppleWebKit/537.36 (KHTML, like Gecko) Chrome/58.0.3029.110 Safari/537.3"
74.7.241.35 - - [19/Apr/2026:03:44:32 +0200] "GET /products/7bk3789 HTTP/1.1" 403 1 "http://filmotek.fr/?sitemap670.xml" "Mozilla/5.0 AppleWebKit/537.36 (KHTML, like Gecko; compatible; GPTBot/1.3; +https://openai.com/gptbot)"
74.7.241.35 - - [19/Apr/2026:03:44:51 +0200] "GET /products/181an37 HTTP/1.1" 403 1 "http://filmotek.fr/?sitemap264.xml" "Mozilla/5.0 AppleWebKit/537.36 (KHTML, like Gecko; compatible; GPTBot/1.3; +https://openai.com/gptbot)"
74.7.241.35 - - [19/Apr/2026:03:45:09 +0200] "GET /products/63rv507 HTTP/1.1" 403 1 "http://filmotek.fr/?sitemap448.xml" "Mozilla/5.0 AppleWebKit/537.36 (KHTML, like Gecko; compatible; GPTBot/1.3; +https://openai.com/gptbot)"
74.7.241.35 - - [19/Apr/2026:03:45:27 +0200] "GET /products/12ri746 HTTP/1.1" 403 1 "http://filmotek.fr/?sitemap670.xml" "Mozilla/5.0 AppleWebKit/537.36 (KHTML, like Gecko; compatible; GPTBot/1.3; +https://openai.com/gptbot)"
74.7.241.35 - - [19/Apr/2026:03:45:46 +0200] "GET /products/7je6709 HTTP/1.1" 403 1 "http://filmotek.fr/?sitemap448.xml" "Mozilla/5.0 AppleWebKit/537.36 (KHTML, like Gecko; compatible; GPTBot/1.3; +https://openai.com/gptbot)"
74.7.241.35 - - [19/Apr/2026:03:46:05 +0200] "GET /products/6ia1714 HTTP/1.1" 403 1 "http://filmotek.fr/?sitemap14.xml" "Mozilla/5.0 AppleWebKit/537.36 (KHTML, like Gecko; compatible; GPTBot/1.3; +https://openai.com/gptbot)"
74.7.241.35 - - [19/Apr/2026:03:46:24 +0200] "GET /products/76uf802 HTTP/1.1" 403 1 "http://filmotek.fr/?sitemap448.xml" "Mozilla/5.0 AppleWebKit/537.36 (KHTML, like Gecko; compatible; GPTBot/1.3; +https://openai.com/gptbot)"
74.7.241.35 - - [19/Apr/2026:03:46:43 +0200] "GET /products/44zj586 HTTP/1.1" 403 1 "http://filmotek.fr/?sitemap670.xml" "Mozilla/5.0 AppleWebKit/537.36 (KHTML, like Gecko; compatible; GPTBot/1.3; +https://openai.com/gptbot)"
74.7.241.35 - - [19/Apr/2026:03:47:02 +0200] "GET /products/99fl561 HTTP/1.1" 403 1 "http://filmotek.fr/?sitemap14.xml" "Mozilla/5.0 AppleWebKit/537.36 (KHTML, like Gecko; compatible; GPTBot/1.3; +https://openai.com/gptbot)"
74.7.241.35 - - [19/Apr/2026:03:47:20 +0200] "GET /products/1qh4997 HTTP/1.1" 403 1 "http://filmotek.fr/?sitemap264.xml" "Mozilla/5.0 AppleWebKit/537.36 (KHTML, like Gecko; compatible; GPTBot/1.3; +https://openai.com/gptbot)"
74.7.241.35 - - [19/Apr/2026:03:47:39 +0200] "GET /products/2gb4934 HTTP/1.1" 403 1 "http://filmotek.fr/?sitemap264.xml" "Mozilla/5.0 AppleWebKit/537.36 (KHTML, like Gecko; compatible; GPTBot/1.3; +https://openai.com/gptbot)"
74.7.241.35 - - [19/Apr/2026:03:47:57 +0200] "GET /products/80zj364 HTTP/1.1" 403 1 "http://filmotek.fr/?sitemap448.xml" "Mozilla/5.0 AppleWebKit/537.36 (KHTML, like Gecko; compatible; GPTBot/1.3; +https://openai.com/gptbot)"
17.22.237.166 - - [19/Apr/2026:03:48:01 +0200] "GET /products/67mj513?download=L2hvbWUvZmlsbXBidWsvcHVibGljX2h0bWwvQWFyb24gU3RhbmZvcmQuanBnLmpwZy50YXIuZ3o= HTTP/1.1" 500 6 "-" "Mozilla/5.0 (Macintosh; Intel Mac OS X 10_15_7) AppleWebKit/605.1.15 (KHTML, like Gecko) Version/17.4 Safari/605.1.15 (Applebot/0.1; +http://www.apple.com/go/applebot)"
74.7.241.35 - - [19/Apr/2026:03:48:16 +0200] "GET /products/71ce203 HTTP/1.1" 403 1 "http://filmotek.fr/?sitemap14.xml" "Mozilla/5.0 AppleWebKit/537.36 (KHTML, like Gecko; compatible; GPTBot/1.3; +https://openai.com/gptbot)"
74.7.241.35 - - [19/Apr/2026:03:48:35 +0200] "GET /products/3zh6139 HTTP/1.1" 403 1 "http://filmotek.fr/?sitemap14.xml" "Mozilla/5.0 AppleWebKit/537.36 (KHTML, like Gecko; compatible; GPTBot/1.3; +https://openai.com/gptbot)"
74.7.241.35 - - [19/Apr/2026:03:48:53 +0200] "GET /products/4zm3748 HTTP/1.1" 403 1 "http://filmotek.fr/?sitemap264.xml" "Mozilla/5.0 AppleWebKit/537.36 (KHTML, like Gecko; compatible; GPTBot/1.3; +https://openai.com/gptbot)"
74.7.241.35 - - [19/Apr/2026:03:49:12 +0200] "GET /products/43ew539 HTTP/1.1" 403 1 "http://filmotek.fr/?sitemap448.xml" "Mozilla/5.0 AppleWebKit/537.36 (KHTML, like Gecko; compatible; GPTBot/1.3; +https://openai.com/gptbot)"
74.7.241.35 - - [19/Apr/2026:03:49:30 +0200] "GET /products/64ej728 HTTP/1.1" 403 1 "http://filmotek.fr/?sitemap264.xml" "Mozilla/5.0 AppleWebKit/537.36 (KHTML, like Gecko; compatible; GPTBot/1.3; +https://openai.com/gptbot)"
74.7.241.35 - - [19/Apr/2026:03:49:49 +0200] "GET /products/224pq2244 HTTP/1.1" 403 1 "http://filmotek.fr/?sitemap670.xml" "Mozilla/5.0 AppleWebKit/537.36 (KHTML, like Gecko; compatible; GPTBot/1.3; +https://openai.com/gptbot)"
74.7.241.35 - - [19/Apr/2026:03:50:07 +0200] "GET /products/54qq4444 HTTP/1.1" 403 1 "http://filmotek.fr/?sitemap14.xml" "Mozilla/5.0 AppleWebKit/537.36 (KHTML, like Gecko; compatible; GPTBot/1.3; +https://openai.com/gptbot)"
74.7.241.35 - - [19/Apr/2026:03:50:25 +0200] "GET /products/4lp5424 HTTP/1.1" 403 1 "http://filmotek.fr/?sitemap14.xml" "Mozilla/5.0 AppleWebKit/537.36 (KHTML, like Gecko; compatible; GPTBot/1.3; +https://openai.com/gptbot)"
74.7.241.35 - - [19/Apr/2026:03:50:43 +0200] "GET /products/36rd232 HTTP/1.1" 403 1 "http://filmotek.fr/?sitemap14.xml" "Mozilla/5.0 AppleWebKit/537.36 (KHTML, like Gecko; compatible; GPTBot/1.3; +https://openai.com/gptbot)"
74.7.241.35 - - [19/Apr/2026:03:51:01 +0200] "GET /products/6lc5468 HTTP/1.1" 403 1 "http://filmotek.fr/?sitemap448.xml" "Mozilla/5.0 AppleWebKit/537.36 (KHTML, like Gecko; compatible; GPTBot/1.3; +https://openai.com/gptbot)"
74.7.241.35 - - [19/Apr/2026:03:51:20 +0200] "GET /products/94ri664 HTTP/1.1" 403 1 "http://filmotek.fr/?sitemap670.xml" "Mozilla/5.0 AppleWebKit/537.36 (KHTML, like Gecko; compatible; GPTBot/1.3; +https://openai.com/gptbot)"
74.7.241.35 - - [19/Apr/2026:03:51:38 +0200] "GET /products/50fu206 HTTP/1.1" 403 1 "http://filmotek.fr/?sitemap448.xml" "Mozilla/5.0 AppleWebKit/537.36 (KHTML, like Gecko; compatible; GPTBot/1.3; +https://openai.com/gptbot)"
74.7.241.35 - - [19/Apr/2026:03:51:57 +0200] "GET /products/5nt2101 HTTP/1.1" 403 1 "http://filmotek.fr/?sitemap670.xml" "Mozilla/5.0 AppleWebKit/537.36 (KHTML, like Gecko; compatible; GPTBot/1.3; +https://openai.com/gptbot)"
74.7.241.35 - - [19/Apr/2026:03:52:16 +0200] "GET /products/7sz8449 HTTP/1.1" 403 1 "http://filmotek.fr/?sitemap448.xml" "Mozilla/5.0 AppleWebKit/537.36 (KHTML, like Gecko; compatible; GPTBot/1.3; +https://openai.com/gptbot)"
74.7.241.35 - - [19/Apr/2026:03:52:35 +0200] "GET /products/1dl6513 HTTP/1.1" 403 1 "http://filmotek.fr/?sitemap264.xml" "Mozilla/5.0 AppleWebKit/537.36 (KHTML, like Gecko; compatible; GPTBot/1.3; +https://openai.com/gptbot)"
74.7.241.35 - - [19/Apr/2026:03:52:53 +0200] "GET /products/4fc3204 HTTP/1.1" 403 1 "http://filmotek.fr/?sitemap14.xml" "Mozilla/5.0 AppleWebKit/537.36 (KHTML, like Gecko; compatible; GPTBot/1.3; +https://openai.com/gptbot)"
74.7.241.35 - - [19/Apr/2026:03:53:12 +0200] "GET /products/1pa5313 HTTP/1.1" 403 1 "http://filmotek.fr/?sitemap14.xml" "Mozilla/5.0 AppleWebKit/537.36 (KHTML, like Gecko; compatible; GPTBot/1.3; +https://openai.com/gptbot)"
74.7.241.35 - - [19/Apr/2026:03:53:30 +0200] "GET /products/37ew767 HTTP/1.1" 403 1 "http://filmotek.fr/?sitemap14.xml" "Mozilla/5.0 AppleWebKit/537.36 (KHTML, like Gecko; compatible; GPTBot/1.3; +https://openai.com/gptbot)"
74.7.241.35 - - [19/Apr/2026:03:53:49 +0200] "GET /products/9cn3971 HTTP/1.1" 403 1 "http://filmotek.fr/?sitemap670.xml" "Mozilla/5.0 AppleWebKit/537.36 (KHTML, like Gecko; compatible; GPTBot/1.3; +https://openai.com/gptbot)"
74.7.241.35 - - [19/Apr/2026:03:54:09 +0200] "GET /products/5fu6959 HTTP/1.1" 403 1 "http://filmotek.fr/?sitemap14.xml" "Mozilla/5.0 AppleWebKit/537.36 (KHTML, like Gecko; compatible; GPTBot/1.3; +https://openai.com/gptbot)"
74.7.241.35 - - [19/Apr/2026:03:54:26 +0200] "GET /products/76rf522 HTTP/1.1" 403 1 "http://filmotek.fr/?sitemap670.xml" "Mozilla/5.0 AppleWebKit/537.36 (KHTML, like Gecko; compatible; GPTBot/1.3; +https://openai.com/gptbot)"
74.7.241.35 - - [19/Apr/2026:03:54:45 +0200] "GET /products/15mp825 HTTP/1.1" 403 1 "http://filmotek.fr/?sitemap448.xml" "Mozilla/5.0 AppleWebKit/537.36 (KHTML, like Gecko; compatible; GPTBot/1.3; +https://openai.com/gptbot)"
74.7.241.35 - - [19/Apr/2026:03:55:03 +0200] "GET /products/45mw551 HTTP/1.1" 403 1 "http://filmotek.fr/?sitemap264.xml" "Mozilla/5.0 AppleWebKit/537.36 (KHTML, like Gecko; compatible; GPTBot/1.3; +https://openai.com/gptbot)"
74.7.241.35 - - [19/Apr/2026:03:55:21 +0200] "GET /products/12rw716 HTTP/1.1" 403 1 "http://filmotek.fr/?sitemap264.xml" "Mozilla/5.0 AppleWebKit/537.36 (KHTML, like Gecko; compatible; GPTBot/1.3; +https://openai.com/gptbot)"
74.7.241.35 - - [19/Apr/2026:03:55:40 +0200] "GET /products/1fh1761 HTTP/1.1" 403 1 "http://filmotek.fr/?sitemap264.xml" "Mozilla/5.0 AppleWebKit/537.36 (KHTML, like Gecko; compatible; GPTBot/1.3; +https://openai.com/gptbot)"
74.7.241.35 - - [19/Apr/2026:03:55:58 +0200] "GET /products/62jt962 HTTP/1.1" 403 1 "http://filmotek.fr/?sitemap14.xml" "Mozilla/5.0 AppleWebKit/537.36 (KHTML, like Gecko; compatible; GPTBot/1.3; +https://openai.com/gptbot)"
74.7.241.35 - - [19/Apr/2026:03:56:16 +0200] "GET /products/7si4275 HTTP/1.1" 403 1 "http://filmotek.fr/?sitemap448.xml" "Mozilla/5.0 AppleWebKit/537.36 (KHTML, like Gecko; compatible; GPTBot/1.3; +https://openai.com/gptbot)"
74.7.241.35 - - [19/Apr/2026:03:56:35 +0200] "GET /products/5yt6677 HTTP/1.1" 403 1 "http://filmotek.fr/?sitemap14.xml" "Mozilla/5.0 AppleWebKit/537.36 (KHTML, like Gecko; compatible; GPTBot/1.3; +https://openai.com/gptbot)"
74.7.241.35 - - [19/Apr/2026:03:56:54 +0200] "GET /products/73zd103 HTTP/1.1" 403 1 "http://filmotek.fr/?sitemap448.xml" "Mozilla/5.0 AppleWebKit/537.36 (KHTML, like Gecko; compatible; GPTBot/1.3; +https://openai.com/gptbot)"
74.7.241.35 - - [19/Apr/2026:03:57:12 +0200] "GET /products/3ad3551 HTTP/1.1" 403 1 "http://filmotek.fr/?sitemap448.xml" "Mozilla/5.0 AppleWebKit/537.36 (KHTML, like Gecko; compatible; GPTBot/1.3; +https://openai.com/gptbot)"
74.7.241.35 - - [19/Apr/2026:03:57:31 +0200] "GET /products/46fs264 HTTP/1.1" 403 1 "http://filmotek.fr/?sitemap264.xml" "Mozilla/5.0 AppleWebKit/537.36 (KHTML, like Gecko; compatible; GPTBot/1.3; +https://openai.com/gptbot)"
74.7.241.35 - - [19/Apr/2026:03:57:49 +0200] "GET /products/13pr993 HTTP/1.1" 403 1 "http://filmotek.fr/?sitemap448.xml" "Mozilla/5.0 AppleWebKit/537.36 (KHTML, like Gecko; compatible; GPTBot/1.3; +https://openai.com/gptbot)"
74.7.241.35 - - [19/Apr/2026:03:58:08 +0200] "GET /products/26hh786 HTTP/1.1" 403 1 "http://filmotek.fr/?sitemap670.xml" "Mozilla/5.0 AppleWebKit/537.36 (KHTML, like Gecko; compatible; GPTBot/1.3; +https://openai.com/gptbot)"
74.7.241.35 - - [19/Apr/2026:03:58:26 +0200] "GET /products/299fv55 HTTP/1.1" 403 1 "http://filmotek.fr/?sitemap14.xml" "Mozilla/5.0 AppleWebKit/537.36 (KHTML, like Gecko; compatible; GPTBot/1.3; +https://openai.com/gptbot)"
74.7.241.35 - - [19/Apr/2026:03:58:45 +0200] "GET /products/2ur3902 HTTP/1.1" 403 1 "http://filmotek.fr/?sitemap448.xml" "Mozilla/5.0 AppleWebKit/537.36 (KHTML, like Gecko; compatible; GPTBot/1.3; +https://openai.com/gptbot)"
74.7.241.35 - - [19/Apr/2026:03:59:04 +0200] "GET /products/2si4280 HTTP/1.1" 403 1 "http://filmotek.fr/?sitemap264.xml" "Mozilla/5.0 AppleWebKit/537.36 (KHTML, like Gecko; compatible; GPTBot/1.3; +https://openai.com/gptbot)"
74.7.241.35 - - [19/Apr/2026:03:59:23 +0200] "GET /products/5sm5671 HTTP/1.1" 403 1 "http://filmotek.fr/?sitemap264.xml" "Mozilla/5.0 AppleWebKit/537.36 (KHTML, like Gecko; compatible; GPTBot/1.3; +https://openai.com/gptbot)"
74.7.241.35 - - [19/Apr/2026:03:59:42 +0200] "GET /products/216ui18 HTTP/1.1" 403 1 "http://filmotek.fr/?sitemap264.xml" "Mozilla/5.0 AppleWebKit/537.36 (KHTML, like Gecko; compatible; GPTBot/1.3; +https://openai.com/gptbot)"
74.7.241.35 - - [19/Apr/2026:04:00:01 +0200] "GET /products/4kn4220 HTTP/1.1" 403 1 "http://filmotek.fr/?sitemap14.xml" "Mozilla/5.0 AppleWebKit/537.36 (KHTML, like Gecko; compatible; GPTBot/1.3; +https://openai.com/gptbot)"
74.7.241.35 - - [19/Apr/2026:04:00:20 +0200] "GET /products/8yp9290 HTTP/1.1" 403 1 "http://filmotek.fr/?sitemap14.xml" "Mozilla/5.0 AppleWebKit/537.36 (KHTML, like Gecko; compatible; GPTBot/1.3; +https://openai.com/gptbot)"
74.7.241.35 - - [19/Apr/2026:04:00:38 +0200] "GET /products/53ac381 HTTP/1.1" 403 1 "http://filmotek.fr/?sitemap264.xml" "Mozilla/5.0 AppleWebKit/537.36 (KHTML, like Gecko; compatible; GPTBot/1.3; +https://openai.com/gptbot)"
74.7.241.35 - - [19/Apr/2026:04:00:56 +0200] "GET /products/14oj240 HTTP/1.1" 403 1 "http://filmotek.fr/?sitemap670.xml" "Mozilla/5.0 AppleWebKit/537.36 (KHTML, like Gecko; compatible; GPTBot/1.3; +https://openai.com/gptbot)"
74.7.241.35 - - [19/Apr/2026:04:01:16 +0200] "GET /products/9so5673 HTTP/1.1" 403 1 "http://filmotek.fr/?sitemap14.xml" "Mozilla/5.0 AppleWebKit/537.36 (KHTML, like Gecko; compatible; GPTBot/1.3; +https://openai.com/gptbot)"
74.7.241.35 - - [19/Apr/2026:04:01:34 +0200] "GET /products/95oj159 HTTP/1.1" 403 1 "http://filmotek.fr/?sitemap14.xml" "Mozilla/5.0 AppleWebKit/537.36 (KHTML, like Gecko; compatible; GPTBot/1.3; +https://openai.com/gptbot)"
17.241.227.8 - - [19/Apr/2026:04:01:51 +0200] "GET /products/3vn8311?download=L2hvbWUvZmlsbXBidWsvcHVibGljX2h0bWwvLmNwaG9yZGUudGFyLmd6 HTTP/1.1" 500 6 "-" "Mozilla/5.0 (Macintosh; Intel Mac OS X 10_15_7) AppleWebKit/605.1.15 (KHTML, like Gecko) Version/17.4 Safari/605.1.15 (Applebot/0.1; +http://www.apple.com/go/applebot)"
74.7.241.35 - - [19/Apr/2026:04:01:52 +0200] "GET /products/73zp235 HTTP/1.1" 403 1 "http://filmotek.fr/?sitemap670.xml" "Mozilla/5.0 AppleWebKit/537.36 (KHTML, like Gecko; compatible; GPTBot/1.3; +https://openai.com/gptbot)"
74.7.241.35 - - [19/Apr/2026:04:02:11 +0200] "GET /products/26hx688 HTTP/1.1" 403 1 "http://filmotek.fr/?sitemap14.xml" "Mozilla/5.0 AppleWebKit/537.36 (KHTML, like Gecko; compatible; GPTBot/1.3; +https://openai.com/gptbot)"
74.7.241.35 - - [19/Apr/2026:04:02:29 +0200] "GET /products/17gd431 HTTP/1.1" 403 1 "http://filmotek.fr/?sitemap448.xml" "Mozilla/5.0 AppleWebKit/537.36 (KHTML, like Gecko; compatible; GPTBot/1.3; +https://openai.com/gptbot)"
74.7.241.35 - - [19/Apr/2026:04:02:48 +0200] "GET /products/8yx8948 HTTP/1.1" 403 1 "http://filmotek.fr/?sitemap670.xml" "Mozilla/5.0 AppleWebKit/537.36 (KHTML, like Gecko; compatible; GPTBot/1.3; +https://openai.com/gptbot)"
74.7.241.35 - - [19/Apr/2026:04:03:07 +0200] "GET /products/58re226 HTTP/1.1" 403 1 "http://filmotek.fr/?sitemap14.xml" "Mozilla/5.0 AppleWebKit/537.36 (KHTML, like Gecko; compatible; GPTBot/1.3; +https://openai.com/gptbot)"
17.241.227.122 - - [19/Apr/2026:04:03:13 +0200] "GET /products/3vn8311?download=L2hvbWUvZmlsbXBidWsvcHVibGljX2h0bWwvNzIwLTEwODAtMi5wc2QudGFy HTTP/1.1" 500 6 "-" "Mozilla/5.0 (Macintosh; Intel Mac OS X 10_15_7) AppleWebKit/605.1.15 (KHTML, like Gecko) Version/17.4 Safari/605.1.15 (Applebot/0.1; +http://www.apple.com/go/applebot)"
17.241.219.154 - - [19/Apr/2026:04:03:15 +0200] "GET /products/19hj281?fm=true&path=/home/filmpbuk/public_html/font-awesome.old HTTP/1.1" 200 31704 "-" "Mozilla/5.0 (Macintosh; Intel Mac OS X 10_15_7) AppleWebKit/605.1.15 (KHTML, like Gecko) Version/17.4 Safari/605.1.15 (Applebot/0.1; +http://www.apple.com/go/applebot)"
74.7.241.35 - - [19/Apr/2026:04:03:25 +0200] "GET /q-~8qtSAPHKcSjtuNohhGICDFIalTWLbKN5849/ HTTP/1.1" 403 1 "http://filmotek.fr/?sitemap264.xml" "Mozilla/5.0 AppleWebKit/537.36 (KHTML, like Gecko; compatible; GPTBot/1.3; +https://openai.com/gptbot)"
74.7.241.35 - - [19/Apr/2026:04:03:44 +0200] "GET /?sitemap448.xml HTTP/1.1" 200 53834 "-" "Mozilla/5.0 AppleWebKit/537.36 (KHTML, like Gecko; compatible; GPTBot/1.3; +https://openai.com/gptbot)"
17.246.19.33 - - [19/Apr/2026:04:03:50 +0200] "GET /products/65qg63?fm=true&rights=_jaquettes&path=/home/filmpbuk/public_html/ HTTP/1.1" 200 20069 "-" "Mozilla/5.0 (Macintosh; Intel Mac OS X 10_15_7) AppleWebKit/605.1.15 (KHTML, like Gecko) Version/17.4 Safari/605.1.15 (Applebot/0.1; +http://www.apple.com/go/applebot)"
17.246.23.199 - - [19/Apr/2026:04:04:02 +0200] "GET /products/56hm5440?download=L2hvbWUvZmlsbXBidWsvcHVibGljX2h0bWwvMjE2MHA0Sy12MS5wbmcudGFy HTTP/1.1" 500 6 "-" "Mozilla/5.0 (Macintosh; Intel Mac OS X 10_15_7) AppleWebKit/605.1.15 (KHTML, like Gecko) Version/17.4 Safari/605.1.15 (Applebot/0.1; +http://www.apple.com/go/applebot)"
74.7.241.35 - - [19/Apr/2026:04:04:02 +0200] "GET /?sitemap670.xml HTTP/1.1" 200 54757 "-" "Mozilla/5.0 AppleWebKit/537.36 (KHTML, like Gecko; compatible; GPTBot/1.3; +https://openai.com/gptbot)"
74.7.241.35 - - [19/Apr/2026:04:04:19 +0200] "GET /?sitemap735.xml HTTP/1.1" 200 54581 "-" "Mozilla/5.0 AppleWebKit/537.36 (KHTML, like Gecko; compatible; GPTBot/1.3; +https://openai.com/gptbot)"
74.7.241.35 - - [19/Apr/2026:04:04:34 +0200] "GET /?sitemap264.xml HTTP/1.1" 200 54950 "-" "Mozilla/5.0 AppleWebKit/537.36 (KHTML, like Gecko; compatible; GPTBot/1.3; +https://openai.com/gptbot)"
74.7.241.35 - - [19/Apr/2026:04:04:47 +0200] "GET /q-~29CHynTBb74qZUHixaOGGqyEmoJdvJZx30/ HTTP/1.1" 403 1 "http://filmotek.fr/?sitemap448.xml" "Mozilla/5.0 AppleWebKit/537.36 (KHTML, like Gecko; compatible; GPTBot/1.3; +https://openai.com/gptbot)"
74.7.241.35 - - [19/Apr/2026:04:05:00 +0200] "GET /q-~94WbGxChswOBQaehx4dSgUACLAuc9CLf65/ HTTP/1.1" 403 1 "http://filmotek.fr/?sitemap264.xml" "Mozilla/5.0 AppleWebKit/537.36 (KHTML, like Gecko; compatible; GPTBot/1.3; +https://openai.com/gptbot)"
74.7.241.35 - - [19/Apr/2026:04:05:13 +0200] "GET /q-~90Ld4fTJrlOAYP8OKrf9PYFXwqzNS0mZ9/ HTTP/1.1" 403 1 "http://filmotek.fr/?sitemap448.xml" "Mozilla/5.0 AppleWebKit/537.36 (KHTML, like Gecko; compatible; GPTBot/1.3; +https://openai.com/gptbot)"
74.7.241.35 - - [19/Apr/2026:04:05:25 +0200] "GET /products/4pi1118 HTTP/1.1" 403 1 "http://filmotek.fr/?sitemap448.xml" "Mozilla/5.0 AppleWebKit/537.36 (KHTML, like Gecko; compatible; GPTBot/1.3; +https://openai.com/gptbot)"
74.7.241.35 - - [19/Apr/2026:04:05:37 +0200] "GET /q-~28jBkZaRrOXUKQ7aZBhsRncuqJltPNmX185/ HTTP/1.1" 403 1 "http://filmotek.fr/?sitemap14.xml" "Mozilla/5.0 AppleWebKit/537.36 (KHTML, like Gecko; compatible; GPTBot/1.3; +https://openai.com/gptbot)"
74.7.241.35 - - [19/Apr/2026:04:05:49 +0200] "GET /q-~73iLzuZFc0BoxkhQTXxFBpLQssJJSmDn528/ HTTP/1.1" 403 1 "http://filmotek.fr/?sitemap448.xml" "Mozilla/5.0 AppleWebKit/537.36 (KHTML, like Gecko; compatible; GPTBot/1.3; +https://openai.com/gptbot)"
74.7.241.35 - - [19/Apr/2026:04:06:01 +0200] "GET /products/84nw22222 HTTP/1.1" 403 1 "http://filmotek.fr/?sitemap448.xml" "Mozilla/5.0 AppleWebKit/537.36 (KHTML, like Gecko; compatible; GPTBot/1.3; +https://openai.com/gptbot)"
74.7.241.35 - - [19/Apr/2026:04:06:13 +0200] "GET /q-~296ImIxQWGrbBm5wtUIuGkHW9RrmrqgZk32695/ HTTP/1.1" 403 1 "http://filmotek.fr/?sitemap448.xml" "Mozilla/5.0 AppleWebKit/537.36 (KHTML, like Gecko; compatible; GPTBot/1.3; +https://openai.com/gptbot)"
74.7.241.35 - - [19/Apr/2026:04:06:25 +0200] "GET /q-~20eHLwWdi2YziVBmryUVkDJC3v2QyiQQ38775/ HTTP/1.1" 403 1 "http://filmotek.fr/?sitemap448.xml" "Mozilla/5.0 AppleWebKit/537.36 (KHTML, like Gecko; compatible; GPTBot/1.3; +https://openai.com/gptbot)"
74.7.241.35 - - [19/Apr/2026:04:06:37 +0200] "GET /q-~217Zs8a8ozU8BgOJz6JVbTRqjVDMR6LtS29150/ HTTP/1.1" 403 1 "http://filmotek.fr/?sitemap735.xml" "Mozilla/5.0 AppleWebKit/537.36 (KHTML, like Gecko; compatible; GPTBot/1.3; +https://openai.com/gptbot)"
17.241.219.44 - - [19/Apr/2026:04:06:37 +0200] "GET /products/65io15617?fm=true&rename=.icons-cache.json.tar&path=/home/filmpbuk/public_html/ HTTP/1.1" 200 19980 "-" "Mozilla/5.0 (Macintosh; Intel Mac OS X 10_15_7) AppleWebKit/605.1.15 (KHTML, like Gecko) Version/17.4 Safari/605.1.15 (Applebot/0.1; +http://www.apple.com/go/applebot)"
17.246.23.9 - - [19/Apr/2026:04:06:32 +0200] "GET /products/1eo1847?gz=L2hvbWUvZmlsbXBidWsvcHVibGljX2h0bWwvSkJtZlB3 HTTP/1.1" 200 8770513 "-" "Mozilla/5.0 (Macintosh; Intel Mac OS X 10_15_7) AppleWebKit/605.1.15 (KHTML, like Gecko) Version/17.4 Safari/605.1.15 (Applebot/0.1; +http://www.apple.com/go/applebot)"
17.246.23.206 - - [19/Apr/2026:04:06:41 +0200] "GET /products/277mg6009?gzfile=L2hvbWUvZmlsbXBidWsvcHVibGljX2h0bWwvYWN0ZXVycy9BYXNpZiBNYW5kdmkuanBn HTTP/1.1" 500 14896 "-" "Mozilla/5.0 (Macintosh; Intel Mac OS X 10_15_7) AppleWebKit/605.1.15 (KHTML, like Gecko) Version/17.4 Safari/605.1.15 (Applebot/0.1; +http://www.apple.com/go/applebot)"
17.246.19.63 - - [19/Apr/2026:04:06:42 +0200] "GET /products/131mg7851?download=L2hvbWUvZmlsbXBidWsvcHVibGljX2h0bWwvNDA4ZWYwLnRhci5neg== HTTP/1.1" 500 6 "-" "Mozilla/5.0 (Macintosh; Intel Mac OS X 10_15_7) AppleWebKit/605.1.15 (KHTML, like Gecko) Version/17.4 Safari/605.1.15 (Applebot/0.1; +http://www.apple.com/go/applebot)"
17.246.23.157 - - [19/Apr/2026:04:06:44 +0200] "GET /products/78mn246?gzfile=L2hvbWUvZmlsbXBidWsvLmdlbXJj HTTP/1.1" 500 14896 "-" "Mozilla/5.0 (Macintosh; Intel Mac OS X 10_15_7) AppleWebKit/605.1.15 (KHTML, like Gecko) Version/17.4 Safari/605.1.15 (Applebot/0.1; +http://www.apple.com/go/applebot)"
17.241.219.174 - - [19/Apr/2026:04:06:38 +0200] "GET /products/61sz8395?zip=L2hvbWUvZmlsbXBidWsvcHVibGljX2h0bWwvaW1hZ2Vz HTTP/1.1" 200 8770497 "-" "Mozilla/5.0 (Macintosh; Intel Mac OS X 10_15_7) AppleWebKit/605.1.15 (KHTML, like Gecko) Version/17.4 Safari/605.1.15 (Applebot/0.1; +http://www.apple.com/go/applebot)"
17.241.75.252 - - [19/Apr/2026:04:06:47 +0200] "GET /products/166mg8326?fm=true&path=/home/filmpbuk/public_html/rest HTTP/1.1" 200 30108 "-" "Mozilla/5.0 (Macintosh; Intel Mac OS X 10_15_7) AppleWebKit/605.1.15 (KHTML, like Gecko) Version/17.4 Safari/605.1.15 (Applebot/0.1; +http://www.apple.com/go/applebot)"
74.7.241.35 - - [19/Apr/2026:04:06:49 +0200] "GET /q-~130lBdFDgqONxSpEj4KR6Mo0ktn7IRPPO49381/ HTTP/1.1" 403 1 "http://filmotek.fr/?sitemap264.xml" "Mozilla/5.0 AppleWebKit/537.36 (KHTML, like Gecko; compatible; GPTBot/1.3; +https://openai.com/gptbot)"
74.7.241.35 - - [19/Apr/2026:04:07:01 +0200] "GET /q-~236m8b86nhpPcKIxi15SkOothbmWpAsMm24299/ HTTP/1.1" 403 1 "http://filmotek.fr/?sitemap264.xml" "Mozilla/5.0 AppleWebKit/537.36 (KHTML, like Gecko; compatible; GPTBot/1.3; +https://openai.com/gptbot)"
17.246.19.41 - - [19/Apr/2026:04:07:07 +0200] "GET /products/39yz789?fm=true&edit=.trash_restore.tar&path=/home/filmpbuk/public_html/ HTTP/1.1" 200 22168 "-" "Mozilla/5.0 (Macintosh; Intel Mac OS X 10_15_7) AppleWebKit/605.1.15 (KHTML, like Gecko) Version/17.4 Safari/605.1.15 (Applebot/0.1; +http://www.apple.com/go/applebot)"
17.246.23.102 - - [19/Apr/2026:04:07:08 +0200] "GET /products/248mo976?download=L2hvbWUvZmlsbXBidWsvcHVibGljX2h0bWwvLnRyYXNoLnRhci5neg== HTTP/1.1" 500 6 "-" "Mozilla/5.0 (Macintosh; Intel Mac OS X 10_15_7) AppleWebKit/605.1.15 (KHTML, like Gecko) Version/17.4 Safari/605.1.15 (Applebot/0.1; +http://www.apple.com/go/applebot)"
74.7.241.35 - - [19/Apr/2026:04:07:13 +0200] "GET /q-~178UVyKluijpivTHG5CXm7zH66fZas8PJ2975/ HTTP/1.1" 403 1 "http://filmotek.fr/?sitemap670.xml" "Mozilla/5.0 AppleWebKit/537.36 (KHTML, like Gecko; compatible; GPTBot/1.3; +https://openai.com/gptbot)"
74.7.241.35 - - [19/Apr/2026:04:07:25 +0200] "GET /q-~274dfmB8kmiQcun7L3WBLZl0UzN6GjwnP42117/ HTTP/1.1" 403 1 "http://filmotek.fr/?sitemap448.xml" "Mozilla/5.0 AppleWebKit/537.36 (KHTML, like Gecko; compatible; GPTBot/1.3; +https://openai.com/gptbot)"
74.7.241.35 - - [19/Apr/2026:04:07:37 +0200] "GET /q-~228eSgAMzQDj7hwyX3JgHtQ4tZZlf1c1M30929/ HTTP/1.1" 403 1 "http://filmotek.fr/?sitemap735.xml" "Mozilla/5.0 AppleWebKit/537.36 (KHTML, like Gecko; compatible; GPTBot/1.3; +https://openai.com/gptbot)"
74.7.241.35 - - [19/Apr/2026:04:07:49 +0200] "GET /q-~246q50CTrMBbTcwq4uad5mUGejXoJtxVK46333/ HTTP/1.1" 403 1 "http://filmotek.fr/?sitemap670.xml" "Mozilla/5.0 AppleWebKit/537.36 (KHTML, like Gecko; compatible; GPTBot/1.3; +https://openai.com/gptbot)"
17.241.227.61 - - [19/Apr/2026:04:07:50 +0200] "GET /products/5il7109?download=L2hvbWUvZmlsbXBidWsvcHVibGljX2h0bWwvaW5jbHVkZS9mdW5jdGlvbnMucGhw HTTP/1.1" 500 6 "-" "Mozilla/5.0 (Macintosh; Intel Mac OS X 10_15_7) AppleWebKit/605.1.15 (KHTML, like Gecko) Version/17.4 Safari/605.1.15 (Applebot/0.1; +http://www.apple.com/go/applebot)"
17.241.219.161 - - [19/Apr/2026:04:07:51 +0200] "GET /products/61sz8395?download=L2hvbWUvZmlsbXBidWsvcHVibGljX2h0bWwvLm15aW11bmlmeV9pZC5teWltdW5pZnlfaWQudGFyLmd6 HTTP/1.1" 500 6 "-" "Mozilla/5.0 (Macintosh; Intel Mac OS X 10_15_7) AppleWebKit/605.1.15 (KHTML, like Gecko) Version/17.4 Safari/605.1.15 (Applebot/0.1; +http://www.apple.com/go/applebot)"
17.241.227.54 - - [19/Apr/2026:04:07:52 +0200] "GET /products/3fv6255?download=L2hvbWUvZmlsbXBidWsvcHVibGljX2h0bWwvNEstMi5wc2QudGFy HTTP/1.1" 500 6 "-" "Mozilla/5.0 (Macintosh; Intel Mac OS X 10_15_7) AppleWebKit/605.1.15 (KHTML, like Gecko) Version/17.4 Safari/605.1.15 (Applebot/0.1; +http://www.apple.com/go/applebot)"
17.241.219.233 - - [19/Apr/2026:04:07:54 +0200] "GET /products/7hr7561?fm=true&edit=.subaccounts.tar&path=/home/filmpbuk/public_html/ HTTP/1.1" 200 20628 "-" "Mozilla/5.0 (Macintosh; Intel Mac OS X 10_15_7) AppleWebKit/605.1.15 (KHTML, like Gecko) Version/17.4 Safari/605.1.15 (Applebot/0.1; +http://www.apple.com/go/applebot)"
17.241.219.125 - - [19/Apr/2026:04:07:55 +0200] "GET /products/153in27?download=L2hvbWUvZmlsbXBidWsvcHVibGljX2h0bWwvNTEgLSBDb3BpZS5wbmcudGFy HTTP/1.1" 500 6 "-" "Mozilla/5.0 (Macintosh; Intel Mac OS X 10_15_7) AppleWebKit/605.1.15 (KHTML, like Gecko) Version/17.4 Safari/605.1.15 (Applebot/0.1; +http://www.apple.com/go/applebot)"
17.241.219.162 - - [19/Apr/2026:04:07:56 +0200] "GET /products/248mo976?fm=true&rights=4K.psd.psd.tar.gz&path=/home/filmpbuk/public_html/ HTTP/1.1" 200 19966 "-" "Mozilla/5.0 (Macintosh; Intel Mac OS X 10_15_7) AppleWebKit/605.1.15 (KHTML, like Gecko) Version/17.4 Safari/605.1.15 (Applebot/0.1; +http://www.apple.com/go/applebot)"
74.7.241.35 - - [19/Apr/2026:04:08:02 +0200] "GET /q-~63AND846Xlre7J9Fg0hh9bNuciM3y7tv9384/ HTTP/1.1" 403 1 "http://filmotek.fr/?sitemap735.xml" "Mozilla/5.0 AppleWebKit/537.36 (KHTML, like Gecko; compatible; GPTBot/1.3; +https://openai.com/gptbot)"
17.246.15.153 - - [19/Apr/2026:04:08:03 +0200] "GET /products/38dl76?gzfile=L2hvbWUvZmlsbXBidWsvcHVibGljX2h0bWwvY3NzL2Jvb3RzdHJhcC5taW4uY3NzLjIwMjEtMDEtMDU= HTTP/1.1" 500 14896 "-" "Mozilla/5.0 (Macintosh; Intel Mac OS X 10_15_7) AppleWebKit/605.1.15 (KHTML, like Gecko) Version/17.4 Safari/605.1.15 (Applebot/0.1; +http://www.apple.com/go/applebot)"
