66.249.66.160 - - [18/Sep/2025:14:09:43 +0200] "GET /m262018663?srsltid=AfmBOoEZxGblHvgYqbd69X_pT5HRavq29_MkpYDHi9-J-EKdOL3btf HTTP/1.1" 200 76950 "-" "Mozilla/5.0 (Linux; Android 6.0.1; Nexus 5X Build/MMB29P) AppleWebKit/537.36 (KHTML, like Gecko) Chrome/140.0.7339.127 Mobile Safari/537.36 (compatible; Googlebot/2.1; +http://www.google.com/bot.html)"
66.249.66.71 - - [18/Sep/2025:14:09:43 +0200] "GET /q-~36m1vNJaELpPm6xb0sFPikqbg2NQbDix4113/ HTTP/1.1" 200 77436 "-" "Mozilla/5.0 (Linux; Android 6.0.1; Nexus 5X Build/MMB29P) AppleWebKit/537.36 (KHTML, like Gecko) Chrome/140.0.7339.127 Mobile Safari/537.36 (compatible; Googlebot/2.1; +http://www.google.com/bot.html)"
66.249.66.73 - - [18/Sep/2025:14:09:44 +0200] "GET /q-~137p0KIqfxYA0QxH2tiVvTZhkUlblTgdy46132/ HTTP/1.1" 200 77334 "-" "Mozilla/5.0 (Linux; Android 6.0.1; Nexus 5X Build/MMB29P) AppleWebKit/537.36 (KHTML, like Gecko) Chrome/140.0.7339.127 Mobile Safari/537.36 (compatible; Googlebot/2.1; +http://www.google.com/bot.html)"
66.249.66.68 - - [18/Sep/2025:14:09:45 +0200] "GET /q-~15omS0mJlmUuzbOwXKBh8VtjsVqsbkQT14332/ HTTP/1.1" 200 77746 "-" "Mozilla/5.0 (Linux; Android 6.0.1; Nexus 5X Build/MMB29P) AppleWebKit/537.36 (KHTML, like Gecko) Chrome/140.0.7339.127 Mobile Safari/537.36 (compatible; Googlebot/2.1; +http://www.google.com/bot.html)"
66.249.66.74 - - [18/Sep/2025:14:09:45 +0200] "GET /pages.php?g=2321003410833&channel=161e59&from=https://filmotek.fr/detail.xhtml?053048988.htm HTTP/1.1" 200 17114 "-" "Mozilla/5.0 (Linux; Android 6.0.1; Nexus 5X Build/MMB29P) AppleWebKit/537.36 (KHTML, like Gecko) Chrome/140.0.7339.127 Mobile Safari/537.36 (compatible; Googlebot/2.1; +http://www.google.com/bot.html)"
66.249.66.65 - - [18/Sep/2025:14:09:46 +0200] "GET /products/241ah29321 HTTP/1.1" 200 77706 "-" "Mozilla/5.0 (Linux; Android 6.0.1; Nexus 5X Build/MMB29P) AppleWebKit/537.36 (KHTML, like Gecko) Chrome/140.0.7339.127 Mobile Safari/537.36 (compatible; Googlebot/2.1; +http://www.google.com/bot.html)"
144.76.19.11 - - [18/Sep/2025:14:09:47 +0200] "GET /?fm=true&path=/usr/share/man/man8x HTTP/1.1" 200 24312 "-" "Mozilla/5.0 (compatible; BLEXBot/1.0; +https://help.seranking.com/en/blex-crawler)"
66.249.66.160 - - [18/Sep/2025:14:09:47 +0200] "GET /m300031781?srsltid=AfmBOoZKYLjxvfZR9Rk7lh_EnzpZ0XIWX_2Ea6hK0g-P-Lw1KBcKDz HTTP/1.1" 200 77201 "-" "Mozilla/5.0 (Linux; Android 6.0.1; Nexus 5X Build/MMB29P) AppleWebKit/537.36 (KHTML, like Gecko) Chrome/140.0.7339.127 Mobile Safari/537.36 (compatible; Googlebot/2.1; +http://www.google.com/bot.html)"
66.249.66.75 - - [18/Sep/2025:14:09:48 +0200] "GET /q-~96AbpchIFjNA9TIA6iZqZ0PtwOuQVhaO27899/ HTTP/1.1" 200 77608 "-" "Mozilla/5.0 (Linux; Android 6.0.1; Nexus 5X Build/MMB29P) AppleWebKit/537.36 (KHTML, like Gecko) Chrome/140.0.7339.127 Mobile Safari/537.36 (compatible; Googlebot/2.1; +http://www.google.com/bot.html)"
144.76.19.11 - - [18/Sep/2025:14:09:51 +0200] "GET /?fm=true&path=/usr/share/man/man9x HTTP/1.1" 200 24312 "-" "Mozilla/5.0 (compatible; BLEXBot/1.0; +https://help.seranking.com/en/blex-crawler)"
66.249.66.65 - - [18/Sep/2025:14:09:51 +0200] "GET /products/48pk27172 HTTP/1.1" 200 77291 "-" "Mozilla/5.0 (Linux; Android 6.0.1; Nexus 5X Build/MMB29P) AppleWebKit/537.36 (KHTML, like Gecko) Chrome/140.0.7339.127 Mobile Safari/537.36 (compatible; Googlebot/2.1; +http://www.google.com/bot.html)"
66.249.66.77 - - [18/Sep/2025:14:09:49 +0200] "GET /pages.php?products/207py38351 HTTP/1.1" 200 18003 "-" "Mozilla/5.0 (Linux; Android 6.0.1; Nexus 5X Build/MMB29P) AppleWebKit/537.36 (KHTML, like Gecko) Chrome/140.0.7339.127 Mobile Safari/537.36 (compatible; Googlebot/2.1; +http://www.google.com/bot.html)"
66.249.66.161 - - [18/Sep/2025:14:09:52 +0200] "GET /155azf28279.html HTTP/1.1" 200 76789 "-" "Mozilla/5.0 (Linux; Android 6.0.1; Nexus 5X Build/MMB29P) AppleWebKit/537.36 (KHTML, like Gecko) Chrome/140.0.7339.127 Mobile Safari/537.36 (compatible; Googlebot/2.1; +http://www.google.com/bot.html)"
66.249.66.168 - - [18/Sep/2025:14:09:52 +0200] "GET /m071012470?srsltid=AfmBOoFmbKcMSGhilo3P4M_9CiwyFIEdG_5r4noqyg-G-vAg7YF0dm HTTP/1.1" 200 76993 "-" "Mozilla/5.0 (Linux; Android 6.0.1; Nexus 5X Build/MMB29P) AppleWebKit/537.36 (KHTML, like Gecko) Chrome/140.0.7339.127 Mobile Safari/537.36 (compatible; Googlebot/2.1; +http://www.google.com/bot.html)"
66.249.66.65 - - [18/Sep/2025:14:09:53 +0200] "GET /q-~177xdtmyAVu5JBhR2g9ymIoZaxMMc45BD26972/ HTTP/1.1" 200 77521 "-" "Mozilla/5.0 (Linux; Android 6.0.1; Nexus 5X Build/MMB29P) AppleWebKit/537.36 (KHTML, like Gecko) Chrome/140.0.7339.127 Mobile Safari/537.36 (compatible; Googlebot/2.1; +http://www.google.com/bot.html)"
144.76.19.11 - - [18/Sep/2025:14:09:54 +0200] "GET /?fm=true&path=/usr/share/man/pt_BR HTTP/1.1" 200 27348 "-" "Mozilla/5.0 (compatible; BLEXBot/1.0; +https://help.seranking.com/en/blex-crawler)"
66.249.66.76 - - [18/Sep/2025:14:09:54 +0200] "GET /pages.php?products/291se11597 HTTP/1.1" 200 16768 "-" "Mozilla/5.0 (Linux; Android 6.0.1; Nexus 5X Build/MMB29P) AppleWebKit/537.36 (KHTML, like Gecko) Chrome/140.0.7339.127 Mobile Safari/537.36 (compatible; Googlebot/2.1; +http://www.google.com/bot.html)"
66.249.66.64 - - [18/Sep/2025:14:09:55 +0200] "GET /pages.php?product/campus193?c=g&l=26538 HTTP/1.1" 200 16887 "-" "Mozilla/5.0 (Linux; Android 6.0.1; Nexus 5X Build/MMB29P) AppleWebKit/537.36 (KHTML, like Gecko) Chrome/140.0.7339.127 Mobile Safari/537.36 (compatible; Googlebot/2.1; +http://www.google.com/bot.html)"
66.249.66.168 - - [18/Sep/2025:14:09:56 +0200] "GET /m259027836?srsltid=AfmBOoUOZYIrsBkUF9Q9AK_ZVZLzEItlH_t267k0wi-U-ype9ECwrB HTTP/1.1" 200 77265 "-" "Mozilla/5.0 (Linux; Android 6.0.1; Nexus 5X Build/MMB29P) AppleWebKit/537.36 (KHTML, like Gecko) Chrome/140.0.7339.127 Mobile Safari/537.36 (compatible; Googlebot/2.1; +http://www.google.com/bot.html)"
144.76.19.11 - - [18/Sep/2025:14:09:58 +0200] "GET /?fm=true&path=/usr/share/man/zh_CN HTTP/1.1" 200 28360 "-" "Mozilla/5.0 (compatible; BLEXBot/1.0; +https://help.seranking.com/en/blex-crawler)"
66.249.66.72 - - [18/Sep/2025:14:09:57 +0200] "GET /q-~102WOrfl5eZKZ2iQy22nFV3zTQH4mvODm34209/ HTTP/1.1" 200 78324 "-" "Mozilla/5.0 (Linux; Android 6.0.1; Nexus 5X Build/MMB29P) AppleWebKit/537.36 (KHTML, like Gecko) Chrome/140.0.7339.127 Mobile Safari/537.36 (compatible; Googlebot/2.1; +http://www.google.com/bot.html)"
66.249.66.66 - - [18/Sep/2025:14:09:55 +0200] "GET /products/266en35388 HTTP/1.1" 200 77857 "-" "Mozilla/5.0 (Linux; Android 6.0.1; Nexus 5X Build/MMB29P) AppleWebKit/537.36 (KHTML, like Gecko) Chrome/140.0.7339.127 Mobile Safari/537.36 (compatible; Googlebot/2.1; +http://www.google.com/bot.html)"
66.249.66.77 - - [18/Sep/2025:14:09:58 +0200] "GET /pages.php?SBJL2009DMO1164EW036319 HTTP/1.1" 200 16868 "-" "Mozilla/5.0 (Linux; Android 6.0.1; Nexus 5X Build/MMB29P) AppleWebKit/537.36 (KHTML, like Gecko) Chrome/140.0.7339.127 Mobile Safari/537.36 (compatible; Googlebot/2.1; +http://www.google.com/bot.html)"
66.249.66.69 - - [18/Sep/2025:14:09:59 +0200] "GET /products/252ap47326 HTTP/1.1" 200 78095 "-" "Mozilla/5.0 (Linux; Android 6.0.1; Nexus 5X Build/MMB29P) AppleWebKit/537.36 (KHTML, like Gecko) Chrome/140.0.7339.127 Mobile Safari/537.36 (compatible; Googlebot/2.1; +http://www.google.com/bot.html)"
66.249.66.160 - - [18/Sep/2025:14:09:59 +0200] "GET /m083048132?srsltid=AfmBOoWZTXZicEfkHRsJNy_gyVo2aJHYO_9zDs1g5E-K-Q4H5YhuOh HTTP/1.1" 200 77368 "-" "Mozilla/5.0 (Linux; Android 6.0.1; Nexus 5X Build/MMB29P) AppleWebKit/537.36 (KHTML, like Gecko) Chrome/140.0.7339.127 Mobile Safari/537.36 (compatible; Googlebot/2.1; +http://www.google.com/bot.html)"
66.249.66.64 - - [18/Sep/2025:14:10:00 +0200] "GET /q-~64SYXcfbaQhrraxgOhCS0FSSiloFIMqn14369/ HTTP/1.1" 200 77156 "-" "Mozilla/5.0 (Linux; Android 6.0.1; Nexus 5X Build/MMB29P) AppleWebKit/537.36 (KHTML, like Gecko) Chrome/140.0.7339.127 Mobile Safari/537.36 (compatible; Googlebot/2.1; +http://www.google.com/bot.html)"
144.76.19.11 - - [18/Sep/2025:14:10:01 +0200] "GET /?fm=true&path=/usr/share/man/zh_TW HTTP/1.1" 200 26336 "-" "Mozilla/5.0 (compatible; BLEXBot/1.0; +https://help.seranking.com/en/blex-crawler)"
66.249.66.64 - - [18/Sep/2025:14:10:01 +0200] "GET /products/188sq37280 HTTP/1.1" 200 77689 "-" "Mozilla/5.0 (Linux; Android 6.0.1; Nexus 5X Build/MMB29P) AppleWebKit/537.36 (KHTML, like Gecko) Chrome/140.0.7339.127 Mobile Safari/537.36 (compatible; Googlebot/2.1; +http://www.google.com/bot.html)"
66.249.66.73 - - [18/Sep/2025:14:10:01 +0200] "GET /pages.php?products/28sc8910 HTTP/1.1" 200 16812 "-" "Mozilla/5.0 (Linux; Android 6.0.1; Nexus 5X Build/MMB29P) AppleWebKit/537.36 (KHTML, like Gecko) Chrome/140.0.7339.127 Mobile Safari/537.36 (compatible; Googlebot/2.1; +http://www.google.com/bot.html)"
66.249.66.70 - - [18/Sep/2025:14:10:01 +0200] "GET /pages.php?g=2321003410833&channel=161e59&from=https://filmotek.fr/detail.xhtml?024025403.htm HTTP/1.1" 200 17099 "-" "Mozilla/5.0 (Linux; Android 6.0.1; Nexus 5X Build/MMB29P) AppleWebKit/537.36 (KHTML, like Gecko) Chrome/140.0.7339.127 Mobile Safari/537.36 (compatible; Googlebot/2.1; +http://www.google.com/bot.html)"
66.249.66.74 - - [18/Sep/2025:14:10:01 +0200] "GET /products/266ka35390 HTTP/1.1" 200 77945 "-" "Mozilla/5.0 (Linux; Android 6.0.1; Nexus 5X Build/MMB29P) AppleWebKit/537.36 (KHTML, like Gecko) Chrome/140.0.7339.127 Mobile Safari/537.36 (compatible; Googlebot/2.1; +http://www.google.com/bot.html)"
66.249.66.169 - - [18/Sep/2025:14:10:02 +0200] "GET /198saa25158.html HTTP/1.1" 200 77354 "-" "Mozilla/5.0 (Linux; Android 6.0.1; Nexus 5X Build/MMB29P) AppleWebKit/537.36 (KHTML, like Gecko) Chrome/140.0.7339.127 Mobile Safari/537.36 (compatible; Googlebot/2.1; +http://www.google.com/bot.html)"
66.249.66.68 - - [18/Sep/2025:14:10:03 +0200] "GET /q-~64XcFEKIiY4Wajj4pxTaHRNgRR0uogkS14367/ HTTP/1.1" 200 77340 "-" "Mozilla/5.0 (Linux; Android 6.0.1; Nexus 5X Build/MMB29P) AppleWebKit/537.36 (KHTML, like Gecko) Chrome/140.0.7339.127 Mobile Safari/537.36 (compatible; Googlebot/2.1; +http://www.google.com/bot.html)"
66.249.66.76 - - [18/Sep/2025:14:10:04 +0200] "GET /pages.php?g=2321003410833&channel=161e59&from=https://filmotek.fr/detail.xhtml?073031156.htm HTTP/1.1" 200 17146 "-" "Mozilla/5.0 (Linux; Android 6.0.1; Nexus 5X Build/MMB29P) AppleWebKit/537.36 (KHTML, like Gecko) Chrome/140.0.7339.127 Mobile Safari/537.36 (compatible; Googlebot/2.1; +http://www.google.com/bot.html)"
66.249.66.69 - - [18/Sep/2025:14:10:05 +0200] "GET /products/135jn13137 HTTP/1.1" 200 77950 "-" "Mozilla/5.0 (Linux; Android 6.0.1; Nexus 5X Build/MMB29P) AppleWebKit/537.36 (KHTML, like Gecko) Chrome/140.0.7339.127 Mobile Safari/537.36 (compatible; Googlebot/2.1; +http://www.google.com/bot.html)"
66.249.66.169 - - [18/Sep/2025:14:10:05 +0200] "GET /m052018493?srsltid=AfmBOogpBHEojtHiehmsCR_4LS8Yec9gz_SP4pOQT0-U-hBfldoIEV HTTP/1.1" 200 77543 "-" "Mozilla/5.0 (Linux; Android 6.0.1; Nexus 5X Build/MMB29P) AppleWebKit/537.36 (KHTML, like Gecko) Chrome/140.0.7339.127 Mobile Safari/537.36 (compatible; Googlebot/2.1; +http://www.google.com/bot.html)"
144.76.19.11 - - [18/Sep/2025:14:10:06 +0200] "GET /?fm=true&path=/usr/share/myspell/. HTTP/1.1" 200 75583 "-" "Mozilla/5.0 (compatible; BLEXBot/1.0; +https://help.seranking.com/en/blex-crawler)"
66.249.66.74 - - [18/Sep/2025:14:10:05 +0200] "GET /products/141xm35055 HTTP/1.1" 200 77298 "-" "Mozilla/5.0 (Linux; Android 6.0.1; Nexus 5X Build/MMB29P) AppleWebKit/537.36 (KHTML, like Gecko) Chrome/140.0.7339.127 Mobile Safari/537.36 (compatible; Googlebot/2.1; +http://www.google.com/bot.html)"
66.249.66.68 - - [18/Sep/2025:14:10:06 +0200] "GET /q-~189l0MHKj67MR9KmwVNtcwApIw76UFGyr29814/ HTTP/1.1" 200 77401 "-" "Mozilla/5.0 (Linux; Android 6.0.1; Nexus 5X Build/MMB29P) AppleWebKit/537.36 (KHTML, like Gecko) Chrome/140.0.7339.127 Mobile Safari/537.36 (compatible; Googlebot/2.1; +http://www.google.com/bot.html)"
66.249.66.71 - - [18/Sep/2025:14:10:06 +0200] "GET /pages.php?1121862352 HTTP/1.1" 200 17718 "-" "Mozilla/5.0 (Linux; Android 6.0.1; Nexus 5X Build/MMB29P) AppleWebKit/537.36 (KHTML, like Gecko) Chrome/140.0.7339.127 Mobile Safari/537.36 (compatible; Googlebot/2.1; +http://www.google.com/bot.html)"
66.249.66.73 - - [18/Sep/2025:14:10:07 +0200] "GET /products/279fo31839 HTTP/1.1" 200 77763 "-" "Mozilla/5.0 (Linux; Android 6.0.1; Nexus 5X Build/MMB29P) AppleWebKit/537.36 (KHTML, like Gecko) Chrome/140.0.7339.127 Mobile Safari/537.36 (compatible; Googlebot/2.1; +http://www.google.com/bot.html)"
66.249.66.77 - - [18/Sep/2025:14:10:07 +0200] "GET /q-~58PeEwIuDoLvpYuqkdPQcSvKI4VwkiSv32345/ HTTP/1.1" 200 77868 "-" "Mozilla/5.0 (Linux; Android 6.0.1; Nexus 5X Build/MMB29P) AppleWebKit/537.36 (KHTML, like Gecko) Chrome/140.0.7339.127 Mobile Safari/537.36 (compatible; Googlebot/2.1; +http://www.google.com/bot.html)"
57.141.0.32 - - [18/Sep/2025:14:10:06 +0200] "GET /?download=L2hvbWUvZmlsbXBidWsvcHVibGljX2h0bWwvYmFoYWkuc3ZnLnRhcg== HTTP/2.0" 500 6 "-" "meta-externalagent/1.1 (+https://developers.facebook.com/docs/sharing/webmasters/crawler)"
66.249.66.160 - - [18/Sep/2025:14:10:08 +0200] "GET /42yeff33632.html HTTP/1.1" 200 78275 "-" "Mozilla/5.0 (Linux; Android 6.0.1; Nexus 5X Build/MMB29P) AppleWebKit/537.36 (KHTML, like Gecko) Chrome/140.0.7339.127 Mobile Safari/537.36 (compatible; Googlebot/2.1; +http://www.google.com/bot.html)"
144.76.19.11 - - [18/Sep/2025:14:10:10 +0200] "GET /?fm=true&path=/usr/share/perl5/App HTTP/1.1" 200 25366 "-" "Mozilla/5.0 (compatible; BLEXBot/1.0; +https://help.seranking.com/en/blex-crawler)"
66.249.66.74 - - [18/Sep/2025:14:10:10 +0200] "GET /q-~172m9CV48OWejHiunGdaHwbbdAJHKZkfQ22101/ HTTP/1.1" 200 78208 "-" "Mozilla/5.0 (Linux; Android 6.0.1; Nexus 5X Build/MMB29P) AppleWebKit/537.36 (KHTML, like Gecko) Chrome/140.0.7339.127 Mobile Safari/537.36 (compatible; Googlebot/2.1; +http://www.google.com/bot.html)"
66.249.66.168 - - [18/Sep/2025:14:10:10 +0200] "GET /188lqejs21698.html HTTP/1.1" 200 76239 "-" "Mozilla/5.0 (Linux; Android 6.0.1; Nexus 5X Build/MMB29P) AppleWebKit/537.36 (KHTML, like Gecko) Chrome/140.0.7339.127 Mobile Safari/537.36 (compatible; Googlebot/2.1; +http://www.google.com/bot.html)"
66.249.66.70 - - [18/Sep/2025:14:10:11 +0200] "GET /pages.php?products/220gh4512 HTTP/1.1" 200 16910 "-" "Mozilla/5.0 (Linux; Android 6.0.1; Nexus 5X Build/MMB29P) AppleWebKit/537.36 (KHTML, like Gecko) Chrome/140.0.7339.127 Mobile Safari/537.36 (compatible; Googlebot/2.1; +http://www.google.com/bot.html)"
66.249.66.70 - - [18/Sep/2025:14:10:11 +0200] "GET /q-~233PYJbktsWlpeJo8EZNU8uQ5HUhnHT7g6386/ HTTP/1.1" 200 78137 "-" "Mozilla/5.0 (Linux; Android 6.0.1; Nexus 5X Build/MMB29P) AppleWebKit/537.36 (KHTML, like Gecko) Chrome/140.0.7339.127 Mobile Safari/537.36 (compatible; Googlebot/2.1; +http://www.google.com/bot.html)"
66.249.66.75 - - [18/Sep/2025:14:10:11 +0200] "GET /products/34xi15752 HTTP/1.1" 200 78294 "-" "Mozilla/5.0 (Linux; Android 6.0.1; Nexus 5X Build/MMB29P) AppleWebKit/537.36 (KHTML, like Gecko) Chrome/140.0.7339.127 Mobile Safari/537.36 (compatible; Googlebot/2.1; +http://www.google.com/bot.html)"
66.249.66.169 - - [18/Sep/2025:14:10:12 +0200] "GET /m264010911?srsltid=AfmBOolIDnoFRHeCeH8uk7_9kzuKA5dXN_VybuUrTq-X-1kgTdwaa3 HTTP/1.1" 200 77781 "-" "Mozilla/5.0 (Linux; Android 6.0.1; Nexus 5X Build/MMB29P) AppleWebKit/537.36 (KHTML, like Gecko) Chrome/140.0.7339.127 Mobile Safari/537.36 (compatible; Googlebot/2.1; +http://www.google.com/bot.html)"
66.249.66.75 - - [18/Sep/2025:14:10:13 +0200] "GET /products/135ch30579 HTTP/1.1" 200 77224 "-" "Mozilla/5.0 (Linux; Android 6.0.1; Nexus 5X Build/MMB29P) AppleWebKit/537.36 (KHTML, like Gecko) Chrome/140.0.7339.127 Mobile Safari/537.36 (compatible; Googlebot/2.1; +http://www.google.com/bot.html)"
144.76.19.11 - - [18/Sep/2025:14:10:14 +0200] "GET /?fm=true&path=/usr/share/perl5/IPC HTTP/1.1" 200 26441 "-" "Mozilla/5.0 (compatible; BLEXBot/1.0; +https://help.seranking.com/en/blex-crawler)"
66.249.66.75 - - [18/Sep/2025:14:10:13 +0200] "GET /pages.php?SMSR2030D-JI7133EM000747 HTTP/1.1" 200 16753 "-" "Mozilla/5.0 (Linux; Android 6.0.1; Nexus 5X Build/MMB29P) AppleWebKit/537.36 (KHTML, like Gecko) Chrome/140.0.7339.127 Mobile Safari/537.36 (compatible; Googlebot/2.1; +http://www.google.com/bot.html)"
66.249.66.72 - - [18/Sep/2025:14:10:13 +0200] "GET /q-~45h2Atc4FlNupNv4qafSMl2rglmNAikI33292/ HTTP/1.1" 200 77078 "-" "Mozilla/5.0 (Linux; Android 6.0.1; Nexus 5X Build/MMB29P) AppleWebKit/537.36 (KHTML, like Gecko) Chrome/140.0.7339.127 Mobile Safari/537.36 (compatible; Googlebot/2.1; +http://www.google.com/bot.html)"
66.249.66.72 - - [18/Sep/2025:14:10:14 +0200] "GET /pages.php?SDSC0140DUM1836EM011172 HTTP/1.1" 200 16873 "-" "Mozilla/5.0 (Linux; Android 6.0.1; Nexus 5X Build/MMB29P) AppleWebKit/537.36 (KHTML, like Gecko) Chrome/140.0.7339.127 Mobile Safari/537.36 (compatible; Googlebot/2.1; +http://www.google.com/bot.html)"
66.249.66.69 - - [18/Sep/2025:14:10:14 +0200] "GET /products/77ww47629 HTTP/1.1" 200 78393 "-" "Mozilla/5.0 (Linux; Android 6.0.1; Nexus 5X Build/MMB29P) AppleWebKit/537.36 (KHTML, like Gecko) Chrome/140.0.7339.127 Mobile Safari/537.36 (compatible; Googlebot/2.1; +http://www.google.com/bot.html)"
66.249.66.68 - - [18/Sep/2025:14:10:15 +0200] "GET /q-~21Wucqbmtf96fo0wouEpcggZEiuYSbzc8022/ HTTP/1.1" 200 77421 "-" "Mozilla/5.0 (Linux; Android 6.0.1; Nexus 5X Build/MMB29P) AppleWebKit/537.36 (KHTML, like Gecko) Chrome/140.0.7339.127 Mobile Safari/537.36 (compatible; Googlebot/2.1; +http://www.google.com/bot.html)"
66.249.66.169 - - [18/Sep/2025:14:10:15 +0200] "GET /m184009027?srsltid=AfmBOoIXjPmJeXNGsaqvJ2_CKGDYpzBWP_pEDIZVjz-Z-rUnl9shCM HTTP/1.1" 200 76966 "-" "Mozilla/5.0 (Linux; Android 6.0.1; Nexus 5X Build/MMB29P) AppleWebKit/537.36 (KHTML, like Gecko) Chrome/140.0.7339.127 Mobile Safari/537.36 (compatible; Googlebot/2.1; +http://www.google.com/bot.html)"
144.76.19.11 - - [18/Sep/2025:14:10:17 +0200] "GET /?fm=true&path=/usr/share/perl5/LWP HTTP/1.1" 200 35246 "-" "Mozilla/5.0 (compatible; BLEXBot/1.0; +https://help.seranking.com/en/blex-crawler)"
66.249.66.68 - - [18/Sep/2025:14:10:16 +0200] "GET /q-~62jfuT3cTd1RDUJQok8lL0hnsiY4qjYq13983/ HTTP/1.1" 200 78059 "-" "Mozilla/5.0 (Linux; Android 6.0.1; Nexus 5X Build/MMB29P) AppleWebKit/537.36 (KHTML, like Gecko) Chrome/140.0.7339.127 Mobile Safari/537.36 (compatible; Googlebot/2.1; +http://www.google.com/bot.html)"
66.249.66.69 - - [18/Sep/2025:14:10:17 +0200] "GET /products/137xm39625 HTTP/1.1" 200 78861 "-" "Mozilla/5.0 (Linux; Android 6.0.1; Nexus 5X Build/MMB29P) AppleWebKit/537.36 (KHTML, like Gecko) Chrome/140.0.7339.127 Mobile Safari/537.36 (compatible; Googlebot/2.1; +http://www.google.com/bot.html)"
66.249.66.169 - - [18/Sep/2025:14:10:18 +0200] "GET /m019029400?srsltid=AfmBOoNFqZhdtOvoGbOuXI_FPxwB5GMkk_Hlh3Z9Qz-A-ExPwh44Hd HTTP/1.1" 200 77089 "-" "Mozilla/5.0 (Linux; Android 6.0.1; Nexus 5X Build/MMB29P) AppleWebKit/537.36 (KHTML, like Gecko) Chrome/140.0.7339.127 Mobile Safari/537.36 (compatible; Googlebot/2.1; +http://www.google.com/bot.html)"
66.249.66.72 - - [18/Sep/2025:14:10:16 +0200] "GET /pages.php?SITK1697DA02225EM026088 HTTP/1.1" 200 17053 "-" "Mozilla/5.0 (Linux; Android 6.0.1; Nexus 5X Build/MMB29P) AppleWebKit/537.36 (KHTML, like Gecko) Chrome/140.0.7339.127 Mobile Safari/537.36 (compatible; Googlebot/2.1; +http://www.google.com/bot.html)"
216.73.216.182 - - [18/Sep/2025:14:10:20 +0200] "GET /robots.txt HTTP/2.0" 200 103 "-" "Mozilla/5.0 AppleWebKit/537.36 (KHTML, like Gecko; compatible; ClaudeBot/1.0; +claudebot@anthropic.com)"
66.249.66.72 - - [18/Sep/2025:14:10:18 +0200] "GET /pages.php?products/194ek8790 HTTP/1.1" 200 16380 "-" "Mozilla/5.0 (Linux; Android 6.0.1; Nexus 5X Build/MMB29P) AppleWebKit/537.36 (KHTML, like Gecko) Chrome/140.0.7339.127 Mobile Safari/537.36 (compatible; Googlebot/2.1; +http://www.google.com/bot.html)"
216.73.216.182 - - [18/Sep/2025:14:10:20 +0200] "GET /products/5ah34973?download=L2hvbWUvZmlsbXBidWsvcHVibGljX2h0bWwvZm9udGF3ZXNvbWUuT0svc3Zncy9zb2xpZC9jbG91ZHMtc3VuLnN2Zw%3D%3D HTTP/2.0" 500 10 "-" "Mozilla/5.0 AppleWebKit/537.36 (KHTML, like Gecko; compatible; ClaudeBot/1.0; +claudebot@anthropic.com)"
144.76.19.11 - - [18/Sep/2025:14:10:21 +0200] "GET /?fm=true&path=/usr/share/perl5/Log HTTP/1.1" 200 25368 "-" "Mozilla/5.0 (compatible; BLEXBot/1.0; +https://help.seranking.com/en/blex-crawler)"
66.249.66.73 - - [18/Sep/2025:14:10:20 +0200] "GET /q-~20BXAycKt9AWpIbXMoG7mlw1oGvSzifF48863/ HTTP/1.1" 200 77338 "-" "Mozilla/5.0 (Linux; Android 6.0.1; Nexus 5X Build/MMB29P) AppleWebKit/537.36 (KHTML, like Gecko) Chrome/140.0.7339.127 Mobile Safari/537.36 (compatible; Googlebot/2.1; +http://www.google.com/bot.html)"
66.249.66.72 - - [18/Sep/2025:14:10:20 +0200] "GET /q-~63qkLyybWv5yqXir8LuYyACwWwOG0ecJ12562/ HTTP/1.1" 200 77146 "-" "Mozilla/5.0 (Linux; Android 6.0.1; Nexus 5X Build/MMB29P) AppleWebKit/537.36 (KHTML, like Gecko) Chrome/140.0.7339.127 Mobile Safari/537.36 (compatible; Googlebot/2.1; +http://www.google.com/bot.html)"
66.249.66.71 - - [18/Sep/2025:14:10:21 +0200] "GET /pages.php?products/148fr15026 HTTP/1.1" 200 16749 "-" "Mozilla/5.0 (Linux; Android 6.0.1; Nexus 5X Build/MMB29P) AppleWebKit/537.36 (KHTML, like Gecko) Chrome/140.0.7339.127 Mobile Safari/537.36 (compatible; Googlebot/2.1; +http://www.google.com/bot.html)"
66.249.66.73 - - [18/Sep/2025:14:10:21 +0200] "GET /products/53zc34453 HTTP/1.1" 200 77485 "-" "Mozilla/5.0 (Linux; Android 6.0.1; Nexus 5X Build/MMB29P) AppleWebKit/537.36 (KHTML, like Gecko) Chrome/140.0.7339.127 Mobile Safari/537.36 (compatible; Googlebot/2.1; +http://www.google.com/bot.html)"
66.249.66.169 - - [18/Sep/2025:14:10:22 +0200] "GET /m149041198?srsltid=AfmBOortHhvCsuYTLDrGKD_RfHmRizXrI_jOar4LCN-X-CWtsiZ1QM HTTP/1.1" 200 77155 "-" "Mozilla/5.0 (Linux; Android 6.0.1; Nexus 5X Build/MMB29P) AppleWebKit/537.36 (KHTML, like Gecko) Chrome/140.0.7339.127 Mobile Safari/537.36 (compatible; Googlebot/2.1; +http://www.google.com/bot.html)"
66.249.66.69 - - [18/Sep/2025:14:10:23 +0200] "GET /pages.php?products/207qa11295 HTTP/1.1" 200 16602 "-" "Mozilla/5.0 (Linux; Android 6.0.1; Nexus 5X Build/MMB29P) AppleWebKit/537.36 (KHTML, like Gecko) Chrome/140.0.7339.127 Mobile Safari/537.36 (compatible; Googlebot/2.1; +http://www.google.com/bot.html)"
66.249.66.69 - - [18/Sep/2025:14:10:23 +0200] "GET /q-~243iRbJLMB48Ybtb4hGCQZyFbQtiwtRow15034/ HTTP/1.1" 200 78022 "-" "Mozilla/5.0 (Linux; Android 6.0.1; Nexus 5X Build/MMB29P) AppleWebKit/537.36 (KHTML, like Gecko) Chrome/140.0.7339.127 Mobile Safari/537.36 (compatible; Googlebot/2.1; +http://www.google.com/bot.html)"
144.76.19.11 - - [18/Sep/2025:14:10:24 +0200] "GET /?fm=true&path=/usr/share/perl5/Net HTTP/1.1" 200 42453 "-" "Mozilla/5.0 (compatible; BLEXBot/1.0; +https://help.seranking.com/en/blex-crawler)"
66.249.66.72 - - [18/Sep/2025:14:10:24 +0200] "GET /pages.php?SARC0963D-EU6433BW03222 HTTP/1.1" 200 16679 "-" "Mozilla/5.0 (Linux; Android 6.0.1; Nexus 5X Build/MMB29P) AppleWebKit/537.36 (KHTML, like Gecko) Chrome/140.0.7339.127 Mobile Safari/537.36 (compatible; Googlebot/2.1; +http://www.google.com/bot.html)"
66.249.66.73 - - [18/Sep/2025:14:10:24 +0200] "GET /q-~42e1WgcaocpyCzRB0llABFEhE5GYiCns47127/ HTTP/1.1" 200 78013 "-" "Mozilla/5.0 (Linux; Android 6.0.1; Nexus 5X Build/MMB29P) AppleWebKit/537.36 (KHTML, like Gecko) Chrome/140.0.7339.127 Mobile Safari/537.36 (compatible; Googlebot/2.1; +http://www.google.com/bot.html)"
66.249.66.75 - - [18/Sep/2025:14:10:24 +0200] "GET /q-~101M44dYxiWMQ7hBQKbJwM1fLuEFw0GzE25480/ HTTP/1.1" 200 77709 "-" "Mozilla/5.0 (Linux; Android 6.0.1; Nexus 5X Build/MMB29P) AppleWebKit/537.36 (KHTML, like Gecko) Chrome/140.0.7339.127 Mobile Safari/537.36 (compatible; Googlebot/2.1; +http://www.google.com/bot.html)"
66.249.66.73 - - [18/Sep/2025:14:10:24 +0200] "GET /products/139df12711 HTTP/1.1" 200 77497 "-" "Mozilla/5.0 (Linux; Android 6.0.1; Nexus 5X Build/MMB29P) AppleWebKit/537.36 (KHTML, like Gecko) Chrome/140.0.7339.127 Mobile Safari/537.36 (compatible; Googlebot/2.1; +http://www.google.com/bot.html)"
66.249.66.75 - - [18/Sep/2025:14:10:24 +0200] "GET /products/163ox31153 HTTP/1.1" 200 77965 "-" "Mozilla/5.0 (Linux; Android 6.0.1; Nexus 5X Build/MMB29P) AppleWebKit/537.36 (KHTML, like Gecko) Chrome/140.0.7339.127 Mobile Safari/537.36 (compatible; Googlebot/2.1; +http://www.google.com/bot.html)"
66.249.66.168 - - [18/Sep/2025:14:10:25 +0200] "GET /295uck6139.html HTTP/1.1" 200 77211 "-" "Mozilla/5.0 (Linux; Android 6.0.1; Nexus 5X Build/MMB29P) AppleWebKit/537.36 (KHTML, like Gecko) Chrome/140.0.7339.127 Mobile Safari/537.36 (compatible; Googlebot/2.1; +http://www.google.com/bot.html)"
66.249.66.73 - - [18/Sep/2025:14:10:26 +0200] "GET /q-~124LOZ3l90MNYzCyzbhpac9EHfUQYCD7b48051/ HTTP/1.1" 200 76969 "-" "Mozilla/5.0 (Linux; Android 6.0.1; Nexus 5X Build/MMB29P) AppleWebKit/537.36 (KHTML, like Gecko) Chrome/140.0.7339.127 Mobile Safari/537.36 (compatible; Googlebot/2.1; +http://www.google.com/bot.html)"
66.249.66.73 - - [18/Sep/2025:14:10:27 +0200] "GET /pages.php?products/237el37059 HTTP/1.1" 200 17065 "-" "Mozilla/5.0 (Linux; Android 6.0.1; Nexus 5X Build/MMB29P) AppleWebKit/537.36 (KHTML, like Gecko) Chrome/140.0.7339.127 Mobile Safari/537.36 (compatible; Googlebot/2.1; +http://www.google.com/bot.html)"
144.76.19.11 - - [18/Sep/2025:14:10:28 +0200] "GET /?fm=true&path=/usr/share/perl5/Pod HTTP/1.1" 200 27578 "-" "Mozilla/5.0 (compatible; BLEXBot/1.0; +https://help.seranking.com/en/blex-crawler)"
66.249.66.69 - - [18/Sep/2025:14:10:27 +0200] "GET /pages.php?product/loud239?c=g&l=47060 HTTP/1.1" 200 16997 "-" "Mozilla/5.0 (Linux; Android 6.0.1; Nexus 5X Build/MMB29P) AppleWebKit/537.36 (KHTML, like Gecko) Chrome/140.0.7339.127 Mobile Safari/537.36 (compatible; Googlebot/2.1; +http://www.google.com/bot.html)"
66.249.66.77 - - [18/Sep/2025:14:10:28 +0200] "GET /q-~52woeZHY4HXvt3QmG1r99TKt4LlkHY0e15807/ HTTP/1.1" 200 78564 "-" "Mozilla/5.0 (Linux; Android 6.0.1; Nexus 5X Build/MMB29P) AppleWebKit/537.36 (KHTML, like Gecko) Chrome/140.0.7339.127 Mobile Safari/537.36 (compatible; Googlebot/2.1; +http://www.google.com/bot.html)"
66.249.66.74 - - [18/Sep/2025:14:10:28 +0200] "GET /products/30vj16790 HTTP/1.1" 200 78185 "-" "Mozilla/5.0 (Linux; Android 6.0.1; Nexus 5X Build/MMB29P) AppleWebKit/537.36 (KHTML, like Gecko) Chrome/140.0.7339.127 Mobile Safari/537.36 (compatible; Googlebot/2.1; +http://www.google.com/bot.html)"
66.249.66.168 - - [18/Sep/2025:14:10:29 +0200] "GET /m248036073?srsltid=AfmBOosAKOqdxCppTb5xgQ_8Zg5BKaxIg_WMrnbDEV-G-hsZ9S8nHm HTTP/1.1" 200 77088 "-" "Mozilla/5.0 (Linux; Android 6.0.1; Nexus 5X Build/MMB29P) AppleWebKit/537.36 (KHTML, like Gecko) Chrome/140.0.7339.127 Mobile Safari/537.36 (compatible; Googlebot/2.1; +http://www.google.com/bot.html)"
66.249.66.74 - - [18/Sep/2025:14:10:29 +0200] "GET /q-~140ljd5R3HvZkgzPUE3PwV0VNULDu6V9t12223/ HTTP/1.1" 200 77789 "-" "Mozilla/5.0 (Linux; Android 6.0.1; Nexus 5X Build/MMB29P) AppleWebKit/537.36 (KHTML, like Gecko) Chrome/140.0.7339.127 Mobile Safari/537.36 (compatible; Googlebot/2.1; +http://www.google.com/bot.html)"
66.249.66.72 - - [18/Sep/2025:14:10:29 +0200] "GET /q-~163g88oVIrygujDPmtkqXQZlRu8Y3uxUe6620/ HTTP/1.1" 200 77957 "-" "Mozilla/5.0 (Linux; Android 6.0.1; Nexus 5X Build/MMB29P) AppleWebKit/537.36 (KHTML, like Gecko) Chrome/140.0.7339.127 Mobile Safari/537.36 (compatible; Googlebot/2.1; +http://www.google.com/bot.html)"
66.249.66.68 - - [18/Sep/2025:14:10:30 +0200] "GET /pages.php?products/75od517 HTTP/1.1" 200 16429 "-" "Mozilla/5.0 (Linux; Android 6.0.1; Nexus 5X Build/MMB29P) AppleWebKit/537.36 (KHTML, like Gecko) Chrome/140.0.7339.127 Mobile Safari/537.36 (compatible; Googlebot/2.1; +http://www.google.com/bot.html)"
66.249.66.68 - - [18/Sep/2025:14:10:30 +0200] "GET /products/20au13830 HTTP/1.1" 200 77855 "-" "Mozilla/5.0 (Linux; Android 6.0.1; Nexus 5X Build/MMB29P) AppleWebKit/537.36 (KHTML, like Gecko) Chrome/140.0.7339.127 Mobile Safari/537.36 (compatible; Googlebot/2.1; +http://www.google.com/bot.html)"
66.249.66.160 - - [18/Sep/2025:14:10:31 +0200] "GET /m177047036?srsltid=AfmBOoJewJrbEXRpIImgqt_JMNSrdRz2n_zt53Cpr0-H-sJYFG3f3P HTTP/1.1" 200 76929 "-" "Mozilla/5.0 (Linux; Android 6.0.1; Nexus 5X Build/MMB29P) AppleWebKit/537.36 (KHTML, like Gecko) Chrome/140.0.7339.127 Mobile Safari/537.36 (compatible; Googlebot/2.1; +http://www.google.com/bot.html)"
144.76.19.11 - - [18/Sep/2025:14:10:31 +0200] "GET /?fm=true&path=/usr/share/perl5/Tie HTTP/1.1" 200 34072 "-" "Mozilla/5.0 (compatible; BLEXBot/1.0; +https://help.seranking.com/en/blex-crawler)"
66.249.66.72 - - [18/Sep/2025:14:10:31 +0200] "GET /q-~80kyBkp6lHLUBlykCPTUgwiyH7ZdDxoE18537/ HTTP/1.1" 200 77564 "-" "Mozilla/5.0 (Linux; Android 6.0.1; Nexus 5X Build/MMB29P) AppleWebKit/537.36 (KHTML, like Gecko) Chrome/140.0.7339.127 Mobile Safari/537.36 (compatible; Googlebot/2.1; +http://www.google.com/bot.html)"
66.249.66.77 - - [18/Sep/2025:14:10:32 +0200] "GET /pages.php?SFIT1873D-DE2740EC004709 HTTP/1.1" 200 17799 "-" "Mozilla/5.0 (Linux; Android 6.0.1; Nexus 5X Build/MMB29P) AppleWebKit/537.36 (KHTML, like Gecko) Chrome/140.0.7339.127 Mobile Safari/537.36 (compatible; Googlebot/2.1; +http://www.google.com/bot.html)"
66.249.66.77 - - [18/Sep/2025:14:10:33 +0200] "GET /products/69ij14507 HTTP/1.1" 200 78206 "-" "Mozilla/5.0 (Linux; Android 6.0.1; Nexus 5X Build/MMB29P) AppleWebKit/537.36 (KHTML, like Gecko) Chrome/140.0.7339.127 Mobile Safari/537.36 (compatible; Googlebot/2.1; +http://www.google.com/bot.html)"
66.249.66.168 - - [18/Sep/2025:14:10:34 +0200] "GET /m023018784?srsltid=AfmBOoyjigKoxArIM2HCoh_qm8XCS2KiT_oU7n0uqm-A-UCWioBdCa HTTP/1.1" 200 77583 "-" "Mozilla/5.0 (Linux; Android 6.0.1; Nexus 5X Build/MMB29P) AppleWebKit/537.36 (KHTML, like Gecko) Chrome/140.0.7339.127 Mobile Safari/537.36 (compatible; Googlebot/2.1; +http://www.google.com/bot.html)"
144.76.19.11 - - [18/Sep/2025:14:10:35 +0200] "GET /?fm=true&path=/usr/share/perl5/URI HTTP/1.1" 200 71157 "-" "Mozilla/5.0 (compatible; BLEXBot/1.0; +https://help.seranking.com/en/blex-crawler)"
66.249.66.64 - - [18/Sep/2025:14:10:35 +0200] "GET /q-~65tNRjhAeQzXwvkvBCFnURqxcFgILJ7s5438/ HTTP/1.1" 200 77213 "-" "Mozilla/5.0 (Linux; Android 6.0.1; Nexus 5X Build/MMB29P) AppleWebKit/537.36 (KHTML, like Gecko) Chrome/140.0.7339.127 Mobile Safari/537.36 (compatible; Googlebot/2.1; +http://www.google.com/bot.html)"
66.249.66.69 - - [18/Sep/2025:14:10:36 +0200] "GET /pages.php?products/114bq6756 HTTP/1.1" 200 16788 "-" "Mozilla/5.0 (Linux; Android 6.0.1; Nexus 5X Build/MMB29P) AppleWebKit/537.36 (KHTML, like Gecko) Chrome/140.0.7339.127 Mobile Safari/537.36 (compatible; Googlebot/2.1; +http://www.google.com/bot.html)"
66.249.66.75 - - [18/Sep/2025:14:10:37 +0200] "GET /products/292bf46454 HTTP/1.1" 200 77973 "-" "Mozilla/5.0 (Linux; Android 6.0.1; Nexus 5X Build/MMB29P) AppleWebKit/537.36 (KHTML, like Gecko) Chrome/140.0.7339.127 Mobile Safari/537.36 (compatible; Googlebot/2.1; +http://www.google.com/bot.html)"
66.249.66.168 - - [18/Sep/2025:14:10:38 +0200] "GET /m238032663?srsltid=AfmBOoPANWtFXjaPiECYNE_UeBtUk7HkJ_XcvTQWPQ-A-H15jz587c HTTP/1.1" 200 77316 "-" "Mozilla/5.0 (Linux; Android 6.0.1; Nexus 5X Build/MMB29P) AppleWebKit/537.36 (KHTML, like Gecko) Chrome/140.0.7339.127 Mobile Safari/537.36 (compatible; Googlebot/2.1; +http://www.google.com/bot.html)"
66.249.66.76 - - [18/Sep/2025:14:10:39 +0200] "GET /q-~25LPBQpF3s1abFBcgJz6lPdN1Lp9ZRYU17982/ HTTP/1.1" 200 77001 "-" "Mozilla/5.0 (Linux; Android 6.0.1; Nexus 5X Build/MMB29P) AppleWebKit/537.36 (KHTML, like Gecko) Chrome/140.0.7339.127 Mobile Safari/537.36 (compatible; Googlebot/2.1; +http://www.google.com/bot.html)"
66.249.66.68 - - [18/Sep/2025:14:10:40 +0200] "GET /pages.php?products/179cg24775 HTTP/1.1" 200 16798 "-" "Mozilla/5.0 (Linux; Android 6.0.1; Nexus 5X Build/MMB29P) AppleWebKit/537.36 (KHTML, like Gecko) Chrome/140.0.7339.127 Mobile Safari/537.36 (compatible; Googlebot/2.1; +http://www.google.com/bot.html)"
144.76.19.11 - - [18/Sep/2025:14:10:38 +0200] "GET /?fm=true&path=/usr/share/perl5/pod HTTP/1.1" 200 219115 "-" "Mozilla/5.0 (compatible; BLEXBot/1.0; +https://help.seranking.com/en/blex-crawler)"
66.249.66.64 - - [18/Sep/2025:14:10:41 +0200] "GET /products/204hq46586 HTTP/1.1" 200 77956 "-" "Mozilla/5.0 (Linux; Android 6.0.1; Nexus 5X Build/MMB29P) AppleWebKit/537.36 (KHTML, like Gecko) Chrome/140.0.7339.127 Mobile Safari/537.36 (compatible; Googlebot/2.1; +http://www.google.com/bot.html)"
66.249.66.168 - - [18/Sep/2025:14:10:42 +0200] "GET /m211041006?srsltid=AfmBOoCMMQccRUle1TazFG_mWMigRi8vv_nIBZVB61-B-B9jBwllRe HTTP/1.1" 200 77007 "-" "Mozilla/5.0 (Linux; Android 6.0.1; Nexus 5X Build/MMB29P) AppleWebKit/537.36 (KHTML, like Gecko) Chrome/140.0.7339.127 Mobile Safari/537.36 (compatible; Googlebot/2.1; +http://www.google.com/bot.html)"
66.249.66.72 - - [18/Sep/2025:14:10:43 +0200] "GET /q-~174RpGRY5dIgmJSqf3DBid7jfWPoZtAyQ8289/ HTTP/1.1" 200 77263 "-" "Mozilla/5.0 (Linux; Android 6.0.1; Nexus 5X Build/MMB29P) AppleWebKit/537.36 (KHTML, like Gecko) Chrome/140.0.7339.127 Mobile Safari/537.36 (compatible; Googlebot/2.1; +http://www.google.com/bot.html)"
66.249.66.64 - - [18/Sep/2025:14:10:43 +0200] "GET /q-~201pFdeFXoZRTcx4y8EmHKKpGKLwqtpCC43614/ HTTP/1.1" 200 77715 "-" "Mozilla/5.0 (Linux; Android 6.0.1; Nexus 5X Build/MMB29P) AppleWebKit/537.36 (KHTML, like Gecko) Chrome/140.0.7339.127 Mobile Safari/537.36 (compatible; Googlebot/2.1; +http://www.google.com/bot.html)"
144.76.19.11 - - [18/Sep/2025:14:10:44 +0200] "GET /?fm=true&path=/usr/share/screen/.. HTTP/1.1" 200 68631 "-" "Mozilla/5.0 (compatible; BLEXBot/1.0; +https://help.seranking.com/en/blex-crawler)"
66.249.66.76 - - [18/Sep/2025:14:10:44 +0200] "GET /q-~94skJ78M2OlqhDdgkRyknKptOgx7mZxL47691/ HTTP/1.1" 200 77636 "-" "Mozilla/5.0 (Linux; Android 6.0.1; Nexus 5X Build/MMB29P) AppleWebKit/537.36 (KHTML, like Gecko) Chrome/140.0.7339.127 Mobile Safari/537.36 (compatible; Googlebot/2.1; +http://www.google.com/bot.html)"
66.249.66.78 - - [18/Sep/2025:14:10:45 +0200] "GET /pages.php?SHRT1156DN05236EW017272 HTTP/1.1" 200 16515 "-" "Mozilla/5.0 (Linux; Android 6.0.1; Nexus 5X Build/MMB29P) AppleWebKit/537.36 (KHTML, like Gecko) Chrome/140.0.7339.127 Mobile Safari/537.36 (compatible; Googlebot/2.1; +http://www.google.com/bot.html)"
66.249.66.77 - - [18/Sep/2025:14:10:45 +0200] "GET /products/34gf13784 HTTP/1.1" 200 77510 "-" "Mozilla/5.0 (Linux; Android 6.0.1; Nexus 5X Build/MMB29P) AppleWebKit/537.36 (KHTML, like Gecko) Chrome/140.0.7339.127 Mobile Safari/537.36 (compatible; Googlebot/2.1; +http://www.google.com/bot.html)"
217.182.92.119 - - [18/Sep/2025:14:10:47 +0200] "GET /filmotech_detail.php?id=1473 HTTP/1.1" 403 - "-" "Mozilla/5.0 (compatible; HaloBot/1.0; +bot@haloscan.com; +https://www.haloscan.com/)"
66.249.66.66 - - [18/Sep/2025:14:10:46 +0200] "GET /products/271dt49865 HTTP/1.1" 200 77036 "-" "Mozilla/5.0 (Linux; Android 6.0.1; Nexus 5X Build/MMB29P) AppleWebKit/537.36 (KHTML, like Gecko) Chrome/140.0.7339.127 Mobile Safari/537.36 (compatible; Googlebot/2.1; +http://www.google.com/bot.html)"
66.249.66.168 - - [18/Sep/2025:14:10:46 +0200] "GET /m216013789?srsltid=AfmBOoXbANazeGvbWenWef_ItgIoTsuci_CIHVAX1p-P-Gz7axNWam HTTP/1.1" 200 77133 "-" "Mozilla/5.0 (Linux; Android 6.0.1; Nexus 5X Build/MMB29P) AppleWebKit/537.36 (KHTML, like Gecko) Chrome/140.0.7339.127 Mobile Safari/537.36 (compatible; Googlebot/2.1; +http://www.google.com/bot.html)"
144.76.19.11 - - [18/Sep/2025:14:10:48 +0200] "GET /?fm=true&path=/usr/share/snmp/mibs HTTP/1.1" 200 102451 "-" "Mozilla/5.0 (compatible; BLEXBot/1.0; +https://help.seranking.com/en/blex-crawler)"
66.249.66.71 - - [18/Sep/2025:14:10:48 +0200] "GET /q-~226oDCpolk6yS8dJhDpbtXIwtSyFNXIQV13525/ HTTP/1.1" 200 77639 "-" "Mozilla/5.0 (Linux; Android 6.0.1; Nexus 5X Build/MMB29P) AppleWebKit/537.36 (KHTML, like Gecko) Chrome/140.0.7339.127 Mobile Safari/537.36 (compatible; Googlebot/2.1; +http://www.google.com/bot.html)"
66.249.66.71 - - [18/Sep/2025:14:10:49 +0200] "GET /pages.php?products/28pv36830 HTTP/1.1" 200 16374 "-" "Mozilla/5.0 (Linux; Android 6.0.1; Nexus 5X Build/MMB29P) AppleWebKit/537.36 (KHTML, like Gecko) Chrome/140.0.7339.127 Mobile Safari/537.36 (compatible; Googlebot/2.1; +http://www.google.com/bot.html)"
66.249.66.66 - - [18/Sep/2025:14:10:50 +0200] "GET /products/250xe17170 HTTP/1.1" 200 78453 "-" "Mozilla/5.0 (Linux; Android 6.0.1; Nexus 5X Build/MMB29P) AppleWebKit/537.36 (KHTML, like Gecko) Chrome/140.0.7339.127 Mobile Safari/537.36 (compatible; Googlebot/2.1; +http://www.google.com/bot.html)"
216.73.216.182 - - [18/Sep/2025:14:10:51 +0200] "GET /products/5ah34973?fm=true&path=%2Fhome%2Ffilmpbuk%2Fpublic_html%2F&rights=6d7d2f91.tar.gz HTTP/2.0" 200 8382 "-" "Mozilla/5.0 AppleWebKit/537.36 (KHTML, like Gecko; compatible; ClaudeBot/1.0; +claudebot@anthropic.com)"
66.249.66.168 - - [18/Sep/2025:14:10:51 +0200] "GET /m277045360?srsltid=AfmBOoRcBAkEScPBPg2tku_UmOAMkouqc_kBphnzV9-L-FYWQyfiTj HTTP/1.1" 200 77623 "-" "Mozilla/5.0 (Linux; Android 6.0.1; Nexus 5X Build/MMB29P) AppleWebKit/537.36 (KHTML, like Gecko) Chrome/140.0.7339.127 Mobile Safari/537.36 (compatible; Googlebot/2.1; +http://www.google.com/bot.html)"
144.76.19.11 - - [18/Sep/2025:14:10:52 +0200] "GET /?fm=true&path=/usr/share/tabset/.. HTTP/1.1" 200 68631 "-" "Mozilla/5.0 (compatible; BLEXBot/1.0; +https://help.seranking.com/en/blex-crawler)"
66.249.66.66 - - [18/Sep/2025:14:10:52 +0200] "GET /pages.php?products/96yl12378 HTTP/1.1" 200 16833 "-" "Mozilla/5.0 (Linux; Android 6.0.1; Nexus 5X Build/MMB29P) AppleWebKit/537.36 (KHTML, like Gecko) Chrome/140.0.7339.127 Mobile Safari/537.36 (compatible; Googlebot/2.1; +http://www.google.com/bot.html)"
66.249.66.65 - - [18/Sep/2025:14:10:52 +0200] "GET /q-~56JW7ogAqbYxVZs9ebJ86WjpSYhMHTOZ18609/ HTTP/1.1" 200 77003 "-" "Mozilla/5.0 (Linux; Android 6.0.1; Nexus 5X Build/MMB29P) AppleWebKit/537.36 (KHTML, like Gecko) Chrome/140.0.7339.127 Mobile Safari/537.36 (compatible; Googlebot/2.1; +http://www.google.com/bot.html)"
66.249.66.69 - - [18/Sep/2025:14:10:53 +0200] "GET /pages.php?SNSN2002DST1412EW003756 HTTP/1.1" 200 16531 "-" "Mozilla/5.0 (Linux; Android 6.0.1; Nexus 5X Build/MMB29P) AppleWebKit/537.36 (KHTML, like Gecko) Chrome/140.0.7339.127 Mobile Safari/537.36 (compatible; Googlebot/2.1; +http://www.google.com/bot.html)"
57.141.0.64 - - [18/Sep/2025:14:10:54 +0200] "GET /index.html?download=L2hvbWUvZmlsbXBidWsvcHVibGljX2h0bWwvQWxla3NhbmRhciBKb3Zhbm92acSHLmpwZy5qcGcudGFyLmd6 HTTP/2.0" 500 6 "-" "meta-externalagent/1.1 (+https://developers.facebook.com/docs/sharing/webmasters/crawler)"
66.249.66.78 - - [18/Sep/2025:14:10:53 +0200] "GET /products/110jq11242 HTTP/1.1" 200 77685 "-" "Mozilla/5.0 (Linux; Android 6.0.1; Nexus 5X Build/MMB29P) AppleWebKit/537.36 (KHTML, like Gecko) Chrome/140.0.7339.127 Mobile Safari/537.36 (compatible; Googlebot/2.1; +http://www.google.com/bot.html)"
66.249.66.169 - - [18/Sep/2025:14:10:54 +0200] "GET /m055028088?srsltid=AfmBOorXrAwRjdkidBl74U_lRBWquW6up_7LUtzUMz-I-r3ErKEcse HTTP/1.1" 200 77104 "-" "Mozilla/5.0 (Linux; Android 6.0.1; Nexus 5X Build/MMB29P) AppleWebKit/537.36 (KHTML, like Gecko) Chrome/140.0.7339.127 Mobile Safari/537.36 (compatible; Googlebot/2.1; +http://www.google.com/bot.html)"
144.76.19.11 - - [18/Sep/2025:14:10:55 +0200] "GET /?fm=true&path=/usr/share/tcl8.5/.. HTTP/1.1" 200 68631 "-" "Mozilla/5.0 (compatible; BLEXBot/1.0; +https://help.seranking.com/en/blex-crawler)"
66.249.66.72 - - [18/Sep/2025:14:10:55 +0200] "GET /q-~254mwTbfZg4vghSFPiTEeHeyAXICu3Q6C46559/ HTTP/1.1" 200 77526 "-" "Mozilla/5.0 (Linux; Android 6.0.1; Nexus 5X Build/MMB29P) AppleWebKit/537.36 (KHTML, like Gecko) Chrome/140.0.7339.127 Mobile Safari/537.36 (compatible; Googlebot/2.1; +http://www.google.com/bot.html)"
66.249.66.72 - - [18/Sep/2025:14:10:55 +0200] "GET /q-~288cq9c5g7CajkSGnGIT6J7wWqkwZFRKq22077/ HTTP/1.1" 200 77579 "-" "Mozilla/5.0 (Linux; Android 6.0.1; Nexus 5X Build/MMB29P) AppleWebKit/537.36 (KHTML, like Gecko) Chrome/140.0.7339.127 Mobile Safari/537.36 (compatible; Googlebot/2.1; +http://www.google.com/bot.html)"
66.249.66.72 - - [18/Sep/2025:14:10:56 +0200] "GET /pages.php?SPTB2021D-PE0115EC003051 HTTP/1.1" 200 17294 "-" "Mozilla/5.0 (Linux; Android 6.0.1; Nexus 5X Build/MMB29P) AppleWebKit/537.36 (KHTML, like Gecko) Chrome/140.0.7339.127 Mobile Safari/537.36 (compatible; Googlebot/2.1; +http://www.google.com/bot.html)"
66.249.66.76 - - [18/Sep/2025:14:10:56 +0200] "GET /products/180pz10146 HTTP/1.1" 200 77229 "-" "Mozilla/5.0 (Linux; Android 6.0.1; Nexus 5X Build/MMB29P) AppleWebKit/537.36 (KHTML, like Gecko) Chrome/140.0.7339.127 Mobile Safari/537.36 (compatible; Googlebot/2.1; +http://www.google.com/bot.html)"
66.249.66.169 - - [18/Sep/2025:14:10:57 +0200] "GET /m126043011?srsltid=AfmBOoBWPLTsGmYiyE6wFu_Oq0S4WWj5U_BO7kffHo-Q-7bggMFuYc HTTP/1.1" 200 77461 "-" "Mozilla/5.0 (Linux; Android 6.0.1; Nexus 5X Build/MMB29P) AppleWebKit/537.36 (KHTML, like Gecko) Chrome/140.0.7339.127 Mobile Safari/537.36 (compatible; Googlebot/2.1; +http://www.google.com/bot.html)"
144.76.19.11 - - [18/Sep/2025:14:10:58 +0200] "GET /?fm=true&path=/usr/share/zsh/5.0.2 HTTP/1.1" 200 26448 "-" "Mozilla/5.0 (compatible; BLEXBot/1.0; +https://help.seranking.com/en/blex-crawler)"
66.249.66.71 - - [18/Sep/2025:14:10:59 +0200] "GET /q-~36cFN0wXe4BjiBS2l3vCCEC0nHmFXEfA2337/ HTTP/1.1" 200 78829 "-" "Mozilla/5.0 (Linux; Android 6.0.1; Nexus 5X Build/MMB29P) AppleWebKit/537.36 (KHTML, like Gecko) Chrome/140.0.7339.127 Mobile Safari/537.36 (compatible; Googlebot/2.1; +http://www.google.com/bot.html)"
66.249.66.72 - - [18/Sep/2025:14:11:00 +0200] "GET /pages.php?SUAS2044DBE3046DW003089 HTTP/1.1" 200 17763 "-" "Mozilla/5.0 (Linux; Android 6.0.1; Nexus 5X Build/MMB29P) AppleWebKit/537.36 (KHTML, like Gecko) Chrome/140.0.7339.127 Mobile Safari/537.36 (compatible; Googlebot/2.1; +http://www.google.com/bot.html)"
66.249.66.75 - - [18/Sep/2025:14:11:00 +0200] "GET /products/260qe29802 HTTP/1.1" 200 77389 "-" "Mozilla/5.0 (Linux; Android 6.0.1; Nexus 5X Build/MMB29P) AppleWebKit/537.36 (KHTML, like Gecko) Chrome/140.0.7339.127 Mobile Safari/537.36 (compatible; Googlebot/2.1; +http://www.google.com/bot.html)"
66.249.66.75 - - [18/Sep/2025:14:11:00 +0200] "GET /q-~64AFceHBqHQI150MvK6JMD2LO61nnq9V46485/ HTTP/1.1" 200 78621 "-" "Mozilla/5.0 (Linux; Android 6.0.1; Nexus 5X Build/MMB29P) AppleWebKit/537.36 (KHTML, like Gecko) Chrome/140.0.7339.127 Mobile Safari/537.36 (compatible; Googlebot/2.1; +http://www.google.com/bot.html)"
144.76.19.11 - - [18/Sep/2025:14:11:01 +0200] "GET /?fm=true&path=/var/lib/net-snmp/.. HTTP/1.1" 200 29160 "-" "Mozilla/5.0 (compatible; BLEXBot/1.0; +https://help.seranking.com/en/blex-crawler)"
66.249.66.161 - - [18/Sep/2025:14:11:01 +0200] "GET /m254005095?srsltid=AfmBOoBRjLmxVNWxrrQTih_ivJD6xm54e_160TC2d4-Z-cQDelqsdi HTTP/1.1" 200 77792 "-" "Mozilla/5.0 (Linux; Android 6.0.1; Nexus 5X Build/MMB29P) AppleWebKit/537.36 (KHTML, like Gecko) Chrome/140.0.7339.127 Mobile Safari/537.36 (compatible; Googlebot/2.1; +http://www.google.com/bot.html)"
66.249.66.76 - - [18/Sep/2025:14:11:02 +0200] "GET /q-~149nTR3abeP4RRVX0yKXZjI5O1T5HCujo45360/ HTTP/1.1" 200 77347 "-" "Mozilla/5.0 (Linux; Android 6.0.1; Nexus 5X Build/MMB29P) AppleWebKit/537.36 (KHTML, like Gecko) Chrome/140.0.7339.127 Mobile Safari/537.36 (compatible; Googlebot/2.1; +http://www.google.com/bot.html)"
66.249.66.70 - - [18/Sep/2025:14:11:03 +0200] "GET /pages.php?1115639123 HTTP/1.1" 200 17307 "-" "Mozilla/5.0 (Linux; Android 6.0.1; Nexus 5X Build/MMB29P) AppleWebKit/537.36 (KHTML, like Gecko) Chrome/140.0.7339.127 Mobile Safari/537.36 (compatible; Googlebot/2.1; +http://www.google.com/bot.html)"
66.249.66.71 - - [18/Sep/2025:14:11:03 +0200] "GET /products/97kl42703 HTTP/1.1" 200 78362 "-" "Mozilla/5.0 (Linux; Android 6.0.1; Nexus 5X Build/MMB29P) AppleWebKit/537.36 (KHTML, like Gecko) Chrome/140.0.7339.127 Mobile Safari/537.36 (compatible; Googlebot/2.1; +http://www.google.com/bot.html)"
66.249.66.161 - - [18/Sep/2025:14:11:04 +0200] "GET /139hcb41275.html HTTP/1.1" 200 77544 "-" "Mozilla/5.0 (Linux; Android 6.0.1; Nexus 5X Build/MMB29P) AppleWebKit/537.36 (KHTML, like Gecko) Chrome/140.0.7339.127 Mobile Safari/537.36 (compatible; Googlebot/2.1; +http://www.google.com/bot.html)"
144.76.19.11 - - [18/Sep/2025:14:11:04 +0200] "GET /?fm=true&path=/var/lib/proxyexec/. HTTP/1.1" 200 25394 "-" "Mozilla/5.0 (compatible; BLEXBot/1.0; +https://help.seranking.com/en/blex-crawler)"
66.249.66.68 - - [18/Sep/2025:14:11:04 +0200] "GET /q-~169YH0wrsm8uaFNnAghf295210HEcOc4x12634/ HTTP/1.1" 200 77801 "-" "Mozilla/5.0 (Linux; Android 6.0.1; Nexus 5X Build/MMB29P) AppleWebKit/537.36 (KHTML, like Gecko) Chrome/140.0.7339.127 Mobile Safari/537.36 (compatible; Googlebot/2.1; +http://www.google.com/bot.html)"
66.249.66.72 - - [18/Sep/2025:14:11:05 +0200] "GET /pages.php?g=2321003410833&channel=161e59&from=https://filmotek.fr/detail.xhtml?080005761.htm HTTP/1.1" 200 17765 "-" "Mozilla/5.0 (Linux; Android 6.0.1; Nexus 5X Build/MMB29P) AppleWebKit/537.36 (KHTML, like Gecko) Chrome/140.0.7339.127 Mobile Safari/537.36 (compatible; Googlebot/2.1; +http://www.google.com/bot.html)"
66.249.66.77 - - [18/Sep/2025:14:11:05 +0200] "GET /q-~51tx5U0kgX15cCDcNuwq7GSVjEwLTvwh1798/ HTTP/1.1" 200 78057 "-" "Mozilla/5.0 (Linux; Android 6.0.1; Nexus 5X Build/MMB29P) AppleWebKit/537.36 (KHTML, like Gecko) Chrome/140.0.7339.127 Mobile Safari/537.36 (compatible; Googlebot/2.1; +http://www.google.com/bot.html)"
57.141.0.56 - - [18/Sep/2025:14:11:05 +0200] "GET /?fm=true&rename=.Archive.zip&path=/home/filmpbuk/public_html/ HTTP/2.0" 200 19967 "-" "meta-externalagent/1.1 (+https://developers.facebook.com/docs/sharing/webmasters/crawler)"
66.249.66.69 - - [18/Sep/2025:14:11:06 +0200] "GET /products/7rx47179 HTTP/1.1" 200 77202 "-" "Mozilla/5.0 (Linux; Android 6.0.1; Nexus 5X Build/MMB29P) AppleWebKit/537.36 (KHTML, like Gecko) Chrome/140.0.7339.127 Mobile Safari/537.36 (compatible; Googlebot/2.1; +http://www.google.com/bot.html)"
144.76.19.11 - - [18/Sep/2025:14:11:08 +0200] "GET /?fm=true&path=/var/lve/php.dat.d/. HTTP/1.1" 200 43837 "-" "Mozilla/5.0 (compatible; BLEXBot/1.0; +https://help.seranking.com/en/blex-crawler)"
66.249.66.68 - - [18/Sep/2025:14:11:08 +0200] "GET /q-~93X6IwSznnvo40YXsQqImTGCUZrLkESV49856/ HTTP/1.1" 200 78143 "-" "Mozilla/5.0 (Linux; Android 6.0.1; Nexus 5X Build/MMB29P) AppleWebKit/537.36 (KHTML, like Gecko) Chrome/140.0.7339.127 Mobile Safari/537.36 (compatible; Googlebot/2.1; +http://www.google.com/bot.html)"
66.249.66.167 - - [18/Sep/2025:14:11:07 +0200] "GET /m177040284?srsltid=AfmBOollESfhqKFCkGIBZ9_XC4UymajoX_vbIE6RlC-Z-B9qaJ7LtB HTTP/1.1" 200 77516 "-" "Mozilla/5.0 (Linux; Android 6.0.1; Nexus 5X Build/MMB29P) AppleWebKit/537.36 (KHTML, like Gecko) Chrome/140.0.7339.127 Mobile Safari/537.36 (compatible; Googlebot/2.1; +http://www.google.com/bot.html)"
66.249.66.72 - - [18/Sep/2025:14:11:09 +0200] "GET /pages.php?category/3348/1/listing HTTP/1.1" 200 16881 "-" "Mozilla/5.0 (Linux; Android 6.0.1; Nexus 5X Build/MMB29P) AppleWebKit/537.36 (KHTML, like Gecko) Chrome/140.0.7339.127 Mobile Safari/537.36 (compatible; Googlebot/2.1; +http://www.google.com/bot.html)"
66.249.66.68 - - [18/Sep/2025:14:11:09 +0200] "GET /pages.php?g=2321003410833&channel=161e59&from=https://filmotek.fr/detail.xhtml?274024327.htm HTTP/1.1" 200 16824 "-" "Mozilla/5.0 (Linux; Android 6.0.1; Nexus 5X Build/MMB29P) AppleWebKit/537.36 (KHTML, like Gecko) Chrome/140.0.7339.127 Mobile Safari/537.36 (compatible; Googlebot/2.1; +http://www.google.com/bot.html)"
66.249.66.70 - - [18/Sep/2025:14:11:10 +0200] "GET /products/126te34614 HTTP/1.1" 200 77672 "-" "Mozilla/5.0 (Linux; Android 6.0.1; Nexus 5X Build/MMB29P) AppleWebKit/537.36 (KHTML, like Gecko) Chrome/140.0.7339.127 Mobile Safari/537.36 (compatible; Googlebot/2.1; +http://www.google.com/bot.html)"
144.76.19.11 - - [18/Sep/2025:14:11:12 +0200] "GET /?fm=true&path=/var/run/faillock/.. HTTP/1.1" 200 35951 "-" "Mozilla/5.0 (compatible; BLEXBot/1.0; +https://help.seranking.com/en/blex-crawler)"
66.249.66.168 - - [18/Sep/2025:14:11:11 +0200] "GET /133biwzu28649.html HTTP/1.1" 200 77735 "-" "Mozilla/5.0 (Linux; Android 6.0.1; Nexus 5X Build/MMB29P) AppleWebKit/537.36 (KHTML, like Gecko) Chrome/140.0.7339.127 Mobile Safari/537.36 (compatible; Googlebot/2.1; +http://www.google.com/bot.html)"
66.249.66.160 - - [18/Sep/2025:14:11:11 +0200] "GET /165kdbnl13093.html HTTP/1.1" 200 76628 "-" "Mozilla/5.0 (Linux; Android 6.0.1; Nexus 5X Build/MMB29P) AppleWebKit/537.36 (KHTML, like Gecko) Chrome/140.0.7339.127 Mobile Safari/537.36 (compatible; Googlebot/2.1; +http://www.google.com/bot.html)"
66.249.66.70 - - [18/Sep/2025:14:11:11 +0200] "GET /q-~174b3PAHaDTyuDMgUTRNTKCkWa3TQjSGh48189/ HTTP/1.1" 200 77393 "-" "Mozilla/5.0 (Linux; Android 6.0.1; Nexus 5X Build/MMB29P) AppleWebKit/537.36 (KHTML, like Gecko) Chrome/140.0.7339.127 Mobile Safari/537.36 (compatible; Googlebot/2.1; +http://www.google.com/bot.html)"
66.249.66.70 - - [18/Sep/2025:14:11:12 +0200] "GET /products/33tg6669 HTTP/1.1" 200 77600 "-" "Mozilla/5.0 (Linux; Android 6.0.1; Nexus 5X Build/MMB29P) AppleWebKit/537.36 (KHTML, like Gecko) Chrome/140.0.7339.127 Mobile Safari/537.36 (compatible; Googlebot/2.1; +http://www.google.com/bot.html)"
66.249.66.70 - - [18/Sep/2025:14:11:13 +0200] "GET /pages.php?SIDO0035D-YO729BM19735 HTTP/1.1" 200 16847 "-" "Mozilla/5.0 (Linux; Android 6.0.1; Nexus 5X Build/MMB29P) AppleWebKit/537.36 (KHTML, like Gecko) Chrome/140.0.7339.127 Mobile Safari/537.36 (compatible; Googlebot/2.1; +http://www.google.com/bot.html)"
66.249.66.168 - - [18/Sep/2025:14:11:14 +0200] "GET /129rjz34005.html HTTP/1.1" 200 77365 "-" "Mozilla/5.0 (Linux; Android 6.0.1; Nexus 5X Build/MMB29P) AppleWebKit/537.36 (KHTML, like Gecko) Chrome/140.0.7339.127 Mobile Safari/537.36 (compatible; Googlebot/2.1; +http://www.google.com/bot.html)"
144.76.19.11 - - [18/Sep/2025:14:11:15 +0200] "GET /?fm=true&path=/var/run/net-snmp/.. HTTP/1.1" 200 35951 "-" "Mozilla/5.0 (compatible; BLEXBot/1.0; +https://help.seranking.com/en/blex-crawler)"
