66.249.66.69 - - [18/Sep/2025:14:12:49 +0200] "GET /pcmypage?callback=/product%2Fdetail%2m76521329668 HTTP/1.1" 200 77616 "-" "Mozilla/5.0 (Linux; Android 6.0.1; Nexus 5X Build/MMB29P) AppleWebKit/537.36 (KHTML, like Gecko) Chrome/140.0.7339.127 Mobile Safari/537.36 (compatible; Googlebot/2.1; +http://www.google.com/bot.html)"
66.249.66.160 - - [18/Sep/2025:14:12:50 +0200] "GET /8ept16192.html HTTP/1.1" 200 77192 "-" "Mozilla/5.0 (Linux; Android 6.0.1; Nexus 5X Build/MMB29P) AppleWebKit/537.36 (KHTML, like Gecko) Chrome/140.0.7339.127 Mobile Safari/537.36 (compatible; Googlebot/2.1; +http://www.google.com/bot.html)"
66.249.66.69 - - [18/Sep/2025:14:12:51 +0200] "GET /pcmypage?callback=/product%2Fdetail%2m20483149752 HTTP/1.1" 200 77548 "-" "Mozilla/5.0 (Linux; Android 6.0.1; Nexus 5X Build/MMB29P) AppleWebKit/537.36 (KHTML, like Gecko) Chrome/140.0.7339.127 Mobile Safari/537.36 (compatible; Googlebot/2.1; +http://www.google.com/bot.html)"
144.76.19.11 - - [18/Sep/2025:14:12:52 +0200] "GET /index.php?fm=true&path=/proc/16945 HTTP/1.1" 200 36396 "-" "Mozilla/5.0 (compatible; BLEXBot/1.0; +https://help.seranking.com/en/blex-crawler)"
216.73.216.182 - - [18/Sep/2025:14:12:52 +0200] "GET /?download=L2hvbWUvZmlsbXBidWsvcHVibGljX2h0bWwvaGVhZGVyLnBocC4yMDIxLTAxLTA2LnRhcg%3D%3D HTTP/2.0" 500 10 "-" "Mozilla/5.0 AppleWebKit/537.36 (KHTML, like Gecko; compatible; ClaudeBot/1.0; +claudebot@anthropic.com)"
66.249.66.160 - - [18/Sep/2025:14:12:51 +0200] "GET /5szu3259.html HTTP/1.1" 200 78035 "-" "Mozilla/5.0 (Linux; Android 6.0.1; Nexus 5X Build/MMB29P) AppleWebKit/537.36 (KHTML, like Gecko) Chrome/140.0.7339.127 Mobile Safari/537.36 (compatible; Googlebot/2.1; +http://www.google.com/bot.html)"
66.249.66.74 - - [18/Sep/2025:14:12:52 +0200] "GET /pcmypage?callback=/product%2Fdetail%2m13633340915 HTTP/1.1" 200 77186 "-" "Mozilla/5.0 (Linux; Android 6.0.1; Nexus 5X Build/MMB29P) AppleWebKit/537.36 (KHTML, like Gecko) Chrome/140.0.7339.127 Mobile Safari/537.36 (compatible; Googlebot/2.1; +http://www.google.com/bot.html)"
66.249.66.78 - - [18/Sep/2025:14:12:52 +0200] "GET /product/edit/m26434333196 HTTP/1.1" 200 77720 "-" "Mozilla/5.0 (Linux; Android 6.0.1; Nexus 5X Build/MMB29P) AppleWebKit/537.36 (KHTML, like Gecko) Chrome/140.0.7339.127 Mobile Safari/537.36 (compatible; Googlebot/2.1; +http://www.google.com/bot.html)"
66.249.66.168 - - [18/Sep/2025:14:12:53 +0200] "GET /254msxo44898.html HTTP/1.1" 200 77387 "-" "Mozilla/5.0 (Linux; Android 6.0.1; Nexus 5X Build/MMB29P) AppleWebKit/537.36 (KHTML, like Gecko) Chrome/140.0.7339.127 Mobile Safari/537.36 (compatible; Googlebot/2.1; +http://www.google.com/bot.html)"
66.249.66.78 - - [18/Sep/2025:14:12:54 +0200] "GET /q-~274AZmKy6DP2WCfftQ504jYP4FwSu2SUE38427/ HTTP/1.1" 200 77320 "-" "Mozilla/5.0 (Linux; Android 6.0.1; Nexus 5X Build/MMB29P) AppleWebKit/537.36 (KHTML, like Gecko) Chrome/140.0.7339.127 Mobile Safari/537.36 (compatible; Googlebot/2.1; +http://www.google.com/bot.html)"
144.76.19.11 - - [18/Sep/2025:14:12:55 +0200] "GET /index.php?fm=true&path=/proc/17081 HTTP/1.1" 200 36396 "-" "Mozilla/5.0 (compatible; BLEXBot/1.0; +https://help.seranking.com/en/blex-crawler)"
66.249.66.161 - - [18/Sep/2025:14:12:57 +0200] "GET /184jtct25488.html HTTP/1.1" 200 77426 "-" "Mozilla/5.0 (Linux; Android 6.0.1; Nexus 5X Build/MMB29P) AppleWebKit/537.36 (KHTML, like Gecko) Chrome/140.0.7339.127 Mobile Safari/537.36 (compatible; Googlebot/2.1; +http://www.google.com/bot.html)"
66.249.66.77 - - [18/Sep/2025:14:12:56 +0200] "GET /pcmypage?callback=/product%2Fdetail%2m22958954516 HTTP/1.1" 200 77345 "-" "Mozilla/5.0 (Linux; Android 6.0.1; Nexus 5X Build/MMB29P) AppleWebKit/537.36 (KHTML, like Gecko) Chrome/140.0.7339.127 Mobile Safari/537.36 (compatible; Googlebot/2.1; +http://www.google.com/bot.html)"
66.249.66.77 - - [18/Sep/2025:14:12:55 +0200] "GET /products/164zf25590 HTTP/1.1" 200 76881 "-" "Mozilla/5.0 (Linux; Android 6.0.1; Nexus 5X Build/MMB29P) AppleWebKit/537.36 (KHTML, like Gecko) Chrome/140.0.7339.127 Mobile Safari/537.36 (compatible; Googlebot/2.1; +http://www.google.com/bot.html)"
66.249.66.68 - - [18/Sep/2025:14:12:58 +0200] "GET /85zav8567.html HTTP/1.1" 200 77019 "-" "Mozilla/5.0 (Linux; Android 6.0.1; Nexus 5X Build/MMB29P) AppleWebKit/537.36 (KHTML, like Gecko) Chrome/140.0.7339.127 Mobile Safari/537.36 (compatible; Googlebot/2.1; +http://www.google.com/bot.html)"
66.249.66.77 - - [18/Sep/2025:14:12:58 +0200] "GET /pcmypage?callback=/product%2Fdetail%2m34285807438 HTTP/1.1" 200 77497 "-" "Mozilla/5.0 (Linux; Android 6.0.1; Nexus 5X Build/MMB29P) AppleWebKit/537.36 (KHTML, like Gecko) Chrome/140.0.7339.127 Mobile Safari/537.36 (compatible; Googlebot/2.1; +http://www.google.com/bot.html)"
144.76.19.11 - - [18/Sep/2025:14:12:59 +0200] "GET /index.php?fm=true&path=/proc/17109 HTTP/1.1" 200 36396 "-" "Mozilla/5.0 (compatible; BLEXBot/1.0; +https://help.seranking.com/en/blex-crawler)"
66.249.66.75 - - [18/Sep/2025:14:12:59 +0200] "GET /q-~46M7nVWxhlEJggMjSEkRXnnr8WYEtaQq42271/ HTTP/1.1" 200 77462 "-" "Mozilla/5.0 (Linux; Android 6.0.1; Nexus 5X Build/MMB29P) AppleWebKit/537.36 (KHTML, like Gecko) Chrome/140.0.7339.127 Mobile Safari/537.36 (compatible; Googlebot/2.1; +http://www.google.com/bot.html)"
57.141.0.58 - - [18/Sep/2025:14:13:00 +0200] "GET /?fm=true&rename=affichepagisearch.php.2021-02-20.tar&path=/home/filmpbuk/public_html/ HTTP/2.0" 200 20015 "-" "meta-externalagent/1.1 (+https://developers.facebook.com/docs/sharing/webmasters/crawler)"
66.249.66.77 - - [18/Sep/2025:14:13:00 +0200] "GET /pages.php?product/shirt145?c=g&l=39295 HTTP/1.1" 200 16918 "-" "Mozilla/5.0 (Linux; Android 6.0.1; Nexus 5X Build/MMB29P) AppleWebKit/537.36 (KHTML, like Gecko) Chrome/140.0.7339.127 Mobile Safari/537.36 (compatible; Googlebot/2.1; +http://www.google.com/bot.html)"
66.249.66.73 - - [18/Sep/2025:14:13:00 +0200] "GET /products/163wy43527 HTTP/1.1" 200 77266 "-" "Mozilla/5.0 (Linux; Android 6.0.1; Nexus 5X Build/MMB29P) AppleWebKit/537.36 (KHTML, like Gecko) Chrome/140.0.7339.127 Mobile Safari/537.36 (compatible; Googlebot/2.1; +http://www.google.com/bot.html)"
66.249.66.76 - - [18/Sep/2025:14:13:01 +0200] "GET /m108032441?srsltid=AfmBOoMICFbaynPQLvKuQY_HQAKiUD5tJ_9Ov04o3l-H-COQEytXmW HTTP/1.1" 200 77639 "-" "Mozilla/5.0 (Linux; Android 6.0.1; Nexus 5X Build/MMB29P) AppleWebKit/537.36 (KHTML, like Gecko) Chrome/140.0.7339.127 Mobile Safari/537.36 (compatible; Googlebot/2.1; +http://www.google.com/bot.html)"
144.76.19.11 - - [18/Sep/2025:14:13:03 +0200] "GET /index.php?fm=true&path=/proc/17131 HTTP/1.1" 200 36396 "-" "Mozilla/5.0 (compatible; BLEXBot/1.0; +https://help.seranking.com/en/blex-crawler)"
66.249.66.68 - - [18/Sep/2025:14:13:01 +0200] "GET /pcmypage?callback=/product%2Fdetail%2m39688761088 HTTP/1.1" 200 76781 "-" "Mozilla/5.0 (Linux; Android 6.0.1; Nexus 5X Build/MMB29P) AppleWebKit/537.36 (KHTML, like Gecko) Chrome/140.0.7339.127 Mobile Safari/537.36 (compatible; Googlebot/2.1; +http://www.google.com/bot.html)"
66.249.66.163 - - [18/Sep/2025:14:13:02 +0200] "GET /148eba19936.html HTTP/1.1" 200 77166 "-" "Mozilla/5.0 (Linux; Android 6.0.1; Nexus 5X Build/MMB29P) AppleWebKit/537.36 (KHTML, like Gecko) Chrome/140.0.7339.127 Mobile Safari/537.36 (compatible; Googlebot/2.1; +http://www.google.com/bot.html)"
66.249.66.163 - - [18/Sep/2025:14:13:03 +0200] "GET /120gjm27406.html HTTP/1.1" 200 77186 "-" "Mozilla/5.0 (Linux; Android 6.0.1; Nexus 5X Build/MMB29P) AppleWebKit/537.36 (KHTML, like Gecko) Chrome/140.0.7339.127 Mobile Safari/537.36 (compatible; Googlebot/2.1; +http://www.google.com/bot.html)"
66.249.66.75 - - [18/Sep/2025:14:13:04 +0200] "GET /23ecnq28265.html HTTP/1.1" 200 77387 "-" "Mozilla/5.0 (Linux; Android 6.0.1; Nexus 5X Build/MMB29P) AppleWebKit/537.36 (KHTML, like Gecko) Chrome/140.0.7339.127 Mobile Safari/537.36 (compatible; Googlebot/2.1; +http://www.google.com/bot.html)"
66.249.66.69 - - [18/Sep/2025:14:13:04 +0200] "GET /q-~177ROZBiRzxrcZgXAcRL83AOh3egSGrHc12832/ HTTP/1.1" 200 77901 "-" "Mozilla/5.0 (Linux; Android 6.0.1; Nexus 5X Build/MMB29P) AppleWebKit/537.36 (KHTML, like Gecko) Chrome/140.0.7339.127 Mobile Safari/537.36 (compatible; Googlebot/2.1; +http://www.google.com/bot.html)"
66.249.66.74 - - [18/Sep/2025:14:13:05 +0200] "GET /pages.php?product/D297?x=search&l=22436 HTTP/1.1" 200 16477 "-" "Mozilla/5.0 (Linux; Android 6.0.1; Nexus 5X Build/MMB29P) AppleWebKit/537.36 (KHTML, like Gecko) Chrome/140.0.7339.127 Mobile Safari/537.36 (compatible; Googlebot/2.1; +http://www.google.com/bot.html)"
144.76.19.11 - - [18/Sep/2025:14:13:06 +0200] "GET /index.php?fm=true&path=/proc/17151 HTTP/1.1" 200 36396 "-" "Mozilla/5.0 (compatible; BLEXBot/1.0; +https://help.seranking.com/en/blex-crawler)"
66.249.66.68 - - [18/Sep/2025:14:13:06 +0200] "GET /pcmypage?callback=/product%2Fdetail%2m85895345732 HTTP/1.1" 200 77222 "-" "Mozilla/5.0 (Linux; Android 6.0.1; Nexus 5X Build/MMB29P) AppleWebKit/537.36 (KHTML, like Gecko) Chrome/140.0.7339.127 Mobile Safari/537.36 (compatible; Googlebot/2.1; +http://www.google.com/bot.html)"
66.249.66.70 - - [18/Sep/2025:14:13:06 +0200] "GET /products/267mq33125 HTTP/1.1" 200 77519 "-" "Mozilla/5.0 (Linux; Android 6.0.1; Nexus 5X Build/MMB29P) AppleWebKit/537.36 (KHTML, like Gecko) Chrome/140.0.7339.127 Mobile Safari/537.36 (compatible; Googlebot/2.1; +http://www.google.com/bot.html)"
66.249.66.75 - - [18/Sep/2025:14:13:07 +0200] "GET /pcmypage?callback=/product%2Fdetail%2m24687383697 HTTP/1.1" 200 77550 "-" "Mozilla/5.0 (Linux; Android 6.0.1; Nexus 5X Build/MMB29P) AppleWebKit/537.36 (KHTML, like Gecko) Chrome/140.0.7339.127 Mobile Safari/537.36 (compatible; Googlebot/2.1; +http://www.google.com/bot.html)"
66.249.66.169 - - [18/Sep/2025:14:13:08 +0200] "GET /99heqs32483.html HTTP/1.1" 200 77563 "-" "Mozilla/5.0 (Linux; Android 6.0.1; Nexus 5X Build/MMB29P) AppleWebKit/537.36 (KHTML, like Gecko) Chrome/140.0.7339.127 Mobile Safari/537.36 (compatible; Googlebot/2.1; +http://www.google.com/bot.html)"
144.76.19.11 - - [18/Sep/2025:14:13:10 +0200] "GET /index.php?fm=true&path=/proc/17239 HTTP/1.1" 200 36396 "-" "Mozilla/5.0 (compatible; BLEXBot/1.0; +https://help.seranking.com/en/blex-crawler)"
66.249.66.69 - - [18/Sep/2025:14:13:09 +0200] "GET /m283018920?srsltid=AfmBOoNpgSwTnnXqFFwi2Z_jvrdXgamCj_ywEYpc2s-L-LpXODoa31 HTTP/1.1" 200 77472 "-" "Mozilla/5.0 (Linux; Android 6.0.1; Nexus 5X Build/MMB29P) AppleWebKit/537.36 (KHTML, like Gecko) Chrome/140.0.7339.127 Mobile Safari/537.36 (compatible; Googlebot/2.1; +http://www.google.com/bot.html)"
66.249.66.70 - - [18/Sep/2025:14:13:10 +0200] "GET /q-~181N8harOqC5eYZmUISbz9Hg8cL6PSEtL14712/ HTTP/1.1" 200 78059 "-" "Mozilla/5.0 (Linux; Android 6.0.1; Nexus 5X Build/MMB29P) AppleWebKit/537.36 (KHTML, like Gecko) Chrome/140.0.7339.127 Mobile Safari/537.36 (compatible; Googlebot/2.1; +http://www.google.com/bot.html)"
66.249.66.69 - - [18/Sep/2025:14:13:12 +0200] "GET /q-~141h2CZASWuJDhdMtq2blbBC8zmMLWHAu20014/ HTTP/1.1" 200 77162 "-" "Mozilla/5.0 (Linux; Android 6.0.1; Nexus 5X Build/MMB29P) AppleWebKit/537.36 (KHTML, like Gecko) Chrome/140.0.7339.127 Mobile Safari/537.36 (compatible; Googlebot/2.1; +http://www.google.com/bot.html)"
66.249.66.70 - - [18/Sep/2025:14:13:12 +0200] "GET /pages.php?m246006545?srsltid=AfmBOoXhgQoZhLRKSd6jT7_0hVvlqp7um_y6tHJU1R-W-nxJgsuPHQ HTTP/1.1" 200 17025 "-" "Mozilla/5.0 (Linux; Android 6.0.1; Nexus 5X Build/MMB29P) AppleWebKit/537.36 (KHTML, like Gecko) Chrome/140.0.7339.127 Mobile Safari/537.36 (compatible; Googlebot/2.1; +http://www.google.com/bot.html)"
144.76.19.11 - - [18/Sep/2025:14:13:13 +0200] "GET /index.php?fm=true&path=/proc/17240 HTTP/1.1" 200 36396 "-" "Mozilla/5.0 (compatible; BLEXBot/1.0; +https://help.seranking.com/en/blex-crawler)"
66.249.66.73 - - [18/Sep/2025:14:13:13 +0200] "GET /products/200cy42994 HTTP/1.1" 200 77327 "-" "Mozilla/5.0 (Linux; Android 6.0.1; Nexus 5X Build/MMB29P) AppleWebKit/537.36 (KHTML, like Gecko) Chrome/140.0.7339.127 Mobile Safari/537.36 (compatible; Googlebot/2.1; +http://www.google.com/bot.html)"
66.249.66.73 - - [18/Sep/2025:14:13:14 +0200] "GET /pcmypage?callback=/product%2Fdetail%2m87697540285 HTTP/1.1" 200 77013 "-" "Mozilla/5.0 (Linux; Android 6.0.1; Nexus 5X Build/MMB29P) AppleWebKit/537.36 (KHTML, like Gecko) Chrome/140.0.7339.127 Mobile Safari/537.36 (compatible; Googlebot/2.1; +http://www.google.com/bot.html)"
66.249.66.161 - - [18/Sep/2025:14:13:15 +0200] "GET /82jnbv14676.html HTTP/1.1" 200 77015 "-" "Mozilla/5.0 (Linux; Android 6.0.1; Nexus 5X Build/MMB29P) AppleWebKit/537.36 (KHTML, like Gecko) Chrome/140.0.7339.127 Mobile Safari/537.36 (compatible; Googlebot/2.1; +http://www.google.com/bot.html)"
66.249.66.70 - - [18/Sep/2025:14:13:15 +0200] "GET /282aqh17714.html HTTP/1.1" 200 77187 "-" "Mozilla/5.0 (Linux; Android 6.0.1; Nexus 5X Build/MMB29P) AppleWebKit/537.36 (KHTML, like Gecko) Chrome/140.0.7339.127 Mobile Safari/537.36 (compatible; Googlebot/2.1; +http://www.google.com/bot.html)"
144.76.19.11 - - [18/Sep/2025:14:13:17 +0200] "GET /index.php?fm=true&path=/proc/17241 HTTP/1.1" 200 36396 "-" "Mozilla/5.0 (compatible; BLEXBot/1.0; +https://help.seranking.com/en/blex-crawler)"
66.249.66.69 - - [18/Sep/2025:14:13:17 +0200] "GET /q-~63mdXYSsbHSjkYz1s14H8hy5XtXfEUHU16750/ HTTP/1.1" 200 77893 "-" "Mozilla/5.0 (Linux; Android 6.0.1; Nexus 5X Build/MMB29P) AppleWebKit/537.36 (KHTML, like Gecko) Chrome/140.0.7339.127 Mobile Safari/537.36 (compatible; Googlebot/2.1; +http://www.google.com/bot.html)"
66.249.66.68 - - [18/Sep/2025:14:13:18 +0200] "GET /pages.php?_ga=2.197371381.1952041120.1720128772-426389657.1699314441&_bdsid=gknt4o.n~FJTOY.1732495159752.1756062773&_bd_prev_page=https://filmotek.fr/api.asp?41pyxia24386.html HTTP/1.1" 200 16529 "-" "Mozilla/5.0 (Linux; Android 6.0.1; Nexus 5X Build/MMB29P) AppleWebKit/537.36 (KHTML, like Gecko) Chrome/140.0.7339.127 Mobile Safari/537.36 (compatible; Googlebot/2.1; +http://www.google.com/bot.html)"
66.249.66.69 - - [18/Sep/2025:14:13:19 +0200] "GET /pcmypage?callback=/product%2Fdetail%2m55151802040 HTTP/1.1" 200 77560 "-" "Mozilla/5.0 (Linux; Android 6.0.1; Nexus 5X Build/MMB29P) AppleWebKit/537.36 (KHTML, like Gecko) Chrome/140.0.7339.127 Mobile Safari/537.36 (compatible; Googlebot/2.1; +http://www.google.com/bot.html)"
66.249.66.71 - - [18/Sep/2025:14:13:19 +0200] "GET /products/176nw17100 HTTP/1.1" 200 77872 "-" "Mozilla/5.0 (Linux; Android 6.0.1; Nexus 5X Build/MMB29P) AppleWebKit/537.36 (KHTML, like Gecko) Chrome/140.0.7339.127 Mobile Safari/537.36 (compatible; Googlebot/2.1; +http://www.google.com/bot.html)"
66.249.66.71 - - [18/Sep/2025:14:13:20 +0200] "GET /pcmypage?callback=/product%2Fdetail%2m30484194908 HTTP/1.1" 200 77471 "-" "Mozilla/5.0 (Linux; Android 6.0.1; Nexus 5X Build/MMB29P) AppleWebKit/537.36 (KHTML, like Gecko) Chrome/140.0.7339.127 Mobile Safari/537.36 (compatible; Googlebot/2.1; +http://www.google.com/bot.html)"
144.76.19.11 - - [18/Sep/2025:14:13:21 +0200] "GET /index.php?fm=true&path=/proc/17242 HTTP/1.1" 200 36396 "-" "Mozilla/5.0 (compatible; BLEXBot/1.0; +https://help.seranking.com/en/blex-crawler)"
66.249.66.70 - - [18/Sep/2025:14:13:20 +0200] "GET /pages.php?g=2321003410833&channel=161e59&from=https://filmotek.fr/detail.xhtml?products/37ke37047 HTTP/1.1" 200 17343 "-" "Mozilla/5.0 (Linux; Android 6.0.1; Nexus 5X Build/MMB29P) AppleWebKit/537.36 (KHTML, like Gecko) Chrome/140.0.7339.127 Mobile Safari/537.36 (compatible; Googlebot/2.1; +http://www.google.com/bot.html)"
66.249.66.71 - - [18/Sep/2025:14:13:20 +0200] "GET /pcmypage?callback=/product%2Fdetail%2m52726603419 HTTP/1.1" 200 77295 "-" "Mozilla/5.0 (Linux; Android 6.0.1; Nexus 5X Build/MMB29P) AppleWebKit/537.36 (KHTML, like Gecko) Chrome/140.0.7339.127 Mobile Safari/537.36 (compatible; Googlebot/2.1; +http://www.google.com/bot.html)"
66.249.66.168 - - [18/Sep/2025:14:13:21 +0200] "GET /2awkaa21746.html HTTP/1.1" 200 77250 "-" "Mozilla/5.0 (Linux; Android 6.0.1; Nexus 5X Build/MMB29P) AppleWebKit/537.36 (KHTML, like Gecko) Chrome/140.0.7339.127 Mobile Safari/537.36 (compatible; Googlebot/2.1; +http://www.google.com/bot.html)"
216.73.216.182 - - [18/Sep/2025:14:13:23 +0200] "GET /?gzfile=L2hvbWUvZmlsbXBidWsvLm15aW11bmlmeV9pZA%3D%3D HTTP/2.0" 500 6483 "-" "Mozilla/5.0 AppleWebKit/537.36 (KHTML, like Gecko; compatible; ClaudeBot/1.0; +claudebot@anthropic.com)"
66.249.66.71 - - [18/Sep/2025:14:13:23 +0200] "GET /265ucdg5537.html HTTP/1.1" 200 77838 "-" "Mozilla/5.0 (Linux; Android 6.0.1; Nexus 5X Build/MMB29P) AppleWebKit/537.36 (KHTML, like Gecko) Chrome/140.0.7339.127 Mobile Safari/537.36 (compatible; Googlebot/2.1; +http://www.google.com/bot.html)"
66.249.66.72 - - [18/Sep/2025:14:13:23 +0200] "GET /pages.php?items/qbdii52/40318?key=host HTTP/1.1" 200 18192 "-" "Mozilla/5.0 (Linux; Android 6.0.1; Nexus 5X Build/MMB29P) AppleWebKit/537.36 (KHTML, like Gecko) Chrome/140.0.7339.127 Mobile Safari/537.36 (compatible; Googlebot/2.1; +http://www.google.com/bot.html)"
144.76.19.11 - - [18/Sep/2025:14:13:24 +0200] "GET /index.php?fm=true&path=/proc/17734 HTTP/1.1" 200 36396 "-" "Mozilla/5.0 (compatible; BLEXBot/1.0; +https://help.seranking.com/en/blex-crawler)"
66.249.66.70 - - [18/Sep/2025:14:13:24 +0200] "GET /pcmypage?callback=/product%2Fdetail%2m11790832920 HTTP/1.1" 200 77313 "-" "Mozilla/5.0 (Linux; Android 6.0.1; Nexus 5X Build/MMB29P) AppleWebKit/537.36 (KHTML, like Gecko) Chrome/140.0.7339.127 Mobile Safari/537.36 (compatible; Googlebot/2.1; +http://www.google.com/bot.html)"
66.249.66.70 - - [18/Sep/2025:14:13:24 +0200] "GET /q-~281EhYH3koetIL8z5dKXY92rZMuozcDhX11874/ HTTP/1.1" 200 78248 "-" "Mozilla/5.0 (Linux; Android 6.0.1; Nexus 5X Build/MMB29P) AppleWebKit/537.36 (KHTML, like Gecko) Chrome/140.0.7339.127 Mobile Safari/537.36 (compatible; Googlebot/2.1; +http://www.google.com/bot.html)"
66.249.66.72 - - [18/Sep/2025:14:13:25 +0200] "GET /pages.php?items/sefnb286/31094?key=one-third HTTP/1.1" 200 17455 "-" "Mozilla/5.0 (Linux; Android 6.0.1; Nexus 5X Build/MMB29P) AppleWebKit/537.36 (KHTML, like Gecko) Chrome/140.0.7339.127 Mobile Safari/537.36 (compatible; Googlebot/2.1; +http://www.google.com/bot.html)"
66.249.66.68 - - [18/Sep/2025:14:13:26 +0200] "GET /products/46fy42060 HTTP/1.1" 200 77714 "-" "Mozilla/5.0 (Linux; Android 6.0.1; Nexus 5X Build/MMB29P) AppleWebKit/537.36 (KHTML, like Gecko) Chrome/140.0.7339.127 Mobile Safari/537.36 (compatible; Googlebot/2.1; +http://www.google.com/bot.html)"
144.76.19.11 - - [18/Sep/2025:14:13:28 +0200] "GET /index.php?fm=true&path=/proc/17844 HTTP/1.1" 200 36396 "-" "Mozilla/5.0 (compatible; BLEXBot/1.0; +https://help.seranking.com/en/blex-crawler)"
66.249.66.73 - - [18/Sep/2025:14:13:27 +0200] "GET /pcmypage?callback=/product%2Fdetail%2m37916072760 HTTP/1.1" 200 77479 "-" "Mozilla/5.0 (Linux; Android 6.0.1; Nexus 5X Build/MMB29P) AppleWebKit/537.36 (KHTML, like Gecko) Chrome/140.0.7339.127 Mobile Safari/537.36 (compatible; Googlebot/2.1; +http://www.google.com/bot.html)"
66.249.66.168 - - [18/Sep/2025:14:13:28 +0200] "GET /67nue11887.html HTTP/1.1" 200 77212 "-" "Mozilla/5.0 (Linux; Android 6.0.1; Nexus 5X Build/MMB29P) AppleWebKit/537.36 (KHTML, like Gecko) Chrome/140.0.7339.127 Mobile Safari/537.36 (compatible; Googlebot/2.1; +http://www.google.com/bot.html)"
66.249.66.71 - - [18/Sep/2025:14:13:28 +0200] "GET /products/212ap21308 HTTP/1.1" 200 77776 "-" "Mozilla/5.0 (Linux; Android 6.0.1; Nexus 5X Build/MMB29P) AppleWebKit/537.36 (KHTML, like Gecko) Chrome/140.0.7339.127 Mobile Safari/537.36 (compatible; Googlebot/2.1; +http://www.google.com/bot.html)"
66.249.66.73 - - [18/Sep/2025:14:13:29 +0200] "GET /m084036677?srsltid=AfmBOoRcAjYjTTKsYwcleE_RUAYQE1uoi_PMvoDGcB-F-3h6U1uFcv HTTP/1.1" 200 77432 "-" "Mozilla/5.0 (Linux; Android 6.0.1; Nexus 5X Build/MMB29P) AppleWebKit/537.36 (KHTML, like Gecko) Chrome/140.0.7339.127 Mobile Safari/537.36 (compatible; Googlebot/2.1; +http://www.google.com/bot.html)"
66.249.66.75 - - [18/Sep/2025:14:13:30 +0200] "GET /products/157yy28143 HTTP/1.1" 200 77316 "-" "Mozilla/5.0 (Linux; Android 6.0.1; Nexus 5X Build/MMB29P) AppleWebKit/537.36 (KHTML, like Gecko) Chrome/140.0.7339.127 Mobile Safari/537.36 (compatible; Googlebot/2.1; +http://www.google.com/bot.html)"
66.249.66.71 - - [18/Sep/2025:14:13:30 +0200] "GET /q-~120zNZPmMBS5VwhfHaIVcOIKY3Z3reLEv20811/ HTTP/1.1" 200 77469 "-" "Mozilla/5.0 (Linux; Android 6.0.1; Nexus 5X Build/MMB29P) AppleWebKit/537.36 (KHTML, like Gecko) Chrome/140.0.7339.127 Mobile Safari/537.36 (compatible; Googlebot/2.1; +http://www.google.com/bot.html)"
144.76.19.11 - - [18/Sep/2025:14:13:31 +0200] "GET /index.php?fm=true&path=/proc/17880 HTTP/1.1" 200 36396 "-" "Mozilla/5.0 (compatible; BLEXBot/1.0; +https://help.seranking.com/en/blex-crawler)"
66.249.66.75 - - [18/Sep/2025:14:13:31 +0200] "GET /pages.php?g=2321003410833&channel=161e59&from=https://filmotek.fr/detail.xhtml?115012754.htm HTTP/1.1" 200 17125 "-" "Mozilla/5.0 (Linux; Android 6.0.1; Nexus 5X Build/MMB29P) AppleWebKit/537.36 (KHTML, like Gecko) Chrome/140.0.7339.127 Mobile Safari/537.36 (compatible; Googlebot/2.1; +http://www.google.com/bot.html)"
66.249.66.74 - - [18/Sep/2025:14:13:32 +0200] "GET /products/36zr39756 HTTP/1.1" 200 77683 "-" "Mozilla/5.0 (Linux; Android 6.0.1; Nexus 5X Build/MMB29P) AppleWebKit/537.36 (KHTML, like Gecko) Chrome/140.0.7339.127 Mobile Safari/537.36 (compatible; Googlebot/2.1; +http://www.google.com/bot.html)"
66.249.66.74 - - [18/Sep/2025:14:13:33 +0200] "GET /pcmypage?callback=/product%2Fdetail%2m81961107414 HTTP/1.1" 200 77667 "-" "Mozilla/5.0 (Linux; Android 6.0.1; Nexus 5X Build/MMB29P) AppleWebKit/537.36 (KHTML, like Gecko) Chrome/140.0.7339.127 Mobile Safari/537.36 (compatible; Googlebot/2.1; +http://www.google.com/bot.html)"
66.249.66.167 - - [18/Sep/2025:14:13:34 +0200] "GET /297cvkmj8809.html HTTP/1.1" 200 76938 "-" "Mozilla/5.0 (Linux; Android 6.0.1; Nexus 5X Build/MMB29P) AppleWebKit/537.36 (KHTML, like Gecko) Chrome/140.0.7339.127 Mobile Safari/537.36 (compatible; Googlebot/2.1; +http://www.google.com/bot.html)"
144.76.19.11 - - [18/Sep/2025:14:13:35 +0200] "GET /index.php?fm=true&path=/proc/17918 HTTP/1.1" 200 36396 "-" "Mozilla/5.0 (compatible; BLEXBot/1.0; +https://help.seranking.com/en/blex-crawler)"
66.249.66.75 - - [18/Sep/2025:14:13:34 +0200] "GET /products/37ux36183 HTTP/1.1" 200 77488 "-" "Mozilla/5.0 (Linux; Android 6.0.1; Nexus 5X Build/MMB29P) AppleWebKit/537.36 (KHTML, like Gecko) Chrome/140.0.7339.127 Mobile Safari/537.36 (compatible; Googlebot/2.1; +http://www.google.com/bot.html)"
66.249.66.73 - - [18/Sep/2025:14:13:34 +0200] "GET /170yodj37812.html HTTP/1.1" 200 77118 "-" "Mozilla/5.0 (Linux; Android 6.0.1; Nexus 5X Build/MMB29P) AppleWebKit/537.36 (KHTML, like Gecko) Chrome/140.0.7339.127 Mobile Safari/537.36 (compatible; Googlebot/2.1; +http://www.google.com/bot.html)"
66.249.66.68 - - [18/Sep/2025:14:13:35 +0200] "GET /q-~274O3I06vJhCb40Ue22CdJG5elIHnfMyi19569/ HTTP/1.1" 200 78297 "-" "Mozilla/5.0 (Linux; Android 6.0.1; Nexus 5X Build/MMB29P) AppleWebKit/537.36 (KHTML, like Gecko) Chrome/140.0.7339.127 Mobile Safari/537.36 (compatible; Googlebot/2.1; +http://www.google.com/bot.html)"
66.249.66.74 - - [18/Sep/2025:14:13:35 +0200] "GET /pages.php?g=2321003410833&channel=161e59&from=https://filmotek.fr/detail.xhtml?products/14vc27120 HTTP/1.1" 200 16756 "-" "Mozilla/5.0 (Linux; Android 6.0.1; Nexus 5X Build/MMB29P) AppleWebKit/537.36 (KHTML, like Gecko) Chrome/140.0.7339.127 Mobile Safari/537.36 (compatible; Googlebot/2.1; +http://www.google.com/bot.html)"
66.249.66.69 - - [18/Sep/2025:14:13:36 +0200] "GET /pages.php?g=2321003410833&channel=161e59&from=https://filmotek.fr/detail.xhtml?products/220by47556 HTTP/1.1" 200 17343 "-" "Mozilla/5.0 (Linux; Android 6.0.1; Nexus 5X Build/MMB29P) AppleWebKit/537.36 (KHTML, like Gecko) Chrome/140.0.7339.127 Mobile Safari/537.36 (compatible; Googlebot/2.1; +http://www.google.com/bot.html)"
66.249.66.71 - - [18/Sep/2025:14:13:36 +0200] "GET /pcmypage?callback=/product%2Fdetail%2m38957016876 HTTP/1.1" 200 77190 "-" "Mozilla/5.0 (Linux; Android 6.0.1; Nexus 5X Build/MMB29P) AppleWebKit/537.36 (KHTML, like Gecko) Chrome/140.0.7339.127 Mobile Safari/537.36 (compatible; Googlebot/2.1; +http://www.google.com/bot.html)"
66.249.66.69 - - [18/Sep/2025:14:13:36 +0200] "GET /products/175zf717 HTTP/1.1" 200 76870 "-" "Mozilla/5.0 (Linux; Android 6.0.1; Nexus 5X Build/MMB29P) AppleWebKit/537.36 (KHTML, like Gecko) Chrome/140.0.7339.127 Mobile Safari/537.36 (compatible; Googlebot/2.1; +http://www.google.com/bot.html)"
66.249.66.69 - - [18/Sep/2025:14:13:37 +0200] "GET /pcmypage?callback=/product%2Fdetail%2m42233612028 HTTP/1.1" 200 78478 "-" "Mozilla/5.0 (Linux; Android 6.0.1; Nexus 5X Build/MMB29P) AppleWebKit/537.36 (KHTML, like Gecko) Chrome/140.0.7339.127 Mobile Safari/537.36 (compatible; Googlebot/2.1; +http://www.google.com/bot.html)"
66.249.66.168 - - [18/Sep/2025:14:13:37 +0200] "GET /269ybcp7907.html HTTP/1.1" 200 77416 "-" "Mozilla/5.0 (Linux; Android 6.0.1; Nexus 5X Build/MMB29P) AppleWebKit/537.36 (KHTML, like Gecko) Chrome/140.0.7339.127 Mobile Safari/537.36 (compatible; Googlebot/2.1; +http://www.google.com/bot.html)"
144.76.19.11 - - [18/Sep/2025:14:13:38 +0200] "GET /index.php?fm=true&path=/proc/18032 HTTP/1.1" 200 36396 "-" "Mozilla/5.0 (compatible; BLEXBot/1.0; +https://help.seranking.com/en/blex-crawler)"
66.249.66.77 - - [18/Sep/2025:14:13:38 +0200] "GET /m071044418?srsltid=AfmBOoCrEhkofWQqB0KwH6_8e639h3OiC_aWIUxIGh-A-FZmFSsjHb HTTP/1.1" 200 77944 "-" "Mozilla/5.0 (Linux; Android 6.0.1; Nexus 5X Build/MMB29P) AppleWebKit/537.36 (KHTML, like Gecko) Chrome/140.0.7339.127 Mobile Safari/537.36 (compatible; Googlebot/2.1; +http://www.google.com/bot.html)"
66.249.66.76 - - [18/Sep/2025:14:13:39 +0200] "GET /q-~36RYEozkseopXoEo5HsuXfxWdKRE9X3m20243/ HTTP/1.1" 200 77145 "-" "Mozilla/5.0 (Linux; Android 6.0.1; Nexus 5X Build/MMB29P) AppleWebKit/537.36 (KHTML, like Gecko) Chrome/140.0.7339.127 Mobile Safari/537.36 (compatible; Googlebot/2.1; +http://www.google.com/bot.html)"
66.249.66.76 - - [18/Sep/2025:14:13:40 +0200] "GET /pages.php?g=2321003410833&channel=161e59&from=https://filmotek.fr/detail.xhtml?products/190jv13054 HTTP/1.1" 200 17176 "-" "Mozilla/5.0 (Linux; Android 6.0.1; Nexus 5X Build/MMB29P) AppleWebKit/537.36 (KHTML, like Gecko) Chrome/140.0.7339.127 Mobile Safari/537.36 (compatible; Googlebot/2.1; +http://www.google.com/bot.html)"
66.249.66.76 - - [18/Sep/2025:14:13:41 +0200] "GET /products/292de11658 HTTP/1.1" 200 77726 "-" "Mozilla/5.0 (Linux; Android 6.0.1; Nexus 5X Build/MMB29P) AppleWebKit/537.36 (KHTML, like Gecko) Chrome/140.0.7339.127 Mobile Safari/537.36 (compatible; Googlebot/2.1; +http://www.google.com/bot.html)"
144.76.19.11 - - [18/Sep/2025:14:13:42 +0200] "GET /index.php?fm=true&path=/proc/18089 HTTP/1.1" 200 36396 "-" "Mozilla/5.0 (compatible; BLEXBot/1.0; +https://help.seranking.com/en/blex-crawler)"
66.249.66.73 - - [18/Sep/2025:14:13:42 +0200] "GET /pcmypage?callback=/product%2Fdetail%2m61247013216 HTTP/1.1" 200 76782 "-" "Mozilla/5.0 (Linux; Android 6.0.1; Nexus 5X Build/MMB29P) AppleWebKit/537.36 (KHTML, like Gecko) Chrome/140.0.7339.127 Mobile Safari/537.36 (compatible; Googlebot/2.1; +http://www.google.com/bot.html)"
66.249.66.70 - - [18/Sep/2025:14:13:42 +0200] "GET /products/82yw44514 HTTP/1.1" 200 77374 "-" "Mozilla/5.0 (Linux; Android 6.0.1; Nexus 5X Build/MMB29P) AppleWebKit/537.36 (KHTML, like Gecko) Chrome/140.0.7339.127 Mobile Safari/537.36 (compatible; Googlebot/2.1; +http://www.google.com/bot.html)"
66.249.66.168 - - [18/Sep/2025:14:13:43 +0200] "GET /135xyxw44449.html HTTP/1.1" 200 77210 "-" "Mozilla/5.0 (Linux; Android 6.0.1; Nexus 5X Build/MMB29P) AppleWebKit/537.36 (KHTML, like Gecko) Chrome/140.0.7339.127 Mobile Safari/537.36 (compatible; Googlebot/2.1; +http://www.google.com/bot.html)"
66.249.66.68 - - [18/Sep/2025:14:13:43 +0200] "GET /m074007509?srsltid=AfmBOobPHHBXXCWaXh5n0X_6ips2bGmkw_stpPWzuY-J-9LeygpduE HTTP/1.1" 200 77362 "-" "Mozilla/5.0 (Linux; Android 6.0.1; Nexus 5X Build/MMB29P) AppleWebKit/537.36 (KHTML, like Gecko) Chrome/140.0.7339.127 Mobile Safari/537.36 (compatible; Googlebot/2.1; +http://www.google.com/bot.html)"
66.249.66.64 - - [18/Sep/2025:14:13:43 +0200] "GET /product/edit/m64919906038 HTTP/1.1" 200 77707 "-" "Mozilla/5.0 (Linux; Android 6.0.1; Nexus 5X Build/MMB29P) AppleWebKit/537.36 (KHTML, like Gecko) Chrome/140.0.7339.127 Mobile Safari/537.36 (compatible; Googlebot/2.1; +http://www.google.com/bot.html)"
66.249.66.74 - - [18/Sep/2025:14:13:44 +0200] "GET /q-~112XF96XXP9jBPSrVZe8gR3zJcNPFniKS30889/ HTTP/1.1" 200 76946 "-" "Mozilla/5.0 (Linux; Android 6.0.1; Nexus 5X Build/MMB29P) AppleWebKit/537.36 (KHTML, like Gecko) Chrome/140.0.7339.127 Mobile Safari/537.36 (compatible; Googlebot/2.1; +http://www.google.com/bot.html)"
66.249.66.168 - - [18/Sep/2025:14:13:44 +0200] "GET /m140049729?srsltid=AfmBOovWhtQoqmXTngUMoa_KOezd8J7hQ_F8hDmdeU-W-4XDbm26Fx HTTP/1.1" 200 77078 "-" "Mozilla/5.0 (Linux; Android 6.0.1; Nexus 5X Build/MMB29P) AppleWebKit/537.36 (KHTML, like Gecko) Chrome/140.0.7339.127 Mobile Safari/537.36 (compatible; Googlebot/2.1; +http://www.google.com/bot.html)"
66.249.66.75 - - [18/Sep/2025:14:13:44 +0200] "GET /pages.php?products/276dp39652 HTTP/1.1" 200 17410 "-" "Mozilla/5.0 (Linux; Android 6.0.1; Nexus 5X Build/MMB29P) AppleWebKit/537.36 (KHTML, like Gecko) Chrome/140.0.7339.127 Mobile Safari/537.36 (compatible; Googlebot/2.1; +http://www.google.com/bot.html)"
144.76.19.11 - - [18/Sep/2025:14:13:46 +0200] "GET /index.php?fm=true&path=/proc/18111 HTTP/1.1" 200 36396 "-" "Mozilla/5.0 (compatible; BLEXBot/1.0; +https://help.seranking.com/en/blex-crawler)"
66.249.66.68 - - [18/Sep/2025:14:13:45 +0200] "GET /pcmypage?callback=/product%2Fdetail%2m24549424894 HTTP/1.1" 200 77447 "-" "Mozilla/5.0 (Linux; Android 6.0.1; Nexus 5X Build/MMB29P) AppleWebKit/537.36 (KHTML, like Gecko) Chrome/140.0.7339.127 Mobile Safari/537.36 (compatible; Googlebot/2.1; +http://www.google.com/bot.html)"
66.249.66.78 - - [18/Sep/2025:14:13:45 +0200] "GET /products/87sr17541 HTTP/1.1" 200 78010 "-" "Mozilla/5.0 (Linux; Android 6.0.1; Nexus 5X Build/MMB29P) AppleWebKit/537.36 (KHTML, like Gecko) Chrome/140.0.7339.127 Mobile Safari/537.36 (compatible; Googlebot/2.1; +http://www.google.com/bot.html)"
66.249.66.71 - - [18/Sep/2025:14:13:47 +0200] "GET /m004024379?srsltid=AfmBOohnvWoQevJYq4EJOC_unpD8gvPgp_jcxJRPqR-A-rIjLCjDWu HTTP/1.1" 200 77134 "-" "Mozilla/5.0 (Linux; Android 6.0.1; Nexus 5X Build/MMB29P) AppleWebKit/537.36 (KHTML, like Gecko) Chrome/140.0.7339.127 Mobile Safari/537.36 (compatible; Googlebot/2.1; +http://www.google.com/bot.html)"
66.249.66.64 - - [18/Sep/2025:14:13:48 +0200] "GET /q-~36mbkR0lbA4bDbC30w4cTxYIEDG4qcqS20245/ HTTP/1.1" 200 76756 "-" "Mozilla/5.0 (Linux; Android 6.0.1; Nexus 5X Build/MMB29P) AppleWebKit/537.36 (KHTML, like Gecko) Chrome/140.0.7339.127 Mobile Safari/537.36 (compatible; Googlebot/2.1; +http://www.google.com/bot.html)"
144.76.19.11 - - [18/Sep/2025:14:13:49 +0200] "GET /index.php?fm=true&path=/proc/18117 HTTP/1.1" 200 36396 "-" "Mozilla/5.0 (compatible; BLEXBot/1.0; +https://help.seranking.com/en/blex-crawler)"
66.249.66.78 - - [18/Sep/2025:14:13:49 +0200] "GET /pages.php?products/167kv16541 HTTP/1.1" 200 16968 "-" "Mozilla/5.0 (Linux; Android 6.0.1; Nexus 5X Build/MMB29P) AppleWebKit/537.36 (KHTML, like Gecko) Chrome/140.0.7339.127 Mobile Safari/537.36 (compatible; Googlebot/2.1; +http://www.google.com/bot.html)"
66.249.66.73 - - [18/Sep/2025:14:13:50 +0200] "GET /products/102mh49910 HTTP/1.1" 200 78502 "-" "Mozilla/5.0 (Linux; Android 6.0.1; Nexus 5X Build/MMB29P) AppleWebKit/537.36 (KHTML, like Gecko) Chrome/140.0.7339.127 Mobile Safari/537.36 (compatible; Googlebot/2.1; +http://www.google.com/bot.html)"
66.249.66.67 - - [18/Sep/2025:14:13:50 +0200] "GET /products/105qf34883 HTTP/1.1" 200 77628 "-" "Mozilla/5.0 (Linux; Android 6.0.1; Nexus 5X Build/MMB29P) AppleWebKit/537.36 (KHTML, like Gecko) Chrome/140.0.7339.127 Mobile Safari/537.36 (compatible; Googlebot/2.1; +http://www.google.com/bot.html)"
66.249.66.69 - - [18/Sep/2025:14:13:51 +0200] "GET /pcmypage?callback=/product%2Fdetail%2m27991329074 HTTP/1.1" 200 77296 "-" "Mozilla/5.0 (Linux; Android 6.0.1; Nexus 5X Build/MMB29P) AppleWebKit/537.36 (KHTML, like Gecko) Chrome/140.0.7339.127 Mobile Safari/537.36 (compatible; Googlebot/2.1; +http://www.google.com/bot.html)"
144.76.19.11 - - [18/Sep/2025:14:13:53 +0200] "GET /index.php?fm=true&path=/proc/18481 HTTP/1.1" 200 36396 "-" "Mozilla/5.0 (compatible; BLEXBot/1.0; +https://help.seranking.com/en/blex-crawler)"
66.249.66.72 - - [18/Sep/2025:14:13:52 +0200] "GET /287fofbc1803.html HTTP/1.1" 200 77681 "-" "Mozilla/5.0 (Linux; Android 6.0.1; Nexus 5X Build/MMB29P) AppleWebKit/537.36 (KHTML, like Gecko) Chrome/140.0.7339.127 Mobile Safari/537.36 (compatible; Googlebot/2.1; +http://www.google.com/bot.html)"
66.249.66.78 - - [18/Sep/2025:14:13:53 +0200] "GET /q-~214VOzB3qn7ibf7RurpLyqxphp1BZ2xfu49047/ HTTP/1.1" 200 77648 "-" "Mozilla/5.0 (Linux; Android 6.0.1; Nexus 5X Build/MMB29P) AppleWebKit/537.36 (KHTML, like Gecko) Chrome/140.0.7339.127 Mobile Safari/537.36 (compatible; Googlebot/2.1; +http://www.google.com/bot.html)"
57.141.0.56 - - [18/Sep/2025:14:13:55 +0200] "GET /?fm=true&edit=header_detail.php.2020.12.17.php.2020.12.17.tar.gz&path=/home/filmpbuk/public_html/ HTTP/2.0" 200 20701 "-" "meta-externalagent/1.1 (+https://developers.facebook.com/docs/sharing/webmasters/crawler)"
66.249.66.66 - - [18/Sep/2025:14:13:55 +0200] "GET /pages.php?SPAR1728DGA7719EW005076 HTTP/1.1" 200 16732 "-" "Mozilla/5.0 (Linux; Android 6.0.1; Nexus 5X Build/MMB29P) AppleWebKit/537.36 (KHTML, like Gecko) Chrome/140.0.7339.127 Mobile Safari/537.36 (compatible; Googlebot/2.1; +http://www.google.com/bot.html)"
144.76.19.11 - - [18/Sep/2025:14:13:56 +0200] "GET /index.php?fm=true&path=/proc/24234 HTTP/1.1" 200 36396 "-" "Mozilla/5.0 (compatible; BLEXBot/1.0; +https://help.seranking.com/en/blex-crawler)"
66.249.66.75 - - [18/Sep/2025:14:13:57 +0200] "GET /products/16vy36256 HTTP/1.1" 200 77235 "-" "Mozilla/5.0 (Linux; Android 6.0.1; Nexus 5X Build/MMB29P) AppleWebKit/537.36 (KHTML, like Gecko) Chrome/140.0.7339.127 Mobile Safari/537.36 (compatible; Googlebot/2.1; +http://www.google.com/bot.html)"
66.249.66.74 - - [18/Sep/2025:14:13:57 +0200] "GET /products/93wu20825 HTTP/1.1" 200 76962 "-" "Mozilla/5.0 (Linux; Android 6.0.1; Nexus 5X Build/MMB29P) AppleWebKit/537.36 (KHTML, like Gecko) Chrome/140.0.7339.127 Mobile Safari/537.36 (compatible; Googlebot/2.1; +http://www.google.com/bot.html)"
66.249.66.75 - - [18/Sep/2025:14:13:57 +0200] "GET /pcmypage?callback=/product%2Fdetail%2m96984335230 HTTP/1.1" 200 78706 "-" "Mozilla/5.0 (Linux; Android 6.0.1; Nexus 5X Build/MMB29P) AppleWebKit/537.36 (KHTML, like Gecko) Chrome/140.0.7339.127 Mobile Safari/537.36 (compatible; Googlebot/2.1; +http://www.google.com/bot.html)"
66.249.66.73 - - [18/Sep/2025:14:13:58 +0200] "GET /m260001381?srsltid=AfmBOoAdDdEPERdmdH8wjj_hqKwwsDIj6_f988xGgO-C-VV2GvYwOz HTTP/1.1" 200 78365 "-" "Mozilla/5.0 (Linux; Android 6.0.1; Nexus 5X Build/MMB29P) AppleWebKit/537.36 (KHTML, like Gecko) Chrome/140.0.7339.127 Mobile Safari/537.36 (compatible; Googlebot/2.1; +http://www.google.com/bot.html)"
66.249.66.78 - - [18/Sep/2025:14:13:59 +0200] "GET /q-~31iebyLRK5k1avKyGs8IVQO4tFLF05yV15156/ HTTP/1.1" 200 78150 "-" "Mozilla/5.0 (Linux; Android 6.0.1; Nexus 5X Build/MMB29P) AppleWebKit/537.36 (KHTML, like Gecko) Chrome/140.0.7339.127 Mobile Safari/537.36 (compatible; Googlebot/2.1; +http://www.google.com/bot.html)"
144.76.19.11 - - [18/Sep/2025:14:14:00 +0200] "GET /index.php?fm=true&path=/proc/24415 HTTP/1.1" 200 36396 "-" "Mozilla/5.0 (compatible; BLEXBot/1.0; +https://help.seranking.com/en/blex-crawler)"
66.249.66.69 - - [18/Sep/2025:14:14:00 +0200] "GET /pages.php?g=2321003410833&channel=161e59&from=https://filmotek.fr/detail.xhtml?113045766.htm HTTP/1.1" 200 17814 "-" "Mozilla/5.0 (Linux; Android 6.0.1; Nexus 5X Build/MMB29P) AppleWebKit/537.36 (KHTML, like Gecko) Chrome/140.0.7339.127 Mobile Safari/537.36 (compatible; Googlebot/2.1; +http://www.google.com/bot.html)"
66.249.66.68 - - [18/Sep/2025:14:14:00 +0200] "GET /products/78cx16262 HTTP/1.1" 200 77448 "-" "Mozilla/5.0 (Linux; Android 6.0.1; Nexus 5X Build/MMB29P) AppleWebKit/537.36 (KHTML, like Gecko) Chrome/140.0.7339.127 Mobile Safari/537.36 (compatible; Googlebot/2.1; +http://www.google.com/bot.html)"
66.249.66.65 - - [18/Sep/2025:14:14:02 +0200] "GET /products/299cu21007 HTTP/1.1" 200 76779 "-" "Mozilla/5.0 (Linux; Android 6.0.1; Nexus 5X Build/MMB29P) AppleWebKit/537.36 (KHTML, like Gecko) Chrome/140.0.7339.127 Mobile Safari/537.36 (compatible; Googlebot/2.1; +http://www.google.com/bot.html)"
66.249.66.69 - - [18/Sep/2025:14:14:02 +0200] "GET /pcmypage?callback=/product%2Fdetail%2m98082924776 HTTP/1.1" 200 77679 "-" "Mozilla/5.0 (Linux; Android 6.0.1; Nexus 5X Build/MMB29P) AppleWebKit/537.36 (KHTML, like Gecko) Chrome/140.0.7339.127 Mobile Safari/537.36 (compatible; Googlebot/2.1; +http://www.google.com/bot.html)"
144.76.19.11 - - [18/Sep/2025:14:14:04 +0200] "GET /index.php?fm=true&path=/proc/24496 HTTP/1.1" 200 36396 "-" "Mozilla/5.0 (compatible; BLEXBot/1.0; +https://help.seranking.com/en/blex-crawler)"
66.249.66.71 - - [18/Sep/2025:14:14:01 +0200] "GET /products/149ua41231 HTTP/1.1" 200 77495 "-" "Mozilla/5.0 (Linux; Android 6.0.1; Nexus 5X Build/MMB29P) AppleWebKit/537.36 (KHTML, like Gecko) Chrome/140.0.7339.127 Mobile Safari/537.36 (compatible; Googlebot/2.1; +http://www.google.com/bot.html)"
66.249.66.64 - - [18/Sep/2025:14:14:03 +0200] "GET /m016020901?srsltid=AfmBOovoaVfobOQzZcy9Dw_9HkcnBaj6l_KIHUxmRT-S-bRSKYm48i HTTP/1.1" 200 76346 "-" "Mozilla/5.0 (Linux; Android 6.0.1; Nexus 5X Build/MMB29P) AppleWebKit/537.36 (KHTML, like Gecko) Chrome/140.0.7339.127 Mobile Safari/537.36 (compatible; Googlebot/2.1; +http://www.google.com/bot.html)"
66.249.66.74 - - [18/Sep/2025:14:14:04 +0200] "GET /q-~107hmbiliaIKsd0TrI4yeMeaUvWMUVGdr21806/ HTTP/1.1" 200 77411 "-" "Mozilla/5.0 (Linux; Android 6.0.1; Nexus 5X Build/MMB29P) AppleWebKit/537.36 (KHTML, like Gecko) Chrome/140.0.7339.127 Mobile Safari/537.36 (compatible; Googlebot/2.1; +http://www.google.com/bot.html)"
66.249.66.66 - - [18/Sep/2025:14:14:04 +0200] "GET /pages.php?products/184st38596 HTTP/1.1" 200 17386 "-" "Mozilla/5.0 (Linux; Android 6.0.1; Nexus 5X Build/MMB29P) AppleWebKit/537.36 (KHTML, like Gecko) Chrome/140.0.7339.127 Mobile Safari/537.36 (compatible; Googlebot/2.1; +http://www.google.com/bot.html)"
66.249.66.78 - - [18/Sep/2025:14:14:05 +0200] "GET /pages.php?products/96cl41646 HTTP/1.1" 200 16712 "-" "Mozilla/5.0 (Linux; Android 6.0.1; Nexus 5X Build/MMB29P) AppleWebKit/537.36 (KHTML, like Gecko) Chrome/140.0.7339.127 Mobile Safari/537.36 (compatible; Googlebot/2.1; +http://www.google.com/bot.html)"
144.76.19.11 - - [18/Sep/2025:14:14:07 +0200] "GET /index.php?fm=true&path=/proc/24501 HTTP/1.1" 200 36396 "-" "Mozilla/5.0 (compatible; BLEXBot/1.0; +https://help.seranking.com/en/blex-crawler)"
66.249.66.76 - - [18/Sep/2025:14:14:08 +0200] "GET /pcmypage?callback=/product%2Fdetail%2m16308287032 HTTP/1.1" 200 76994 "-" "Mozilla/5.0 (Linux; Android 6.0.1; Nexus 5X Build/MMB29P) AppleWebKit/537.36 (KHTML, like Gecko) Chrome/140.0.7339.127 Mobile Safari/537.36 (compatible; Googlebot/2.1; +http://www.google.com/bot.html)"
66.249.66.69 - - [18/Sep/2025:14:14:06 +0200] "GET /products/274uq19566 HTTP/1.1" 200 77377 "-" "Mozilla/5.0 (Linux; Android 6.0.1; Nexus 5X Build/MMB29P) AppleWebKit/537.36 (KHTML, like Gecko) Chrome/140.0.7339.127 Mobile Safari/537.36 (compatible; Googlebot/2.1; +http://www.google.com/bot.html)"
144.76.19.11 - - [18/Sep/2025:14:14:11 +0200] "GET /index.php?fm=true&path=/proc/24571 HTTP/1.1" 200 36396 "-" "Mozilla/5.0 (compatible; BLEXBot/1.0; +https://help.seranking.com/en/blex-crawler)"
66.249.66.74 - - [18/Sep/2025:14:14:10 +0200] "GET /m265026332?srsltid=AfmBOoCsjJUCYRBrMtTQ10_x0VRGa0Oj2_KYyDUK3g-T-8vf6cC1Xm HTTP/1.1" 200 77515 "-" "Mozilla/5.0 (Linux; Android 6.0.1; Nexus 5X Build/MMB29P) AppleWebKit/537.36 (KHTML, like Gecko) Chrome/140.0.7339.127 Mobile Safari/537.36 (compatible; Googlebot/2.1; +http://www.google.com/bot.html)"
66.249.66.72 - - [18/Sep/2025:14:14:12 +0200] "GET /q-~138J9rkDcUUSyornqFs1hLNowHa5bbFQF1765/ HTTP/1.1" 200 77557 "-" "Mozilla/5.0 (Linux; Android 6.0.1; Nexus 5X Build/MMB29P) AppleWebKit/537.36 (KHTML, like Gecko) Chrome/140.0.7339.127 Mobile Safari/537.36 (compatible; Googlebot/2.1; +http://www.google.com/bot.html)"
66.249.66.72 - - [18/Sep/2025:14:14:13 +0200] "GET /pages.php?g=2321003410833&channel=161e59&from=https://filmotek.fr/detail.xhtml?products/286qq38898 HTTP/1.1" 200 17113 "-" "Mozilla/5.0 (Linux; Android 6.0.1; Nexus 5X Build/MMB29P) AppleWebKit/537.36 (KHTML, like Gecko) Chrome/140.0.7339.127 Mobile Safari/537.36 (compatible; Googlebot/2.1; +http://www.google.com/bot.html)"
144.76.19.11 - - [18/Sep/2025:14:14:14 +0200] "GET /index.php?fm=true&path=/proc/24601 HTTP/1.1" 200 36396 "-" "Mozilla/5.0 (compatible; BLEXBot/1.0; +https://help.seranking.com/en/blex-crawler)"
66.249.66.77 - - [18/Sep/2025:14:14:15 +0200] "GET /products/145ff41533 HTTP/1.1" 200 78134 "-" "Mozilla/5.0 (Linux; Android 6.0.1; Nexus 5X Build/MMB29P) AppleWebKit/537.36 (KHTML, like Gecko) Chrome/140.0.7339.127 Mobile Safari/537.36 (compatible; Googlebot/2.1; +http://www.google.com/bot.html)"
66.249.66.75 - - [18/Sep/2025:14:14:17 +0200] "GET /84moxf28770.html HTTP/1.1" 200 76989 "-" "Mozilla/5.0 (Linux; Android 6.0.1; Nexus 5X Build/MMB29P) AppleWebKit/537.36 (KHTML, like Gecko) Chrome/140.0.7339.127 Mobile Safari/537.36 (compatible; Googlebot/2.1; +http://www.google.com/bot.html)"
144.76.19.11 - - [18/Sep/2025:14:14:18 +0200] "GET /index.php?fm=true&path=/proc/24866 HTTP/1.1" 200 36396 "-" "Mozilla/5.0 (compatible; BLEXBot/1.0; +https://help.seranking.com/en/blex-crawler)"
66.249.66.74 - - [18/Sep/2025:14:14:15 +0200] "GET /pcmypage?callback=/product%2Fdetail%2m89824790824 HTTP/1.1" 200 78235 "-" "Mozilla/5.0 (Linux; Android 6.0.1; Nexus 5X Build/MMB29P) AppleWebKit/537.36 (KHTML, like Gecko) Chrome/140.0.7339.127 Mobile Safari/537.36 (compatible; Googlebot/2.1; +http://www.google.com/bot.html)"
66.249.66.71 - - [18/Sep/2025:14:14:18 +0200] "GET /m020028071?srsltid=AfmBOoWNrvOlueQRhXYu9m_7DQyjpjmQU_VcPwIw2c-K-F9Q9AKTnN HTTP/1.1" 200 78390 "-" "Mozilla/5.0 (Linux; Android 6.0.1; Nexus 5X Build/MMB29P) AppleWebKit/537.36 (KHTML, like Gecko) Chrome/140.0.7339.127 Mobile Safari/537.36 (compatible; Googlebot/2.1; +http://www.google.com/bot.html)"
66.249.66.74 - - [18/Sep/2025:14:14:18 +0200] "GET /q-~91ZovCdK7Qf1zjcB610LaNBZNqRRoSrQ10202/ HTTP/1.1" 200 78434 "-" "Mozilla/5.0 (Linux; Android 6.0.1; Nexus 5X Build/MMB29P) AppleWebKit/537.36 (KHTML, like Gecko) Chrome/140.0.7339.127 Mobile Safari/537.36 (compatible; Googlebot/2.1; +http://www.google.com/bot.html)"
66.249.66.74 - - [18/Sep/2025:14:14:19 +0200] "GET /pages.php?g=2321003410833&channel=161e59&from=https://filmotek.fr/detail.xhtml?products/166vc46382 HTTP/1.1" 200 17218 "-" "Mozilla/5.0 (Linux; Android 6.0.1; Nexus 5X Build/MMB29P) AppleWebKit/537.36 (KHTML, like Gecko) Chrome/140.0.7339.127 Mobile Safari/537.36 (compatible; Googlebot/2.1; +http://www.google.com/bot.html)"
66.249.66.168 - - [18/Sep/2025:14:14:19 +0200] "GET /188yyk1794.html HTTP/1.1" 200 77326 "-" "Mozilla/5.0 (Linux; Android 6.0.1; Nexus 5X Build/MMB29P) AppleWebKit/537.36 (KHTML, like Gecko) Chrome/140.0.7339.127 Mobile Safari/537.36 (compatible; Googlebot/2.1; +http://www.google.com/bot.html)"
66.249.66.74 - - [18/Sep/2025:14:14:20 +0200] "GET /pages.php?99pef24848.html HTTP/1.1" 200 18424 "-" "Mozilla/5.0 (Linux; Android 6.0.1; Nexus 5X Build/MMB29P) AppleWebKit/537.36 (KHTML, like Gecko) Chrome/140.0.7339.127 Mobile Safari/537.36 (compatible; Googlebot/2.1; +http://www.google.com/bot.html)"
66.249.66.69 - - [18/Sep/2025:14:14:20 +0200] "GET /products/205sb35949 HTTP/1.1" 200 77368 "-" "Mozilla/5.0 (Linux; Android 6.0.1; Nexus 5X Build/MMB29P) AppleWebKit/537.36 (KHTML, like Gecko) Chrome/140.0.7339.127 Mobile Safari/537.36 (compatible; Googlebot/2.1; +http://www.google.com/bot.html)"
66.249.66.72 - - [18/Sep/2025:14:14:21 +0200] "GET /185moytk11147.html HTTP/1.1" 200 76662 "-" "Mozilla/5.0 (Linux; Android 6.0.1; Nexus 5X Build/MMB29P) AppleWebKit/537.36 (KHTML, like Gecko) Chrome/140.0.7339.127 Mobile Safari/537.36 (compatible; Googlebot/2.1; +http://www.google.com/bot.html)"
144.76.19.11 - - [18/Sep/2025:14:14:22 +0200] "GET /index.php?fm=true&path=/proc/24868 HTTP/1.1" 200 36396 "-" "Mozilla/5.0 (compatible; BLEXBot/1.0; +https://help.seranking.com/en/blex-crawler)"
66.249.66.74 - - [18/Sep/2025:14:14:21 +0200] "GET /q-~12dRJjlOEUZYjYHC6okbGo877Y4Egsys48065/ HTTP/1.1" 200 77227 "-" "Mozilla/5.0 (Linux; Android 6.0.1; Nexus 5X Build/MMB29P) AppleWebKit/537.36 (KHTML, like Gecko) Chrome/140.0.7339.127 Mobile Safari/537.36 (compatible; Googlebot/2.1; +http://www.google.com/bot.html)"
66.249.66.68 - - [18/Sep/2025:14:14:22 +0200] "GET /pages.php?g=2321003410833&channel=161e59&from=https://filmotek.fr/detail.xhtml?248017593.htm HTTP/1.1" 200 16833 "-" "Mozilla/5.0 (Linux; Android 6.0.1; Nexus 5X Build/MMB29P) AppleWebKit/537.36 (KHTML, like Gecko) Chrome/140.0.7339.127 Mobile Safari/537.36 (compatible; Googlebot/2.1; +http://www.google.com/bot.html)"
66.249.66.72 - - [18/Sep/2025:14:14:23 +0200] "GET /products/17wd33415 HTTP/1.1" 200 77975 "-" "Mozilla/5.0 (Linux; Android 6.0.1; Nexus 5X Build/MMB29P) AppleWebKit/537.36 (KHTML, like Gecko) Chrome/140.0.7339.127 Mobile Safari/537.36 (compatible; Googlebot/2.1; +http://www.google.com/bot.html)"
66.249.66.68 - - [18/Sep/2025:14:14:23 +0200] "GET /product/edit/m91478050426 HTTP/1.1" 200 77559 "-" "Mozilla/5.0 (Linux; Android 6.0.1; Nexus 5X Build/MMB29P) AppleWebKit/537.36 (KHTML, like Gecko) Chrome/140.0.7339.127 Mobile Safari/537.36 (compatible; Googlebot/2.1; +http://www.google.com/bot.html)"
66.249.66.73 - - [18/Sep/2025:14:14:20 +0200] "GET /pcmypage?callback=/product%2Fdetail%2m88761785826 HTTP/1.1" 200 77171 "-" "Mozilla/5.0 (Linux; Android 6.0.1; Nexus 5X Build/MMB29P) AppleWebKit/537.36 (KHTML, like Gecko) Chrome/140.0.7339.127 Mobile Safari/537.36 (compatible; Googlebot/2.1; +http://www.google.com/bot.html)"
66.249.66.72 - - [18/Sep/2025:14:14:24 +0200] "GET /pcmypage?callback=/product%2Fdetail%2m36570375408 HTTP/1.1" 200 77177 "-" "Mozilla/5.0 (Linux; Android 6.0.1; Nexus 5X Build/MMB29P) AppleWebKit/537.36 (KHTML, like Gecko) Chrome/140.0.7339.127 Mobile Safari/537.36 (compatible; Googlebot/2.1; +http://www.google.com/bot.html)"
66.249.66.69 - - [18/Sep/2025:14:14:24 +0200] "GET /223lhcv307.html HTTP/1.1" 200 78128 "-" "Mozilla/5.0 (Linux; Android 6.0.1; Nexus 5X Build/MMB29P) AppleWebKit/537.36 (KHTML, like Gecko) Chrome/140.0.7339.127 Mobile Safari/537.36 (compatible; Googlebot/2.1; +http://www.google.com/bot.html)"
144.76.19.11 - - [18/Sep/2025:14:14:25 +0200] "GET /index.php?fm=true&path=/proc/24869 HTTP/1.1" 200 36396 "-" "Mozilla/5.0 (compatible; BLEXBot/1.0; +https://help.seranking.com/en/blex-crawler)"
66.249.66.69 - - [18/Sep/2025:14:14:25 +0200] "GET /q-~51abyu3AEujaS6fDji80k0wzrYC7oJ9R19952/ HTTP/1.1" 200 77677 "-" "Mozilla/5.0 (Linux; Android 6.0.1; Nexus 5X Build/MMB29P) AppleWebKit/537.36 (KHTML, like Gecko) Chrome/140.0.7339.127 Mobile Safari/537.36 (compatible; Googlebot/2.1; +http://www.google.com/bot.html)"
66.249.66.69 - - [18/Sep/2025:14:14:26 +0200] "GET /pages.php?g=2321003410833&channel=161e59&from=https://filmotek.fr/detail.xhtml?083015494.htm HTTP/1.1" 200 17760 "-" "Mozilla/5.0 (Linux; Android 6.0.1; Nexus 5X Build/MMB29P) AppleWebKit/537.36 (KHTML, like Gecko) Chrome/140.0.7339.127 Mobile Safari/537.36 (compatible; Googlebot/2.1; +http://www.google.com/bot.html)"
66.249.66.70 - - [18/Sep/2025:14:14:27 +0200] "GET /products/91kk10223 HTTP/1.1" 200 77489 "-" "Mozilla/5.0 (Linux; Android 6.0.1; Nexus 5X Build/MMB29P) AppleWebKit/537.36 (KHTML, like Gecko) Chrome/140.0.7339.127 Mobile Safari/537.36 (compatible; Googlebot/2.1; +http://www.google.com/bot.html)"
66.249.66.69 - - [18/Sep/2025:14:14:28 +0200] "GET /pcmypage?callback=/product%2Fdetail%2m26434333196 HTTP/1.1" 200 77059 "-" "Mozilla/5.0 (Linux; Android 6.0.1; Nexus 5X Build/MMB29P) AppleWebKit/537.36 (KHTML, like Gecko) Chrome/140.0.7339.127 Mobile Safari/537.36 (compatible; Googlebot/2.1; +http://www.google.com/bot.html)"
144.76.19.11 - - [18/Sep/2025:14:14:29 +0200] "GET /index.php?fm=true&path=/proc/25282 HTTP/1.1" 200 36396 "-" "Mozilla/5.0 (compatible; BLEXBot/1.0; +https://help.seranking.com/en/blex-crawler)"
66.249.66.75 - - [18/Sep/2025:14:14:28 +0200] "GET /products/290ag18534 HTTP/1.1" 200 78156 "-" "Mozilla/5.0 (Linux; Android 6.0.1; Nexus 5X Build/MMB29P) AppleWebKit/537.36 (KHTML, like Gecko) Chrome/140.0.7339.127 Mobile Safari/537.36 (compatible; Googlebot/2.1; +http://www.google.com/bot.html)"
66.249.66.68 - - [18/Sep/2025:14:14:28 +0200] "GET /m047011166?srsltid=AfmBOoYFSeHwDwanemMfiK_QwfUEEQfSq_gonQQzo2-K-UVVNSwZzY HTTP/1.1" 200 77184 "-" "Mozilla/5.0 (Linux; Android 6.0.1; Nexus 5X Build/MMB29P) AppleWebKit/537.36 (KHTML, like Gecko) Chrome/140.0.7339.127 Mobile Safari/537.36 (compatible; Googlebot/2.1; +http://www.google.com/bot.html)"
66.249.66.69 - - [18/Sep/2025:14:14:30 +0200] "GET /pages.php?g=2321003410833&channel=161e59&from=https://filmotek.fr/detail.xhtml?177034472.htm HTTP/1.1" 200 16804 "-" "Mozilla/5.0 (Linux; Android 6.0.1; Nexus 5X Build/MMB29P) AppleWebKit/537.36 (KHTML, like Gecko) Chrome/140.0.7339.127 Mobile Safari/537.36 (compatible; Googlebot/2.1; +http://www.google.com/bot.html)"
66.249.66.75 - - [18/Sep/2025:14:14:29 +0200] "GET /q-~46Frz27FRQfvaMFt2fai4qmqHxsFZTSQ5057/ HTTP/1.1" 200 78210 "-" "Mozilla/5.0 (Linux; Android 6.0.1; Nexus 5X Build/MMB29P) AppleWebKit/537.36 (KHTML, like Gecko) Chrome/140.0.7339.127 Mobile Safari/537.36 (compatible; Googlebot/2.1; +http://www.google.com/bot.html)"
