66.249.66.68 - - [18/Sep/2025:14:24:06 +0200] "GET /pcmypage?callback=/product%2Fdetail%2m28915139775 HTTP/1.1" 200 77360 "-" "Mozilla/5.0 (Linux; Android 6.0.1; Nexus 5X Build/MMB29P) AppleWebKit/537.36 (KHTML, like Gecko) Chrome/140.0.7339.127 Mobile Safari/537.36 (compatible; Googlebot/2.1; +http://www.google.com/bot.html)"
66.249.66.75 - - [18/Sep/2025:14:24:07 +0200] "GET /products/257sz38839 HTTP/1.1" 200 77443 "-" "Mozilla/5.0 (Linux; Android 6.0.1; Nexus 5X Build/MMB29P) AppleWebKit/537.36 (KHTML, like Gecko) Chrome/140.0.7339.127 Mobile Safari/537.36 (compatible; Googlebot/2.1; +http://www.google.com/bot.html)"
144.76.19.11 - - [18/Sep/2025:14:24:08 +0200] "GET /?fm=true&path=/proc/irq/14/ata_piix HTTP/1.1" 200 24319 "-" "Mozilla/5.0 (compatible; BLEXBot/1.0; +https://help.seranking.com/en/blex-crawler)"
66.249.66.74 - - [18/Sep/2025:14:24:05 +0200] "GET /pages.php?g=2321003410833&channel=161e59&from=https://filmotek.fr/detail.xhtml?117039614.htm HTTP/1.1" 200 16823 "-" "Mozilla/5.0 (Linux; Android 6.0.1; Nexus 5X Build/MMB29P) AppleWebKit/537.36 (KHTML, like Gecko) Chrome/140.0.7339.127 Mobile Safari/537.36 (compatible; Googlebot/2.1; +http://www.google.com/bot.html)"
66.249.66.78 - - [18/Sep/2025:14:24:08 +0200] "GET /m075049388?srsltid=AfmBOojUIjTEjkjVDVvw07_RuETyCPIlC_3vLloPuS-H-J7Is0kIMf HTTP/1.1" 200 77836 "-" "Mozilla/5.0 (Linux; Android 6.0.1; Nexus 5X Build/MMB29P) AppleWebKit/537.36 (KHTML, like Gecko) Chrome/140.0.7339.127 Mobile Safari/537.36 (compatible; Googlebot/2.1; +http://www.google.com/bot.html)"
144.76.19.11 - - [18/Sep/2025:14:24:12 +0200] "GET /?fm=true&path=/proc/irq/15/ata_piix HTTP/1.1" 200 24319 "-" "Mozilla/5.0 (compatible; BLEXBot/1.0; +https://help.seranking.com/en/blex-crawler)"
66.249.66.71 - - [18/Sep/2025:14:24:12 +0200] "GET /q-~204vhbrnpvBbjlfuYESfZybJS4zw0HiAL38023/ HTTP/1.1" 200 78250 "-" "Mozilla/5.0 (Linux; Android 6.0.1; Nexus 5X Build/MMB29P) AppleWebKit/537.36 (KHTML, like Gecko) Chrome/140.0.7339.127 Mobile Safari/537.36 (compatible; Googlebot/2.1; +http://www.google.com/bot.html)"
66.249.66.74 - - [18/Sep/2025:14:24:15 +0200] "GET /pages.php?products/179ls27931 HTTP/1.1" 200 17138 "-" "Mozilla/5.0 (Linux; Android 6.0.1; Nexus 5X Build/MMB29P) AppleWebKit/537.36 (KHTML, like Gecko) Chrome/140.0.7339.127 Mobile Safari/537.36 (compatible; Googlebot/2.1; +http://www.google.com/bot.html)"
144.76.19.11 - - [18/Sep/2025:14:24:15 +0200] "GET /?fm=true&path=/proc/sys/dev/mac_hid HTTP/1.1" 200 28074 "-" "Mozilla/5.0 (compatible; BLEXBot/1.0; +https://help.seranking.com/en/blex-crawler)"
216.73.216.182 - - [18/Sep/2025:14:24:16 +0200] "GET /products/5ah34973?fm=true&path=%2Fhome%2Ffilmpbuk%2Fpublic_html%2Fjs%2FfancyBox%2Flib%2F&rename=jquery.mousewheel-3.0.6.pack.js HTTP/2.0" 200 8383 "-" "Mozilla/5.0 AppleWebKit/537.36 (KHTML, like Gecko; compatible; ClaudeBot/1.0; +claudebot@anthropic.com)"
66.249.66.68 - - [18/Sep/2025:14:24:16 +0200] "GET /pages.php?g=2321003410833&channel=161e59&from=https://filmotek.fr/detail.xhtml?products/251nx47623 HTTP/1.1" 200 17404 "-" "Mozilla/5.0 (Linux; Android 6.0.1; Nexus 5X Build/MMB29P) AppleWebKit/537.36 (KHTML, like Gecko) Chrome/140.0.7339.127 Mobile Safari/537.36 (compatible; Googlebot/2.1; +http://www.google.com/bot.html)"
66.249.66.73 - - [18/Sep/2025:14:24:16 +0200] "GET /pcmypage?callback=/product%2Fdetail%2m20747017422 HTTP/1.1" 200 77216 "-" "Mozilla/5.0 (Linux; Android 6.0.1; Nexus 5X Build/MMB29P) AppleWebKit/537.36 (KHTML, like Gecko) Chrome/140.0.7339.127 Mobile Safari/537.36 (compatible; Googlebot/2.1; +http://www.google.com/bot.html)"
66.249.66.69 - - [18/Sep/2025:14:24:17 +0200] "GET /products/113az11257 HTTP/1.1" 200 77383 "-" "Mozilla/5.0 (Linux; Android 6.0.1; Nexus 5X Build/MMB29P) AppleWebKit/537.36 (KHTML, like Gecko) Chrome/140.0.7339.127 Mobile Safari/537.36 (compatible; Googlebot/2.1; +http://www.google.com/bot.html)"
66.249.66.72 - - [18/Sep/2025:14:24:18 +0200] "GET /128htawq31594.html HTTP/1.1" 200 77259 "-" "Mozilla/5.0 (Linux; Android 6.0.1; Nexus 5X Build/MMB29P) AppleWebKit/537.36 (KHTML, like Gecko) Chrome/140.0.7339.127 Mobile Safari/537.36 (compatible; Googlebot/2.1; +http://www.google.com/bot.html)"
144.76.19.11 - - [18/Sep/2025:14:24:19 +0200] "GET /?fm=true&path=/proc/sys/kernel/keys HTTP/1.1" 200 31064 "-" "Mozilla/5.0 (compatible; BLEXBot/1.0; +https://help.seranking.com/en/blex-crawler)"
66.249.66.71 - - [18/Sep/2025:14:24:18 +0200] "GET /q-~82LW1l1M1zsptMcx5Gmbzlf2zCqrb6Nd1105/ HTTP/1.1" 200 77666 "-" "Mozilla/5.0 (Linux; Android 6.0.1; Nexus 5X Build/MMB29P) AppleWebKit/537.36 (KHTML, like Gecko) Chrome/140.0.7339.127 Mobile Safari/537.36 (compatible; Googlebot/2.1; +http://www.google.com/bot.html)"
66.249.66.69 - - [18/Sep/2025:14:24:19 +0200] "GET /pages.php?SOWD1957DOW5142EW005008 HTTP/1.1" 200 16564 "-" "Mozilla/5.0 (Linux; Android 6.0.1; Nexus 5X Build/MMB29P) AppleWebKit/537.36 (KHTML, like Gecko) Chrome/140.0.7339.127 Mobile Safari/537.36 (compatible; Googlebot/2.1; +http://www.google.com/bot.html)"
66.249.66.77 - - [18/Sep/2025:14:24:20 +0200] "GET /pages.php?products/252rp27464 HTTP/1.1" 200 17197 "-" "Mozilla/5.0 (Linux; Android 6.0.1; Nexus 5X Build/MMB29P) AppleWebKit/537.36 (KHTML, like Gecko) Chrome/140.0.7339.127 Mobile Safari/537.36 (compatible; Googlebot/2.1; +http://www.google.com/bot.html)"
66.249.66.68 - - [18/Sep/2025:14:24:21 +0200] "GET /products/72mi15510 HTTP/1.1" 200 77864 "-" "Mozilla/5.0 (Linux; Android 6.0.1; Nexus 5X Build/MMB29P) AppleWebKit/537.36 (KHTML, like Gecko) Chrome/140.0.7339.127 Mobile Safari/537.36 (compatible; Googlebot/2.1; +http://www.google.com/bot.html)"
66.249.66.74 - - [18/Sep/2025:14:24:21 +0200] "GET /products/20yc37114 HTTP/1.1" 200 77094 "-" "Mozilla/5.0 (Linux; Android 6.0.1; Nexus 5X Build/MMB29P) AppleWebKit/537.36 (KHTML, like Gecko) Chrome/140.0.7339.127 Mobile Safari/537.36 (compatible; Googlebot/2.1; +http://www.google.com/bot.html)"
66.249.66.68 - - [18/Sep/2025:14:24:21 +0200] "GET /products/14qg42514 HTTP/1.1" 200 77007 "-" "Mozilla/5.0 (Linux; Android 6.0.1; Nexus 5X Build/MMB29P) AppleWebKit/537.36 (KHTML, like Gecko) Chrome/140.0.7339.127 Mobile Safari/537.36 (compatible; Googlebot/2.1; +http://www.google.com/bot.html)"
66.249.66.68 - - [18/Sep/2025:14:24:22 +0200] "GET /q-~4B1eomKl8YW9Qo3qZPxiVYyTPSLGbjJ33135/ HTTP/1.1" 200 77644 "-" "Mozilla/5.0 (Linux; Android 6.0.1; Nexus 5X Build/MMB29P) AppleWebKit/537.36 (KHTML, like Gecko) Chrome/140.0.7339.127 Mobile Safari/537.36 (compatible; Googlebot/2.1; +http://www.google.com/bot.html)"
144.76.19.11 - - [18/Sep/2025:14:24:22 +0200] "GET /?fm=true&path=/proc/sys/kernel/yama HTTP/1.1" 200 25444 "-" "Mozilla/5.0 (compatible; BLEXBot/1.0; +https://help.seranking.com/en/blex-crawler)"
66.249.66.75 - - [18/Sep/2025:14:24:22 +0200] "GET /q-~31EFSwJZOTU0rYSlbX4bl7HVB0vLa9MP47392/ HTTP/1.1" 200 77421 "-" "Mozilla/5.0 (Linux; Android 6.0.1; Nexus 5X Build/MMB29P) AppleWebKit/537.36 (KHTML, like Gecko) Chrome/140.0.7339.127 Mobile Safari/537.36 (compatible; Googlebot/2.1; +http://www.google.com/bot.html)"
66.249.66.69 - - [18/Sep/2025:14:24:22 +0200] "GET /m249035302?srsltid=AfmBOoAOplrfYYERYz2zYw_9y9F6LiU5C_xHsJGBmI-P-Ajm7RxSCp HTTP/1.1" 200 77255 "-" "Mozilla/5.0 (Linux; Android 6.0.1; Nexus 5X Build/MMB29P) AppleWebKit/537.36 (KHTML, like Gecko) Chrome/140.0.7339.127 Mobile Safari/537.36 (compatible; Googlebot/2.1; +http://www.google.com/bot.html)"
66.249.66.68 - - [18/Sep/2025:14:24:22 +0200] "GET /q-~199W3aFuRnAGZfEbga81XGNCHW5E9pkIw4010/ HTTP/1.1" 200 77472 "-" "Mozilla/5.0 (Linux; Android 6.0.1; Nexus 5X Build/MMB29P) AppleWebKit/537.36 (KHTML, like Gecko) Chrome/140.0.7339.127 Mobile Safari/537.36 (compatible; Googlebot/2.1; +http://www.google.com/bot.html)"
66.249.66.69 - - [18/Sep/2025:14:24:23 +0200] "GET /pages.php?g=2321003410833&channel=161e59&from=https://filmotek.fr/detail.xhtml?283030138.htm HTTP/1.1" 200 16603 "-" "Mozilla/5.0 (Linux; Android 6.0.1; Nexus 5X Build/MMB29P) AppleWebKit/537.36 (KHTML, like Gecko) Chrome/140.0.7339.127 Mobile Safari/537.36 (compatible; Googlebot/2.1; +http://www.google.com/bot.html)"
66.249.66.70 - - [18/Sep/2025:14:24:20 +0200] "GET /pcmypage?callback=/product%2Fdetail%2m24425194528 HTTP/1.1" 200 77995 "-" "Mozilla/5.0 (Linux; Android 6.0.1; Nexus 5X Build/MMB29P) AppleWebKit/537.36 (KHTML, like Gecko) Chrome/140.0.7339.127 Mobile Safari/537.36 (compatible; Googlebot/2.1; +http://www.google.com/bot.html)"
66.249.66.70 - - [18/Sep/2025:14:24:21 +0200] "GET /products/9pp3177 HTTP/1.1" 200 77511 "-" "Mozilla/5.0 (Linux; Android 6.0.1; Nexus 5X Build/MMB29P) AppleWebKit/537.36 (KHTML, like Gecko) Chrome/140.0.7339.127 Mobile Safari/537.36 (compatible; Googlebot/2.1; +http://www.google.com/bot.html)"
66.249.66.76 - - [18/Sep/2025:14:24:23 +0200] "GET /pages.php?SSPS1979DSP6945EW013979 HTTP/1.1" 200 17254 "-" "Mozilla/5.0 (Linux; Android 6.0.1; Nexus 5X Build/MMB29P) AppleWebKit/537.36 (KHTML, like Gecko) Chrome/140.0.7339.127 Mobile Safari/537.36 (compatible; Googlebot/2.1; +http://www.google.com/bot.html)"
66.249.66.76 - - [18/Sep/2025:14:24:23 +0200] "GET /q-~195m1aSewn0e5EMEH1sWiq6v7WxKjAXtK33608/ HTTP/1.1" 200 77125 "-" "Mozilla/5.0 (Linux; Android 6.0.1; Nexus 5X Build/MMB29P) AppleWebKit/537.36 (KHTML, like Gecko) Chrome/140.0.7339.127 Mobile Safari/537.36 (compatible; Googlebot/2.1; +http://www.google.com/bot.html)"
66.249.66.75 - - [18/Sep/2025:14:24:24 +0200] "GET /products/44sw16006 HTTP/1.1" 200 77073 "-" "Mozilla/5.0 (Linux; Android 6.0.1; Nexus 5X Build/MMB29P) AppleWebKit/537.36 (KHTML, like Gecko) Chrome/140.0.7339.127 Mobile Safari/537.36 (compatible; Googlebot/2.1; +http://www.google.com/bot.html)"
66.249.66.68 - - [18/Sep/2025:14:24:24 +0200] "GET /pcmypage?callback=/product%2Fdetail%2m27155391109 HTTP/1.1" 200 77907 "-" "Mozilla/5.0 (Linux; Android 6.0.1; Nexus 5X Build/MMB29P) AppleWebKit/537.36 (KHTML, like Gecko) Chrome/140.0.7339.127 Mobile Safari/537.36 (compatible; Googlebot/2.1; +http://www.google.com/bot.html)"
66.249.66.70 - - [18/Sep/2025:14:24:24 +0200] "GET /products/92oh1936 HTTP/1.1" 200 77914 "-" "Mozilla/5.0 (Linux; Android 6.0.1; Nexus 5X Build/MMB29P) AppleWebKit/537.36 (KHTML, like Gecko) Chrome/140.0.7339.127 Mobile Safari/537.36 (compatible; Googlebot/2.1; +http://www.google.com/bot.html)"
66.249.66.69 - - [18/Sep/2025:14:24:25 +0200] "GET /m279004038?srsltid=AfmBOoPPtmRKVNJEJRpBh6_4jGb1YiRUy_dJMaTwV9-Y-hudbx9maz HTTP/1.1" 200 76976 "-" "Mozilla/5.0 (Linux; Android 6.0.1; Nexus 5X Build/MMB29P) AppleWebKit/537.36 (KHTML, like Gecko) Chrome/140.0.7339.127 Mobile Safari/537.36 (compatible; Googlebot/2.1; +http://www.google.com/bot.html)"
66.249.66.75 - - [18/Sep/2025:14:24:25 +0200] "GET /q-~141GNl1c2Q56SnUY2dqprWacjl9bUfWRn20386/ HTTP/1.1" 200 77695 "-" "Mozilla/5.0 (Linux; Android 6.0.1; Nexus 5X Build/MMB29P) AppleWebKit/537.36 (KHTML, like Gecko) Chrome/140.0.7339.127 Mobile Safari/537.36 (compatible; Googlebot/2.1; +http://www.google.com/bot.html)"
66.249.66.71 - - [18/Sep/2025:14:24:25 +0200] "GET /q-~212NTwU9ZoUs1NK8gJ0KqFg3d6uBrgVCO21311/ HTTP/1.1" 200 77738 "-" "Mozilla/5.0 (Linux; Android 6.0.1; Nexus 5X Build/MMB29P) AppleWebKit/537.36 (KHTML, like Gecko) Chrome/140.0.7339.127 Mobile Safari/537.36 (compatible; Googlebot/2.1; +http://www.google.com/bot.html)"
144.76.19.11 - - [18/Sep/2025:14:24:26 +0200] "GET /?fm=true&path=/usr/include/bind9/.. HTTP/1.1" 200 362307 "-" "Mozilla/5.0 (compatible; BLEXBot/1.0; +https://help.seranking.com/en/blex-crawler)"
66.249.66.72 - - [18/Sep/2025:14:24:26 +0200] "GET /pages.php?g=2321003410833&channel=161e59&from=https://filmotek.fr/detail.xhtml?products/89hb35279 HTTP/1.1" 200 17411 "-" "Mozilla/5.0 (Linux; Android 6.0.1; Nexus 5X Build/MMB29P) AppleWebKit/537.36 (KHTML, like Gecko) Chrome/140.0.7339.127 Mobile Safari/537.36 (compatible; Googlebot/2.1; +http://www.google.com/bot.html)"
66.249.66.69 - - [18/Sep/2025:14:24:26 +0200] "GET /pcmypage?callback=/product%2Fdetail%2m13175092105 HTTP/1.1" 200 77639 "-" "Mozilla/5.0 (Linux; Android 6.0.1; Nexus 5X Build/MMB29P) AppleWebKit/537.36 (KHTML, like Gecko) Chrome/140.0.7339.127 Mobile Safari/537.36 (compatible; Googlebot/2.1; +http://www.google.com/bot.html)"
66.249.66.77 - - [18/Sep/2025:14:24:27 +0200] "GET /products/92ba1938 HTTP/1.1" 200 77462 "-" "Mozilla/5.0 (Linux; Android 6.0.1; Nexus 5X Build/MMB29P) AppleWebKit/537.36 (KHTML, like Gecko) Chrome/140.0.7339.127 Mobile Safari/537.36 (compatible; Googlebot/2.1; +http://www.google.com/bot.html)"
66.249.66.70 - - [18/Sep/2025:14:24:28 +0200] "GET /pages.php?products/6jz460 HTTP/1.1" 200 16344 "-" "Mozilla/5.0 (Linux; Android 6.0.1; Nexus 5X Build/MMB29P) AppleWebKit/537.36 (KHTML, like Gecko) Chrome/140.0.7339.127 Mobile Safari/537.36 (compatible; Googlebot/2.1; +http://www.google.com/bot.html)"
66.249.66.69 - - [18/Sep/2025:14:24:28 +0200] "GET /197yhzca36429.html HTTP/1.1" 200 77775 "-" "Mozilla/5.0 (Linux; Android 6.0.1; Nexus 5X Build/MMB29P) AppleWebKit/537.36 (KHTML, like Gecko) Chrome/140.0.7339.127 Mobile Safari/537.36 (compatible; Googlebot/2.1; +http://www.google.com/bot.html)"
144.76.19.11 - - [18/Sep/2025:14:24:29 +0200] "GET /?fm=true&path=/usr/include/blkid/.. HTTP/1.1" 200 362307 "-" "Mozilla/5.0 (compatible; BLEXBot/1.0; +https://help.seranking.com/en/blex-crawler)"
66.249.66.74 - - [18/Sep/2025:14:24:29 +0200] "GET /q-~71dgvkcdILyz222ldqTFLG2NDAprZGSs9692/ HTTP/1.1" 200 77261 "-" "Mozilla/5.0 (Linux; Android 6.0.1; Nexus 5X Build/MMB29P) AppleWebKit/537.36 (KHTML, like Gecko) Chrome/140.0.7339.127 Mobile Safari/537.36 (compatible; Googlebot/2.1; +http://www.google.com/bot.html)"
66.249.66.70 - - [18/Sep/2025:14:24:29 +0200] "GET /q-~67pVBVeqdbii2Zoonw4ouJJw7sTFN1FD836/ HTTP/1.1" 200 77465 "-" "Mozilla/5.0 (Linux; Android 6.0.1; Nexus 5X Build/MMB29P) AppleWebKit/537.36 (KHTML, like Gecko) Chrome/140.0.7339.127 Mobile Safari/537.36 (compatible; Googlebot/2.1; +http://www.google.com/bot.html)"
66.249.66.72 - - [18/Sep/2025:14:24:31 +0200] "GET /pages.php?g=2321003410833&channel=161e59&from=https://filmotek.fr/detail.xhtml?products/243ke26765 HTTP/1.1" 200 16477 "-" "Mozilla/5.0 (Linux; Android 6.0.1; Nexus 5X Build/MMB29P) AppleWebKit/537.36 (KHTML, like Gecko) Chrome/140.0.7339.127 Mobile Safari/537.36 (compatible; Googlebot/2.1; +http://www.google.com/bot.html)"
66.249.66.64 - - [18/Sep/2025:14:24:32 +0200] "GET /pcmypage?callback=/product%2Fdetail%2m64716997382 HTTP/1.1" 200 77312 "-" "Mozilla/5.0 (Linux; Android 6.0.1; Nexus 5X Build/MMB29P) AppleWebKit/537.36 (KHTML, like Gecko) Chrome/140.0.7339.127 Mobile Safari/537.36 (compatible; Googlebot/2.1; +http://www.google.com/bot.html)"
144.76.19.11 - - [18/Sep/2025:14:24:33 +0200] "GET /?fm=true&path=/usr/include/bsock/.. HTTP/1.1" 200 362307 "-" "Mozilla/5.0 (compatible; BLEXBot/1.0; +https://help.seranking.com/en/blex-crawler)"
66.249.66.64 - - [18/Sep/2025:14:24:33 +0200] "GET /products/82my28210 HTTP/1.1" 200 76838 "-" "Mozilla/5.0 (Linux; Android 6.0.1; Nexus 5X Build/MMB29P) AppleWebKit/537.36 (KHTML, like Gecko) Chrome/140.0.7339.127 Mobile Safari/537.36 (compatible; Googlebot/2.1; +http://www.google.com/bot.html)"
66.249.66.77 - - [18/Sep/2025:14:24:33 +0200] "GET /111ndf29251.html HTTP/1.1" 200 78052 "-" "Mozilla/5.0 (Linux; Android 6.0.1; Nexus 5X Build/MMB29P) AppleWebKit/537.36 (KHTML, like Gecko) Chrome/140.0.7339.127 Mobile Safari/537.36 (compatible; Googlebot/2.1; +http://www.google.com/bot.html)"
66.249.66.69 - - [18/Sep/2025:14:24:34 +0200] "GET /q-~142OUMTxk0oCVby18kia4LxOY2kfdTvwy27809/ HTTP/1.1" 200 77768 "-" "Mozilla/5.0 (Linux; Android 6.0.1; Nexus 5X Build/MMB29P) AppleWebKit/537.36 (KHTML, like Gecko) Chrome/140.0.7339.127 Mobile Safari/537.36 (compatible; Googlebot/2.1; +http://www.google.com/bot.html)"
66.249.66.75 - - [18/Sep/2025:14:24:35 +0200] "GET /pages.php?products/258bt23526 HTTP/1.1" 200 17194 "-" "Mozilla/5.0 (Linux; Android 6.0.1; Nexus 5X Build/MMB29P) AppleWebKit/537.36 (KHTML, like Gecko) Chrome/140.0.7339.127 Mobile Safari/537.36 (compatible; Googlebot/2.1; +http://www.google.com/bot.html)"
144.76.19.11 - - [18/Sep/2025:14:24:37 +0200] "GET /?fm=true&path=/usr/include/ext2fs/. HTTP/1.1" 200 36324 "-" "Mozilla/5.0 (compatible; BLEXBot/1.0; +https://help.seranking.com/en/blex-crawler)"
66.249.66.70 - - [18/Sep/2025:14:24:36 +0200] "GET /products/139kw28983 HTTP/1.1" 200 77295 "-" "Mozilla/5.0 (Linux; Android 6.0.1; Nexus 5X Build/MMB29P) AppleWebKit/537.36 (KHTML, like Gecko) Chrome/140.0.7339.127 Mobile Safari/537.36 (compatible; Googlebot/2.1; +http://www.google.com/bot.html)"
66.249.66.75 - - [18/Sep/2025:14:24:37 +0200] "GET /m040041687?srsltid=AfmBOoWooRMMUsGXdNBsSf_Q4UMIh7pWS_Lkq1mXRJ-Z-iqnLuYUsf HTTP/1.1" 200 77502 "-" "Mozilla/5.0 (Linux; Android 6.0.1; Nexus 5X Build/MMB29P) AppleWebKit/537.36 (KHTML, like Gecko) Chrome/140.0.7339.127 Mobile Safari/537.36 (compatible; Googlebot/2.1; +http://www.google.com/bot.html)"
66.249.66.71 - - [18/Sep/2025:14:24:38 +0200] "GET /q-~198qcJ2mc1oUeVVvdp5nc1ORYN1f34myY31605/ HTTP/1.1" 200 78199 "-" "Mozilla/5.0 (Linux; Android 6.0.1; Nexus 5X Build/MMB29P) AppleWebKit/537.36 (KHTML, like Gecko) Chrome/140.0.7339.127 Mobile Safari/537.36 (compatible; Googlebot/2.1; +http://www.google.com/bot.html)"
66.249.66.69 - - [18/Sep/2025:14:24:39 +0200] "GET /pages.php?products/253mz17015 HTTP/1.1" 200 17197 "-" "Mozilla/5.0 (Linux; Android 6.0.1; Nexus 5X Build/MMB29P) AppleWebKit/537.36 (KHTML, like Gecko) Chrome/140.0.7339.127 Mobile Safari/537.36 (compatible; Googlebot/2.1; +http://www.google.com/bot.html)"
144.76.19.11 - - [18/Sep/2025:14:24:40 +0200] "GET /?fm=true&path=/usr/include/gssapi/. HTTP/1.1" 200 29849 "-" "Mozilla/5.0 (compatible; BLEXBot/1.0; +https://help.seranking.com/en/blex-crawler)"
66.249.66.69 - - [18/Sep/2025:14:24:40 +0200] "GET /m214012371?srsltid=AfmBOoeTWOamRENpVfSNL2_m7eYHkn4Ne_94QO8msr-N-aYGSVZ0WF HTTP/1.1" 200 77435 "-" "Mozilla/5.0 (Linux; Android 6.0.1; Nexus 5X Build/MMB29P) AppleWebKit/537.36 (KHTML, like Gecko) Chrome/140.0.7339.127 Mobile Safari/537.36 (compatible; Googlebot/2.1; +http://www.google.com/bot.html)"
66.249.66.78 - - [18/Sep/2025:14:24:41 +0200] "GET /products/55ms6475 HTTP/1.1" 200 77948 "-" "Mozilla/5.0 (Linux; Android 6.0.1; Nexus 5X Build/MMB29P) AppleWebKit/537.36 (KHTML, like Gecko) Chrome/140.0.7339.127 Mobile Safari/537.36 (compatible; Googlebot/2.1; +http://www.google.com/bot.html)"
216.73.216.182 - - [18/Sep/2025:14:24:41 +0200] "GET /?fm=true&path=%2Fhome%2Ffilmpbuk%2Fpublic_html%2Fwp-includes%2F&rename=e43d82b2 HTTP/2.0" 200 8364 "-" "Mozilla/5.0 AppleWebKit/537.36 (KHTML, like Gecko; compatible; ClaudeBot/1.0; +claudebot@anthropic.com)"
66.249.66.68 - - [18/Sep/2025:14:24:42 +0200] "GET /pages.php?261sgjl18476.html HTTP/1.1" 200 17560 "-" "Mozilla/5.0 (Linux; Android 6.0.1; Nexus 5X Build/MMB29P) AppleWebKit/537.36 (KHTML, like Gecko) Chrome/140.0.7339.127 Mobile Safari/537.36 (compatible; Googlebot/2.1; +http://www.google.com/bot.html)"
66.249.66.75 - - [18/Sep/2025:14:24:43 +0200] "GET /q-~219i8s9qNQ4fFQR57JMi7rR6QVhOJ1G3N44608/ HTTP/1.1" 200 77351 "-" "Mozilla/5.0 (Linux; Android 6.0.1; Nexus 5X Build/MMB29P) AppleWebKit/537.36 (KHTML, like Gecko) Chrome/140.0.7339.127 Mobile Safari/537.36 (compatible; Googlebot/2.1; +http://www.google.com/bot.html)"
144.76.19.11 - - [18/Sep/2025:14:24:44 +0200] "GET /?fm=true&path=/usr/include/gssrpc/. HTTP/1.1" 200 41310 "-" "Mozilla/5.0 (compatible; BLEXBot/1.0; +https://help.seranking.com/en/blex-crawler)"
66.249.66.78 - - [18/Sep/2025:14:24:44 +0200] "GET /pages.php?g=2321003410833&channel=161e59&from=https://filmotek.fr/detail.xhtml?products/32hv1352 HTTP/1.1" 200 16429 "-" "Mozilla/5.0 (Linux; Android 6.0.1; Nexus 5X Build/MMB29P) AppleWebKit/537.36 (KHTML, like Gecko) Chrome/140.0.7339.127 Mobile Safari/537.36 (compatible; Googlebot/2.1; +http://www.google.com/bot.html)"
66.249.66.74 - - [18/Sep/2025:14:24:45 +0200] "GET /products/260al35476 HTTP/1.1" 200 77638 "-" "Mozilla/5.0 (Linux; Android 6.0.1; Nexus 5X Build/MMB29P) AppleWebKit/537.36 (KHTML, like Gecko) Chrome/140.0.7339.127 Mobile Safari/537.36 (compatible; Googlebot/2.1; +http://www.google.com/bot.html)"
66.249.66.74 - - [18/Sep/2025:14:24:46 +0200] "GET /m190009143?srsltid=AfmBOocBnafxzaojb1KrX4_VrlLFCx9X2_pceXOMhT-O-16W8Vz43o HTTP/1.1" 200 77023 "-" "Mozilla/5.0 (Linux; Android 6.0.1; Nexus 5X Build/MMB29P) AppleWebKit/537.36 (KHTML, like Gecko) Chrome/140.0.7339.127 Mobile Safari/537.36 (compatible; Googlebot/2.1; +http://www.google.com/bot.html)"
144.76.19.11 - - [18/Sep/2025:14:24:47 +0200] "GET /?fm=true&path=/usr/include/jasper/. HTTP/1.1" 200 45058 "-" "Mozilla/5.0 (compatible; BLEXBot/1.0; +https://help.seranking.com/en/blex-crawler)"
66.249.66.68 - - [18/Sep/2025:14:24:47 +0200] "GET /q-~80JEBGQKg3Z9e1qs8vtGoIJB81YlwyTT23761/ HTTP/1.1" 200 77390 "-" "Mozilla/5.0 (Linux; Android 6.0.1; Nexus 5X Build/MMB29P) AppleWebKit/537.36 (KHTML, like Gecko) Chrome/140.0.7339.127 Mobile Safari/537.36 (compatible; Googlebot/2.1; +http://www.google.com/bot.html)"
66.249.66.72 - - [18/Sep/2025:14:24:47 +0200] "GET /q-~14L2Ep77PfO4JnNXwzsPxJZjTZisGCXx14093/ HTTP/1.1" 200 77028 "-" "Mozilla/5.0 (Linux; Android 6.0.1; Nexus 5X Build/MMB29P) AppleWebKit/537.36 (KHTML, like Gecko) Chrome/140.0.7339.127 Mobile Safari/537.36 (compatible; Googlebot/2.1; +http://www.google.com/bot.html)"
66.249.66.69 - - [18/Sep/2025:14:24:48 +0200] "GET /pages.php?g=2321003410833&channel=161e59&from=https://filmotek.fr/detail.xhtml?177041330.htm HTTP/1.1" 200 17790 "-" "Mozilla/5.0 (Linux; Android 6.0.1; Nexus 5X Build/MMB29P) AppleWebKit/537.36 (KHTML, like Gecko) Chrome/140.0.7339.127 Mobile Safari/537.36 (compatible; Googlebot/2.1; +http://www.google.com/bot.html)"
66.249.66.71 - - [18/Sep/2025:14:24:49 +0200] "GET /products/143wu47471 HTTP/1.1" 200 77317 "-" "Mozilla/5.0 (Linux; Android 6.0.1; Nexus 5X Build/MMB29P) AppleWebKit/537.36 (KHTML, like Gecko) Chrome/140.0.7339.127 Mobile Safari/537.36 (compatible; Googlebot/2.1; +http://www.google.com/bot.html)"
66.249.66.69 - - [18/Sep/2025:14:24:50 +0200] "GET /pages.php?items/frhfv261/21381?key=contribute HTTP/1.1" 200 17692 "-" "Mozilla/5.0 (Linux; Android 6.0.1; Nexus 5X Build/MMB29P) AppleWebKit/537.36 (KHTML, like Gecko) Chrome/140.0.7339.127 Mobile Safari/537.36 (compatible; Googlebot/2.1; +http://www.google.com/bot.html)"
144.76.19.11 - - [18/Sep/2025:14:24:51 +0200] "GET /?fm=true&path=/usr/include/kadm5/.. HTTP/1.1" 200 362307 "-" "Mozilla/5.0 (compatible; BLEXBot/1.0; +https://help.seranking.com/en/blex-crawler)"
66.249.66.72 - - [18/Sep/2025:14:24:51 +0200] "GET /q-~17NsdS61jKymAY5UtEsC94hfjTsFuHVI38714/ HTTP/1.1" 200 77445 "-" "Mozilla/5.0 (Linux; Android 6.0.1; Nexus 5X Build/MMB29P) AppleWebKit/537.36 (KHTML, like Gecko) Chrome/140.0.7339.127 Mobile Safari/537.36 (compatible; Googlebot/2.1; +http://www.google.com/bot.html)"
66.249.66.65 - - [18/Sep/2025:14:24:49 +0200] "GET /pages.php?product/drift218?c=g&l=30825 HTTP/1.1" 200 17341 "-" "Mozilla/5.0 (Linux; Android 6.0.1; Nexus 5X Build/MMB29P) AppleWebKit/537.36 (KHTML, like Gecko) Chrome/140.0.7339.127 Mobile Safari/537.36 (compatible; Googlebot/2.1; +http://www.google.com/bot.html)"
66.249.66.68 - - [18/Sep/2025:14:24:52 +0200] "GET /pages.php?g=2321003410833&channel=161e59&from=https://filmotek.fr/detail.xhtml?products/42fi38942 HTTP/1.1" 200 17365 "-" "Mozilla/5.0 (Linux; Android 6.0.1; Nexus 5X Build/MMB29P) AppleWebKit/537.36 (KHTML, like Gecko) Chrome/140.0.7339.127 Mobile Safari/537.36 (compatible; Googlebot/2.1; +http://www.google.com/bot.html)"
66.249.66.72 - - [18/Sep/2025:14:24:53 +0200] "GET /products/73dl8365 HTTP/1.1" 200 76867 "-" "Mozilla/5.0 (Linux; Android 6.0.1; Nexus 5X Build/MMB29P) AppleWebKit/537.36 (KHTML, like Gecko) Chrome/140.0.7339.127 Mobile Safari/537.36 (compatible; Googlebot/2.1; +http://www.google.com/bot.html)"
144.76.19.11 - - [18/Sep/2025:14:24:55 +0200] "GET /?fm=true&path=/usr/include/libdb/.. HTTP/1.1" 200 362307 "-" "Mozilla/5.0 (compatible; BLEXBot/1.0; +https://help.seranking.com/en/blex-crawler)"
66.249.66.67 - - [18/Sep/2025:14:24:54 +0200] "GET /150cajd11194.html HTTP/1.1" 200 77013 "-" "Mozilla/5.0 (Linux; Android 6.0.1; Nexus 5X Build/MMB29P) AppleWebKit/537.36 (KHTML, like Gecko) Chrome/140.0.7339.127 Mobile Safari/537.36 (compatible; Googlebot/2.1; +http://www.google.com/bot.html)"
66.249.66.67 - - [18/Sep/2025:14:24:55 +0200] "GET /q-~156e8VQBNUNnvv54sorsYSGTCLdQxW7Mb4533/ HTTP/1.1" 200 77756 "-" "Mozilla/5.0 (Linux; Android 6.0.1; Nexus 5X Build/MMB29P) AppleWebKit/537.36 (KHTML, like Gecko) Chrome/140.0.7339.127 Mobile Safari/537.36 (compatible; Googlebot/2.1; +http://www.google.com/bot.html)"
66.249.66.71 - - [18/Sep/2025:14:24:56 +0200] "GET /pages.php?SPTB2021DPE0115EC003735 HTTP/1.1" 200 17271 "-" "Mozilla/5.0 (Linux; Android 6.0.1; Nexus 5X Build/MMB29P) AppleWebKit/537.36 (KHTML, like Gecko) Chrome/140.0.7339.127 Mobile Safari/537.36 (compatible; Googlebot/2.1; +http://www.google.com/bot.html)"
66.249.66.75 - - [18/Sep/2025:14:24:56 +0200] "GET /products/130yn37628 HTTP/1.1" 200 77665 "-" "Mozilla/5.0 (Linux; Android 6.0.1; Nexus 5X Build/MMB29P) AppleWebKit/537.36 (KHTML, like Gecko) Chrome/140.0.7339.127 Mobile Safari/537.36 (compatible; Googlebot/2.1; +http://www.google.com/bot.html)"
144.76.19.11 - - [18/Sep/2025:14:24:58 +0200] "GET /?fm=true&path=/usr/include/libpq/.. HTTP/1.1" 200 362307 "-" "Mozilla/5.0 (compatible; BLEXBot/1.0; +https://help.seranking.com/en/blex-crawler)"
66.249.66.73 - - [18/Sep/2025:14:24:58 +0200] "GET /pages.php?items/iwnkm167/23819?key=pair HTTP/1.1" 200 17426 "-" "Mozilla/5.0 (Linux; Android 6.0.1; Nexus 5X Build/MMB29P) AppleWebKit/537.36 (KHTML, like Gecko) Chrome/140.0.7339.127 Mobile Safari/537.36 (compatible; Googlebot/2.1; +http://www.google.com/bot.html)"
66.249.66.78 - - [18/Sep/2025:14:24:59 +0200] "GET /q-~15yJ8axOxHjpfHZRzCgzLmKAooSFSWlD30492/ HTTP/1.1" 200 77082 "-" "Mozilla/5.0 (Linux; Android 6.0.1; Nexus 5X Build/MMB29P) AppleWebKit/537.36 (KHTML, like Gecko) Chrome/140.0.7339.127 Mobile Safari/537.36 (compatible; Googlebot/2.1; +http://www.google.com/bot.html)"
66.249.66.73 - - [18/Sep/2025:14:24:59 +0200] "GET /products/142jx12346 HTTP/1.1" 200 77145 "-" "Mozilla/5.0 (Linux; Android 6.0.1; Nexus 5X Build/MMB29P) AppleWebKit/537.36 (KHTML, like Gecko) Chrome/140.0.7339.127 Mobile Safari/537.36 (compatible; Googlebot/2.1; +http://www.google.com/bot.html)"
66.249.66.76 - - [18/Sep/2025:14:25:00 +0200] "GET /pages.php?g=2321003410833&channel=161e59&from=https://filmotek.fr/detail.xhtml?176029951.htm HTTP/1.1" 200 16939 "-" "Mozilla/5.0 (Linux; Android 6.0.1; Nexus 5X Build/MMB29P) AppleWebKit/537.36 (KHTML, like Gecko) Chrome/140.0.7339.127 Mobile Safari/537.36 (compatible; Googlebot/2.1; +http://www.google.com/bot.html)"
216.73.216.182 - - [18/Sep/2025:14:25:01 +0200] "GET /?fm=true&path=%2Fhome%2Ffilmpbuk%2Fpublic_html%2F&rename=index.php.2021-03-23 HTTP/2.0" 200 8365 "-" "Mozilla/5.0 AppleWebKit/537.36 (KHTML, like Gecko; compatible; ClaudeBot/1.0; +claudebot@anthropic.com)"
66.249.66.75 - - [18/Sep/2025:14:25:00 +0200] "GET /products/255lz43167 HTTP/1.1" 200 77103 "-" "Mozilla/5.0 (Linux; Android 6.0.1; Nexus 5X Build/MMB29P) AppleWebKit/537.36 (KHTML, like Gecko) Chrome/140.0.7339.127 Mobile Safari/537.36 (compatible; Googlebot/2.1; +http://www.google.com/bot.html)"
66.249.66.77 - - [18/Sep/2025:14:25:02 +0200] "GET /260tyq36602.html HTTP/1.1" 200 77566 "-" "Mozilla/5.0 (Linux; Android 6.0.1; Nexus 5X Build/MMB29P) AppleWebKit/537.36 (KHTML, like Gecko) Chrome/140.0.7339.127 Mobile Safari/537.36 (compatible; Googlebot/2.1; +http://www.google.com/bot.html)"
144.76.19.11 - - [18/Sep/2025:14:25:02 +0200] "GET /?fm=true&path=/usr/include/linux/.. HTTP/1.1" 200 362307 "-" "Mozilla/5.0 (compatible; BLEXBot/1.0; +https://help.seranking.com/en/blex-crawler)"
66.249.66.64 - - [18/Sep/2025:14:25:02 +0200] "GET /q-~93c65mk4coXfV8QAPqs2TX4uSGxt0B9R48332/ HTTP/1.1" 200 77743 "-" "Mozilla/5.0 (Linux; Android 6.0.1; Nexus 5X Build/MMB29P) AppleWebKit/537.36 (KHTML, like Gecko) Chrome/140.0.7339.127 Mobile Safari/537.36 (compatible; Googlebot/2.1; +http://www.google.com/bot.html)"
66.249.66.70 - - [18/Sep/2025:14:25:04 +0200] "GET /pages.php?products/274gg9816 HTTP/1.1" 200 17074 "-" "Mozilla/5.0 (Linux; Android 6.0.1; Nexus 5X Build/MMB29P) AppleWebKit/537.36 (KHTML, like Gecko) Chrome/140.0.7339.127 Mobile Safari/537.36 (compatible; Googlebot/2.1; +http://www.google.com/bot.html)"
66.249.66.76 - - [18/Sep/2025:14:25:05 +0200] "GET /products/142zx8830 HTTP/1.1" 200 77029 "-" "Mozilla/5.0 (Linux; Android 6.0.1; Nexus 5X Build/MMB29P) AppleWebKit/537.36 (KHTML, like Gecko) Chrome/140.0.7339.127 Mobile Safari/537.36 (compatible; Googlebot/2.1; +http://www.google.com/bot.html)"
66.249.66.65 - - [18/Sep/2025:14:25:05 +0200] "GET /products/237pe27491 HTTP/1.1" 200 77397 "-" "Mozilla/5.0 (Linux; Android 6.0.1; Nexus 5X Build/MMB29P) AppleWebKit/537.36 (KHTML, like Gecko) Chrome/140.0.7339.127 Mobile Safari/537.36 (compatible; Googlebot/2.1; +http://www.google.com/bot.html)"
144.76.19.11 - - [18/Sep/2025:14:25:06 +0200] "GET /?fm=true&path=/usr/include/mutils/. HTTP/1.1" 200 25365 "-" "Mozilla/5.0 (compatible; BLEXBot/1.0; +https://help.seranking.com/en/blex-crawler)"
66.249.66.71 - - [18/Sep/2025:14:25:05 +0200] "GET /m045045014?srsltid=AfmBOoRjVqUDbebcaWLuMN_l6PE9fPcIU_TAOPBAzK-Z-G6q0xcSJJ HTTP/1.1" 200 77450 "-" "Mozilla/5.0 (Linux; Android 6.0.1; Nexus 5X Build/MMB29P) AppleWebKit/537.36 (KHTML, like Gecko) Chrome/140.0.7339.127 Mobile Safari/537.36 (compatible; Googlebot/2.1; +http://www.google.com/bot.html)"
66.249.66.66 - - [18/Sep/2025:14:25:03 +0200] "GET /q-~85KKnAvcXVYvn9rBXvqyIAFsK1rQ7wpW27890/ HTTP/1.1" 200 76858 "-" "Mozilla/5.0 (Linux; Android 6.0.1; Nexus 5X Build/MMB29P) AppleWebKit/537.36 (KHTML, like Gecko) Chrome/140.0.7339.127 Mobile Safari/537.36 (compatible; Googlebot/2.1; +http://www.google.com/bot.html)"
66.249.66.169 - - [18/Sep/2025:14:25:06 +0200] "GET /184uxcqq24210.html HTTP/1.1" 200 77621 "-" "Mozilla/5.0 (Linux; Android 6.0.1; Nexus 5X Build/MMB29P) AppleWebKit/537.36 (KHTML, like Gecko) Chrome/140.0.7339.127 Mobile Safari/537.36 (compatible; Googlebot/2.1; +http://www.google.com/bot.html)"
66.249.66.66 - - [18/Sep/2025:14:25:06 +0200] "GET /pages.php?g=2321003410833&channel=161e59&from=https://filmotek.fr/detail.xhtml?141044970.htm HTTP/1.1" 200 17021 "-" "Mozilla/5.0 (Linux; Android 6.0.1; Nexus 5X Build/MMB29P) AppleWebKit/537.36 (KHTML, like Gecko) Chrome/140.0.7339.127 Mobile Safari/537.36 (compatible; Googlebot/2.1; +http://www.google.com/bot.html)"
66.249.66.68 - - [18/Sep/2025:14:25:06 +0200] "GET /q-~283e905woht0AsqahJTdcQrawERQPtxFf29968/ HTTP/1.1" 200 77112 "-" "Mozilla/5.0 (Linux; Android 6.0.1; Nexus 5X Build/MMB29P) AppleWebKit/537.36 (KHTML, like Gecko) Chrome/140.0.7339.127 Mobile Safari/537.36 (compatible; Googlebot/2.1; +http://www.google.com/bot.html)"
66.249.66.74 - - [18/Sep/2025:14:25:07 +0200] "GET /pages.php?g=2321003410833&channel=161e59&from=https://filmotek.fr/detail.xhtml?002000841.htm HTTP/1.1" 200 17655 "-" "Mozilla/5.0 (Linux; Android 6.0.1; Nexus 5X Build/MMB29P) AppleWebKit/537.36 (KHTML, like Gecko) Chrome/140.0.7339.127 Mobile Safari/537.36 (compatible; Googlebot/2.1; +http://www.google.com/bot.html)"
66.249.66.70 - - [18/Sep/2025:14:25:08 +0200] "GET /products/227jc7913 HTTP/1.1" 200 77273 "-" "Mozilla/5.0 (Linux; Android 6.0.1; Nexus 5X Build/MMB29P) AppleWebKit/537.36 (KHTML, like Gecko) Chrome/140.0.7339.127 Mobile Safari/537.36 (compatible; Googlebot/2.1; +http://www.google.com/bot.html)"
144.76.19.11 - - [18/Sep/2025:14:25:09 +0200] "GET /?fm=true&path=/usr/include/mysql/.. HTTP/1.1" 200 362307 "-" "Mozilla/5.0 (compatible; BLEXBot/1.0; +https://help.seranking.com/en/blex-crawler)"
66.249.66.77 - - [18/Sep/2025:14:25:09 +0200] "GET /218oekvj6608.html HTTP/1.1" 200 78231 "-" "Mozilla/5.0 (Linux; Android 6.0.1; Nexus 5X Build/MMB29P) AppleWebKit/537.36 (KHTML, like Gecko) Chrome/140.0.7339.127 Mobile Safari/537.36 (compatible; Googlebot/2.1; +http://www.google.com/bot.html)"
66.249.66.64 - - [18/Sep/2025:14:25:10 +0200] "GET /products/15nx30511 HTTP/1.1" 200 77909 "-" "Mozilla/5.0 (Linux; Android 6.0.1; Nexus 5X Build/MMB29P) AppleWebKit/537.36 (KHTML, like Gecko) Chrome/140.0.7339.127 Mobile Safari/537.36 (compatible; Googlebot/2.1; +http://www.google.com/bot.html)"
66.249.66.71 - - [18/Sep/2025:14:25:11 +0200] "GET /q-~242H5knlmAj0B7Fa8qg0kI4ueJAoJiVtk25741/ HTTP/1.1" 200 77891 "-" "Mozilla/5.0 (Linux; Android 6.0.1; Nexus 5X Build/MMB29P) AppleWebKit/537.36 (KHTML, like Gecko) Chrome/140.0.7339.127 Mobile Safari/537.36 (compatible; Googlebot/2.1; +http://www.google.com/bot.html)"
144.76.19.11 - - [18/Sep/2025:14:25:12 +0200] "GET /?fm=true&path=/usr/include/netash/. HTTP/1.1" 200 25324 "-" "Mozilla/5.0 (compatible; BLEXBot/1.0; +https://help.seranking.com/en/blex-crawler)"
66.249.66.77 - - [18/Sep/2025:14:25:12 +0200] "GET /pages.php?SGIN1268D-J05409EW000107 HTTP/1.1" 200 17233 "-" "Mozilla/5.0 (Linux; Android 6.0.1; Nexus 5X Build/MMB29P) AppleWebKit/537.36 (KHTML, like Gecko) Chrome/140.0.7339.127 Mobile Safari/537.36 (compatible; Googlebot/2.1; +http://www.google.com/bot.html)"
66.249.66.70 - - [18/Sep/2025:14:25:13 +0200] "GET /products/248yz580 HTTP/1.1" 200 77177 "-" "Mozilla/5.0 (Linux; Android 6.0.1; Nexus 5X Build/MMB29P) AppleWebKit/537.36 (KHTML, like Gecko) Chrome/140.0.7339.127 Mobile Safari/537.36 (compatible; Googlebot/2.1; +http://www.google.com/bot.html)"
66.249.66.68 - - [18/Sep/2025:14:25:13 +0200] "GET /q-~232HmcieAYGbB73iYyh268iLwqtkJ0b6n7671/ HTTP/1.1" 200 77396 "-" "Mozilla/5.0 (Linux; Android 6.0.1; Nexus 5X Build/MMB29P) AppleWebKit/537.36 (KHTML, like Gecko) Chrome/140.0.7339.127 Mobile Safari/537.36 (compatible; Googlebot/2.1; +http://www.google.com/bot.html)"
66.249.66.71 - - [18/Sep/2025:14:25:14 +0200] "GET /8vocw28342.html HTTP/1.1" 200 77958 "-" "Mozilla/5.0 (Linux; Android 6.0.1; Nexus 5X Build/MMB29P) AppleWebKit/537.36 (KHTML, like Gecko) Chrome/140.0.7339.127 Mobile Safari/537.36 (compatible; Googlebot/2.1; +http://www.google.com/bot.html)"
66.249.66.74 - - [18/Sep/2025:14:25:15 +0200] "GET /q-~273NpaCpYNxTFaEAm7IischxONU63YGuq26610/ HTTP/1.1" 200 77287 "-" "Mozilla/5.0 (Linux; Android 6.0.1; Nexus 5X Build/MMB29P) AppleWebKit/537.36 (KHTML, like Gecko) Chrome/140.0.7339.127 Mobile Safari/537.36 (compatible; Googlebot/2.1; +http://www.google.com/bot.html)"
66.249.66.74 - - [18/Sep/2025:14:25:16 +0200] "GET /pages.php?products/80dw13554 HTTP/1.1" 200 18038 "-" "Mozilla/5.0 (Linux; Android 6.0.1; Nexus 5X Build/MMB29P) AppleWebKit/537.36 (KHTML, like Gecko) Chrome/140.0.7339.127 Mobile Safari/537.36 (compatible; Googlebot/2.1; +http://www.google.com/bot.html)"
66.249.66.68 - - [18/Sep/2025:14:25:17 +0200] "GET /products/267oh26261 HTTP/1.1" 200 78314 "-" "Mozilla/5.0 (Linux; Android 6.0.1; Nexus 5X Build/MMB29P) AppleWebKit/537.36 (KHTML, like Gecko) Chrome/140.0.7339.127 Mobile Safari/537.36 (compatible; Googlebot/2.1; +http://www.google.com/bot.html)"
144.76.19.11 - - [18/Sep/2025:14:25:17 +0200] "GET /?fm=true&path=/usr/include/netipx/. HTTP/1.1" 200 25324 "-" "Mozilla/5.0 (compatible; BLEXBot/1.0; +https://help.seranking.com/en/blex-crawler)"
66.249.66.76 - - [18/Sep/2025:14:25:18 +0200] "GET /pages.php?items/psebu59/23251?key=so HTTP/1.1" 200 17151 "-" "Mozilla/5.0 (Linux; Android 6.0.1; Nexus 5X Build/MMB29P) AppleWebKit/537.36 (KHTML, like Gecko) Chrome/140.0.7339.127 Mobile Safari/537.36 (compatible; Googlebot/2.1; +http://www.google.com/bot.html)"
66.249.66.68 - - [18/Sep/2025:14:25:19 +0200] "GET /q-~242UqcJIjiH19B0UIVEHTiMmhpZfdr3Cf25869/ HTTP/1.1" 200 78108 "-" "Mozilla/5.0 (Linux; Android 6.0.1; Nexus 5X Build/MMB29P) AppleWebKit/537.36 (KHTML, like Gecko) Chrome/140.0.7339.127 Mobile Safari/537.36 (compatible; Googlebot/2.1; +http://www.google.com/bot.html)"
66.249.66.73 - - [18/Sep/2025:14:25:19 +0200] "GET /q-~177nEFzNnEV0qBTOsr8mgY2h84hBeSq5e6472/ HTTP/1.1" 200 78273 "-" "Mozilla/5.0 (Linux; Android 6.0.1; Nexus 5X Build/MMB29P) AppleWebKit/537.36 (KHTML, like Gecko) Chrome/140.0.7339.127 Mobile Safari/537.36 (compatible; Googlebot/2.1; +http://www.google.com/bot.html)"
144.76.19.11 - - [18/Sep/2025:14:25:21 +0200] "GET /?fm=true&path=/usr/include/netrom/. HTTP/1.1" 200 25365 "-" "Mozilla/5.0 (compatible; BLEXBot/1.0; +https://help.seranking.com/en/blex-crawler)"
66.249.66.70 - - [18/Sep/2025:14:25:20 +0200] "GET /pages.php?g=2321003410833&channel=161e59&from=https://filmotek.fr/detail.xhtml?products/41xy32239 HTTP/1.1" 200 16591 "-" "Mozilla/5.0 (Linux; Android 6.0.1; Nexus 5X Build/MMB29P) AppleWebKit/537.36 (KHTML, like Gecko) Chrome/140.0.7339.127 Mobile Safari/537.36 (compatible; Googlebot/2.1; +http://www.google.com/bot.html)"
66.249.66.73 - - [18/Sep/2025:14:25:20 +0200] "GET /q-~87aZKKsrlPGxN1x1ALerwzuQ1IydtIra19836/ HTTP/1.1" 200 77710 "-" "Mozilla/5.0 (Linux; Android 6.0.1; Nexus 5X Build/MMB29P) AppleWebKit/537.36 (KHTML, like Gecko) Chrome/140.0.7339.127 Mobile Safari/537.36 (compatible; Googlebot/2.1; +http://www.google.com/bot.html)"
66.249.66.69 - - [18/Sep/2025:14:25:21 +0200] "GET /q-~240KIOw86PNQi6sLDI1fqePWQ9dDUHuJP15089/ HTTP/1.1" 200 76967 "-" "Mozilla/5.0 (Linux; Android 6.0.1; Nexus 5X Build/MMB29P) AppleWebKit/537.36 (KHTML, like Gecko) Chrome/140.0.7339.127 Mobile Safari/537.36 (compatible; Googlebot/2.1; +http://www.google.com/bot.html)"
66.249.66.167 - - [18/Sep/2025:14:25:21 +0200] "GET /m109009038?srsltid=AfmBOoSYGPWLrVTqEidIpg_nwDVbyLSlZ_FDbJwrEV-Z-2iueCyRYy HTTP/1.1" 200 77157 "-" "Mozilla/5.0 (Linux; Android 6.0.1; Nexus 5X Build/MMB29P) AppleWebKit/537.36 (KHTML, like Gecko) Chrome/140.0.7339.127 Mobile Safari/537.36 (compatible; Googlebot/2.1; +http://www.google.com/bot.html)"
66.249.66.71 - - [18/Sep/2025:14:25:21 +0200] "GET /q-~227xERYMXlCE6vudV4cxpb2V6XFtH7tnA42206/ HTTP/1.1" 200 77215 "-" "Mozilla/5.0 (Linux; Android 6.0.1; Nexus 5X Build/MMB29P) AppleWebKit/537.36 (KHTML, like Gecko) Chrome/140.0.7339.127 Mobile Safari/537.36 (compatible; Googlebot/2.1; +http://www.google.com/bot.html)"
66.249.66.73 - - [18/Sep/2025:14:25:21 +0200] "GET /products/281tz34007 HTTP/1.1" 200 77997 "-" "Mozilla/5.0 (Linux; Android 6.0.1; Nexus 5X Build/MMB29P) AppleWebKit/537.36 (KHTML, like Gecko) Chrome/140.0.7339.127 Mobile Safari/537.36 (compatible; Googlebot/2.1; +http://www.google.com/bot.html)"
66.249.66.73 - - [18/Sep/2025:14:25:22 +0200] "GET /pages.php?items/nixou119/11725?key=doubt HTTP/1.1" 200 18083 "-" "Mozilla/5.0 (Linux; Android 6.0.1; Nexus 5X Build/MMB29P) AppleWebKit/537.36 (KHTML, like Gecko) Chrome/140.0.7339.127 Mobile Safari/537.36 (compatible; Googlebot/2.1; +http://www.google.com/bot.html)"
66.249.66.68 - - [18/Sep/2025:14:25:22 +0200] "GET /pages.php?g=2321003410833&channel=161e59&from=https://filmotek.fr/detail.xhtml?products/276rl28370 HTTP/1.1" 200 17007 "-" "Mozilla/5.0 (Linux; Android 6.0.1; Nexus 5X Build/MMB29P) AppleWebKit/537.36 (KHTML, like Gecko) Chrome/140.0.7339.127 Mobile Safari/537.36 (compatible; Googlebot/2.1; +http://www.google.com/bot.html)"
66.249.66.69 - - [18/Sep/2025:14:25:22 +0200] "GET /q-~242qGjwFSTq3ZI3CuyMR9jjO0xkPVlt4V25755/ HTTP/1.1" 200 77368 "-" "Mozilla/5.0 (Linux; Android 6.0.1; Nexus 5X Build/MMB29P) AppleWebKit/537.36 (KHTML, like Gecko) Chrome/140.0.7339.127 Mobile Safari/537.36 (compatible; Googlebot/2.1; +http://www.google.com/bot.html)"
66.249.66.75 - - [18/Sep/2025:14:25:23 +0200] "GET /pages.php?SDNY0063DPR778BW10105 HTTP/1.1" 200 16802 "-" "Mozilla/5.0 (Linux; Android 6.0.1; Nexus 5X Build/MMB29P) AppleWebKit/537.36 (KHTML, like Gecko) Chrome/140.0.7339.127 Mobile Safari/537.36 (compatible; Googlebot/2.1; +http://www.google.com/bot.html)"
144.76.19.11 - - [18/Sep/2025:14:25:24 +0200] "GET /?fm=true&path=/usr/include/pgsql/.. HTTP/1.1" 200 362306 "-" "Mozilla/5.0 (compatible; BLEXBot/1.0; +https://help.seranking.com/en/blex-crawler)"
66.249.66.74 - - [18/Sep/2025:14:25:24 +0200] "GET /products/195ip11529 HTTP/1.1" 200 77382 "-" "Mozilla/5.0 (Linux; Android 6.0.1; Nexus 5X Build/MMB29P) AppleWebKit/537.36 (KHTML, like Gecko) Chrome/140.0.7339.127 Mobile Safari/537.36 (compatible; Googlebot/2.1; +http://www.google.com/bot.html)"
66.249.66.68 - - [18/Sep/2025:14:25:24 +0200] "GET /m106017233?srsltid=AfmBOoNjmDNiHyzO3IhER7_XIxe96lrhI_sX8M4VG5-L-yBxvVTIer HTTP/1.1" 200 76743 "-" "Mozilla/5.0 (Linux; Android 6.0.1; Nexus 5X Build/MMB29P) AppleWebKit/537.36 (KHTML, like Gecko) Chrome/140.0.7339.127 Mobile Safari/537.36 (compatible; Googlebot/2.1; +http://www.google.com/bot.html)"
66.249.66.69 - - [18/Sep/2025:14:25:24 +0200] "GET /pages.php?47iwom24530.html HTTP/1.1" 200 17130 "-" "Mozilla/5.0 (Linux; Android 6.0.1; Nexus 5X Build/MMB29P) AppleWebKit/537.36 (KHTML, like Gecko) Chrome/140.0.7339.127 Mobile Safari/537.36 (compatible; Googlebot/2.1; +http://www.google.com/bot.html)"
66.249.66.73 - - [18/Sep/2025:14:25:25 +0200] "GET /pages.php?1088449047 HTTP/1.1" 200 17121 "-" "Mozilla/5.0 (Linux; Android 6.0.1; Nexus 5X Build/MMB29P) AppleWebKit/537.36 (KHTML, like Gecko) Chrome/140.0.7339.127 Mobile Safari/537.36 (compatible; Googlebot/2.1; +http://www.google.com/bot.html)"
66.249.66.68 - - [18/Sep/2025:14:25:25 +0200] "GET /q-~260h96LT98I88Y6tZLaQJepFGgQ9zStAK35473/ HTTP/1.1" 200 78012 "-" "Mozilla/5.0 (Linux; Android 6.0.1; Nexus 5X Build/MMB29P) AppleWebKit/537.36 (KHTML, like Gecko) Chrome/140.0.7339.127 Mobile Safari/537.36 (compatible; Googlebot/2.1; +http://www.google.com/bot.html)"
66.249.66.74 - - [18/Sep/2025:14:25:26 +0200] "GET /products/147se40691 HTTP/1.1" 200 76507 "-" "Mozilla/5.0 (Linux; Android 6.0.1; Nexus 5X Build/MMB29P) AppleWebKit/537.36 (KHTML, like Gecko) Chrome/140.0.7339.127 Mobile Safari/537.36 (compatible; Googlebot/2.1; +http://www.google.com/bot.html)"
144.76.19.11 - - [18/Sep/2025:14:25:27 +0200] "GET /?fm=true&path=/usr/include/quota/.. HTTP/1.1" 200 362307 "-" "Mozilla/5.0 (compatible; BLEXBot/1.0; +https://help.seranking.com/en/blex-crawler)"
66.249.66.70 - - [18/Sep/2025:14:25:27 +0200] "GET /pages.php?products/37yi30859 HTTP/1.1" 200 16536 "-" "Mozilla/5.0 (Linux; Android 6.0.1; Nexus 5X Build/MMB29P) AppleWebKit/537.36 (KHTML, like Gecko) Chrome/140.0.7339.127 Mobile Safari/537.36 (compatible; Googlebot/2.1; +http://www.google.com/bot.html)"
66.249.66.76 - - [18/Sep/2025:14:25:27 +0200] "GET /253kxpr7905.html HTTP/1.1" 200 77455 "-" "Mozilla/5.0 (Linux; Android 6.0.1; Nexus 5X Build/MMB29P) AppleWebKit/537.36 (KHTML, like Gecko) Chrome/140.0.7339.127 Mobile Safari/537.36 (compatible; Googlebot/2.1; +http://www.google.com/bot.html)"
66.249.66.72 - - [18/Sep/2025:14:25:29 +0200] "GET /q-~246CSQruCYc7bPY8sQuNs4zUSgd5OHuOQ32279/ HTTP/1.1" 200 77952 "-" "Mozilla/5.0 (Linux; Android 6.0.1; Nexus 5X Build/MMB29P) AppleWebKit/537.36 (KHTML, like Gecko) Chrome/140.0.7339.127 Mobile Safari/537.36 (compatible; Googlebot/2.1; +http://www.google.com/bot.html)"
66.249.66.73 - - [18/Sep/2025:14:25:29 +0200] "GET /pages.php?products/64xc43644 HTTP/1.1" 200 16539 "-" "Mozilla/5.0 (Linux; Android 6.0.1; Nexus 5X Build/MMB29P) AppleWebKit/537.36 (KHTML, like Gecko) Chrome/140.0.7339.127 Mobile Safari/537.36 (compatible; Googlebot/2.1; +http://www.google.com/bot.html)"
66.249.66.71 - - [18/Sep/2025:14:25:30 +0200] "GET /products/287fi1415 HTTP/1.1" 200 76986 "-" "Mozilla/5.0 (Linux; Android 6.0.1; Nexus 5X Build/MMB29P) AppleWebKit/537.36 (KHTML, like Gecko) Chrome/140.0.7339.127 Mobile Safari/537.36 (compatible; Googlebot/2.1; +http://www.google.com/bot.html)"
66.249.66.72 - - [18/Sep/2025:14:25:30 +0200] "GET /q-~94FunCQQLXm03FLMs43fvcJ8vxuflqcZ16705/ HTTP/1.1" 200 77191 "-" "Mozilla/5.0 (Linux; Android 6.0.1; Nexus 5X Build/MMB29P) AppleWebKit/537.36 (KHTML, like Gecko) Chrome/140.0.7339.127 Mobile Safari/537.36 (compatible; Googlebot/2.1; +http://www.google.com/bot.html)"
144.76.19.11 - - [18/Sep/2025:14:25:31 +0200] "GET /?fm=true&path=/usr/include/rdma/hfi HTTP/1.1" 200 26556 "-" "Mozilla/5.0 (compatible; BLEXBot/1.0; +https://help.seranking.com/en/blex-crawler)"
66.249.66.76 - - [18/Sep/2025:14:25:31 +0200] "GET /pages.php?items/qtxii153/26335?key=comedy HTTP/1.1" 200 17714 "-" "Mozilla/5.0 (Linux; Android 6.0.1; Nexus 5X Build/MMB29P) AppleWebKit/537.36 (KHTML, like Gecko) Chrome/140.0.7339.127 Mobile Safari/537.36 (compatible; Googlebot/2.1; +http://www.google.com/bot.html)"
66.249.66.74 - - [18/Sep/2025:14:25:32 +0200] "GET /q-~122yF9ejd6LoDzdzqcltJK3Ha0FVjCUTH19703/ HTTP/1.1" 200 77184 "-" "Mozilla/5.0 (Linux; Android 6.0.1; Nexus 5X Build/MMB29P) AppleWebKit/537.36 (KHTML, like Gecko) Chrome/140.0.7339.127 Mobile Safari/537.36 (compatible; Googlebot/2.1; +http://www.google.com/bot.html)"
66.249.66.70 - - [18/Sep/2025:14:25:33 +0200] "GET /pages.php?products/9qt36207 HTTP/1.1" 200 17378 "-" "Mozilla/5.0 (Linux; Android 6.0.1; Nexus 5X Build/MMB29P) AppleWebKit/537.36 (KHTML, like Gecko) Chrome/140.0.7339.127 Mobile Safari/537.36 (compatible; Googlebot/2.1; +http://www.google.com/bot.html)"
144.76.19.11 - - [18/Sep/2025:14:25:34 +0200] "GET /?fm=true&path=/usr/include/rpcsvc/. HTTP/1.1" 200 65995 "-" "Mozilla/5.0 (compatible; BLEXBot/1.0; +https://help.seranking.com/en/blex-crawler)"
66.249.66.77 - - [18/Sep/2025:14:25:34 +0200] "GET /products/169gq31635 HTTP/1.1" 200 77762 "-" "Mozilla/5.0 (Linux; Android 6.0.1; Nexus 5X Build/MMB29P) AppleWebKit/537.36 (KHTML, like Gecko) Chrome/140.0.7339.127 Mobile Safari/537.36 (compatible; Googlebot/2.1; +http://www.google.com/bot.html)"
66.249.66.71 - - [18/Sep/2025:14:25:35 +0200] "GET /m036037797?srsltid=AfmBOohPBWYjPtoht79InH_zsBTPvAxqZ_GcKysWnv-H-zH31CF04z HTTP/1.1" 200 77073 "-" "Mozilla/5.0 (Linux; Android 6.0.1; Nexus 5X Build/MMB29P) AppleWebKit/537.36 (KHTML, like Gecko) Chrome/140.0.7339.127 Mobile Safari/537.36 (compatible; Googlebot/2.1; +http://www.google.com/bot.html)"
66.249.66.69 - - [18/Sep/2025:14:25:36 +0200] "GET /q-~298ozXEN9C9Bw5uEwumJ8A2R8P8X6igXL13167/ HTTP/1.1" 200 76933 "-" "Mozilla/5.0 (Linux; Android 6.0.1; Nexus 5X Build/MMB29P) AppleWebKit/537.36 (KHTML, like Gecko) Chrome/140.0.7339.127 Mobile Safari/537.36 (compatible; Googlebot/2.1; +http://www.google.com/bot.html)"
66.249.66.71 - - [18/Sep/2025:14:25:36 +0200] "GET /pages.php?products/149iq28909 HTTP/1.1" 200 17966 "-" "Mozilla/5.0 (Linux; Android 6.0.1; Nexus 5X Build/MMB29P) AppleWebKit/537.36 (KHTML, like Gecko) Chrome/140.0.7339.127 Mobile Safari/537.36 (compatible; Googlebot/2.1; +http://www.google.com/bot.html)"
66.249.66.76 - - [18/Sep/2025:14:25:37 +0200] "GET /products/198yl25872 HTTP/1.1" 200 77563 "-" "Mozilla/5.0 (Linux; Android 6.0.1; Nexus 5X Build/MMB29P) AppleWebKit/537.36 (KHTML, like Gecko) Chrome/140.0.7339.127 Mobile Safari/537.36 (compatible; Googlebot/2.1; +http://www.google.com/bot.html)"
144.76.19.11 - - [18/Sep/2025:14:25:38 +0200] "GET /?fm=true&path=/usr/include/sepol/.. HTTP/1.1" 200 362307 "-" "Mozilla/5.0 (compatible; BLEXBot/1.0; +https://help.seranking.com/en/blex-crawler)"
66.249.66.74 - - [18/Sep/2025:14:25:38 +0200] "GET /94ixr28976.html HTTP/1.1" 200 77016 "-" "Mozilla/5.0 (Linux; Android 6.0.1; Nexus 5X Build/MMB29P) AppleWebKit/537.36 (KHTML, like Gecko) Chrome/140.0.7339.127 Mobile Safari/537.36 (compatible; Googlebot/2.1; +http://www.google.com/bot.html)"
66.249.66.77 - - [18/Sep/2025:14:25:39 +0200] "GET /pages.php?g=2321003410833&channel=161e59&from=https://filmotek.fr/detail.xhtml?212032211.htm HTTP/1.1" 200 16602 "-" "Mozilla/5.0 (Linux; Android 6.0.1; Nexus 5X Build/MMB29P) AppleWebKit/537.36 (KHTML, like Gecko) Chrome/140.0.7339.127 Mobile Safari/537.36 (compatible; Googlebot/2.1; +http://www.google.com/bot.html)"
66.249.66.65 - - [18/Sep/2025:14:25:41 +0200] "GET /products/273ob32581 HTTP/1.1" 200 77258 "-" "Mozilla/5.0 (Linux; Android 6.0.1; Nexus 5X Build/MMB29P) AppleWebKit/537.36 (KHTML, like Gecko) Chrome/140.0.7339.127 Mobile Safari/537.36 (compatible; Googlebot/2.1; +http://www.google.com/bot.html)"
66.249.66.72 - - [18/Sep/2025:14:25:39 +0200] "GET /q-~32CqP4ATENkAvUSt9pUhdMlZZbby9vfW26565/ HTTP/1.1" 200 77490 "-" "Mozilla/5.0 (Linux; Android 6.0.1; Nexus 5X Build/MMB29P) AppleWebKit/537.36 (KHTML, like Gecko) Chrome/140.0.7339.127 Mobile Safari/537.36 (compatible; Googlebot/2.1; +http://www.google.com/bot.html)"
66.249.66.65 - - [18/Sep/2025:14:25:42 +0200] "GET /m140000137?srsltid=AfmBOoVCKInvEOakKPZ5As_GnpvWlEFWI_BV8nqsWn-K-6VCINVKeW HTTP/1.1" 200 77204 "-" "Mozilla/5.0 (Linux; Android 6.0.1; Nexus 5X Build/MMB29P) AppleWebKit/537.36 (KHTML, like Gecko) Chrome/140.0.7339.127 Mobile Safari/537.36 (compatible; Googlebot/2.1; +http://www.google.com/bot.html)"
144.76.19.11 - - [18/Sep/2025:14:25:42 +0200] "GET /?fm=true&path=/usr/include/sodium/. HTTP/1.1" 200 101975 "-" "Mozilla/5.0 (compatible; BLEXBot/1.0; +https://help.seranking.com/en/blex-crawler)"
66.249.66.75 - - [18/Sep/2025:14:25:43 +0200] "GET /q-~145JkM7eJU6t0ptDIc4QtkH24x5WMssGm47044/ HTTP/1.1" 200 77138 "-" "Mozilla/5.0 (Linux; Android 6.0.1; Nexus 5X Build/MMB29P) AppleWebKit/537.36 (KHTML, like Gecko) Chrome/140.0.7339.127 Mobile Safari/537.36 (compatible; Googlebot/2.1; +http://www.google.com/bot.html)"
66.249.66.73 - - [18/Sep/2025:14:25:43 +0200] "GET /q-~298sWJjlq98p8LrfwqrwJUD2PBDzDl6no13165/ HTTP/1.1" 200 76669 "-" "Mozilla/5.0 (Linux; Android 6.0.1; Nexus 5X Build/MMB29P) AppleWebKit/537.36 (KHTML, like Gecko) Chrome/140.0.7339.127 Mobile Safari/537.36 (compatible; Googlebot/2.1; +http://www.google.com/bot.html)"
66.249.66.71 - - [18/Sep/2025:14:25:44 +0200] "GET /q-~36Y2dmmvVTXAmHyQqXyxZt2X5xK58F4K39521/ HTTP/1.1" 200 76952 "-" "Mozilla/5.0 (Linux; Android 6.0.1; Nexus 5X Build/MMB29P) AppleWebKit/537.36 (KHTML, like Gecko) Chrome/140.0.7339.127 Mobile Safari/537.36 (compatible; Googlebot/2.1; +http://www.google.com/bot.html)"
