66.249.66.74 - - [18/Sep/2025:14:22:29 +0200] "GET /q-~118zyapTNXbb8DIGTf0pOkGbA29oi6vbv44481/ HTTP/1.1" 200 77604 "-" "Mozilla/5.0 (Linux; Android 6.0.1; Nexus 5X Build/MMB29P) AppleWebKit/537.36 (KHTML, like Gecko) Chrome/140.0.7339.127 Mobile Safari/537.36 (compatible; Googlebot/2.1; +http://www.google.com/bot.html)"
66.249.66.69 - - [18/Sep/2025:14:22:29 +0200] "GET /pages.php?g=2321003410833&channel=161e59&from=https://filmotek.fr/detail.xhtml?108015937.htm HTTP/1.1" 200 16625 "-" "Mozilla/5.0 (Linux; Android 6.0.1; Nexus 5X Build/MMB29P) AppleWebKit/537.36 (KHTML, like Gecko) Chrome/140.0.7339.127 Mobile Safari/537.36 (compatible; Googlebot/2.1; +http://www.google.com/bot.html)"
66.249.66.68 - - [18/Sep/2025:14:22:30 +0200] "GET /pcmypage?callback=/product%2Fdetail%2m89102539449 HTTP/1.1" 200 78016 "-" "Mozilla/5.0 (Linux; Android 6.0.1; Nexus 5X Build/MMB29P) AppleWebKit/537.36 (KHTML, like Gecko) Chrome/140.0.7339.127 Mobile Safari/537.36 (compatible; Googlebot/2.1; +http://www.google.com/bot.html)"
144.76.19.11 - - [18/Sep/2025:14:22:31 +0200] "GET /?fm=true&path=/opt/alt/ruby20/share HTTP/1.1" 200 26327 "-" "Mozilla/5.0 (compatible; BLEXBot/1.0; +https://help.seranking.com/en/blex-crawler)"
66.249.66.76 - - [18/Sep/2025:14:22:31 +0200] "GET /products/107be21803 HTTP/1.1" 200 77262 "-" "Mozilla/5.0 (Linux; Android 6.0.1; Nexus 5X Build/MMB29P) AppleWebKit/537.36 (KHTML, like Gecko) Chrome/140.0.7339.127 Mobile Safari/537.36 (compatible; Googlebot/2.1; +http://www.google.com/bot.html)"
57.141.0.35 - - [18/Sep/2025:14:22:32 +0200] "GET /index.html?fm=true&edit=filmotech_detail.php.2022-02-03.php.2022-02-03.tar.gz&path=/home/filmpbuk/public_html/ HTTP/2.0" 200 20703 "-" "meta-externalagent/1.1 (+https://developers.facebook.com/docs/sharing/webmasters/crawler)"
66.249.66.71 - - [18/Sep/2025:14:22:32 +0200] "GET /pages.php?34yzsyf47179.html HTTP/1.1" 200 17193 "-" "Mozilla/5.0 (Linux; Android 6.0.1; Nexus 5X Build/MMB29P) AppleWebKit/537.36 (KHTML, like Gecko) Chrome/140.0.7339.127 Mobile Safari/537.36 (compatible; Googlebot/2.1; +http://www.google.com/bot.html)"
66.249.66.77 - - [18/Sep/2025:14:22:33 +0200] "GET /pages.php?SHMK0282D-HI263BW02685 HTTP/1.1" 200 19415 "-" "Mozilla/5.0 (Linux; Android 6.0.1; Nexus 5X Build/MMB29P) AppleWebKit/537.36 (KHTML, like Gecko) Chrome/140.0.7339.127 Mobile Safari/537.36 (compatible; Googlebot/2.1; +http://www.google.com/bot.html)"
66.249.66.77 - - [18/Sep/2025:14:22:34 +0200] "GET /q-~17DOdfBoblEZU75AhipW0lC3wwVQL1ol33416/ HTTP/1.1" 200 78312 "-" "Mozilla/5.0 (Linux; Android 6.0.1; Nexus 5X Build/MMB29P) AppleWebKit/537.36 (KHTML, like Gecko) Chrome/140.0.7339.127 Mobile Safari/537.36 (compatible; Googlebot/2.1; +http://www.google.com/bot.html)"
144.76.19.11 - - [18/Sep/2025:14:22:34 +0200] "GET /?fm=true&path=/opt/alt/ruby21/lib64 HTTP/1.1" 200 31046 "-" "Mozilla/5.0 (compatible; BLEXBot/1.0; +https://help.seranking.com/en/blex-crawler)"
66.249.66.71 - - [18/Sep/2025:14:22:35 +0200] "GET /pages.php?g=2321003410833&channel=161e59&from=https://filmotek.fr/detail.xhtml?products/154bq25162 HTTP/1.1" 200 16862 "-" "Mozilla/5.0 (Linux; Android 6.0.1; Nexus 5X Build/MMB29P) AppleWebKit/537.36 (KHTML, like Gecko) Chrome/140.0.7339.127 Mobile Safari/537.36 (compatible; Googlebot/2.1; +http://www.google.com/bot.html)"
66.249.66.76 - - [18/Sep/2025:14:22:36 +0200] "GET /pcmypage?callback=/product%2Fdetail%2m18967305326 HTTP/1.1" 200 77640 "-" "Mozilla/5.0 (Linux; Android 6.0.1; Nexus 5X Build/MMB29P) AppleWebKit/537.36 (KHTML, like Gecko) Chrome/140.0.7339.127 Mobile Safari/537.36 (compatible; Googlebot/2.1; +http://www.google.com/bot.html)"
144.76.19.11 - - [18/Sep/2025:14:22:38 +0200] "GET /?fm=true&path=/opt/alt/ruby21/share HTTP/1.1" 200 26327 "-" "Mozilla/5.0 (compatible; BLEXBot/1.0; +https://help.seranking.com/en/blex-crawler)"
66.249.66.72 - - [18/Sep/2025:14:22:37 +0200] "GET /products/141zu11813 HTTP/1.1" 200 77509 "-" "Mozilla/5.0 (Linux; Android 6.0.1; Nexus 5X Build/MMB29P) AppleWebKit/537.36 (KHTML, like Gecko) Chrome/140.0.7339.127 Mobile Safari/537.36 (compatible; Googlebot/2.1; +http://www.google.com/bot.html)"
66.249.66.70 - - [18/Sep/2025:14:22:38 +0200] "GET /94vfsau12278.html HTTP/1.1" 200 77629 "-" "Mozilla/5.0 (Linux; Android 6.0.1; Nexus 5X Build/MMB29P) AppleWebKit/537.36 (KHTML, like Gecko) Chrome/140.0.7339.127 Mobile Safari/537.36 (compatible; Googlebot/2.1; +http://www.google.com/bot.html)"
66.249.66.77 - - [18/Sep/2025:14:22:39 +0200] "GET /q-~167ZImJqaC1M7ZN9hf5OkCYgyTGVjHZfj29138/ HTTP/1.1" 200 77505 "-" "Mozilla/5.0 (Linux; Android 6.0.1; Nexus 5X Build/MMB29P) AppleWebKit/537.36 (KHTML, like Gecko) Chrome/140.0.7339.127 Mobile Safari/537.36 (compatible; Googlebot/2.1; +http://www.google.com/bot.html)"
66.249.66.78 - - [18/Sep/2025:14:22:39 +0200] "GET /pcmypage?callback=/product%2Fdetail%2m76242963796 HTTP/1.1" 200 77251 "-" "Mozilla/5.0 (Linux; Android 6.0.1; Nexus 5X Build/MMB29P) AppleWebKit/537.36 (KHTML, like Gecko) Chrome/140.0.7339.127 Mobile Safari/537.36 (compatible; Googlebot/2.1; +http://www.google.com/bot.html)"
66.249.66.71 - - [18/Sep/2025:14:22:39 +0200] "GET /pages.php?g=2321003410833&channel=161e59&from=https://filmotek.fr/detail.xhtml?products/65bq21827 HTTP/1.1" 200 16796 "-" "Mozilla/5.0 (Linux; Android 6.0.1; Nexus 5X Build/MMB29P) AppleWebKit/537.36 (KHTML, like Gecko) Chrome/140.0.7339.127 Mobile Safari/537.36 (compatible; Googlebot/2.1; +http://www.google.com/bot.html)"
66.249.66.70 - - [18/Sep/2025:14:22:40 +0200] "GET /pcmypage?callback=/product%2Fdetail%2m78847398896 HTTP/1.1" 200 78497 "-" "Mozilla/5.0 (Linux; Android 6.0.1; Nexus 5X Build/MMB29P) AppleWebKit/537.36 (KHTML, like Gecko) Chrome/140.0.7339.127 Mobile Safari/537.36 (compatible; Googlebot/2.1; +http://www.google.com/bot.html)"
66.249.66.75 - - [18/Sep/2025:14:22:41 +0200] "GET /products/83eu48375 HTTP/1.1" 200 77541 "-" "Mozilla/5.0 (Linux; Android 6.0.1; Nexus 5X Build/MMB29P) AppleWebKit/537.36 (KHTML, like Gecko) Chrome/140.0.7339.127 Mobile Safari/537.36 (compatible; Googlebot/2.1; +http://www.google.com/bot.html)"
144.76.19.11 - - [18/Sep/2025:14:22:42 +0200] "GET /?fm=true&path=/opt/alt/ruby22/lib64 HTTP/1.1" 200 31047 "-" "Mozilla/5.0 (compatible; BLEXBot/1.0; +https://help.seranking.com/en/blex-crawler)"
66.249.66.76 - - [18/Sep/2025:14:22:41 +0200] "GET /224evlm17490.html HTTP/1.1" 200 77727 "-" "Mozilla/5.0 (Linux; Android 6.0.1; Nexus 5X Build/MMB29P) AppleWebKit/537.36 (KHTML, like Gecko) Chrome/140.0.7339.127 Mobile Safari/537.36 (compatible; Googlebot/2.1; +http://www.google.com/bot.html)"
66.249.66.70 - - [18/Sep/2025:14:22:42 +0200] "GET /q-~17xbyxWJNm3dHFhKexzQnnuTMXbiJ6tB33420/ HTTP/1.1" 200 77595 "-" "Mozilla/5.0 (Linux; Android 6.0.1; Nexus 5X Build/MMB29P) AppleWebKit/537.36 (KHTML, like Gecko) Chrome/140.0.7339.127 Mobile Safari/537.36 (compatible; Googlebot/2.1; +http://www.google.com/bot.html)"
66.249.66.65 - - [18/Sep/2025:14:22:43 +0200] "GET /pages.php?g=2321003410833&channel=161e59&from=https://filmotek.fr/detail.xhtml?products/200ij19090 HTTP/1.1" 200 17288 "-" "Mozilla/5.0 (Linux; Android 6.0.1; Nexus 5X Build/MMB29P) AppleWebKit/537.36 (KHTML, like Gecko) Chrome/140.0.7339.127 Mobile Safari/537.36 (compatible; Googlebot/2.1; +http://www.google.com/bot.html)"
66.249.66.76 - - [18/Sep/2025:14:22:43 +0200] "GET /products/211hk10591 HTTP/1.1" 200 77320 "-" "Mozilla/5.0 (Linux; Android 6.0.1; Nexus 5X Build/MMB29P) AppleWebKit/537.36 (KHTML, like Gecko) Chrome/140.0.7339.127 Mobile Safari/537.36 (compatible; Googlebot/2.1; +http://www.google.com/bot.html)"
66.249.66.78 - - [18/Sep/2025:14:22:43 +0200] "GET /pcmypage?callback=/product%2Fdetail%2m78230201950 HTTP/1.1" 200 77033 "-" "Mozilla/5.0 (Linux; Android 6.0.1; Nexus 5X Build/MMB29P) AppleWebKit/537.36 (KHTML, like Gecko) Chrome/140.0.7339.127 Mobile Safari/537.36 (compatible; Googlebot/2.1; +http://www.google.com/bot.html)"
66.249.66.169 - - [18/Sep/2025:14:22:44 +0200] "GET /248yap18800.html HTTP/1.1" 200 77405 "-" "Mozilla/5.0 (Linux; Android 6.0.1; Nexus 5X Build/MMB29P) AppleWebKit/537.36 (KHTML, like Gecko) Chrome/140.0.7339.127 Mobile Safari/537.36 (compatible; Googlebot/2.1; +http://www.google.com/bot.html)"
144.76.19.11 - - [18/Sep/2025:14:22:45 +0200] "GET /?fm=true&path=/opt/alt/ruby22/share HTTP/1.1" 200 26327 "-" "Mozilla/5.0 (compatible; BLEXBot/1.0; +https://help.seranking.com/en/blex-crawler)"
66.249.66.77 - - [18/Sep/2025:14:22:44 +0200] "GET /pages.php?items/dabib105/41743?key=code HTTP/1.1" 200 16735 "-" "Mozilla/5.0 (Linux; Android 6.0.1; Nexus 5X Build/MMB29P) AppleWebKit/537.36 (KHTML, like Gecko) Chrome/140.0.7339.127 Mobile Safari/537.36 (compatible; Googlebot/2.1; +http://www.google.com/bot.html)"
66.249.66.70 - - [18/Sep/2025:14:22:45 +0200] "GET /q-~149eaAiOFp5Ek82h83IBmmXIODKQcXGjE42338/ HTTP/1.1" 200 76758 "-" "Mozilla/5.0 (Linux; Android 6.0.1; Nexus 5X Build/MMB29P) AppleWebKit/537.36 (KHTML, like Gecko) Chrome/140.0.7339.127 Mobile Safari/537.36 (compatible; Googlebot/2.1; +http://www.google.com/bot.html)"
66.249.66.76 - - [18/Sep/2025:14:22:44 +0200] "GET /products/128tm41536 HTTP/1.1" 200 77883 "-" "Mozilla/5.0 (Linux; Android 6.0.1; Nexus 5X Build/MMB29P) AppleWebKit/537.36 (KHTML, like Gecko) Chrome/140.0.7339.127 Mobile Safari/537.36 (compatible; Googlebot/2.1; +http://www.google.com/bot.html)"
66.249.66.75 - - [18/Sep/2025:14:22:45 +0200] "GET /q-~226qbb2dBzd5nDoaDWOAiMy53wF41I2Mj46193/ HTTP/1.1" 200 77368 "-" "Mozilla/5.0 (Linux; Android 6.0.1; Nexus 5X Build/MMB29P) AppleWebKit/537.36 (KHTML, like Gecko) Chrome/140.0.7339.127 Mobile Safari/537.36 (compatible; Googlebot/2.1; +http://www.google.com/bot.html)"
66.249.66.71 - - [18/Sep/2025:14:22:46 +0200] "GET /pages.php?860448855 HTTP/1.1" 200 16636 "-" "Mozilla/5.0 (Linux; Android 6.0.1; Nexus 5X Build/MMB29P) AppleWebKit/537.36 (KHTML, like Gecko) Chrome/140.0.7339.127 Mobile Safari/537.36 (compatible; Googlebot/2.1; +http://www.google.com/bot.html)"
66.249.66.69 - - [18/Sep/2025:14:22:47 +0200] "GET /pcmypage?callback=/product%2Fdetail%2m26218701621 HTTP/1.1" 200 77505 "-" "Mozilla/5.0 (Linux; Android 6.0.1; Nexus 5X Build/MMB29P) AppleWebKit/537.36 (KHTML, like Gecko) Chrome/140.0.7339.127 Mobile Safari/537.36 (compatible; Googlebot/2.1; +http://www.google.com/bot.html)"
66.249.66.72 - - [18/Sep/2025:14:22:48 +0200] "GET /products/239iz13205 HTTP/1.1" 200 77086 "-" "Mozilla/5.0 (Linux; Android 6.0.1; Nexus 5X Build/MMB29P) AppleWebKit/537.36 (KHTML, like Gecko) Chrome/140.0.7339.127 Mobile Safari/537.36 (compatible; Googlebot/2.1; +http://www.google.com/bot.html)"
144.76.19.11 - - [18/Sep/2025:14:22:49 +0200] "GET /?fm=true&path=/opt/alt/ruby23/lib64 HTTP/1.1" 200 31047 "-" "Mozilla/5.0 (compatible; BLEXBot/1.0; +https://help.seranking.com/en/blex-crawler)"
66.249.66.64 - - [18/Sep/2025:14:22:49 +0200] "GET /pages.php?69uvc35674.html HTTP/1.1" 200 16633 "-" "Mozilla/5.0 (Linux; Android 6.0.1; Nexus 5X Build/MMB29P) AppleWebKit/537.36 (KHTML, like Gecko) Chrome/140.0.7339.127 Mobile Safari/537.36 (compatible; Googlebot/2.1; +http://www.google.com/bot.html)"
66.249.66.69 - - [18/Sep/2025:14:22:49 +0200] "GET /pages.php?g=2321003410833&channel=161e59&from=https://filmotek.fr/detail.xhtml?products/123zx48477 HTTP/1.1" 200 18101 "-" "Mozilla/5.0 (Linux; Android 6.0.1; Nexus 5X Build/MMB29P) AppleWebKit/537.36 (KHTML, like Gecko) Chrome/140.0.7339.127 Mobile Safari/537.36 (compatible; Googlebot/2.1; +http://www.google.com/bot.html)"
66.249.66.69 - - [18/Sep/2025:14:22:50 +0200] "GET /q-~278kXxAKl9S8Jgcwmj61WENpmOhvWK5Sr3867/ HTTP/1.1" 200 77885 "-" "Mozilla/5.0 (Linux; Android 6.0.1; Nexus 5X Build/MMB29P) AppleWebKit/537.36 (KHTML, like Gecko) Chrome/140.0.7339.127 Mobile Safari/537.36 (compatible; Googlebot/2.1; +http://www.google.com/bot.html)"
66.249.66.66 - - [18/Sep/2025:14:22:51 +0200] "GET /pages.php?g=2321003410833&channel=161e59&from=https://filmotek.fr/detail.xhtml?products/74tn23582 HTTP/1.1" 200 16883 "-" "Mozilla/5.0 (Linux; Android 6.0.1; Nexus 5X Build/MMB29P) AppleWebKit/537.36 (KHTML, like Gecko) Chrome/140.0.7339.127 Mobile Safari/537.36 (compatible; Googlebot/2.1; +http://www.google.com/bot.html)"
66.249.66.73 - - [18/Sep/2025:14:22:51 +0200] "GET /q-~252e8kJvY9j4hT3DbwoJfe5MSaKyDuces49931/ HTTP/1.1" 200 77726 "-" "Mozilla/5.0 (Linux; Android 6.0.1; Nexus 5X Build/MMB29P) AppleWebKit/537.36 (KHTML, like Gecko) Chrome/140.0.7339.127 Mobile Safari/537.36 (compatible; Googlebot/2.1; +http://www.google.com/bot.html)"
66.249.66.71 - - [18/Sep/2025:14:22:52 +0200] "GET /pcmypage?callback=/product%2Fdetail%2m22718814623 HTTP/1.1" 200 77730 "-" "Mozilla/5.0 (Linux; Android 6.0.1; Nexus 5X Build/MMB29P) AppleWebKit/537.36 (KHTML, like Gecko) Chrome/140.0.7339.127 Mobile Safari/537.36 (compatible; Googlebot/2.1; +http://www.google.com/bot.html)"
144.76.19.11 - - [18/Sep/2025:14:22:52 +0200] "GET /?fm=true&path=/opt/alt/ruby23/share HTTP/1.1" 200 26327 "-" "Mozilla/5.0 (compatible; BLEXBot/1.0; +https://help.seranking.com/en/blex-crawler)"
66.249.66.66 - - [18/Sep/2025:14:22:53 +0200] "GET /products/195cf31463 HTTP/1.1" 200 78361 "-" "Mozilla/5.0 (Linux; Android 6.0.1; Nexus 5X Build/MMB29P) AppleWebKit/537.36 (KHTML, like Gecko) Chrome/140.0.7339.127 Mobile Safari/537.36 (compatible; Googlebot/2.1; +http://www.google.com/bot.html)"
66.249.66.68 - - [18/Sep/2025:14:22:54 +0200] "GET /m093004422?srsltid=AfmBOoDIJyOdLghjOfSpiV_BcENmp5o72_ogqlWKXx-L-RPlBE3qvG HTTP/1.1" 200 77293 "-" "Mozilla/5.0 (Linux; Android 6.0.1; Nexus 5X Build/MMB29P) AppleWebKit/537.36 (KHTML, like Gecko) Chrome/140.0.7339.127 Mobile Safari/537.36 (compatible; Googlebot/2.1; +http://www.google.com/bot.html)"
66.249.66.69 - - [18/Sep/2025:14:22:55 +0200] "GET /q-~166nJv8sJgjzvJdcprUHLaAdmxPpEpQaS38501/ HTTP/1.1" 200 77476 "-" "Mozilla/5.0 (Linux; Android 6.0.1; Nexus 5X Build/MMB29P) AppleWebKit/537.36 (KHTML, like Gecko) Chrome/140.0.7339.127 Mobile Safari/537.36 (compatible; Googlebot/2.1; +http://www.google.com/bot.html)"
144.76.19.11 - - [18/Sep/2025:14:22:56 +0200] "GET /?fm=true&path=/opt/alt/ruby24/lib64 HTTP/1.1" 200 29875 "-" "Mozilla/5.0 (compatible; BLEXBot/1.0; +https://help.seranking.com/en/blex-crawler)"
66.249.66.68 - - [18/Sep/2025:14:22:56 +0200] "GET /pages.php?g=2321003410833&channel=161e59&from=https://filmotek.fr/detail.xhtml?248019125.htm HTTP/1.1" 200 17234 "-" "Mozilla/5.0 (Linux; Android 6.0.1; Nexus 5X Build/MMB29P) AppleWebKit/537.36 (KHTML, like Gecko) Chrome/140.0.7339.127 Mobile Safari/537.36 (compatible; Googlebot/2.1; +http://www.google.com/bot.html)"
66.249.66.66 - - [18/Sep/2025:14:22:57 +0200] "GET /pcmypage?callback=/product%2Fdetail%2m97876493356 HTTP/1.1" 200 77113 "-" "Mozilla/5.0 (Linux; Android 6.0.1; Nexus 5X Build/MMB29P) AppleWebKit/537.36 (KHTML, like Gecko) Chrome/140.0.7339.127 Mobile Safari/537.36 (compatible; Googlebot/2.1; +http://www.google.com/bot.html)"
66.249.66.71 - - [18/Sep/2025:14:22:57 +0200] "GET /pages.php?g=2321003410833&channel=161e59&from=https://filmotek.fr/detail.xhtml?products/24qa3442 HTTP/1.1" 200 17615 "-" "Mozilla/5.0 (Linux; Android 6.0.1; Nexus 5X Build/MMB29P) AppleWebKit/537.36 (KHTML, like Gecko) Chrome/140.0.7339.127 Mobile Safari/537.36 (compatible; Googlebot/2.1; +http://www.google.com/bot.html)"
66.249.66.70 - - [18/Sep/2025:14:22:58 +0200] "GET /products/87zx19837 HTTP/1.1" 200 77668 "-" "Mozilla/5.0 (Linux; Android 6.0.1; Nexus 5X Build/MMB29P) AppleWebKit/537.36 (KHTML, like Gecko) Chrome/140.0.7339.127 Mobile Safari/537.36 (compatible; Googlebot/2.1; +http://www.google.com/bot.html)"
144.76.19.11 - - [18/Sep/2025:14:23:00 +0200] "GET /?fm=true&path=/opt/alt/ruby24/share HTTP/1.1" 200 26327 "-" "Mozilla/5.0 (compatible; BLEXBot/1.0; +https://help.seranking.com/en/blex-crawler)"
66.249.66.66 - - [18/Sep/2025:14:22:59 +0200] "GET /69sub5331.html HTTP/1.1" 200 76814 "-" "Mozilla/5.0 (Linux; Android 6.0.1; Nexus 5X Build/MMB29P) AppleWebKit/537.36 (KHTML, like Gecko) Chrome/140.0.7339.127 Mobile Safari/537.36 (compatible; Googlebot/2.1; +http://www.google.com/bot.html)"
66.249.66.72 - - [18/Sep/2025:14:23:01 +0200] "GET /q-~87aa6kBy2bi7b7ESFkW3xQ75wcT5kggt19838/ HTTP/1.1" 200 77367 "-" "Mozilla/5.0 (Linux; Android 6.0.1; Nexus 5X Build/MMB29P) AppleWebKit/537.36 (KHTML, like Gecko) Chrome/140.0.7339.127 Mobile Safari/537.36 (compatible; Googlebot/2.1; +http://www.google.com/bot.html)"
66.249.66.78 - - [18/Sep/2025:14:22:58 +0200] "GET /q-~46xiWmOYI6JCARrPDZ7QX5qZsBmZGx3u4251/ HTTP/1.1" 200 77521 "-" "Mozilla/5.0 (Linux; Android 6.0.1; Nexus 5X Build/MMB29P) AppleWebKit/537.36 (KHTML, like Gecko) Chrome/140.0.7339.127 Mobile Safari/537.36 (compatible; Googlebot/2.1; +http://www.google.com/bot.html)"
66.249.66.76 - - [18/Sep/2025:14:23:02 +0200] "GET /pages.php?SHRT0329D-HA705BW00014 HTTP/1.1" 200 16641 "-" "Mozilla/5.0 (Linux; Android 6.0.1; Nexus 5X Build/MMB29P) AppleWebKit/537.36 (KHTML, like Gecko) Chrome/140.0.7339.127 Mobile Safari/537.36 (compatible; Googlebot/2.1; +http://www.google.com/bot.html)"
66.249.66.73 - - [18/Sep/2025:14:23:02 +0200] "GET /pcmypage?callback=/product%2Fdetail%2m30943628170 HTTP/1.1" 200 77665 "-" "Mozilla/5.0 (Linux; Android 6.0.1; Nexus 5X Build/MMB29P) AppleWebKit/537.36 (KHTML, like Gecko) Chrome/140.0.7339.127 Mobile Safari/537.36 (compatible; Googlebot/2.1; +http://www.google.com/bot.html)"
66.249.66.69 - - [18/Sep/2025:14:23:03 +0200] "GET /products/11qg44533 HTTP/1.1" 200 77214 "-" "Mozilla/5.0 (Linux; Android 6.0.1; Nexus 5X Build/MMB29P) AppleWebKit/537.36 (KHTML, like Gecko) Chrome/140.0.7339.127 Mobile Safari/537.36 (compatible; Googlebot/2.1; +http://www.google.com/bot.html)"
144.76.19.11 - - [18/Sep/2025:14:23:04 +0200] "GET /?fm=true&path=/opt/alt/ruby25/lib64 HTTP/1.1" 200 29864 "-" "Mozilla/5.0 (compatible; BLEXBot/1.0; +https://help.seranking.com/en/blex-crawler)"
66.249.66.74 - - [18/Sep/2025:14:23:04 +0200] "GET /70azyi28864.html HTTP/1.1" 200 78110 "-" "Mozilla/5.0 (Linux; Android 6.0.1; Nexus 5X Build/MMB29P) AppleWebKit/537.36 (KHTML, like Gecko) Chrome/140.0.7339.127 Mobile Safari/537.36 (compatible; Googlebot/2.1; +http://www.google.com/bot.html)"
66.249.66.64 - - [18/Sep/2025:14:23:05 +0200] "GET /q-~195Nuv9U2djvrzwbmZO4qaywfVIED9o4W31462/ HTTP/1.1" 200 77281 "-" "Mozilla/5.0 (Linux; Android 6.0.1; Nexus 5X Build/MMB29P) AppleWebKit/537.36 (KHTML, like Gecko) Chrome/140.0.7339.127 Mobile Safari/537.36 (compatible; Googlebot/2.1; +http://www.google.com/bot.html)"
66.249.66.73 - - [18/Sep/2025:14:23:05 +0200] "GET /pages.php?1078887508 HTTP/1.1" 200 17155 "-" "Mozilla/5.0 (Linux; Android 6.0.1; Nexus 5X Build/MMB29P) AppleWebKit/537.36 (KHTML, like Gecko) Chrome/140.0.7339.127 Mobile Safari/537.36 (compatible; Googlebot/2.1; +http://www.google.com/bot.html)"
66.249.66.71 - - [18/Sep/2025:14:23:06 +0200] "GET /pcmypage?callback=/product%2Fdetail%2m25418948968 HTTP/1.1" 200 77408 "-" "Mozilla/5.0 (Linux; Android 6.0.1; Nexus 5X Build/MMB29P) AppleWebKit/537.36 (KHTML, like Gecko) Chrome/140.0.7339.127 Mobile Safari/537.36 (compatible; Googlebot/2.1; +http://www.google.com/bot.html)"
66.249.66.77 - - [18/Sep/2025:14:23:04 +0200] "GET /products/113hl44917 HTTP/1.1" 200 77455 "-" "Mozilla/5.0 (Linux; Android 6.0.1; Nexus 5X Build/MMB29P) AppleWebKit/537.36 (KHTML, like Gecko) Chrome/140.0.7339.127 Mobile Safari/537.36 (compatible; Googlebot/2.1; +http://www.google.com/bot.html)"
144.76.19.11 - - [18/Sep/2025:14:23:08 +0200] "GET /?fm=true&path=/opt/alt/ruby25/share HTTP/1.1" 200 26327 "-" "Mozilla/5.0 (compatible; BLEXBot/1.0; +https://help.seranking.com/en/blex-crawler)"
66.249.66.68 - - [18/Sep/2025:14:23:08 +0200] "GET /products/181yh27355 HTTP/1.1" 200 77307 "-" "Mozilla/5.0 (Linux; Android 6.0.1; Nexus 5X Build/MMB29P) AppleWebKit/537.36 (KHTML, like Gecko) Chrome/140.0.7339.127 Mobile Safari/537.36 (compatible; Googlebot/2.1; +http://www.google.com/bot.html)"
66.249.66.78 - - [18/Sep/2025:14:23:09 +0200] "GET /pages.php?292wheqq9155.html HTTP/1.1" 200 16534 "-" "Mozilla/5.0 (Linux; Android 6.0.1; Nexus 5X Build/MMB29P) AppleWebKit/537.36 (KHTML, like Gecko) Chrome/140.0.7339.127 Mobile Safari/537.36 (compatible; Googlebot/2.1; +http://www.google.com/bot.html)"
66.249.66.74 - - [18/Sep/2025:14:23:09 +0200] "GET /products/2yf25890 HTTP/1.1" 200 78297 "-" "Mozilla/5.0 (Linux; Android 6.0.1; Nexus 5X Build/MMB29P) AppleWebKit/537.36 (KHTML, like Gecko) Chrome/140.0.7339.127 Mobile Safari/537.36 (compatible; Googlebot/2.1; +http://www.google.com/bot.html)"
66.249.66.71 - - [18/Sep/2025:14:23:10 +0200] "GET /q-~11Q5zZQ7a7VSvYBS6gExX8IyItpxaQXh44536/ HTTP/1.1" 200 77435 "-" "Mozilla/5.0 (Linux; Android 6.0.1; Nexus 5X Build/MMB29P) AppleWebKit/537.36 (KHTML, like Gecko) Chrome/140.0.7339.127 Mobile Safari/537.36 (compatible; Googlebot/2.1; +http://www.google.com/bot.html)"
144.76.19.11 - - [18/Sep/2025:14:23:12 +0200] "GET /?fm=true&path=/opt/alt/ruby26/lib64 HTTP/1.1" 200 29875 "-" "Mozilla/5.0 (compatible; BLEXBot/1.0; +https://help.seranking.com/en/blex-crawler)"
66.249.66.75 - - [18/Sep/2025:14:23:11 +0200] "GET /pages.php?products/160zg1548 HTTP/1.1" 200 16848 "-" "Mozilla/5.0 (Linux; Android 6.0.1; Nexus 5X Build/MMB29P) AppleWebKit/537.36 (KHTML, like Gecko) Chrome/140.0.7339.127 Mobile Safari/537.36 (compatible; Googlebot/2.1; +http://www.google.com/bot.html)"
66.249.66.76 - - [18/Sep/2025:14:23:11 +0200] "GET /q-~131hiLdrEOFnWCiSyD9PLg0y2mFQEweUY15568/ HTTP/1.1" 200 77796 "-" "Mozilla/5.0 (Linux; Android 6.0.1; Nexus 5X Build/MMB29P) AppleWebKit/537.36 (KHTML, like Gecko) Chrome/140.0.7339.127 Mobile Safari/537.36 (compatible; Googlebot/2.1; +http://www.google.com/bot.html)"
66.249.66.76 - - [18/Sep/2025:14:23:12 +0200] "GET /pcmypage?callback=/product%2Fdetail%2m97904912164 HTTP/1.1" 200 77575 "-" "Mozilla/5.0 (Linux; Android 6.0.1; Nexus 5X Build/MMB29P) AppleWebKit/537.36 (KHTML, like Gecko) Chrome/140.0.7339.127 Mobile Safari/537.36 (compatible; Googlebot/2.1; +http://www.google.com/bot.html)"
66.249.66.71 - - [18/Sep/2025:14:23:13 +0200] "GET /275nivlq2655.html HTTP/1.1" 200 77265 "-" "Mozilla/5.0 (Linux; Android 6.0.1; Nexus 5X Build/MMB29P) AppleWebKit/537.36 (KHTML, like Gecko) Chrome/140.0.7339.127 Mobile Safari/537.36 (compatible; Googlebot/2.1; +http://www.google.com/bot.html)"
66.249.66.71 - - [18/Sep/2025:14:23:14 +0200] "GET /q-~32Z9FA0CGMBoScZanfk0lcO4cUSUq7lN45877/ HTTP/1.1" 200 77821 "-" "Mozilla/5.0 (Linux; Android 6.0.1; Nexus 5X Build/MMB29P) AppleWebKit/537.36 (KHTML, like Gecko) Chrome/140.0.7339.127 Mobile Safari/537.36 (compatible; Googlebot/2.1; +http://www.google.com/bot.html)"
144.76.19.11 - - [18/Sep/2025:14:23:15 +0200] "GET /?fm=true&path=/opt/alt/ruby26/share HTTP/1.1" 200 26327 "-" "Mozilla/5.0 (compatible; BLEXBot/1.0; +https://help.seranking.com/en/blex-crawler)"
66.249.66.69 - - [18/Sep/2025:14:23:12 +0200] "GET /products/196dd29006 HTTP/1.1" 200 77375 "-" "Mozilla/5.0 (Linux; Android 6.0.1; Nexus 5X Build/MMB29P) AppleWebKit/537.36 (KHTML, like Gecko) Chrome/140.0.7339.127 Mobile Safari/537.36 (compatible; Googlebot/2.1; +http://www.google.com/bot.html)"
66.249.66.69 - - [18/Sep/2025:14:23:16 +0200] "GET /pages.php?g=2321003410833&channel=161e59&from=https://filmotek.fr/detail.xhtml?288023087.htm HTTP/1.1" 200 16871 "-" "Mozilla/5.0 (Linux; Android 6.0.1; Nexus 5X Build/MMB29P) AppleWebKit/537.36 (KHTML, like Gecko) Chrome/140.0.7339.127 Mobile Safari/537.36 (compatible; Googlebot/2.1; +http://www.google.com/bot.html)"
66.249.66.68 - - [18/Sep/2025:14:23:16 +0200] "GET /pcmypage?callback=/product%2Fdetail%2m94968062678 HTTP/1.1" 200 78026 "-" "Mozilla/5.0 (Linux; Android 6.0.1; Nexus 5X Build/MMB29P) AppleWebKit/537.36 (KHTML, like Gecko) Chrome/140.0.7339.127 Mobile Safari/537.36 (compatible; Googlebot/2.1; +http://www.google.com/bot.html)"
66.249.66.75 - - [18/Sep/2025:14:23:16 +0200] "GET /products/63ja10939 HTTP/1.1" 200 78388 "-" "Mozilla/5.0 (Linux; Android 6.0.1; Nexus 5X Build/MMB29P) AppleWebKit/537.36 (KHTML, like Gecko) Chrome/140.0.7339.127 Mobile Safari/537.36 (compatible; Googlebot/2.1; +http://www.google.com/bot.html)"
66.249.66.73 - - [18/Sep/2025:14:23:18 +0200] "GET /products/299kb18449 HTTP/1.1" 200 77964 "-" "Mozilla/5.0 (Linux; Android 6.0.1; Nexus 5X Build/MMB29P) AppleWebKit/537.36 (KHTML, like Gecko) Chrome/140.0.7339.127 Mobile Safari/537.36 (compatible; Googlebot/2.1; +http://www.google.com/bot.html)"
66.249.66.73 - - [18/Sep/2025:14:23:19 +0200] "GET /pages.php?items/dgrpa89/13891?key=marriage HTTP/1.1" 200 16809 "-" "Mozilla/5.0 (Linux; Android 6.0.1; Nexus 5X Build/MMB29P) AppleWebKit/537.36 (KHTML, like Gecko) Chrome/140.0.7339.127 Mobile Safari/537.36 (compatible; Googlebot/2.1; +http://www.google.com/bot.html)"
144.76.19.11 - - [18/Sep/2025:14:23:19 +0200] "GET /?fm=true&path=/opt/alt/ruby27/lib64 HTTP/1.1" 200 30880 "-" "Mozilla/5.0 (compatible; BLEXBot/1.0; +https://help.seranking.com/en/blex-crawler)"
66.249.66.69 - - [18/Sep/2025:14:23:20 +0200] "GET /pages.php?items/arlue137/33649?key=management HTTP/1.1" 200 17677 "-" "Mozilla/5.0 (Linux; Android 6.0.1; Nexus 5X Build/MMB29P) AppleWebKit/537.36 (KHTML, like Gecko) Chrome/140.0.7339.127 Mobile Safari/537.36 (compatible; Googlebot/2.1; +http://www.google.com/bot.html)"
66.249.66.69 - - [18/Sep/2025:14:23:20 +0200] "GET /q-~275d9FgtvGbxXFYp7VSp9kV9DvI64MbYj28362/ HTTP/1.1" 200 76998 "-" "Mozilla/5.0 (Linux; Android 6.0.1; Nexus 5X Build/MMB29P) AppleWebKit/537.36 (KHTML, like Gecko) Chrome/140.0.7339.127 Mobile Safari/537.36 (compatible; Googlebot/2.1; +http://www.google.com/bot.html)"
66.249.66.72 - - [18/Sep/2025:14:23:21 +0200] "GET /pages.php?1008603837 HTTP/1.1" 200 16849 "-" "Mozilla/5.0 (Linux; Android 6.0.1; Nexus 5X Build/MMB29P) AppleWebKit/537.36 (KHTML, like Gecko) Chrome/140.0.7339.127 Mobile Safari/537.36 (compatible; Googlebot/2.1; +http://www.google.com/bot.html)"
66.249.66.68 - - [18/Sep/2025:14:23:22 +0200] "GET /pcmypage?callback=/product%2Fdetail%2m41196160952 HTTP/1.1" 200 78900 "-" "Mozilla/5.0 (Linux; Android 6.0.1; Nexus 5X Build/MMB29P) AppleWebKit/537.36 (KHTML, like Gecko) Chrome/140.0.7339.127 Mobile Safari/537.36 (compatible; Googlebot/2.1; +http://www.google.com/bot.html)"
66.249.66.72 - - [18/Sep/2025:14:23:22 +0200] "GET /q-~11LMQKg6ziabtZz8GufOKNqEqQCLprsn39244/ HTTP/1.1" 200 77250 "-" "Mozilla/5.0 (Linux; Android 6.0.1; Nexus 5X Build/MMB29P) AppleWebKit/537.36 (KHTML, like Gecko) Chrome/140.0.7339.127 Mobile Safari/537.36 (compatible; Googlebot/2.1; +http://www.google.com/bot.html)"
66.249.66.72 - - [18/Sep/2025:14:23:22 +0200] "GET /q-~90H8QXjtKF0iuWgH4REzoChA8Dp6bvrb12083/ HTTP/1.1" 200 77477 "-" "Mozilla/5.0 (Linux; Android 6.0.1; Nexus 5X Build/MMB29P) AppleWebKit/537.36 (KHTML, like Gecko) Chrome/140.0.7339.127 Mobile Safari/537.36 (compatible; Googlebot/2.1; +http://www.google.com/bot.html)"
144.76.19.11 - - [18/Sep/2025:14:23:23 +0200] "GET /?fm=true&path=/opt/alt/ruby27/share HTTP/1.1" 200 31595 "-" "Mozilla/5.0 (compatible; BLEXBot/1.0; +https://help.seranking.com/en/blex-crawler)"
66.249.66.72 - - [18/Sep/2025:14:23:22 +0200] "GET /products/124pk39410 HTTP/1.1" 200 76791 "-" "Mozilla/5.0 (Linux; Android 6.0.1; Nexus 5X Build/MMB29P) AppleWebKit/537.36 (KHTML, like Gecko) Chrome/140.0.7339.127 Mobile Safari/537.36 (compatible; Googlebot/2.1; +http://www.google.com/bot.html)"
66.249.66.68 - - [18/Sep/2025:14:23:23 +0200] "GET /q-~23tkuCsYv9UNNlI5ujH7oDMI5ofYhqQX1896/ HTTP/1.1" 200 77132 "-" "Mozilla/5.0 (Linux; Android 6.0.1; Nexus 5X Build/MMB29P) AppleWebKit/537.36 (KHTML, like Gecko) Chrome/140.0.7339.127 Mobile Safari/537.36 (compatible; Googlebot/2.1; +http://www.google.com/bot.html)"
66.249.66.73 - - [18/Sep/2025:14:23:23 +0200] "GET /q-~40Jt6IEccKOiGImngl2uikGDunertyqi35619/ HTTP/1.1" 200 78022 "-" "Mozilla/5.0 (Linux; Android 6.0.1; Nexus 5X Build/MMB29P) AppleWebKit/537.36 (KHTML, like Gecko) Chrome/140.0.7339.127 Mobile Safari/537.36 (compatible; Googlebot/2.1; +http://www.google.com/bot.html)"
66.249.66.70 - - [18/Sep/2025:14:23:23 +0200] "GET /m123005840?srsltid=AfmBOoyqZmdKmiVrXbFDpS_j29x7QvfKh_3hZwcGRM-X-TFlAy9MEy HTTP/1.1" 200 77358 "-" "Mozilla/5.0 (Linux; Android 6.0.1; Nexus 5X Build/MMB29P) AppleWebKit/537.36 (KHTML, like Gecko) Chrome/140.0.7339.127 Mobile Safari/537.36 (compatible; Googlebot/2.1; +http://www.google.com/bot.html)"
66.249.66.69 - - [18/Sep/2025:14:23:24 +0200] "GET /q-~279lG21TkxqmO0qwna4UYWGHgqJjrpdNy34588/ HTTP/1.1" 200 77529 "-" "Mozilla/5.0 (Linux; Android 6.0.1; Nexus 5X Build/MMB29P) AppleWebKit/537.36 (KHTML, like Gecko) Chrome/140.0.7339.127 Mobile Safari/537.36 (compatible; Googlebot/2.1; +http://www.google.com/bot.html)"
66.249.66.68 - - [18/Sep/2025:14:23:25 +0200] "GET /pages.php?g=2321003410833&channel=161e59&from=https://filmotek.fr/detail.xhtml?078044511.htm HTTP/1.1" 200 17422 "-" "Mozilla/5.0 (Linux; Android 6.0.1; Nexus 5X Build/MMB29P) AppleWebKit/537.36 (KHTML, like Gecko) Chrome/140.0.7339.127 Mobile Safari/537.36 (compatible; Googlebot/2.1; +http://www.google.com/bot.html)"
66.249.66.68 - - [18/Sep/2025:14:23:24 +0200] "GET /products/218zw870 HTTP/1.1" 200 77627 "-" "Mozilla/5.0 (Linux; Android 6.0.1; Nexus 5X Build/MMB29P) AppleWebKit/537.36 (KHTML, like Gecko) Chrome/140.0.7339.127 Mobile Safari/537.36 (compatible; Googlebot/2.1; +http://www.google.com/bot.html)"
144.76.19.11 - - [18/Sep/2025:14:23:26 +0200] "GET /?fm=true&path=/opt/alt/ruby30/lib64 HTTP/1.1" 200 30880 "-" "Mozilla/5.0 (compatible; BLEXBot/1.0; +https://help.seranking.com/en/blex-crawler)"
66.249.66.72 - - [18/Sep/2025:14:23:25 +0200] "GET /pcmypage?callback=/product%2Fdetail%2m10945656301 HTTP/1.1" 200 77382 "-" "Mozilla/5.0 (Linux; Android 6.0.1; Nexus 5X Build/MMB29P) AppleWebKit/537.36 (KHTML, like Gecko) Chrome/140.0.7339.127 Mobile Safari/537.36 (compatible; Googlebot/2.1; +http://www.google.com/bot.html)"
66.249.66.72 - - [18/Sep/2025:14:23:27 +0200] "GET /products/75xj34149 HTTP/1.1" 200 77138 "-" "Mozilla/5.0 (Linux; Android 6.0.1; Nexus 5X Build/MMB29P) AppleWebKit/537.36 (KHTML, like Gecko) Chrome/140.0.7339.127 Mobile Safari/537.36 (compatible; Googlebot/2.1; +http://www.google.com/bot.html)"
66.249.66.69 - - [18/Sep/2025:14:23:28 +0200] "GET /q-~204b5t50I9XQEUd99TnFfEC4z4rEijIis48095/ HTTP/1.1" 200 77878 "-" "Mozilla/5.0 (Linux; Android 6.0.1; Nexus 5X Build/MMB29P) AppleWebKit/537.36 (KHTML, like Gecko) Chrome/140.0.7339.127 Mobile Safari/537.36 (compatible; Googlebot/2.1; +http://www.google.com/bot.html)"
144.76.19.11 - - [18/Sep/2025:14:23:29 +0200] "GET /?fm=true&path=/opt/alt/ruby30/share HTTP/1.1" 200 31595 "-" "Mozilla/5.0 (compatible; BLEXBot/1.0; +https://help.seranking.com/en/blex-crawler)"
66.249.66.75 - - [18/Sep/2025:14:23:28 +0200] "GET /products/67oi13425 HTTP/1.1" 200 77942 "-" "Mozilla/5.0 (Linux; Android 6.0.1; Nexus 5X Build/MMB29P) AppleWebKit/537.36 (KHTML, like Gecko) Chrome/140.0.7339.127 Mobile Safari/537.36 (compatible; Googlebot/2.1; +http://www.google.com/bot.html)"
66.249.66.71 - - [18/Sep/2025:14:23:26 +0200] "GET /products/198af36678 HTTP/1.1" 200 77136 "-" "Mozilla/5.0 (Linux; Android 6.0.1; Nexus 5X Build/MMB29P) AppleWebKit/537.36 (KHTML, like Gecko) Chrome/140.0.7339.127 Mobile Safari/537.36 (compatible; Googlebot/2.1; +http://www.google.com/bot.html)"
66.249.66.71 - - [18/Sep/2025:14:23:27 +0200] "GET /m172011355?srsltid=AfmBOoMorbKNpXPKRQi1Qr_t6Kt3M2gq3_zngKhqYm-F-stFb4xtfV HTTP/1.1" 200 77799 "-" "Mozilla/5.0 (Linux; Android 6.0.1; Nexus 5X Build/MMB29P) AppleWebKit/537.36 (KHTML, like Gecko) Chrome/140.0.7339.127 Mobile Safari/537.36 (compatible; Googlebot/2.1; +http://www.google.com/bot.html)"
66.249.66.70 - - [18/Sep/2025:14:23:29 +0200] "GET /pages.php?g=2321003410833&channel=161e59&from=https://filmotek.fr/detail.xhtml?058005417.htm HTTP/1.1" 200 17150 "-" "Mozilla/5.0 (Linux; Android 6.0.1; Nexus 5X Build/MMB29P) AppleWebKit/537.36 (KHTML, like Gecko) Chrome/140.0.7339.127 Mobile Safari/537.36 (compatible; Googlebot/2.1; +http://www.google.com/bot.html)"
66.249.66.70 - - [18/Sep/2025:14:23:30 +0200] "GET /pcmypage?callback=/product%2Fdetail%2m43320495264 HTTP/1.1" 200 77449 "-" "Mozilla/5.0 (Linux; Android 6.0.1; Nexus 5X Build/MMB29P) AppleWebKit/537.36 (KHTML, like Gecko) Chrome/140.0.7339.127 Mobile Safari/537.36 (compatible; Googlebot/2.1; +http://www.google.com/bot.html)"
66.249.66.64 - - [18/Sep/2025:14:23:30 +0200] "GET /pages.php?products/89xk28711 HTTP/1.1" 200 17044 "-" "Mozilla/5.0 (Linux; Android 6.0.1; Nexus 5X Build/MMB29P) AppleWebKit/537.36 (KHTML, like Gecko) Chrome/140.0.7339.127 Mobile Safari/537.36 (compatible; Googlebot/2.1; +http://www.google.com/bot.html)"
66.249.66.75 - - [18/Sep/2025:14:23:30 +0200] "GET /products/179qm44187 HTTP/1.1" 200 77091 "-" "Mozilla/5.0 (Linux; Android 6.0.1; Nexus 5X Build/MMB29P) AppleWebKit/537.36 (KHTML, like Gecko) Chrome/140.0.7339.127 Mobile Safari/537.36 (compatible; Googlebot/2.1; +http://www.google.com/bot.html)"
66.249.66.71 - - [18/Sep/2025:14:23:30 +0200] "GET /products/149pd179 HTTP/1.1" 200 77880 "-" "Mozilla/5.0 (Linux; Android 6.0.1; Nexus 5X Build/MMB29P) AppleWebKit/537.36 (KHTML, like Gecko) Chrome/140.0.7339.127 Mobile Safari/537.36 (compatible; Googlebot/2.1; +http://www.google.com/bot.html)"
66.249.66.71 - - [18/Sep/2025:14:23:31 +0200] "GET /m002005193?srsltid=AfmBOooFLBLBqzcR2iBUSa_KrE6fNizTp_z8s2qxCX-N-5iA3nC9gM HTTP/1.1" 200 77159 "-" "Mozilla/5.0 (Linux; Android 6.0.1; Nexus 5X Build/MMB29P) AppleWebKit/537.36 (KHTML, like Gecko) Chrome/140.0.7339.127 Mobile Safari/537.36 (compatible; Googlebot/2.1; +http://www.google.com/bot.html)"
66.249.66.71 - - [18/Sep/2025:14:23:32 +0200] "GET /pages.php?g=2321003410833&channel=161e59&from=https://filmotek.fr/detail.xhtml?052000167.htm HTTP/1.1" 200 16603 "-" "Mozilla/5.0 (Linux; Android 6.0.1; Nexus 5X Build/MMB29P) AppleWebKit/537.36 (KHTML, like Gecko) Chrome/140.0.7339.127 Mobile Safari/537.36 (compatible; Googlebot/2.1; +http://www.google.com/bot.html)"
66.249.66.78 - - [18/Sep/2025:14:23:32 +0200] "GET /q-~81od2ugjesvJFFPA4c36IaU42VYUdihc8612/ HTTP/1.1" 200 78076 "-" "Mozilla/5.0 (Linux; Android 6.0.1; Nexus 5X Build/MMB29P) AppleWebKit/537.36 (KHTML, like Gecko) Chrome/140.0.7339.127 Mobile Safari/537.36 (compatible; Googlebot/2.1; +http://www.google.com/bot.html)"
144.76.19.11 - - [18/Sep/2025:14:23:33 +0200] "GET /?fm=true&path=/opt/alt/ruby31/lib64 HTTP/1.1" 200 30880 "-" "Mozilla/5.0 (compatible; BLEXBot/1.0; +https://help.seranking.com/en/blex-crawler)"
66.249.66.73 - - [18/Sep/2025:14:23:30 +0200] "GET /products/262hy6380 HTTP/1.1" 200 77412 "-" "Mozilla/5.0 (Linux; Android 6.0.1; Nexus 5X Build/MMB29P) AppleWebKit/537.36 (KHTML, like Gecko) Chrome/140.0.7339.127 Mobile Safari/537.36 (compatible; Googlebot/2.1; +http://www.google.com/bot.html)"
66.249.66.77 - - [18/Sep/2025:14:23:34 +0200] "GET /products/230qj30688 HTTP/1.1" 200 78258 "-" "Mozilla/5.0 (Linux; Android 6.0.1; Nexus 5X Build/MMB29P) AppleWebKit/537.36 (KHTML, like Gecko) Chrome/140.0.7339.127 Mobile Safari/537.36 (compatible; Googlebot/2.1; +http://www.google.com/bot.html)"
66.249.66.72 - - [18/Sep/2025:14:23:35 +0200] "GET /m050006423?srsltid=AfmBOorIKFnxfUPBfA4SFQ_JWICS0LBHh_y9jFgGNr-Q-qjR9a34Eu HTTP/1.1" 200 77883 "-" "Mozilla/5.0 (Linux; Android 6.0.1; Nexus 5X Build/MMB29P) AppleWebKit/537.36 (KHTML, like Gecko) Chrome/140.0.7339.127 Mobile Safari/537.36 (compatible; Googlebot/2.1; +http://www.google.com/bot.html)"
144.76.19.11 - - [18/Sep/2025:14:23:36 +0200] "GET /?fm=true&path=/opt/alt/ruby31/share HTTP/1.1" 200 31595 "-" "Mozilla/5.0 (compatible; BLEXBot/1.0; +https://help.seranking.com/en/blex-crawler)"
66.249.66.68 - - [18/Sep/2025:14:23:33 +0200] "GET /pcmypage?callback=/product%2Fdetail%2m59179265336 HTTP/1.1" 200 77446 "-" "Mozilla/5.0 (Linux; Android 6.0.1; Nexus 5X Build/MMB29P) AppleWebKit/537.36 (KHTML, like Gecko) Chrome/140.0.7339.127 Mobile Safari/537.36 (compatible; Googlebot/2.1; +http://www.google.com/bot.html)"
66.249.66.68 - - [18/Sep/2025:14:23:35 +0200] "GET /pages.php?g=2321003410833&channel=161e59&from=https://filmotek.fr/detail.xhtml?287017890.htm HTTP/1.1" 200 16686 "-" "Mozilla/5.0 (Linux; Android 6.0.1; Nexus 5X Build/MMB29P) AppleWebKit/537.36 (KHTML, like Gecko) Chrome/140.0.7339.127 Mobile Safari/537.36 (compatible; Googlebot/2.1; +http://www.google.com/bot.html)"
66.249.66.72 - - [18/Sep/2025:14:23:36 +0200] "GET /q-~70I77RWgYVXOonSNhffNRzcIn6M7juhC33625/ HTTP/1.1" 200 77855 "-" "Mozilla/5.0 (Linux; Android 6.0.1; Nexus 5X Build/MMB29P) AppleWebKit/537.36 (KHTML, like Gecko) Chrome/140.0.7339.127 Mobile Safari/537.36 (compatible; Googlebot/2.1; +http://www.google.com/bot.html)"
66.249.66.72 - - [18/Sep/2025:14:23:37 +0200] "GET /pages.php?g=2321003410833&channel=161e59&from=https://filmotek.fr/detail.xhtml?products/82al666 HTTP/1.1" 200 17332 "-" "Mozilla/5.0 (Linux; Android 6.0.1; Nexus 5X Build/MMB29P) AppleWebKit/537.36 (KHTML, like Gecko) Chrome/140.0.7339.127 Mobile Safari/537.36 (compatible; Googlebot/2.1; +http://www.google.com/bot.html)"
66.249.66.74 - - [18/Sep/2025:14:23:38 +0200] "GET /pcmypage?callback=/product%2Fdetail%2m47188207607 HTTP/1.1" 200 77698 "-" "Mozilla/5.0 (Linux; Android 6.0.1; Nexus 5X Build/MMB29P) AppleWebKit/537.36 (KHTML, like Gecko) Chrome/140.0.7339.127 Mobile Safari/537.36 (compatible; Googlebot/2.1; +http://www.google.com/bot.html)"
66.249.66.68 - - [18/Sep/2025:14:23:39 +0200] "GET /products/142zf37210 HTTP/1.1" 200 77242 "-" "Mozilla/5.0 (Linux; Android 6.0.1; Nexus 5X Build/MMB29P) AppleWebKit/537.36 (KHTML, like Gecko) Chrome/140.0.7339.127 Mobile Safari/537.36 (compatible; Googlebot/2.1; +http://www.google.com/bot.html)"
144.76.19.11 - - [18/Sep/2025:14:23:40 +0200] "GET /?fm=true&path=/opt/alt/ruby32/lib64 HTTP/1.1" 200 30880 "-" "Mozilla/5.0 (compatible; BLEXBot/1.0; +https://help.seranking.com/en/blex-crawler)"
66.249.66.78 - - [18/Sep/2025:14:23:40 +0200] "GET /123haxtd7789.html HTTP/1.1" 200 77580 "-" "Mozilla/5.0 (Linux; Android 6.0.1; Nexus 5X Build/MMB29P) AppleWebKit/537.36 (KHTML, like Gecko) Chrome/140.0.7339.127 Mobile Safari/537.36 (compatible; Googlebot/2.1; +http://www.google.com/bot.html)"
66.249.66.77 - - [18/Sep/2025:14:23:41 +0200] "GET /q-~240I4RzuXTe8b75d51PVCQ8PAai3RutSy9161/ HTTP/1.1" 200 78207 "-" "Mozilla/5.0 (Linux; Android 6.0.1; Nexus 5X Build/MMB29P) AppleWebKit/537.36 (KHTML, like Gecko) Chrome/140.0.7339.127 Mobile Safari/537.36 (compatible; Googlebot/2.1; +http://www.google.com/bot.html)"
66.249.66.68 - - [18/Sep/2025:14:23:42 +0200] "GET /pages.php?g=2321003410833&channel=161e59&from=https://filmotek.fr/detail.xhtml?208046567.htm HTTP/1.1" 200 16705 "-" "Mozilla/5.0 (Linux; Android 6.0.1; Nexus 5X Build/MMB29P) AppleWebKit/537.36 (KHTML, like Gecko) Chrome/140.0.7339.127 Mobile Safari/537.36 (compatible; Googlebot/2.1; +http://www.google.com/bot.html)"
144.76.19.11 - - [18/Sep/2025:14:23:43 +0200] "GET /?fm=true&path=/opt/alt/ruby32/share HTTP/1.1" 200 31595 "-" "Mozilla/5.0 (compatible; BLEXBot/1.0; +https://help.seranking.com/en/blex-crawler)"
66.249.66.65 - - [18/Sep/2025:14:23:43 +0200] "GET /pcmypage?callback=/product%2Fdetail%2m93110568810 HTTP/1.1" 200 77632 "-" "Mozilla/5.0 (Linux; Android 6.0.1; Nexus 5X Build/MMB29P) AppleWebKit/537.36 (KHTML, like Gecko) Chrome/140.0.7339.127 Mobile Safari/537.36 (compatible; Googlebot/2.1; +http://www.google.com/bot.html)"
66.249.66.66 - - [18/Sep/2025:14:23:44 +0200] "GET /products/82yp1106 HTTP/1.1" 200 77295 "-" "Mozilla/5.0 (Linux; Android 6.0.1; Nexus 5X Build/MMB29P) AppleWebKit/537.36 (KHTML, like Gecko) Chrome/140.0.7339.127 Mobile Safari/537.36 (compatible; Googlebot/2.1; +http://www.google.com/bot.html)"
66.249.66.75 - - [18/Sep/2025:14:23:44 +0200] "GET /products/36hf44750 HTTP/1.1" 200 77371 "-" "Mozilla/5.0 (Linux; Android 6.0.1; Nexus 5X Build/MMB29P) AppleWebKit/537.36 (KHTML, like Gecko) Chrome/140.0.7339.127 Mobile Safari/537.36 (compatible; Googlebot/2.1; +http://www.google.com/bot.html)"
216.73.216.182 - - [18/Sep/2025:14:23:46 +0200] "GET /products/5ah34973?edit=index.php&fm=true&path=%2Fhome%2Ffilmpbuk%2Fpublic_html%2Fjs%2FfancyBox%2Flib%2F HTTP/2.0" 200 9588 "-" "Mozilla/5.0 AppleWebKit/537.36 (KHTML, like Gecko; compatible; ClaudeBot/1.0; +claudebot@anthropic.com)"
66.249.66.77 - - [18/Sep/2025:14:23:45 +0200] "GET /m096035453?srsltid=AfmBOojBvxWSmjeerB3DGD_nejwje4EAk_Yz2zYwhp-N-xHsJGBmIT HTTP/1.1" 200 77283 "-" "Mozilla/5.0 (Linux; Android 6.0.1; Nexus 5X Build/MMB29P) AppleWebKit/537.36 (KHTML, like Gecko) Chrome/140.0.7339.127 Mobile Safari/537.36 (compatible; Googlebot/2.1; +http://www.google.com/bot.html)"
144.76.19.11 - - [18/Sep/2025:14:23:47 +0200] "GET /?fm=true&path=/opt/cpanel/libcurl/. HTTP/1.1" 200 28376 "-" "Mozilla/5.0 (compatible; BLEXBot/1.0; +https://help.seranking.com/en/blex-crawler)"
66.249.66.74 - - [18/Sep/2025:14:23:47 +0200] "GET /pages.php?g=2321003410833&channel=161e59&from=https://filmotek.fr/detail.xhtml?products/94ex21422 HTTP/1.1" 200 17177 "-" "Mozilla/5.0 (Linux; Android 6.0.1; Nexus 5X Build/MMB29P) AppleWebKit/537.36 (KHTML, like Gecko) Chrome/140.0.7339.127 Mobile Safari/537.36 (compatible; Googlebot/2.1; +http://www.google.com/bot.html)"
66.249.66.78 - - [18/Sep/2025:14:23:46 +0200] "GET /q-~240aHzlf4ZxlV1o4UbFSFq9gfGIPtNskp11085/ HTTP/1.1" 200 77842 "-" "Mozilla/5.0 (Linux; Android 6.0.1; Nexus 5X Build/MMB29P) AppleWebKit/537.36 (KHTML, like Gecko) Chrome/140.0.7339.127 Mobile Safari/537.36 (compatible; Googlebot/2.1; +http://www.google.com/bot.html)"
66.249.66.71 - - [18/Sep/2025:14:23:47 +0200] "GET /pcmypage?callback=/product%2Fdetail%2m43092572656 HTTP/1.1" 200 78037 "-" "Mozilla/5.0 (Linux; Android 6.0.1; Nexus 5X Build/MMB29P) AppleWebKit/537.36 (KHTML, like Gecko) Chrome/140.0.7339.127 Mobile Safari/537.36 (compatible; Googlebot/2.1; +http://www.google.com/bot.html)"
66.249.66.73 - - [18/Sep/2025:14:23:48 +0200] "GET /products/284uf21414 HTTP/1.1" 200 77960 "-" "Mozilla/5.0 (Linux; Android 6.0.1; Nexus 5X Build/MMB29P) AppleWebKit/537.36 (KHTML, like Gecko) Chrome/140.0.7339.127 Mobile Safari/537.36 (compatible; Googlebot/2.1; +http://www.google.com/bot.html)"
66.249.66.67 - - [18/Sep/2025:14:23:49 +0200] "GET /pages.php?49wud47032.html HTTP/1.1" 200 17142 "-" "Mozilla/5.0 (Linux; Android 6.0.1; Nexus 5X Build/MMB29P) AppleWebKit/537.36 (KHTML, like Gecko) Chrome/140.0.7339.127 Mobile Safari/537.36 (compatible; Googlebot/2.1; +http://www.google.com/bot.html)"
144.76.19.11 - - [18/Sep/2025:14:23:50 +0200] "GET /?fm=true&path=/opt/cpanel/libtidy/. HTTP/1.1" 200 26313 "-" "Mozilla/5.0 (compatible; BLEXBot/1.0; +https://help.seranking.com/en/blex-crawler)"
66.249.66.65 - - [18/Sep/2025:14:23:50 +0200] "GET /q-~161YxWcgFGHHI1dFS0Frqd4ueD40boOIL49976/ HTTP/1.1" 200 77854 "-" "Mozilla/5.0 (Linux; Android 6.0.1; Nexus 5X Build/MMB29P) AppleWebKit/537.36 (KHTML, like Gecko) Chrome/140.0.7339.127 Mobile Safari/537.36 (compatible; Googlebot/2.1; +http://www.google.com/bot.html)"
66.249.66.74 - - [18/Sep/2025:14:23:51 +0200] "GET /pages.php?1110752176 HTTP/1.1" 200 16628 "-" "Mozilla/5.0 (Linux; Android 6.0.1; Nexus 5X Build/MMB29P) AppleWebKit/537.36 (KHTML, like Gecko) Chrome/140.0.7339.127 Mobile Safari/537.36 (compatible; Googlebot/2.1; +http://www.google.com/bot.html)"
66.249.66.78 - - [18/Sep/2025:14:23:52 +0200] "GET /pcmypage?callback=/product%2Fdetail%2m87678714822 HTTP/1.1" 200 77434 "-" "Mozilla/5.0 (Linux; Android 6.0.1; Nexus 5X Build/MMB29P) AppleWebKit/537.36 (KHTML, like Gecko) Chrome/140.0.7339.127 Mobile Safari/537.36 (compatible; Googlebot/2.1; +http://www.google.com/bot.html)"
144.76.19.11 - - [18/Sep/2025:14:23:54 +0200] "GET /?fm=true&path=/opt/cpanel/nghttp2/. HTTP/1.1" 200 28345 "-" "Mozilla/5.0 (compatible; BLEXBot/1.0; +https://help.seranking.com/en/blex-crawler)"
66.249.66.78 - - [18/Sep/2025:14:23:53 +0200] "GET /products/18ba37470 HTTP/1.1" 200 77209 "-" "Mozilla/5.0 (Linux; Android 6.0.1; Nexus 5X Build/MMB29P) AppleWebKit/537.36 (KHTML, like Gecko) Chrome/140.0.7339.127 Mobile Safari/537.36 (compatible; Googlebot/2.1; +http://www.google.com/bot.html)"
66.249.66.64 - - [18/Sep/2025:14:23:53 +0200] "GET /pages.php?products/106ci12506 HTTP/1.1" 200 16627 "-" "Mozilla/5.0 (Linux; Android 6.0.1; Nexus 5X Build/MMB29P) AppleWebKit/537.36 (KHTML, like Gecko) Chrome/140.0.7339.127 Mobile Safari/537.36 (compatible; Googlebot/2.1; +http://www.google.com/bot.html)"
66.249.66.67 - - [18/Sep/2025:14:23:54 +0200] "GET /236tvvg12596.html HTTP/1.1" 200 77547 "-" "Mozilla/5.0 (Linux; Android 6.0.1; Nexus 5X Build/MMB29P) AppleWebKit/537.36 (KHTML, like Gecko) Chrome/140.0.7339.127 Mobile Safari/537.36 (compatible; Googlebot/2.1; +http://www.google.com/bot.html)"
144.76.19.11 - - [18/Sep/2025:14:23:57 +0200] "GET /?fm=true&path=/opt/cpanel/openssl/. HTTP/1.1" 200 25293 "-" "Mozilla/5.0 (compatible; BLEXBot/1.0; +https://help.seranking.com/en/blex-crawler)"
66.249.66.69 - - [18/Sep/2025:14:23:57 +0200] "GET /pages.php?products/106dr18678 HTTP/1.1" 200 16571 "-" "Mozilla/5.0 (Linux; Android 6.0.1; Nexus 5X Build/MMB29P) AppleWebKit/537.36 (KHTML, like Gecko) Chrome/140.0.7339.127 Mobile Safari/537.36 (compatible; Googlebot/2.1; +http://www.google.com/bot.html)"
66.249.66.75 - - [18/Sep/2025:14:23:57 +0200] "GET /pcmypage?callback=/product%2Fdetail%2m29040767213 HTTP/1.1" 200 77183 "-" "Mozilla/5.0 (Linux; Android 6.0.1; Nexus 5X Build/MMB29P) AppleWebKit/537.36 (KHTML, like Gecko) Chrome/140.0.7339.127 Mobile Safari/537.36 (compatible; Googlebot/2.1; +http://www.google.com/bot.html)"
66.249.66.68 - - [18/Sep/2025:14:23:57 +0200] "GET /q-~114UbqTe0m5BHtOiSbh75Ld0TzPGq3NcM41933/ HTTP/1.1" 200 78745 "-" "Mozilla/5.0 (Linux; Android 6.0.1; Nexus 5X Build/MMB29P) AppleWebKit/537.36 (KHTML, like Gecko) Chrome/140.0.7339.127 Mobile Safari/537.36 (compatible; Googlebot/2.1; +http://www.google.com/bot.html)"
66.249.66.69 - - [18/Sep/2025:14:23:58 +0200] "GET /q-~300hnICxGG6r3oqU2qkMdN0GL9joQKveg35599/ HTTP/1.1" 200 77390 "-" "Mozilla/5.0 (Linux; Android 6.0.1; Nexus 5X Build/MMB29P) AppleWebKit/537.36 (KHTML, like Gecko) Chrome/140.0.7339.127 Mobile Safari/537.36 (compatible; Googlebot/2.1; +http://www.google.com/bot.html)"
66.249.66.67 - - [18/Sep/2025:14:23:55 +0200] "GET /q-~116odAVOFvAhJ5iPXSK4Eh6gUr8TW83Rr32793/ HTTP/1.1" 200 77069 "-" "Mozilla/5.0 (Linux; Android 6.0.1; Nexus 5X Build/MMB29P) AppleWebKit/537.36 (KHTML, like Gecko) Chrome/140.0.7339.127 Mobile Safari/537.36 (compatible; Googlebot/2.1; +http://www.google.com/bot.html)"
66.249.66.67 - - [18/Sep/2025:14:23:58 +0200] "GET /products/255gh9615 HTTP/1.1" 200 77092 "-" "Mozilla/5.0 (Linux; Android 6.0.1; Nexus 5X Build/MMB29P) AppleWebKit/537.36 (KHTML, like Gecko) Chrome/140.0.7339.127 Mobile Safari/537.36 (compatible; Googlebot/2.1; +http://www.google.com/bot.html)"
66.249.66.65 - - [18/Sep/2025:14:23:59 +0200] "GET /128gprva36462.html HTTP/1.1" 200 78410 "-" "Mozilla/5.0 (Linux; Android 6.0.1; Nexus 5X Build/MMB29P) AppleWebKit/537.36 (KHTML, like Gecko) Chrome/140.0.7339.127 Mobile Safari/537.36 (compatible; Googlebot/2.1; +http://www.google.com/bot.html)"
144.76.19.11 - - [18/Sep/2025:14:24:01 +0200] "GET /?fm=true&path=/opt/imunify360/lib/. HTTP/1.1" 200 25384 "-" "Mozilla/5.0 (compatible; BLEXBot/1.0; +https://help.seranking.com/en/blex-crawler)"
66.249.66.65 - - [18/Sep/2025:14:24:01 +0200] "GET /pages.php?g=2321003410833&channel=161e59&from=https://filmotek.fr/detail.xhtml?products/182mx18274 HTTP/1.1" 200 17006 "-" "Mozilla/5.0 (Linux; Android 6.0.1; Nexus 5X Build/MMB29P) AppleWebKit/537.36 (KHTML, like Gecko) Chrome/140.0.7339.127 Mobile Safari/537.36 (compatible; Googlebot/2.1; +http://www.google.com/bot.html)"
66.249.66.74 - - [18/Sep/2025:14:24:00 +0200] "GET /q-~161LZtNGXXK1vN0ANifvS63OSAWDjKAMi49978/ HTTP/1.1" 200 78647 "-" "Mozilla/5.0 (Linux; Android 6.0.1; Nexus 5X Build/MMB29P) AppleWebKit/537.36 (KHTML, like Gecko) Chrome/140.0.7339.127 Mobile Safari/537.36 (compatible; Googlebot/2.1; +http://www.google.com/bot.html)"
66.249.66.67 - - [18/Sep/2025:14:24:01 +0200] "GET /pages.php?products/147uu1625 HTTP/1.1" 200 17004 "-" "Mozilla/5.0 (Linux; Android 6.0.1; Nexus 5X Build/MMB29P) AppleWebKit/537.36 (KHTML, like Gecko) Chrome/140.0.7339.127 Mobile Safari/537.36 (compatible; Googlebot/2.1; +http://www.google.com/bot.html)"
66.249.66.69 - - [18/Sep/2025:14:24:02 +0200] "GET /pcmypage?callback=/product%2Fdetail%2m69562990374 HTTP/1.1" 200 77158 "-" "Mozilla/5.0 (Linux; Android 6.0.1; Nexus 5X Build/MMB29P) AppleWebKit/537.36 (KHTML, like Gecko) Chrome/140.0.7339.127 Mobile Safari/537.36 (compatible; Googlebot/2.1; +http://www.google.com/bot.html)"
66.249.66.70 - - [18/Sep/2025:14:24:03 +0200] "GET /products/117zl44355 HTTP/1.1" 200 77255 "-" "Mozilla/5.0 (Linux; Android 6.0.1; Nexus 5X Build/MMB29P) AppleWebKit/537.36 (KHTML, like Gecko) Chrome/140.0.7339.127 Mobile Safari/537.36 (compatible; Googlebot/2.1; +http://www.google.com/bot.html)"
66.249.66.75 - - [18/Sep/2025:14:24:03 +0200] "GET /pages.php?142xyh14113.html HTTP/1.1" 200 17385 "-" "Mozilla/5.0 (Linux; Android 6.0.1; Nexus 5X Build/MMB29P) AppleWebKit/537.36 (KHTML, like Gecko) Chrome/140.0.7339.127 Mobile Safari/537.36 (compatible; Googlebot/2.1; +http://www.google.com/bot.html)"
57.141.0.38 - - [18/Sep/2025:14:24:01 +0200] "GET /?fm=true&rename=scss.tar.gz&path=/home/filmpbuk/public_html/ HTTP/2.0" 200 19961 "-" "meta-externalagent/1.1 (+https://developers.facebook.com/docs/sharing/webmasters/crawler)"
66.249.66.75 - - [18/Sep/2025:14:24:04 +0200] "GET /q-~199hP7EZhSUChGtHyjGt8bX0SYh6UOZqM38378/ HTTP/1.1" 200 77795 "-" "Mozilla/5.0 (Linux; Android 6.0.1; Nexus 5X Build/MMB29P) AppleWebKit/537.36 (KHTML, like Gecko) Chrome/140.0.7339.127 Mobile Safari/537.36 (compatible; Googlebot/2.1; +http://www.google.com/bot.html)"
144.76.19.11 - - [18/Sep/2025:14:24:04 +0200] "GET /?fm=true&path=/proc/fs/jbd2/loop0-8 HTTP/1.1" 200 25332 "-" "Mozilla/5.0 (compatible; BLEXBot/1.0; +https://help.seranking.com/en/blex-crawler)"
