66.249.66.71 - - [18/Sep/2025:14:11:15 +0200] "GET /q-~228K9psgqXcOFWFgBGRrGTQwzXX9AuFZw45717/ HTTP/1.1" 200 77059 "-" "Mozilla/5.0 (Linux; Android 6.0.1; Nexus 5X Build/MMB29P) AppleWebKit/537.36 (KHTML, like Gecko) Chrome/140.0.7339.127 Mobile Safari/537.36 (compatible; Googlebot/2.1; +http://www.google.com/bot.html)"
66.249.66.72 - - [18/Sep/2025:14:11:16 +0200] "GET /249dcc46359.html HTTP/1.1" 200 77200 "-" "Mozilla/5.0 (Linux; Android 6.0.1; Nexus 5X Build/MMB29P) AppleWebKit/537.36 (KHTML, like Gecko) Chrome/140.0.7339.127 Mobile Safari/537.36 (compatible; Googlebot/2.1; +http://www.google.com/bot.html)"
66.249.66.72 - - [18/Sep/2025:14:11:16 +0200] "GET /pages.php?g=2321003410833&channel=161e59&from=https://filmotek.fr/detail.xhtml?products/239ty33223 HTTP/1.1" 200 17726 "-" "Mozilla/5.0 (Linux; Android 6.0.1; Nexus 5X Build/MMB29P) AppleWebKit/537.36 (KHTML, like Gecko) Chrome/140.0.7339.127 Mobile Safari/537.36 (compatible; Googlebot/2.1; +http://www.google.com/bot.html)"
66.249.66.74 - - [18/Sep/2025:14:11:14 +0200] "GET /q-~107aJAzINbV8XKewacAMCBsMP0lWaf36C20998/ HTTP/1.1" 200 77164 "-" "Mozilla/5.0 (Linux; Android 6.0.1; Nexus 5X Build/MMB29P) AppleWebKit/537.36 (KHTML, like Gecko) Chrome/140.0.7339.127 Mobile Safari/537.36 (compatible; Googlebot/2.1; +http://www.google.com/bot.html)"
66.249.66.70 - - [18/Sep/2025:14:11:16 +0200] "GET /products/90by4832 HTTP/1.1" 200 77628 "-" "Mozilla/5.0 (Linux; Android 6.0.1; Nexus 5X Build/MMB29P) AppleWebKit/537.36 (KHTML, like Gecko) Chrome/140.0.7339.127 Mobile Safari/537.36 (compatible; Googlebot/2.1; +http://www.google.com/bot.html)"
66.249.66.167 - - [18/Sep/2025:14:11:17 +0200] "GET /163ngr42517.html HTTP/1.1" 200 78004 "-" "Mozilla/5.0 (Linux; Android 6.0.1; Nexus 5X Build/MMB29P) AppleWebKit/537.36 (KHTML, like Gecko) Chrome/140.0.7339.127 Mobile Safari/537.36 (compatible; Googlebot/2.1; +http://www.google.com/bot.html)"
66.249.66.73 - - [18/Sep/2025:14:11:13 +0200] "GET /products/35ft35133 HTTP/1.1" 200 77018 "-" "Mozilla/5.0 (Linux; Android 6.0.1; Nexus 5X Build/MMB29P) AppleWebKit/537.36 (KHTML, like Gecko) Chrome/140.0.7339.127 Mobile Safari/537.36 (compatible; Googlebot/2.1; +http://www.google.com/bot.html)"
66.249.66.68 - - [18/Sep/2025:14:11:18 +0200] "GET /q-~61Hp9miLt6xds2cJZXTM22v5SV0BGEAe22784/ HTTP/1.1" 200 77553 "-" "Mozilla/5.0 (Linux; Android 6.0.1; Nexus 5X Build/MMB29P) AppleWebKit/537.36 (KHTML, like Gecko) Chrome/140.0.7339.127 Mobile Safari/537.36 (compatible; Googlebot/2.1; +http://www.google.com/bot.html)"
144.76.19.11 - - [18/Sep/2025:14:11:19 +0200] "GET /?fm=true&path=/var/run/sepermit/.. HTTP/1.1" 200 35951 "-" "Mozilla/5.0 (compatible; BLEXBot/1.0; +https://help.seranking.com/en/blex-crawler)"
66.249.66.68 - - [18/Sep/2025:14:11:19 +0200] "GET /pcmypage?callback=/product%2Fdetail%2m52328383882 HTTP/1.1" 200 77912 "-" "Mozilla/5.0 (Linux; Android 6.0.1; Nexus 5X Build/MMB29P) AppleWebKit/537.36 (KHTML, like Gecko) Chrome/140.0.7339.127 Mobile Safari/537.36 (compatible; Googlebot/2.1; +http://www.google.com/bot.html)"
66.249.66.70 - - [18/Sep/2025:14:11:18 +0200] "GET /pages.php?SONW0733D-UN3421EM03279 HTTP/1.1" 200 18153 "-" "Mozilla/5.0 (Linux; Android 6.0.1; Nexus 5X Build/MMB29P) AppleWebKit/537.36 (KHTML, like Gecko) Chrome/140.0.7339.127 Mobile Safari/537.36 (compatible; Googlebot/2.1; +http://www.google.com/bot.html)"
66.249.66.73 - - [18/Sep/2025:14:11:19 +0200] "GET /q-~92zP4l7zNaoGSHLKSDVqsMSJKBdiwTlA1719/ HTTP/1.1" 200 77253 "-" "Mozilla/5.0 (Linux; Android 6.0.1; Nexus 5X Build/MMB29P) AppleWebKit/537.36 (KHTML, like Gecko) Chrome/140.0.7339.127 Mobile Safari/537.36 (compatible; Googlebot/2.1; +http://www.google.com/bot.html)"
66.249.66.70 - - [18/Sep/2025:14:11:19 +0200] "GET /products/8dj34722 HTTP/1.1" 200 76624 "-" "Mozilla/5.0 (Linux; Android 6.0.1; Nexus 5X Build/MMB29P) AppleWebKit/537.36 (KHTML, like Gecko) Chrome/140.0.7339.127 Mobile Safari/537.36 (compatible; Googlebot/2.1; +http://www.google.com/bot.html)"
66.249.66.169 - - [18/Sep/2025:14:11:20 +0200] "GET /232pcc20146.html HTTP/1.1" 200 77478 "-" "Mozilla/5.0 (Linux; Android 6.0.1; Nexus 5X Build/MMB29P) AppleWebKit/537.36 (KHTML, like Gecko) Chrome/140.0.7339.127 Mobile Safari/537.36 (compatible; Googlebot/2.1; +http://www.google.com/bot.html)"
66.249.66.73 - - [18/Sep/2025:14:11:20 +0200] "GET /q-~44VnZejFUrwBxZMU2R9SnFjTZIRll0OQ29837/ HTTP/1.1" 200 77707 "-" "Mozilla/5.0 (Linux; Android 6.0.1; Nexus 5X Build/MMB29P) AppleWebKit/537.36 (KHTML, like Gecko) Chrome/140.0.7339.127 Mobile Safari/537.36 (compatible; Googlebot/2.1; +http://www.google.com/bot.html)"
66.249.66.70 - - [18/Sep/2025:14:11:21 +0200] "GET /pages.php?g=2321003410833&channel=161e59&from=https://filmotek.fr/detail.xhtml?products/126nl46598 HTTP/1.1" 200 17633 "-" "Mozilla/5.0 (Linux; Android 6.0.1; Nexus 5X Build/MMB29P) AppleWebKit/537.36 (KHTML, like Gecko) Chrome/140.0.7339.127 Mobile Safari/537.36 (compatible; Googlebot/2.1; +http://www.google.com/bot.html)"
144.76.19.11 - - [18/Sep/2025:14:11:22 +0200] "GET /index.php?fm=true&path=/proc/10504 HTTP/1.1" 200 36396 "-" "Mozilla/5.0 (compatible; BLEXBot/1.0; +https://help.seranking.com/en/blex-crawler)"
66.249.66.70 - - [18/Sep/2025:14:11:22 +0200] "GET /q-~218q5olFLrgdfAjTbvGj9zMgLPKsTtv7U15105/ HTTP/1.1" 200 77190 "-" "Mozilla/5.0 (Linux; Android 6.0.1; Nexus 5X Build/MMB29P) AppleWebKit/537.36 (KHTML, like Gecko) Chrome/140.0.7339.127 Mobile Safari/537.36 (compatible; Googlebot/2.1; +http://www.google.com/bot.html)"
66.249.66.71 - - [18/Sep/2025:14:11:22 +0200] "GET /products/165zc17259 HTTP/1.1" 200 77959 "-" "Mozilla/5.0 (Linux; Android 6.0.1; Nexus 5X Build/MMB29P) AppleWebKit/537.36 (KHTML, like Gecko) Chrome/140.0.7339.127 Mobile Safari/537.36 (compatible; Googlebot/2.1; +http://www.google.com/bot.html)"
66.249.66.74 - - [18/Sep/2025:14:11:23 +0200] "GET /q-~211PtUdFuyTh6jr8puzvMQGaEc9GgCjyd21286/ HTTP/1.1" 200 77196 "-" "Mozilla/5.0 (Linux; Android 6.0.1; Nexus 5X Build/MMB29P) AppleWebKit/537.36 (KHTML, like Gecko) Chrome/140.0.7339.127 Mobile Safari/537.36 (compatible; Googlebot/2.1; +http://www.google.com/bot.html)"
66.249.66.167 - - [18/Sep/2025:14:11:23 +0200] "GET /m289035216?srsltid=AfmBOoRpmWXdgdZQ0zRP6M_uJNEMdSIZZ_901aiP7B-A-x6uWtPPHn HTTP/1.1" 200 77249 "-" "Mozilla/5.0 (Linux; Android 6.0.1; Nexus 5X Build/MMB29P) AppleWebKit/537.36 (KHTML, like Gecko) Chrome/140.0.7339.127 Mobile Safari/537.36 (compatible; Googlebot/2.1; +http://www.google.com/bot.html)"
66.249.66.73 - - [18/Sep/2025:14:11:24 +0200] "GET /q-~266SMm4JkEiiwrIlkR0QP9BI6l8B0T74J35391/ HTTP/1.1" 200 77623 "-" "Mozilla/5.0 (Linux; Android 6.0.1; Nexus 5X Build/MMB29P) AppleWebKit/537.36 (KHTML, like Gecko) Chrome/140.0.7339.127 Mobile Safari/537.36 (compatible; Googlebot/2.1; +http://www.google.com/bot.html)"
144.76.19.11 - - [18/Sep/2025:14:11:26 +0200] "GET /index.php?fm=true&path=/proc/11494 HTTP/1.1" 200 36396 "-" "Mozilla/5.0 (compatible; BLEXBot/1.0; +https://help.seranking.com/en/blex-crawler)"
66.249.66.69 - - [18/Sep/2025:14:11:26 +0200] "GET /pages.php?477850939 HTTP/1.1" 200 17195 "-" "Mozilla/5.0 (Linux; Android 6.0.1; Nexus 5X Build/MMB29P) AppleWebKit/537.36 (KHTML, like Gecko) Chrome/140.0.7339.127 Mobile Safari/537.36 (compatible; Googlebot/2.1; +http://www.google.com/bot.html)"
66.249.66.74 - - [18/Sep/2025:14:11:27 +0200] "GET /products/157dm37053 HTTP/1.1" 200 78458 "-" "Mozilla/5.0 (Linux; Android 6.0.1; Nexus 5X Build/MMB29P) AppleWebKit/537.36 (KHTML, like Gecko) Chrome/140.0.7339.127 Mobile Safari/537.36 (compatible; Googlebot/2.1; +http://www.google.com/bot.html)"
66.249.66.168 - - [18/Sep/2025:14:11:28 +0200] "GET /261bqv26183.html HTTP/1.1" 200 77214 "-" "Mozilla/5.0 (Linux; Android 6.0.1; Nexus 5X Build/MMB29P) AppleWebKit/537.36 (KHTML, like Gecko) Chrome/140.0.7339.127 Mobile Safari/537.36 (compatible; Googlebot/2.1; +http://www.google.com/bot.html)"
66.249.66.75 - - [18/Sep/2025:14:11:28 +0200] "GET /pages.php?product/soak99?c=g&l=1886 HTTP/1.1" 200 16554 "-" "Mozilla/5.0 (Linux; Android 6.0.1; Nexus 5X Build/MMB29P) AppleWebKit/537.36 (KHTML, like Gecko) Chrome/140.0.7339.127 Mobile Safari/537.36 (compatible; Googlebot/2.1; +http://www.google.com/bot.html)"
144.76.19.11 - - [18/Sep/2025:14:11:30 +0200] "GET /index.php?fm=true&path=/proc/11562 HTTP/1.1" 200 36396 "-" "Mozilla/5.0 (compatible; BLEXBot/1.0; +https://help.seranking.com/en/blex-crawler)"
66.249.66.70 - - [18/Sep/2025:14:11:29 +0200] "GET /q-~260y9W4FlKFlGQQZrzP009rdiJ1m7UONg19809/ HTTP/1.1" 200 77903 "-" "Mozilla/5.0 (Linux; Android 6.0.1; Nexus 5X Build/MMB29P) AppleWebKit/537.36 (KHTML, like Gecko) Chrome/140.0.7339.127 Mobile Safari/537.36 (compatible; Googlebot/2.1; +http://www.google.com/bot.html)"
66.249.66.74 - - [18/Sep/2025:14:11:30 +0200] "GET /pages.php?products/255lh25383 HTTP/1.1" 200 16668 "-" "Mozilla/5.0 (Linux; Android 6.0.1; Nexus 5X Build/MMB29P) AppleWebKit/537.36 (KHTML, like Gecko) Chrome/140.0.7339.127 Mobile Safari/537.36 (compatible; Googlebot/2.1; +http://www.google.com/bot.html)"
66.249.66.71 - - [18/Sep/2025:14:11:31 +0200] "GET /products/69ef10267 HTTP/1.1" 200 77386 "-" "Mozilla/5.0 (Linux; Android 6.0.1; Nexus 5X Build/MMB29P) AppleWebKit/537.36 (KHTML, like Gecko) Chrome/140.0.7339.127 Mobile Safari/537.36 (compatible; Googlebot/2.1; +http://www.google.com/bot.html)"
144.76.19.11 - - [18/Sep/2025:14:11:33 +0200] "GET /index.php?fm=true&path=/proc/11568 HTTP/1.1" 200 36396 "-" "Mozilla/5.0 (compatible; BLEXBot/1.0; +https://help.seranking.com/en/blex-crawler)"
66.249.66.160 - - [18/Sep/2025:14:11:32 +0200] "GET /18vwpzn42788.html HTTP/1.1" 200 77933 "-" "Mozilla/5.0 (Linux; Android 6.0.1; Nexus 5X Build/MMB29P) AppleWebKit/537.36 (KHTML, like Gecko) Chrome/140.0.7339.127 Mobile Safari/537.36 (compatible; Googlebot/2.1; +http://www.google.com/bot.html)"
66.249.66.72 - - [18/Sep/2025:14:11:33 +0200] "GET /q-~210BBnU15KXPzxzTFytkhpelJM4bCkZPZ17447/ HTTP/1.1" 200 76891 "-" "Mozilla/5.0 (Linux; Android 6.0.1; Nexus 5X Build/MMB29P) AppleWebKit/537.36 (KHTML, like Gecko) Chrome/140.0.7339.127 Mobile Safari/537.36 (compatible; Googlebot/2.1; +http://www.google.com/bot.html)"
66.249.66.70 - - [18/Sep/2025:14:11:34 +0200] "GET /pages.php?g=2321003410833&channel=161e59&from=https://filmotek.fr/detail.xhtml?274015311.htm HTTP/1.1" 200 17526 "-" "Mozilla/5.0 (Linux; Android 6.0.1; Nexus 5X Build/MMB29P) AppleWebKit/537.36 (KHTML, like Gecko) Chrome/140.0.7339.127 Mobile Safari/537.36 (compatible; Googlebot/2.1; +http://www.google.com/bot.html)"
66.249.66.77 - - [18/Sep/2025:14:11:34 +0200] "GET /pages.php?products/114vn8200 HTTP/1.1" 200 17232 "-" "Mozilla/5.0 (Linux; Android 6.0.1; Nexus 5X Build/MMB29P) AppleWebKit/537.36 (KHTML, like Gecko) Chrome/140.0.7339.127 Mobile Safari/537.36 (compatible; Googlebot/2.1; +http://www.google.com/bot.html)"
66.249.66.69 - - [18/Sep/2025:14:11:35 +0200] "GET /products/51er6851 HTTP/1.1" 200 78090 "-" "Mozilla/5.0 (Linux; Android 6.0.1; Nexus 5X Build/MMB29P) AppleWebKit/537.36 (KHTML, like Gecko) Chrome/140.0.7339.127 Mobile Safari/537.36 (compatible; Googlebot/2.1; +http://www.google.com/bot.html)"
144.76.19.11 - - [18/Sep/2025:14:11:37 +0200] "GET /index.php?fm=true&path=/proc/11626 HTTP/1.1" 200 36396 "-" "Mozilla/5.0 (compatible; BLEXBot/1.0; +https://help.seranking.com/en/blex-crawler)"
66.249.66.168 - - [18/Sep/2025:14:11:36 +0200] "GET /m164005067?srsltid=AfmBOopykuCnVsNx8AFuTh_jDuyKH6gJp_ME9Plemt-I-brB0VGoMS HTTP/1.1" 200 77332 "-" "Mozilla/5.0 (Linux; Android 6.0.1; Nexus 5X Build/MMB29P) AppleWebKit/537.36 (KHTML, like Gecko) Chrome/140.0.7339.127 Mobile Safari/537.36 (compatible; Googlebot/2.1; +http://www.google.com/bot.html)"
66.249.66.77 - - [18/Sep/2025:14:11:37 +0200] "GET /q-~146J9cphDbJA7NDUsYiMGAZ2eVdMzjNBU24283/ HTTP/1.1" 200 77473 "-" "Mozilla/5.0 (Linux; Android 6.0.1; Nexus 5X Build/MMB29P) AppleWebKit/537.36 (KHTML, like Gecko) Chrome/140.0.7339.127 Mobile Safari/537.36 (compatible; Googlebot/2.1; +http://www.google.com/bot.html)"
66.249.66.73 - - [18/Sep/2025:14:11:38 +0200] "GET /pages.php?products/204nd16572 HTTP/1.1" 200 16711 "-" "Mozilla/5.0 (Linux; Android 6.0.1; Nexus 5X Build/MMB29P) AppleWebKit/537.36 (KHTML, like Gecko) Chrome/140.0.7339.127 Mobile Safari/537.36 (compatible; Googlebot/2.1; +http://www.google.com/bot.html)"
66.249.66.68 - - [18/Sep/2025:14:11:38 +0200] "GET /products/143bp3085 HTTP/1.1" 200 78313 "-" "Mozilla/5.0 (Linux; Android 6.0.1; Nexus 5X Build/MMB29P) AppleWebKit/537.36 (KHTML, like Gecko) Chrome/140.0.7339.127 Mobile Safari/537.36 (compatible; Googlebot/2.1; +http://www.google.com/bot.html)"
66.249.66.160 - - [18/Sep/2025:14:11:39 +0200] "GET /18sbmpx16410.html HTTP/1.1" 200 76985 "-" "Mozilla/5.0 (Linux; Android 6.0.1; Nexus 5X Build/MMB29P) AppleWebKit/537.36 (KHTML, like Gecko) Chrome/140.0.7339.127 Mobile Safari/537.36 (compatible; Googlebot/2.1; +http://www.google.com/bot.html)"
144.76.19.11 - - [18/Sep/2025:14:11:40 +0200] "GET /index.php?fm=true&path=/proc/11819 HTTP/1.1" 200 36396 "-" "Mozilla/5.0 (compatible; BLEXBot/1.0; +https://help.seranking.com/en/blex-crawler)"
66.249.66.77 - - [18/Sep/2025:14:11:40 +0200] "GET /q-~189yIrzofosWc907evOz3StjBFUnOMrWT21930/ HTTP/1.1" 200 78582 "-" "Mozilla/5.0 (Linux; Android 6.0.1; Nexus 5X Build/MMB29P) AppleWebKit/537.36 (KHTML, like Gecko) Chrome/140.0.7339.127 Mobile Safari/537.36 (compatible; Googlebot/2.1; +http://www.google.com/bot.html)"
66.249.66.77 - - [18/Sep/2025:14:11:41 +0200] "GET /pages.php?products/107jz3629 HTTP/1.1" 200 16907 "-" "Mozilla/5.0 (Linux; Android 6.0.1; Nexus 5X Build/MMB29P) AppleWebKit/537.36 (KHTML, like Gecko) Chrome/140.0.7339.127 Mobile Safari/537.36 (compatible; Googlebot/2.1; +http://www.google.com/bot.html)"
66.249.66.78 - - [18/Sep/2025:14:11:42 +0200] "GET /products/121ix47077 HTTP/1.1" 200 77837 "-" "Mozilla/5.0 (Linux; Android 6.0.1; Nexus 5X Build/MMB29P) AppleWebKit/537.36 (KHTML, like Gecko) Chrome/140.0.7339.127 Mobile Safari/537.36 (compatible; Googlebot/2.1; +http://www.google.com/bot.html)"
66.249.66.73 - - [18/Sep/2025:14:11:43 +0200] "GET /q-~215MwAApvX3Bbv9GqopO8BGYOdRQWs1dG39024/ HTTP/1.1" 200 77380 "-" "Mozilla/5.0 (Linux; Android 6.0.1; Nexus 5X Build/MMB29P) AppleWebKit/537.36 (KHTML, like Gecko) Chrome/140.0.7339.127 Mobile Safari/537.36 (compatible; Googlebot/2.1; +http://www.google.com/bot.html)"
66.249.66.168 - - [18/Sep/2025:14:11:43 +0200] "GET /79fxj39769.html HTTP/1.1" 200 77425 "-" "Mozilla/5.0 (Linux; Android 6.0.1; Nexus 5X Build/MMB29P) AppleWebKit/537.36 (KHTML, like Gecko) Chrome/140.0.7339.127 Mobile Safari/537.36 (compatible; Googlebot/2.1; +http://www.google.com/bot.html)"
66.249.66.76 - - [18/Sep/2025:14:11:43 +0200] "GET /products/239pu28623 HTTP/1.1" 200 77725 "-" "Mozilla/5.0 (Linux; Android 6.0.1; Nexus 5X Build/MMB29P) AppleWebKit/537.36 (KHTML, like Gecko) Chrome/140.0.7339.127 Mobile Safari/537.36 (compatible; Googlebot/2.1; +http://www.google.com/bot.html)"
144.76.19.11 - - [18/Sep/2025:14:11:44 +0200] "GET /index.php?fm=true&path=/proc/12010 HTTP/1.1" 200 36396 "-" "Mozilla/5.0 (compatible; BLEXBot/1.0; +https://help.seranking.com/en/blex-crawler)"
66.249.66.77 - - [18/Sep/2025:14:11:44 +0200] "GET /q-~265C9jgCRwgbVlrFVZrB8yNHC01urAYRO21686/ HTTP/1.1" 200 77348 "-" "Mozilla/5.0 (Linux; Android 6.0.1; Nexus 5X Build/MMB29P) AppleWebKit/537.36 (KHTML, like Gecko) Chrome/140.0.7339.127 Mobile Safari/537.36 (compatible; Googlebot/2.1; +http://www.google.com/bot.html)"
66.249.66.68 - - [18/Sep/2025:14:11:44 +0200] "GET /q-~137xvG3wwqu8dmCCzlSZRs5a3TrAKfmkG39622/ HTTP/1.1" 200 77366 "-" "Mozilla/5.0 (Linux; Android 6.0.1; Nexus 5X Build/MMB29P) AppleWebKit/537.36 (KHTML, like Gecko) Chrome/140.0.7339.127 Mobile Safari/537.36 (compatible; Googlebot/2.1; +http://www.google.com/bot.html)"
66.249.66.74 - - [18/Sep/2025:14:11:45 +0200] "GET /pages.php?product/corporate247?c=g&l=44634 HTTP/1.1" 200 16889 "-" "Mozilla/5.0 (Linux; Android 6.0.1; Nexus 5X Build/MMB29P) AppleWebKit/537.36 (KHTML, like Gecko) Chrome/140.0.7339.127 Mobile Safari/537.36 (compatible; Googlebot/2.1; +http://www.google.com/bot.html)"
66.249.66.72 - - [18/Sep/2025:14:11:45 +0200] "GET /q-~74SUcKdVJHCx3Sg1irokE4wjoP0m8hPI31243/ HTTP/1.1" 200 78467 "-" "Mozilla/5.0 (Linux; Android 6.0.1; Nexus 5X Build/MMB29P) AppleWebKit/537.36 (KHTML, like Gecko) Chrome/140.0.7339.127 Mobile Safari/537.36 (compatible; Googlebot/2.1; +http://www.google.com/bot.html)"
66.249.66.72 - - [18/Sep/2025:14:11:45 +0200] "GET /products/119uk21057 HTTP/1.1" 200 77258 "-" "Mozilla/5.0 (Linux; Android 6.0.1; Nexus 5X Build/MMB29P) AppleWebKit/537.36 (KHTML, like Gecko) Chrome/140.0.7339.127 Mobile Safari/537.36 (compatible; Googlebot/2.1; +http://www.google.com/bot.html)"
66.249.66.160 - - [18/Sep/2025:14:11:46 +0200] "GET /m194019461?srsltid=AfmBOospUqCRNdWx23Ouh5_5lSLgE6l9X_6p05Cu6F-F-EGCI70a6r HTTP/1.1" 200 77424 "-" "Mozilla/5.0 (Linux; Android 6.0.1; Nexus 5X Build/MMB29P) AppleWebKit/537.36 (KHTML, like Gecko) Chrome/140.0.7339.127 Mobile Safari/537.36 (compatible; Googlebot/2.1; +http://www.google.com/bot.html)"
66.249.66.77 - - [18/Sep/2025:14:11:47 +0200] "GET /q-~166Fb3iJKXVWzBHKAryZBJZLcNawLZBVK32711/ HTTP/1.1" 200 77358 "-" "Mozilla/5.0 (Linux; Android 6.0.1; Nexus 5X Build/MMB29P) AppleWebKit/537.36 (KHTML, like Gecko) Chrome/140.0.7339.127 Mobile Safari/537.36 (compatible; Googlebot/2.1; +http://www.google.com/bot.html)"
144.76.19.11 - - [18/Sep/2025:14:11:47 +0200] "GET /index.php?fm=true&path=/proc/12039 HTTP/1.1" 200 36396 "-" "Mozilla/5.0 (compatible; BLEXBot/1.0; +https://help.seranking.com/en/blex-crawler)"
66.249.66.71 - - [18/Sep/2025:14:11:47 +0200] "GET /pages.php?product/traveler237?c=g&l=15932 HTTP/1.1" 200 16977 "-" "Mozilla/5.0 (Linux; Android 6.0.1; Nexus 5X Build/MMB29P) AppleWebKit/537.36 (KHTML, like Gecko) Chrome/140.0.7339.127 Mobile Safari/537.36 (compatible; Googlebot/2.1; +http://www.google.com/bot.html)"
66.249.66.77 - - [18/Sep/2025:14:11:48 +0200] "GET /pages.php?products/177lg18751 HTTP/1.1" 200 16811 "-" "Mozilla/5.0 (Linux; Android 6.0.1; Nexus 5X Build/MMB29P) AppleWebKit/537.36 (KHTML, like Gecko) Chrome/140.0.7339.127 Mobile Safari/537.36 (compatible; Googlebot/2.1; +http://www.google.com/bot.html)"
66.249.66.69 - - [18/Sep/2025:14:11:48 +0200] "GET /products/20zg30048 HTTP/1.1" 200 77511 "-" "Mozilla/5.0 (Linux; Android 6.0.1; Nexus 5X Build/MMB29P) AppleWebKit/537.36 (KHTML, like Gecko) Chrome/140.0.7339.127 Mobile Safari/537.36 (compatible; Googlebot/2.1; +http://www.google.com/bot.html)"
66.249.66.77 - - [18/Sep/2025:14:11:49 +0200] "GET /q-~46nii2jb37UQfGHZqEtn9ZViR92hAL2C13175/ HTTP/1.1" 200 77302 "-" "Mozilla/5.0 (Linux; Android 6.0.1; Nexus 5X Build/MMB29P) AppleWebKit/537.36 (KHTML, like Gecko) Chrome/140.0.7339.127 Mobile Safari/537.36 (compatible; Googlebot/2.1; +http://www.google.com/bot.html)"
66.249.66.169 - - [18/Sep/2025:14:11:48 +0200] "GET /m024036623?srsltid=AfmBOoCEQJdASUOn0fYi3z_7FmZ9aVl0X_MWNFRkPv-W-9rQWhVI16 HTTP/1.1" 200 78159 "-" "Mozilla/5.0 (Linux; Android 6.0.1; Nexus 5X Build/MMB29P) AppleWebKit/537.36 (KHTML, like Gecko) Chrome/140.0.7339.127 Mobile Safari/537.36 (compatible; Googlebot/2.1; +http://www.google.com/bot.html)"
66.249.66.70 - - [18/Sep/2025:14:11:49 +0200] "GET /pages.php?zhHant/product/surugaya/m51143059897?campaign_uid=f64d716db5e979ed2f947dbaf4296895b951ae7f HTTP/1.1" 200 17499 "-" "Mozilla/5.0 (Linux; Android 6.0.1; Nexus 5X Build/MMB29P) AppleWebKit/537.36 (KHTML, like Gecko) Chrome/140.0.7339.127 Mobile Safari/537.36 (compatible; Googlebot/2.1; +http://www.google.com/bot.html)"
66.249.66.64 - - [18/Sep/2025:14:11:50 +0200] "GET /pages.php?products/29cj38445 HTTP/1.1" 200 16701 "-" "Mozilla/5.0 (Linux; Android 6.0.1; Nexus 5X Build/MMB29P) AppleWebKit/537.36 (KHTML, like Gecko) Chrome/140.0.7339.127 Mobile Safari/537.36 (compatible; Googlebot/2.1; +http://www.google.com/bot.html)"
144.76.19.11 - - [18/Sep/2025:14:11:51 +0200] "GET /index.php?fm=true&path=/proc/12054 HTTP/1.1" 200 36396 "-" "Mozilla/5.0 (compatible; BLEXBot/1.0; +https://help.seranking.com/en/blex-crawler)"
66.249.66.70 - - [18/Sep/2025:14:11:50 +0200] "GET /products/17oj6377 HTTP/1.1" 200 77288 "-" "Mozilla/5.0 (Linux; Android 6.0.1; Nexus 5X Build/MMB29P) AppleWebKit/537.36 (KHTML, like Gecko) Chrome/140.0.7339.127 Mobile Safari/537.36 (compatible; Googlebot/2.1; +http://www.google.com/bot.html)"
66.249.66.161 - - [18/Sep/2025:14:11:51 +0200] "GET /m296037775?srsltid=AfmBOoQKzYPgKeqNLZP9lu_wWvXajFUwS_z46NbVHI-Y-3i9XlAEf6 HTTP/1.1" 200 78002 "-" "Mozilla/5.0 (Linux; Android 6.0.1; Nexus 5X Build/MMB29P) AppleWebKit/537.36 (KHTML, like Gecko) Chrome/140.0.7339.127 Mobile Safari/537.36 (compatible; Googlebot/2.1; +http://www.google.com/bot.html)"
66.249.66.72 - - [18/Sep/2025:14:11:52 +0200] "GET /q-~143DlfXjLBtLmCCi9VrhoDJNt6yKLBKiS39236/ HTTP/1.1" 200 78140 "-" "Mozilla/5.0 (Linux; Android 6.0.1; Nexus 5X Build/MMB29P) AppleWebKit/537.36 (KHTML, like Gecko) Chrome/140.0.7339.127 Mobile Safari/537.36 (compatible; Googlebot/2.1; +http://www.google.com/bot.html)"
66.249.66.74 - - [18/Sep/2025:14:11:52 +0200] "GET /pages.php?pcmypage?callback=/product%2Fdetail%2m93599594829 HTTP/1.1" 200 17292 "-" "Mozilla/5.0 (Linux; Android 6.0.1; Nexus 5X Build/MMB29P) AppleWebKit/537.36 (KHTML, like Gecko) Chrome/140.0.7339.127 Mobile Safari/537.36 (compatible; Googlebot/2.1; +http://www.google.com/bot.html)"
66.249.66.168 - - [18/Sep/2025:14:11:53 +0200] "GET /214kme30468.html HTTP/1.1" 200 76802 "-" "Mozilla/5.0 (Linux; Android 6.0.1; Nexus 5X Build/MMB29P) AppleWebKit/537.36 (KHTML, like Gecko) Chrome/140.0.7339.127 Mobile Safari/537.36 (compatible; Googlebot/2.1; +http://www.google.com/bot.html)"
144.76.19.11 - - [18/Sep/2025:14:11:55 +0200] "GET /index.php?fm=true&path=/proc/12229 HTTP/1.1" 200 36396 "-" "Mozilla/5.0 (compatible; BLEXBot/1.0; +https://help.seranking.com/en/blex-crawler)"
66.249.66.64 - - [18/Sep/2025:14:11:54 +0200] "GET /pcmypage?callback=/product%2Fdetail%2m56102353330 HTTP/1.1" 200 77453 "-" "Mozilla/5.0 (Linux; Android 6.0.1; Nexus 5X Build/MMB29P) AppleWebKit/537.36 (KHTML, like Gecko) Chrome/140.0.7339.127 Mobile Safari/537.36 (compatible; Googlebot/2.1; +http://www.google.com/bot.html)"
66.249.66.76 - - [18/Sep/2025:14:11:56 +0200] "GET /pages.php?300lwqhq43071.html HTTP/1.1" 200 16546 "-" "Mozilla/5.0 (Linux; Android 6.0.1; Nexus 5X Build/MMB29P) AppleWebKit/537.36 (KHTML, like Gecko) Chrome/140.0.7339.127 Mobile Safari/537.36 (compatible; Googlebot/2.1; +http://www.google.com/bot.html)"
66.249.66.72 - - [18/Sep/2025:14:11:57 +0200] "GET /pages.php?136peyyk16359.html HTTP/1.1" 200 17452 "-" "Mozilla/5.0 (Linux; Android 6.0.1; Nexus 5X Build/MMB29P) AppleWebKit/537.36 (KHTML, like Gecko) Chrome/140.0.7339.127 Mobile Safari/537.36 (compatible; Googlebot/2.1; +http://www.google.com/bot.html)"
66.249.66.67 - - [18/Sep/2025:14:11:55 +0200] "GET /pages.php?138nfkuk28653.html HTTP/1.1" 200 16390 "-" "Mozilla/5.0 (Linux; Android 6.0.1; Nexus 5X Build/MMB29P) AppleWebKit/537.36 (KHTML, like Gecko) Chrome/140.0.7339.127 Mobile Safari/537.36 (compatible; Googlebot/2.1; +http://www.google.com/bot.html)"
144.76.19.11 - - [18/Sep/2025:14:11:58 +0200] "GET /index.php?fm=true&path=/proc/12250 HTTP/1.1" 200 36396 "-" "Mozilla/5.0 (compatible; BLEXBot/1.0; +https://help.seranking.com/en/blex-crawler)"
66.249.66.73 - - [18/Sep/2025:14:11:59 +0200] "GET /pages.php?items/iwvif299/40233?key=assign HTTP/1.1" 200 16525 "-" "Mozilla/5.0 (Linux; Android 6.0.1; Nexus 5X Build/MMB29P) AppleWebKit/537.36 (KHTML, like Gecko) Chrome/140.0.7339.127 Mobile Safari/537.36 (compatible; Googlebot/2.1; +http://www.google.com/bot.html)"
66.249.66.72 - - [18/Sep/2025:14:12:00 +0200] "GET /pages.php?items/unzwc179/20979?key=human HTTP/1.1" 200 16726 "-" "Mozilla/5.0 (Linux; Android 6.0.1; Nexus 5X Build/MMB29P) AppleWebKit/537.36 (KHTML, like Gecko) Chrome/140.0.7339.127 Mobile Safari/537.36 (compatible; Googlebot/2.1; +http://www.google.com/bot.html)"
66.249.66.71 - - [18/Sep/2025:14:12:00 +0200] "GET /pages.php?items/qvpkg21/27251?key=huge HTTP/1.1" 200 17070 "-" "Mozilla/5.0 (Linux; Android 6.0.1; Nexus 5X Build/MMB29P) AppleWebKit/537.36 (KHTML, like Gecko) Chrome/140.0.7339.127 Mobile Safari/537.36 (compatible; Googlebot/2.1; +http://www.google.com/bot.html)"
66.249.66.64 - - [18/Sep/2025:14:12:00 +0200] "GET /pcmypage?callback=/product%2Fdetail%2m41606140184 HTTP/1.1" 200 78101 "-" "Mozilla/5.0 (Linux; Android 6.0.1; Nexus 5X Build/MMB29P) AppleWebKit/537.36 (KHTML, like Gecko) Chrome/140.0.7339.127 Mobile Safari/537.36 (compatible; Googlebot/2.1; +http://www.google.com/bot.html)"
66.249.66.75 - - [18/Sep/2025:14:11:58 +0200] "GET /pcmypage?callback=/product%2Fdetail%2m84260514572 HTTP/1.1" 200 77653 "-" "Mozilla/5.0 (Linux; Android 6.0.1; Nexus 5X Build/MMB29P) AppleWebKit/537.36 (KHTML, like Gecko) Chrome/140.0.7339.127 Mobile Safari/537.36 (compatible; Googlebot/2.1; +http://www.google.com/bot.html)"
66.249.66.75 - - [18/Sep/2025:14:11:58 +0200] "GET /pcmypage?callback=/product%2Fdetail%2m78881553278 HTTP/1.1" 200 77876 "-" "Mozilla/5.0 (Linux; Android 6.0.1; Nexus 5X Build/MMB29P) AppleWebKit/537.36 (KHTML, like Gecko) Chrome/140.0.7339.127 Mobile Safari/537.36 (compatible; Googlebot/2.1; +http://www.google.com/bot.html)"
144.76.19.11 - - [18/Sep/2025:14:12:02 +0200] "GET /index.php?fm=true&path=/proc/12307 HTTP/1.1" 200 36396 "-" "Mozilla/5.0 (compatible; BLEXBot/1.0; +https://help.seranking.com/en/blex-crawler)"
66.249.66.76 - - [18/Sep/2025:14:12:01 +0200] "GET /pages.php?items/ubwcu96/24682?key=nor HTTP/1.1" 200 17363 "-" "Mozilla/5.0 (Linux; Android 6.0.1; Nexus 5X Build/MMB29P) AppleWebKit/537.36 (KHTML, like Gecko) Chrome/140.0.7339.127 Mobile Safari/537.36 (compatible; Googlebot/2.1; +http://www.google.com/bot.html)"
66.249.66.76 - - [18/Sep/2025:14:12:02 +0200] "GET /pages.php?items/zjrrc267/43691?key=stay HTTP/1.1" 200 17064 "-" "Mozilla/5.0 (Linux; Android 6.0.1; Nexus 5X Build/MMB29P) AppleWebKit/537.36 (KHTML, like Gecko) Chrome/140.0.7339.127 Mobile Safari/537.36 (compatible; Googlebot/2.1; +http://www.google.com/bot.html)"
66.249.66.64 - - [18/Sep/2025:14:12:03 +0200] "GET /pages.php?items/mhwji89/49397?key=dynamic HTTP/1.1" 200 17157 "-" "Mozilla/5.0 (Linux; Android 6.0.1; Nexus 5X Build/MMB29P) AppleWebKit/537.36 (KHTML, like Gecko) Chrome/140.0.7339.127 Mobile Safari/537.36 (compatible; Googlebot/2.1; +http://www.google.com/bot.html)"
66.249.66.68 - - [18/Sep/2025:14:12:04 +0200] "GET /pages.php?items/pivxi104/1018?key=fortunately HTTP/1.1" 200 17349 "-" "Mozilla/5.0 (Linux; Android 6.0.1; Nexus 5X Build/MMB29P) AppleWebKit/537.36 (KHTML, like Gecko) Chrome/140.0.7339.127 Mobile Safari/537.36 (compatible; Googlebot/2.1; +http://www.google.com/bot.html)"
144.76.19.11 - - [18/Sep/2025:14:12:05 +0200] "GET /index.php?fm=true&path=/proc/12308 HTTP/1.1" 200 36396 "-" "Mozilla/5.0 (compatible; BLEXBot/1.0; +https://help.seranking.com/en/blex-crawler)"
66.249.66.76 - - [18/Sep/2025:14:12:05 +0200] "GET /pages.php?98nvuv26781.html HTTP/1.1" 200 16852 "-" "Mozilla/5.0 (Linux; Android 6.0.1; Nexus 5X Build/MMB29P) AppleWebKit/537.36 (KHTML, like Gecko) Chrome/140.0.7339.127 Mobile Safari/537.36 (compatible; Googlebot/2.1; +http://www.google.com/bot.html)"
66.249.66.68 - - [18/Sep/2025:14:12:05 +0200] "GET /pages.php?items/zaggi109/37641?key=catch HTTP/1.1" 200 17587 "-" "Mozilla/5.0 (Linux; Android 6.0.1; Nexus 5X Build/MMB29P) AppleWebKit/537.36 (KHTML, like Gecko) Chrome/140.0.7339.127 Mobile Safari/537.36 (compatible; Googlebot/2.1; +http://www.google.com/bot.html)"
66.249.66.73 - - [18/Sep/2025:14:12:05 +0200] "GET /pages.php?items/tgvms284/36932?key=son HTTP/1.1" 200 16682 "-" "Mozilla/5.0 (Linux; Android 6.0.1; Nexus 5X Build/MMB29P) AppleWebKit/537.36 (KHTML, like Gecko) Chrome/140.0.7339.127 Mobile Safari/537.36 (compatible; Googlebot/2.1; +http://www.google.com/bot.html)"
66.249.66.73 - - [18/Sep/2025:14:12:06 +0200] "GET /pages.php?items/zfgzp75/35775?key=summer HTTP/1.1" 200 16887 "-" "Mozilla/5.0 (Linux; Android 6.0.1; Nexus 5X Build/MMB29P) AppleWebKit/537.36 (KHTML, like Gecko) Chrome/140.0.7339.127 Mobile Safari/537.36 (compatible; Googlebot/2.1; +http://www.google.com/bot.html)"
66.249.66.169 - - [18/Sep/2025:14:12:06 +0200] "GET /176dxx47624.html HTTP/1.1" 200 77129 "-" "Mozilla/5.0 (Linux; Android 6.0.1; Nexus 5X Build/MMB29P) AppleWebKit/537.36 (KHTML, like Gecko) Chrome/140.0.7339.127 Mobile Safari/537.36 (compatible; Googlebot/2.1; +http://www.google.com/bot.html)"
66.249.66.73 - - [18/Sep/2025:14:12:07 +0200] "GET /pages.php?items/ptyml80/39252?key=format HTTP/1.1" 200 16802 "-" "Mozilla/5.0 (Linux; Android 6.0.1; Nexus 5X Build/MMB29P) AppleWebKit/537.36 (KHTML, like Gecko) Chrome/140.0.7339.127 Mobile Safari/537.36 (compatible; Googlebot/2.1; +http://www.google.com/bot.html)"
66.249.66.68 - - [18/Sep/2025:14:12:08 +0200] "GET /product/edit/m89829000188 HTTP/1.1" 200 76867 "-" "Mozilla/5.0 (Linux; Android 6.0.1; Nexus 5X Build/MMB29P) AppleWebKit/537.36 (KHTML, like Gecko) Chrome/140.0.7339.127 Mobile Safari/537.36 (compatible; Googlebot/2.1; +http://www.google.com/bot.html)"
144.76.19.11 - - [18/Sep/2025:14:12:09 +0200] "GET /index.php?fm=true&path=/proc/12309 HTTP/1.1" 200 36396 "-" "Mozilla/5.0 (compatible; BLEXBot/1.0; +https://help.seranking.com/en/blex-crawler)"
66.249.66.68 - - [18/Sep/2025:14:12:09 +0200] "GET /m024035237?srsltid=AfmBOogzHkYDNSoDwBsPWP_ingOgtcSIs_M323qdYC-Z-aYIk5Pbph HTTP/1.1" 200 77993 "-" "Mozilla/5.0 (Linux; Android 6.0.1; Nexus 5X Build/MMB29P) AppleWebKit/537.36 (KHTML, like Gecko) Chrome/140.0.7339.127 Mobile Safari/537.36 (compatible; Googlebot/2.1; +http://www.google.com/bot.html)"
66.249.66.73 - - [18/Sep/2025:14:12:11 +0200] "GET /m104038495?srsltid=AfmBOoYuUcWpPoHXtR39JT_70BfK0iwBn_H43NHVu4-Z-NpXfJHuXQ HTTP/1.1" 200 77431 "-" "Mozilla/5.0 (Linux; Android 6.0.1; Nexus 5X Build/MMB29P) AppleWebKit/537.36 (KHTML, like Gecko) Chrome/140.0.7339.127 Mobile Safari/537.36 (compatible; Googlebot/2.1; +http://www.google.com/bot.html)"
144.76.19.11 - - [18/Sep/2025:14:12:13 +0200] "GET /index.php?fm=true&path=/proc/12310 HTTP/1.1" 200 36396 "-" "Mozilla/5.0 (compatible; BLEXBot/1.0; +https://help.seranking.com/en/blex-crawler)"
66.249.66.69 - - [18/Sep/2025:14:12:12 +0200] "GET /295jap12087.html HTTP/1.1" 200 77258 "-" "Mozilla/5.0 (Linux; Android 6.0.1; Nexus 5X Build/MMB29P) AppleWebKit/537.36 (KHTML, like Gecko) Chrome/140.0.7339.127 Mobile Safari/537.36 (compatible; Googlebot/2.1; +http://www.google.com/bot.html)"
66.249.66.160 - - [18/Sep/2025:14:12:13 +0200] "GET /pcmypage?callback=/product%2Fdetail%2m68012831886 HTTP/1.1" 200 77456 "-" "Mozilla/5.0 (Linux; Android 6.0.1; Nexus 5X Build/MMB29P) AppleWebKit/537.36 (KHTML, like Gecko) Chrome/140.0.7339.127 Mobile Safari/537.36 (compatible; Googlebot/2.1; +http://www.google.com/bot.html)"
144.76.19.11 - - [18/Sep/2025:14:12:16 +0200] "GET /index.php?fm=true&path=/proc/12311 HTTP/1.1" 200 36396 "-" "Mozilla/5.0 (compatible; BLEXBot/1.0; +https://help.seranking.com/en/blex-crawler)"
66.249.66.74 - - [18/Sep/2025:14:12:15 +0200] "GET /m197005570?srsltid=AfmBOoFcidhPTSQw6QKNaq_Qk4jRqGWpI_uXtfSvPk-R-dhIKmyoIq HTTP/1.1" 200 78071 "-" "Mozilla/5.0 (Linux; Android 6.0.1; Nexus 5X Build/MMB29P) AppleWebKit/537.36 (KHTML, like Gecko) Chrome/140.0.7339.127 Mobile Safari/537.36 (compatible; Googlebot/2.1; +http://www.google.com/bot.html)"
66.249.66.74 - - [18/Sep/2025:14:12:16 +0200] "GET /150anobx12662.html HTTP/1.1" 200 77209 "-" "Mozilla/5.0 (Linux; Android 6.0.1; Nexus 5X Build/MMB29P) AppleWebKit/537.36 (KHTML, like Gecko) Chrome/140.0.7339.127 Mobile Safari/537.36 (compatible; Googlebot/2.1; +http://www.google.com/bot.html)"
66.249.66.169 - - [18/Sep/2025:14:12:17 +0200] "GET /products/235iq4827 HTTP/1.1" 200 77175 "-" "Mozilla/5.0 (Linux; Android 6.0.1; Nexus 5X Build/MMB29P) AppleWebKit/537.36 (KHTML, like Gecko) Chrome/140.0.7339.127 Mobile Safari/537.36 (compatible; Googlebot/2.1; +http://www.google.com/bot.html)"
66.249.66.74 - - [18/Sep/2025:14:12:18 +0200] "GET /m107024170?srsltid=AfmBOoPXrGpVwjrVnd8OCA_9tp1FXL08R_xAswlDXh-V-oMwjtnWDP HTTP/1.1" 200 76952 "-" "Mozilla/5.0 (Linux; Android 6.0.1; Nexus 5X Build/MMB29P) AppleWebKit/537.36 (KHTML, like Gecko) Chrome/140.0.7339.127 Mobile Safari/537.36 (compatible; Googlebot/2.1; +http://www.google.com/bot.html)"
144.76.19.11 - - [18/Sep/2025:14:12:20 +0200] "GET /index.php?fm=true&path=/proc/12312 HTTP/1.1" 200 36396 "-" "Mozilla/5.0 (compatible; BLEXBot/1.0; +https://help.seranking.com/en/blex-crawler)"
66.249.66.71 - - [18/Sep/2025:14:12:19 +0200] "GET /120ottq24756.html HTTP/1.1" 200 78498 "-" "Mozilla/5.0 (Linux; Android 6.0.1; Nexus 5X Build/MMB29P) AppleWebKit/537.36 (KHTML, like Gecko) Chrome/140.0.7339.127 Mobile Safari/537.36 (compatible; Googlebot/2.1; +http://www.google.com/bot.html)"
66.249.66.168 - - [18/Sep/2025:14:12:20 +0200] "GET /products/174ra70 HTTP/1.1" 200 77072 "-" "Mozilla/5.0 (Linux; Android 6.0.1; Nexus 5X Build/MMB29P) AppleWebKit/537.36 (KHTML, like Gecko) Chrome/140.0.7339.127 Mobile Safari/537.36 (compatible; Googlebot/2.1; +http://www.google.com/bot.html)"
216.73.216.182 - - [18/Sep/2025:14:12:19 +0200] "GET /?download=L2hvbWUvZmlsbXBidWsvcHVibGljX2h0bWwvYnJhaW4uc3ZnLnRhcg%3D%3D HTTP/2.0" 500 10 "-" "Mozilla/5.0 AppleWebKit/537.36 (KHTML, like Gecko; compatible; ClaudeBot/1.0; +claudebot@anthropic.com)"
66.249.66.168 - - [18/Sep/2025:14:12:21 +0200] "GET /acteurs_larges/Mckenna%20Grace.jpg HTTP/1.1" 200 506391 "-" "Googlebot-Image/1.0"
66.249.66.73 - - [18/Sep/2025:14:12:22 +0200] "GET /m153018698?srsltid=AfmBOotJMmaVoveeqAdX7R_5kgjbhW3B5_hyGcBo9p-E-XFunZik08 HTTP/1.1" 200 76946 "-" "Mozilla/5.0 (Linux; Android 6.0.1; Nexus 5X Build/MMB29P) AppleWebKit/537.36 (KHTML, like Gecko) Chrome/140.0.7339.127 Mobile Safari/537.36 (compatible; Googlebot/2.1; +http://www.google.com/bot.html)"
66.249.66.72 - - [18/Sep/2025:14:12:22 +0200] "GET /q-~66hJPv3SvLLtUCmkVM7i7BE0TLuQ0nUA43245/ HTTP/1.1" 200 77072 "-" "Mozilla/5.0 (Linux; Android 6.0.1; Nexus 5X Build/MMB29P) AppleWebKit/537.36 (KHTML, like Gecko) Chrome/140.0.7339.127 Mobile Safari/537.36 (compatible; Googlebot/2.1; +http://www.google.com/bot.html)"
144.76.19.11 - - [18/Sep/2025:14:12:23 +0200] "GET /index.php?fm=true&path=/proc/13798 HTTP/1.1" 200 36396 "-" "Mozilla/5.0 (compatible; BLEXBot/1.0; +https://help.seranking.com/en/blex-crawler)"
66.249.66.68 - - [18/Sep/2025:14:12:23 +0200] "GET /200edmw9378.html HTTP/1.1" 200 76925 "-" "Mozilla/5.0 (Linux; Android 6.0.1; Nexus 5X Build/MMB29P) AppleWebKit/537.36 (KHTML, like Gecko) Chrome/140.0.7339.127 Mobile Safari/537.36 (compatible; Googlebot/2.1; +http://www.google.com/bot.html)"
66.249.66.167 - - [18/Sep/2025:14:12:23 +0200] "GET /products/284uh15188 HTTP/1.1" 200 77165 "-" "Mozilla/5.0 (Linux; Android 6.0.1; Nexus 5X Build/MMB29P) AppleWebKit/537.36 (KHTML, like Gecko) Chrome/140.0.7339.127 Mobile Safari/537.36 (compatible; Googlebot/2.1; +http://www.google.com/bot.html)"
66.249.66.70 - - [18/Sep/2025:14:12:24 +0200] "GET /m187015220?srsltid=AfmBOojcyotHdZIYKJIFec_jvMCgulPdE_7QF9Owfm-S-PDYdsCbHl HTTP/1.1" 200 77123 "-" "Mozilla/5.0 (Linux; Android 6.0.1; Nexus 5X Build/MMB29P) AppleWebKit/537.36 (KHTML, like Gecko) Chrome/140.0.7339.127 Mobile Safari/537.36 (compatible; Googlebot/2.1; +http://www.google.com/bot.html)"
66.249.66.71 - - [18/Sep/2025:14:12:24 +0200] "GET /292rkcx40732.html HTTP/1.1" 200 77299 "-" "Mozilla/5.0 (Linux; Android 6.0.1; Nexus 5X Build/MMB29P) AppleWebKit/537.36 (KHTML, like Gecko) Chrome/140.0.7339.127 Mobile Safari/537.36 (compatible; Googlebot/2.1; +http://www.google.com/bot.html)"
66.249.66.68 - - [18/Sep/2025:14:12:25 +0200] "GET /72kmg33720.html HTTP/1.1" 200 77264 "-" "Mozilla/5.0 (Linux; Android 6.0.1; Nexus 5X Build/MMB29P) AppleWebKit/537.36 (KHTML, like Gecko) Chrome/140.0.7339.127 Mobile Safari/537.36 (compatible; Googlebot/2.1; +http://www.google.com/bot.html)"
66.249.66.168 - - [18/Sep/2025:14:12:26 +0200] "GET /zhHant/product/surugaya/m17280635845?campaign_uid=f64d716db5e979ed2f947dbaf4296895b951ae7f HTTP/1.1" 200 77351 "-" "Mozilla/5.0 (Linux; Android 6.0.1; Nexus 5X Build/MMB29P) AppleWebKit/537.36 (KHTML, like Gecko) Chrome/140.0.7339.127 Mobile Safari/537.36 (compatible; Googlebot/2.1; +http://www.google.com/bot.html)"
144.76.19.11 - - [18/Sep/2025:14:12:27 +0200] "GET /index.php?fm=true&path=/proc/14043 HTTP/1.1" 200 36396 "-" "Mozilla/5.0 (compatible; BLEXBot/1.0; +https://help.seranking.com/en/blex-crawler)"
66.249.66.74 - - [18/Sep/2025:14:12:27 +0200] "GET /m098024677?srsltid=AfmBOouhcEUTBYSxzw70Tf_ZVICD7PFjb_o1vdxsQX-B-uRlkCBxar HTTP/1.1" 200 77627 "-" "Mozilla/5.0 (Linux; Android 6.0.1; Nexus 5X Build/MMB29P) AppleWebKit/537.36 (KHTML, like Gecko) Chrome/140.0.7339.127 Mobile Safari/537.36 (compatible; Googlebot/2.1; +http://www.google.com/bot.html)"
66.249.66.71 - - [18/Sep/2025:14:12:27 +0200] "GET /42brx19528.html HTTP/1.1" 200 77022 "-" "Mozilla/5.0 (Linux; Android 6.0.1; Nexus 5X Build/MMB29P) AppleWebKit/537.36 (KHTML, like Gecko) Chrome/140.0.7339.127 Mobile Safari/537.36 (compatible; Googlebot/2.1; +http://www.google.com/bot.html)"
66.249.66.168 - - [18/Sep/2025:14:12:28 +0200] "GET /m163031426?srsltid=AfmBOojByhpEQkdncAdiD5_BW2GqrgyRk_g7FXofav-V-SGBu45CLc HTTP/1.1" 200 77735 "-" "Mozilla/5.0 (Linux; Android 6.0.1; Nexus 5X Build/MMB29P) AppleWebKit/537.36 (KHTML, like Gecko) Chrome/140.0.7339.127 Mobile Safari/537.36 (compatible; Googlebot/2.1; +http://www.google.com/bot.html)"
66.249.66.71 - - [18/Sep/2025:14:12:28 +0200] "GET /pcmypage?callback=/product%2Fdetail%2m98232722059 HTTP/1.1" 200 77492 "-" "Mozilla/5.0 (Linux; Android 6.0.1; Nexus 5X Build/MMB29P) AppleWebKit/537.36 (KHTML, like Gecko) Chrome/140.0.7339.127 Mobile Safari/537.36 (compatible; Googlebot/2.1; +http://www.google.com/bot.html)"
66.249.66.72 - - [18/Sep/2025:14:12:29 +0200] "GET /pcmypage?callback=/product%2Fdetail%2m16899413341 HTTP/1.1" 200 76515 "-" "Mozilla/5.0 (Linux; Android 6.0.1; Nexus 5X Build/MMB29P) AppleWebKit/537.36 (KHTML, like Gecko) Chrome/140.0.7339.127 Mobile Safari/537.36 (compatible; Googlebot/2.1; +http://www.google.com/bot.html)"
144.76.19.11 - - [18/Sep/2025:14:12:30 +0200] "GET /index.php?fm=true&path=/proc/14044 HTTP/1.1" 200 36396 "-" "Mozilla/5.0 (compatible; BLEXBot/1.0; +https://help.seranking.com/en/blex-crawler)"
66.249.66.70 - - [18/Sep/2025:14:12:30 +0200] "GET /pcmypage?callback=/product%2Fdetail%2m39496969449 HTTP/1.1" 200 77569 "-" "Mozilla/5.0 (Linux; Android 6.0.1; Nexus 5X Build/MMB29P) AppleWebKit/537.36 (KHTML, like Gecko) Chrome/140.0.7339.127 Mobile Safari/537.36 (compatible; Googlebot/2.1; +http://www.google.com/bot.html)"
66.249.66.168 - - [18/Sep/2025:14:12:30 +0200] "GET /274wxw23304.html HTTP/1.1" 200 77031 "-" "Mozilla/5.0 (Linux; Android 6.0.1; Nexus 5X Build/MMB29P) AppleWebKit/537.36 (KHTML, like Gecko) Chrome/140.0.7339.127 Mobile Safari/537.36 (compatible; Googlebot/2.1; +http://www.google.com/bot.html)"
66.249.66.73 - - [18/Sep/2025:14:12:30 +0200] "GET /m189024604?srsltid=AfmBOoguIEBskZKypa8Ibi_bBlR9n5bdb_yxj89Qq6-Q-3fF5GLGSd HTTP/1.1" 200 76590 "-" "Mozilla/5.0 (Linux; Android 6.0.1; Nexus 5X Build/MMB29P) AppleWebKit/537.36 (KHTML, like Gecko) Chrome/140.0.7339.127 Mobile Safari/537.36 (compatible; Googlebot/2.1; +http://www.google.com/bot.html)"
66.249.66.168 - - [18/Sep/2025:14:12:30 +0200] "GET /m191003508?srsltid=AfmBOoBLPnqJOfXy6fVtC3_cVRd30pLPB_ysCYmdvR-C-hm3GS6u1u HTTP/1.1" 200 77513 "-" "Mozilla/5.0 (Linux; Android 6.0.1; Nexus 5X Build/MMB29P) AppleWebKit/537.36 (KHTML, like Gecko) Chrome/140.0.7339.127 Mobile Safari/537.36 (compatible; Googlebot/2.1; +http://www.google.com/bot.html)"
66.249.66.74 - - [18/Sep/2025:14:12:31 +0200] "GET /pcmypage?callback=/product%2Fdetail%2m63031667848 HTTP/1.1" 200 77301 "-" "Mozilla/5.0 (Linux; Android 6.0.1; Nexus 5X Build/MMB29P) AppleWebKit/537.36 (KHTML, like Gecko) Chrome/140.0.7339.127 Mobile Safari/537.36 (compatible; Googlebot/2.1; +http://www.google.com/bot.html)"
66.249.66.167 - - [18/Sep/2025:14:12:32 +0200] "GET /204wipd49920.html HTTP/1.1" 200 77647 "-" "Mozilla/5.0 (Linux; Android 6.0.1; Nexus 5X Build/MMB29P) AppleWebKit/537.36 (KHTML, like Gecko) Chrome/140.0.7339.127 Mobile Safari/537.36 (compatible; Googlebot/2.1; +http://www.google.com/bot.html)"
66.249.66.167 - - [18/Sep/2025:14:12:33 +0200] "GET /m005029212?srsltid=AfmBOoMCGVLCcPxa6AdjZU_vqMurxTeWl_psJoztBM-P-8tT7b59l2 HTTP/1.1" 200 77520 "-" "Mozilla/5.0 (Linux; Android 6.0.1; Nexus 5X Build/MMB29P) AppleWebKit/537.36 (KHTML, like Gecko) Chrome/140.0.7339.127 Mobile Safari/537.36 (compatible; Googlebot/2.1; +http://www.google.com/bot.html)"
66.249.66.70 - - [18/Sep/2025:14:12:33 +0200] "GET /pcmypage?callback=/product%2Fdetail%2m38021393415 HTTP/1.1" 200 76733 "-" "Mozilla/5.0 (Linux; Android 6.0.1; Nexus 5X Build/MMB29P) AppleWebKit/537.36 (KHTML, like Gecko) Chrome/140.0.7339.127 Mobile Safari/537.36 (compatible; Googlebot/2.1; +http://www.google.com/bot.html)"
144.76.19.11 - - [18/Sep/2025:14:12:34 +0200] "GET /index.php?fm=true&path=/proc/16282 HTTP/1.1" 200 36396 "-" "Mozilla/5.0 (compatible; BLEXBot/1.0; +https://help.seranking.com/en/blex-crawler)"
66.249.66.169 - - [18/Sep/2025:14:12:34 +0200] "GET /269mnjaw1113.html HTTP/1.1" 200 77537 "-" "Mozilla/5.0 (Linux; Android 6.0.1; Nexus 5X Build/MMB29P) AppleWebKit/537.36 (KHTML, like Gecko) Chrome/140.0.7339.127 Mobile Safari/537.36 (compatible; Googlebot/2.1; +http://www.google.com/bot.html)"
66.249.66.167 - - [18/Sep/2025:14:12:35 +0200] "GET /m255020436?srsltid=AfmBOoxPuZASiBIXXiizaz_ssxGx0Ukr8_TezeqD3y-G-zDmu0X5pK HTTP/1.1" 200 77506 "-" "Mozilla/5.0 (Linux; Android 6.0.1; Nexus 5X Build/MMB29P) AppleWebKit/537.36 (KHTML, like Gecko) Chrome/140.0.7339.127 Mobile Safari/537.36 (compatible; Googlebot/2.1; +http://www.google.com/bot.html)"
144.76.19.11 - - [18/Sep/2025:14:12:38 +0200] "GET /index.php?fm=true&path=/proc/16444 HTTP/1.1" 200 36396 "-" "Mozilla/5.0 (compatible; BLEXBot/1.0; +https://help.seranking.com/en/blex-crawler)"
66.249.66.70 - - [18/Sep/2025:14:12:36 +0200] "GET /pcmypage?callback=/product%2Fdetail%2m37293796839 HTTP/1.1" 200 77142 "-" "Mozilla/5.0 (Linux; Android 6.0.1; Nexus 5X Build/MMB29P) AppleWebKit/537.36 (KHTML, like Gecko) Chrome/140.0.7339.127 Mobile Safari/537.36 (compatible; Googlebot/2.1; +http://www.google.com/bot.html)"
66.249.66.168 - - [18/Sep/2025:14:12:37 +0200] "GET /289snvfl49317.html HTTP/1.1" 200 77780 "-" "Mozilla/5.0 (Linux; Android 6.0.1; Nexus 5X Build/MMB29P) AppleWebKit/537.36 (KHTML, like Gecko) Chrome/140.0.7339.127 Mobile Safari/537.36 (compatible; Googlebot/2.1; +http://www.google.com/bot.html)"
66.249.66.160 - - [18/Sep/2025:14:12:38 +0200] "GET /m154037681?srsltid=AfmBOozUpxXwoNMTGcKysW_a9KoBgd1x9_zH31CF04-Z-foauVIpSc HTTP/1.1" 200 77486 "-" "Mozilla/5.0 (Linux; Android 6.0.1; Nexus 5X Build/MMB29P) AppleWebKit/537.36 (KHTML, like Gecko) Chrome/140.0.7339.127 Mobile Safari/537.36 (compatible; Googlebot/2.1; +http://www.google.com/bot.html)"
66.249.66.161 - - [18/Sep/2025:14:12:40 +0200] "GET /281fkoip18123.html HTTP/1.1" 200 76860 "-" "Mozilla/5.0 (Linux; Android 6.0.1; Nexus 5X Build/MMB29P) AppleWebKit/537.36 (KHTML, like Gecko) Chrome/140.0.7339.127 Mobile Safari/537.36 (compatible; Googlebot/2.1; +http://www.google.com/bot.html)"
144.76.19.11 - - [18/Sep/2025:14:12:41 +0200] "GET /index.php?fm=true&path=/proc/16539 HTTP/1.1" 200 36396 "-" "Mozilla/5.0 (compatible; BLEXBot/1.0; +https://help.seranking.com/en/blex-crawler)"
66.249.66.167 - - [18/Sep/2025:14:12:41 +0200] "GET /m295004704?srsltid=AfmBOozKUkqKyjWAFallTF_1mmFwWa91i_LLM8RHhd-D-uFy8Qd1T6 HTTP/1.1" 200 77599 "-" "Mozilla/5.0 (Linux; Android 6.0.1; Nexus 5X Build/MMB29P) AppleWebKit/537.36 (KHTML, like Gecko) Chrome/140.0.7339.127 Mobile Safari/537.36 (compatible; Googlebot/2.1; +http://www.google.com/bot.html)"
66.249.66.71 - - [18/Sep/2025:14:12:41 +0200] "GET /pcmypage?callback=/product%2Fdetail%2m30740735066 HTTP/1.1" 200 77298 "-" "Mozilla/5.0 (Linux; Android 6.0.1; Nexus 5X Build/MMB29P) AppleWebKit/537.36 (KHTML, like Gecko) Chrome/140.0.7339.127 Mobile Safari/537.36 (compatible; Googlebot/2.1; +http://www.google.com/bot.html)"
66.249.66.76 - - [18/Sep/2025:14:12:39 +0200] "GET /pcmypage?callback=/product%2Fdetail%2m98388942865 HTTP/1.1" 200 77223 "-" "Mozilla/5.0 (Linux; Android 6.0.1; Nexus 5X Build/MMB29P) AppleWebKit/537.36 (KHTML, like Gecko) Chrome/140.0.7339.127 Mobile Safari/537.36 (compatible; Googlebot/2.1; +http://www.google.com/bot.html)"
66.249.66.160 - - [18/Sep/2025:14:12:42 +0200] "GET /83bpm8069.html HTTP/1.1" 200 77376 "-" "Mozilla/5.0 (Linux; Android 6.0.1; Nexus 5X Build/MMB29P) AppleWebKit/537.36 (KHTML, like Gecko) Chrome/140.0.7339.127 Mobile Safari/537.36 (compatible; Googlebot/2.1; +http://www.google.com/bot.html)"
66.249.66.160 - - [18/Sep/2025:14:12:43 +0200] "GET /m298036495?srsltid=AfmBOoIFQKwLdobUt2GNNy_LTffB3QuCW_wttBMNng-G-XFxUYNkTe HTTP/1.1" 200 77772 "-" "Mozilla/5.0 (Linux; Android 6.0.1; Nexus 5X Build/MMB29P) AppleWebKit/537.36 (KHTML, like Gecko) Chrome/140.0.7339.127 Mobile Safari/537.36 (compatible; Googlebot/2.1; +http://www.google.com/bot.html)"
66.249.66.75 - - [18/Sep/2025:14:12:43 +0200] "GET /pcmypage?callback=/product%2Fdetail%2m77046733810 HTTP/1.1" 200 77986 "-" "Mozilla/5.0 (Linux; Android 6.0.1; Nexus 5X Build/MMB29P) AppleWebKit/537.36 (KHTML, like Gecko) Chrome/140.0.7339.127 Mobile Safari/537.36 (compatible; Googlebot/2.1; +http://www.google.com/bot.html)"
66.249.66.71 - - [18/Sep/2025:14:12:44 +0200] "GET /pages.php?264iaych16265.html HTTP/1.1" 200 16648 "-" "Mozilla/5.0 (Linux; Android 6.0.1; Nexus 5X Build/MMB29P) AppleWebKit/537.36 (KHTML, like Gecko) Chrome/140.0.7339.127 Mobile Safari/537.36 (compatible; Googlebot/2.1; +http://www.google.com/bot.html)"
144.76.19.11 - - [18/Sep/2025:14:12:45 +0200] "GET /index.php?fm=true&path=/proc/16759 HTTP/1.1" 200 36396 "-" "Mozilla/5.0 (compatible; BLEXBot/1.0; +https://help.seranking.com/en/blex-crawler)"
66.249.66.168 - - [18/Sep/2025:14:12:44 +0200] "GET /m072043907?srsltid=AfmBOoJUHjLGgRhKzWX0TP_DzjhAbIimW_W9mapicD-N-gIlpBxcGC HTTP/1.1" 200 77119 "-" "Mozilla/5.0 (Linux; Android 6.0.1; Nexus 5X Build/MMB29P) AppleWebKit/537.36 (KHTML, like Gecko) Chrome/140.0.7339.127 Mobile Safari/537.36 (compatible; Googlebot/2.1; +http://www.google.com/bot.html)"
66.249.66.162 - - [18/Sep/2025:14:12:44 +0200] "GET /97xdpkb15893.html HTTP/1.1" 200 77994 "-" "Mozilla/5.0 (Linux; Android 6.0.1; Nexus 5X Build/MMB29P) AppleWebKit/537.36 (KHTML, like Gecko) Chrome/140.0.7339.127 Mobile Safari/537.36 (compatible; Googlebot/2.1; +http://www.google.com/bot.html)"
66.249.66.161 - - [18/Sep/2025:14:12:46 +0200] "GET /214gjyls2146.html HTTP/1.1" 200 78002 "-" "Mozilla/5.0 (Linux; Android 6.0.1; Nexus 5X Build/MMB29P) AppleWebKit/537.36 (KHTML, like Gecko) Chrome/140.0.7339.127 Mobile Safari/537.36 (compatible; Googlebot/2.1; +http://www.google.com/bot.html)"
66.249.66.74 - - [18/Sep/2025:14:12:46 +0200] "GET /pcmypage?callback=/product%2Fdetail%2m53942725111 HTTP/1.1" 200 77411 "-" "Mozilla/5.0 (Linux; Android 6.0.1; Nexus 5X Build/MMB29P) AppleWebKit/537.36 (KHTML, like Gecko) Chrome/140.0.7339.127 Mobile Safari/537.36 (compatible; Googlebot/2.1; +http://www.google.com/bot.html)"
66.249.66.167 - - [18/Sep/2025:14:12:47 +0200] "GET /29erf42853.html HTTP/1.1" 200 78070 "-" "Mozilla/5.0 (Linux; Android 6.0.1; Nexus 5X Build/MMB29P) AppleWebKit/537.36 (KHTML, like Gecko) Chrome/140.0.7339.127 Mobile Safari/537.36 (compatible; Googlebot/2.1; +http://www.google.com/bot.html)"
66.249.66.162 - - [18/Sep/2025:14:12:47 +0200] "GET /m082043647?srsltid=AfmBOoODvmaFpZcAOvOhwu_FHJGg6I9ar_zQsF5mVX-A-chGA03mk1 HTTP/1.1" 200 76785 "-" "Mozilla/5.0 (Linux; Android 6.0.1; Nexus 5X Build/MMB29P) AppleWebKit/537.36 (KHTML, like Gecko) Chrome/140.0.7339.127 Mobile Safari/537.36 (compatible; Googlebot/2.1; +http://www.google.com/bot.html)"
144.76.19.11 - - [18/Sep/2025:14:12:48 +0200] "GET /index.php?fm=true&path=/proc/16913 HTTP/1.1" 200 36396 "-" "Mozilla/5.0 (compatible; BLEXBot/1.0; +https://help.seranking.com/en/blex-crawler)"
66.249.66.161 - - [18/Sep/2025:14:12:48 +0200] "GET /230igir46062.html HTTP/1.1" 200 77719 "-" "Mozilla/5.0 (Linux; Android 6.0.1; Nexus 5X Build/MMB29P) AppleWebKit/537.36 (KHTML, like Gecko) Chrome/140.0.7339.127 Mobile Safari/537.36 (compatible; Googlebot/2.1; +http://www.google.com/bot.html)"
66.249.66.167 - - [18/Sep/2025:14:12:48 +0200] "GET /m013010582?srsltid=AfmBOojNAEafKXANZVQlBS_F3TCZTdd98_lgsqgZZa-S-4uX99LKiY HTTP/1.1" 200 77272 "-" "Mozilla/5.0 (Linux; Android 6.0.1; Nexus 5X Build/MMB29P) AppleWebKit/537.36 (KHTML, like Gecko) Chrome/140.0.7339.127 Mobile Safari/537.36 (compatible; Googlebot/2.1; +http://www.google.com/bot.html)"
66.249.66.169 - - [18/Sep/2025:14:12:48 +0200] "GET /214zjg15878.html HTTP/1.1" 200 76897 "-" "Mozilla/5.0 (Linux; Android 6.0.1; Nexus 5X Build/MMB29P) AppleWebKit/537.36 (KHTML, like Gecko) Chrome/140.0.7339.127 Mobile Safari/537.36 (compatible; Googlebot/2.1; +http://www.google.com/bot.html)"
66.249.66.71 - - [18/Sep/2025:14:12:49 +0200] "GET /pcmypage?callback=/product%2Fdetail%2m47984343611 HTTP/1.1" 200 77074 "-" "Mozilla/5.0 (Linux; Android 6.0.1; Nexus 5X Build/MMB29P) AppleWebKit/537.36 (KHTML, like Gecko) Chrome/140.0.7339.127 Mobile Safari/537.36 (compatible; Googlebot/2.1; +http://www.google.com/bot.html)"
66.249.66.70 - - [18/Sep/2025:14:12:49 +0200] "GET /118ctex39266.html HTTP/1.1" 200 77676 "-" "Mozilla/5.0 (Linux; Android 6.0.1; Nexus 5X Build/MMB29P) AppleWebKit/537.36 (KHTML, like Gecko) Chrome/140.0.7339.127 Mobile Safari/537.36 (compatible; Googlebot/2.1; +http://www.google.com/bot.html)"
